71.54.26.255 - - [15/Jan/2011:06:47:57 -0500] "GET /images/A-INDE%7E1.jpg HTTP/1.1" 200 23069 "http://www.naples-usa.com/index.html" "Mozilla/4.0 (compatible; MSIE 6.0; Windows NT 5.1; SV1; .NET CLR 2.0.50727; .NET CLR 3.0.04506.30)"
71.54.26.255 - - [15/Jan/2011:06:48:10 -0500] "GET /naples-boating.htm HTTP/1.1" 304 - "http://www.naples-usa.com/index.html" "Mozilla/4.0 (compatible; MSIE 6.0; Windows NT 5.1; SV1; .NET CLR 2.0.50727; .NET CLR 3.0.04506.30)"
71.54.26.255 - - [15/Jan/2011:06:48:10 -0500] "GET /images/welcome_usa.gif HTTP/1.1" 304 - "http://www.naples-usa.com/naples-boating.htm" "Mozilla/4.0 (compatible; MSIE 6.0; Windows NT 5.1; SV1; .NET CLR 2.0.50727; .NET CLR 3.0.04506.30)"
71.54.26.255 - - [15/Jan/2011:06:48:10 -0500] "GET /images/florida_logo.gif HTTP/1.1" 304 - "http://www.naples-usa.com/naples-boating.htm" "Mozilla/4.0 (compatible; MSIE 6.0; Windows NT 5.1; SV1; .NET CLR 2.0.50727; .NET CLR 3.0.04506.30)"
71.54.26.255 - - [15/Jan/2011:06:48:10 -0500] "GET /images/z_boating.jpg HTTP/1.1" 304 - "http://www.naples-usa.com/naples-boating.htm" "Mozilla/4.0 (compatible; MSIE 6.0; Windows NT 5.1; SV1; .NET CLR 2.0.50727; .NET CLR 3.0.04506.30)"
71.54.26.255 - - [15/Jan/2011:06:48:10 -0500] "GET /transparent.gif HTTP/1.1" 304 - "http://www.naples-usa.com/naples-boating.htm" "Mozilla/4.0 (compatible; MSIE 6.0; Windows NT 5.1; SV1; .NET CLR 2.0.50727; .NET CLR 3.0.04506.30)"
71.54.26.255 - - [15/Jan/2011:06:48:14 -0500] "GET /boat_docks.htm HTTP/1.1" 404 295 "http://www.naples-usa.com/naples-boating.htm" "Mozilla/4.0 (compatible; MSIE 6.0; Windows NT 5.1; SV1; .NET CLR 2.0.50727; .NET CLR 3.0.04506.30)"
71.54.26.255 - - [15/Jan/2011:06:48:14 -0500] "GET /boat_docks.htm HTTP/1.1" 404 295 "-" "mAgent MSIE 6"
71.54.26.255 - - [15/Jan/2011:06:55:36 -0500] "GET /naples-boating.htm HTTP/1.1" 304 - "http://www.google.com/search?q=naples+bridge+height&hl=en&prmd=ivnscm&ei=l4oxTeP9IoXGgAfL8YzLCw&sa=N&aq=f&aqi=&aql=&oq=" "Mozilla/4.0 (compatible; MSIE 6.0; Windows NT 5.1; SV1; .NET CLR 2.0.50727; .NET CLR 3.0.04506.30)"
71.54.26.255 - - [15/Jan/2011:06:55:36 -0500] "GET /images/welcome_usa.gif HTTP/1.1" 304 - "http://www.naples-usa.com/naples-boating.htm" "Mozilla/4.0 (compatible; MSIE 6.0; Windows NT 5.1; SV1; .NET CLR 2.0.50727; .NET CLR 3.0.04506.30)"
71.54.26.255 - - [15/Jan/2011:06:55:36 -0500] "GET /images/florida_logo.gif HTTP/1.1" 304 - "http://www.naples-usa.com/naples-boating.htm" "Mozilla/4.0 (compatible; MSIE 6.0; Windows NT 5.1; SV1; .NET CLR 2.0.50727; .NET CLR 3.0.04506.30)"
71.54.26.255 - - [15/Jan/2011:06:55:36 -0500] "GET /images/z_boating.jpg HTTP/1.1" 304 - "http://www.naples-usa.com/naples-boating.htm" "Mozilla/4.0 (compatible; MSIE 6.0; Windows NT 5.1; SV1; .NET CLR 2.0.50727; .NET CLR 3.0.04506.30)"
71.54.26.255 - - [15/Jan/2011:06:55:36 -0500] "GET /transparent.gif HTTP/1.1" 304 - "http://www.naples-usa.com/naples-boating.htm" "Mozilla/4.0 (compatible; MSIE 6.0; Windows NT 5.1; SV1; .NET CLR 2.0.50727; .NET CLR 3.0.04506.30)"
38.108.67.25 - - [15/Jan/2011:07:04:26 -0500] "GET /robots.txt HTTP/1.0" 404 279 "-" "SBIder/Nutch-1.0-dev (http://www.sitesell.com/sbider.html)"
38.108.67.25 - - [15/Jan/2011:07:04:26 -0500] "GET /reports_for-buyers.htm HTTP/1.0" 404 291 "-" "SBIder/Nutch-1.0-dev (http://www.sitesell.com/sbider.html)"
207.46.195.107 - - [15/Jan/2011:07:05:02 -0500] "GET /robots.txt HTTP/1.1" 404 291 "-" "Mozilla/5.0 (compatible; bingbot/2.0; +http://www.bing.com/bingbot.htm)"
207.46.195.107 - - [15/Jan/2011:07:11:17 -0500] "GET /naples-florida-schools.htm HTTP/1.1" 304 - "-" "Mozilla/5.0 (compatible; bingbot/2.0; +http://www.bing.com/bingbot.htm)"
38.108.67.25 - - [15/Jan/2011:07:13:39 -0500] "GET /haas.htm HTTP/1.0" 404 277 "-" "SBIder/Nutch-1.0-dev (http://www.sitesell.com/sbider.html)"
207.46.204.184 - - [15/Jan/2011:07:22:47 -0500] "GET /calendar.htm HTTP/1.1" 304 - "-" "Mozilla/5.0 (compatible; bingbot/2.0; +http://www.bing.com/bingbot.htm)"
182.177.48.171 - - [15/Jan/2011:07:30:22 -0500] "GET /lost-birds.htm HTTP/1.1" 200 39667 "http://www.google.com.pk/search?hl=en&source=hp&q=night+bird+2583@yahoo+com&btnG=Google+Search&meta=&aq=f&aqi=&aql=&oq=" "Mozilla/4.0 (compatible; MSIE 6.0; Windows NT 5.1; SV1)"
67.195.111.190 - - [15/Jan/2011:07:32:03 -0500] "GET /robots.txt HTTP/1.0" 404 279 "-" "Mozilla/5.0 (compatible; Yahoo! Slurp; http://help.yahoo.com/help/us/ysearch/slurp)"
67.195.111.190 - - [15/Jan/2011:07:32:04 -0500] "GET /finnegan.htm HTTP/1.0" 404 281 "-" "Mozilla/5.0 (compatible; Yahoo! Slurp; http://help.yahoo.com/help/us/ysearch/slurp)"
38.108.67.25 - - [15/Jan/2011:07:39:31 -0500] "GET /romano/testimonials.htm HTTP/1.0" 404 292 "-" "SBIder/Nutch-1.0-dev (http://www.sitesell.com/sbider.html)"
208.77.41.66 - - [15/Jan/2011:07:48:18 -0500] "GET /robots.txt HTTP/1.0" 404 279 "-" "Mozilla/5.0 (compatible; MJ12bot/v1.3.3; http://www.majestic12.co.uk/bot.php?+)"
208.77.41.66 - - [15/Jan/2011:07:48:18 -0500] "GET / HTTP/1.0" 200 11305 "-" "Mozilla/5.0 (compatible; MJ12bot/v1.3.3; http://www.majestic12.co.uk/bot.php?+)"
207.46.13.146 - - [15/Jan/2011:07:49:10 -0500] "GET /robots.txt HTTP/1.1" 404 291 "-" "Mozilla/5.0 (compatible; bingbot/2.0; +http://www.bing.com/bingbot.htm)"
67.195.111.190 - - [15/Jan/2011:07:49:44 -0500] "GET /images_map/na12.htm HTTP/1.0" 404 288 "-" "Mozilla/5.0 (compatible; Yahoo! Slurp; http://help.yahoo.com/help/us/ysearch/slurp)"
38.108.67.25 - - [15/Jan/2011:07:49:45 -0500] "GET /boat_docks.htm HTTP/1.0" 404 283 "-" "SBIder/Nutch-1.0-dev (http://www.sitesell.com/sbider.html)"
131.107.65.43 - - [15/Jan/2011:07:52:56 -0500] "GET / HTTP/1.1" 200 11305 "-" "Mozilla/4.0 (compatible; MSIE 7.0; Windows NT 6.1; WOW64; Trident/4.0; SLCC2; .NET CLR 2.0.50727)"
131.107.65.43 - - [15/Jan/2011:07:52:56 -0500] "GET /naples-usa.css HTTP/1.1" 200 714 "http://www.naples-usa.com/" "Mozilla/4.0 (compatible; MSIE 7.0; Windows NT 6.1; WOW64; Trident/4.0; SLCC2; .NET CLR 2.0.50727)"
131.107.65.43 - - [15/Jan/2011:07:52:56 -0500] "GET /images/border%20naples.gif HTTP/1.1" 200 358 "http://www.naples-usa.com/" "Mozilla/4.0 (compatible; MSIE 7.0; Windows NT 6.1; WOW64; Trident/4.0; SLCC2; .NET CLR 2.0.50727)"
131.107.65.43 - - [15/Jan/2011:07:52:56 -0500] "GET /images/welcome_usa.gif HTTP/1.1" 200 7890 "http://www.naples-usa.com/" "Mozilla/4.0 (compatible; MSIE 7.0; Windows NT 6.1; WOW64; Trident/4.0; SLCC2; .NET CLR 2.0.50727)"
131.107.65.43 - - [15/Jan/2011:07:52:56 -0500] "GET /images/A-INDE~1.jpg HTTP/1.1" 200 23069 "http://www.naples-usa.com/" "Mozilla/4.0 (compatible; MSIE 7.0; Windows NT 6.1; WOW64; Trident/4.0; SLCC2; .NET CLR 2.0.50727)"
207.46.13.135 - - [15/Jan/2011:07:53:10 -0500] "GET /robots.txt HTTP/1.1" 404 291 "-" "Mozilla/5.0 (compatible; bingbot/2.0; +http://www.bing.com/bingbot.htm)"
207.46.13.135 - - [15/Jan/2011:07:53:48 -0500] "GET /naples-florida-facts.htm HTTP/1.1" 304 - "-" "Mozilla/5.0 (compatible; bingbot/2.0; +http://www.bing.com/bingbot.htm)"
38.108.67.25 - - [15/Jan/2011:07:58:54 -0500] "GET /homestead.htm HTTP/1.0" 404 282 "-" "SBIder/Nutch-1.0-dev (http://www.sitesell.com/sbider.html)"
38.108.67.25 - - [15/Jan/2011:08:00:02 -0500] "GET /reports_for-sellers.htm HTTP/1.0" 404 292 "-" "SBIder/Nutch-1.0-dev (http://www.sitesell.com/sbider.html)"
207.46.13.146 - - [15/Jan/2011:08:09:18 -0500] "GET /TheProcacciGroup/naplesfloridarentals6.htm HTTP/1.1" 404 323 "-" "Mozilla/5.0 (compatible; bingbot/2.0; +http://www.bing.com/bingbot.htm)"
67.195.111.190 - - [15/Jan/2011:08:27:58 -0500] "GET /carrier/prop_intro2.htm HTTP/1.0" 404 292 "-" "Mozilla/5.0 (compatible; Yahoo! Slurp; http://help.yahoo.com/help/us/ysearch/slurp)"
207.46.199.43 - - [15/Jan/2011:08:33:59 -0500] "GET /robots.txt HTTP/1.1" 404 291 "-" "Mozilla/5.0 (compatible; bingbot/2.0; +http://www.bing.com/bingbot.htm)"
207.46.199.43 - - [15/Jan/2011:08:36:17 -0500] "GET /florida-homestead-exemption.htm HTTP/1.1" 304 - "-" "Mozilla/5.0 (compatible; bingbot/2.0; +http://www.bing.com/bingbot.htm)"
67.195.111.190 - - [15/Jan/2011:08:42:30 -0500] "GET /halpin.htm HTTP/1.0" 404 279 "-" "Mozilla/5.0 (compatible; Yahoo! Slurp; http://help.yahoo.com/help/us/ysearch/slurp)"
67.195.111.190 - - [15/Jan/2011:08:43:09 -0500] "GET /naples-florida-beachesandparks.htm HTTP/1.0" 200 10582 "-" "Mozilla/5.0 (compatible; Yahoo! Slurp; http://help.yahoo.com/help/us/ysearch/slurp)"
195.127.173.170 - - [15/Jan/2011:08:49:09 -0500] "GET / HTTP/1.1" 200 11305 "-" "oBot"
195.127.173.170 - - [15/Jan/2011:08:49:11 -0500] "GET / HTTP/1.1" 200 11305 "-" "oBot"
66.249.72.203 - - [15/Jan/2011:08:55:45 -0500] "GET /robots.txt HTTP/1.1" 404 291 "-" "Googlebot-Image/1.0"
66.249.72.203 - - [15/Jan/2011:08:55:45 -0500] "GET /TheProcacciGroup/3072_sand-207038519.jpg HTTP/1.1" 404 321 "-" "Googlebot-Image/1.0"
184.74.88.190 - - [15/Jan/2011:09:13:44 -0500] "GET /Logos/1_df-72dpi-250x30pix-banner.jpg HTTP/1.1" 200 4514 "http://webmail.earthlink.net/wam/msg.jsp?msgid=5307&folder=INBOX&isSeen=false&x=769625032" "Mozilla/4.0 (compatible; MSIE 8.0; Windows NT 6.0; WOW64; Trident/4.0; GTB6.6; SLCC1; .NET CLR 2.0.50727; Media Center PC 5.0; MDDC; .NET CLR 3.5.30729; .NET CLR 3.0.30729; .NET4.0C)"
38.108.67.25 - - [15/Jan/2011:09:23:07 -0500] "GET /golf.htm HTTP/1.0" 404 277 "-" "SBIder/Nutch-1.0-dev (http://www.sitesell.com/sbider.html)"
76.101.204.51 - - [15/Jan/2011:09:34:10 -0500] "GET /images/1_naples%20florida%20real%20estate_index.jpg HTTP/1.1" 200 24287 "http://www.travels.com/naples-fl-us/" "Mozilla/4.0 (compatible; MSIE 8.0; Windows NT 6.1; WOW64; Trident/4.0; SLCC2; .NET CLR 2.0.50727; .NET CLR 3.5.30729; .NET CLR 3.0.30729; Media Center PC 6.0; MDDC; .NET4.0C; BRI/1)"
38.108.67.25 - - [15/Jan/2011:09:46:44 -0500] "GET /weather.htm HTTP/1.0" 404 280 "-" "SBIder/Nutch-1.0-dev (http://www.sitesell.com/sbider.html)"
38.108.67.25 - - [15/Jan/2011:09:50:55 -0500] "GET /lost-pets.htm HTTP/1.0" 404 282 "-" "SBIder/Nutch-1.0-dev (http://www.sitesell.com/sbider.html)"
38.108.67.25 - - [15/Jan/2011:09:55:33 -0500] "GET /blaine/naples-rentals.htm HTTP/1.0" 404 294 "-" "SBIder/Nutch-1.0-dev (http://www.sitesell.com/sbider.html)"
174.124.242.225 - - [15/Jan/2011:09:58:23 -0500] "GET /robots.txt HTTP/1.0" 404 279 "-" "Mozilla/5.0 (compatible; MJ12bot/v1.3.3; http://www.majestic12.co.uk/bot.php?+)"
174.124.242.225 - - [15/Jan/2011:09:58:25 -0500] "GET / HTTP/1.1" 200 11305 "-" "Mozilla/5.0 (compatible; MJ12bot/v1.3.3; http://www.majestic12.co.uk/bot.php?+)"
98.238.66.62 - - [15/Jan/2011:10:29:12 -0500] "GET /Logos/winner_250.jpg HTTP/1.1" 200 6408 "-" "Mozilla/4.0 (compatible; MSIE 7.0; Windows NT 5.1; Trident/4.0; GTB6.6; .NET CLR 1.1.4322)"
98.238.66.62 - - [15/Jan/2011:10:29:12 -0500] "GET /Logos/1_df-72dpi-476x57pix-banner.jpg HTTP/1.1" 200 9733 "-" "Mozilla/4.0 (compatible; MSIE 7.0; Windows NT 5.1; Trident/4.0; GTB6.6; .NET CLR 1.1.4322)"
174.120.126.226 - - [15/Jan/2011:10:30:15 -0500] "GET /images/1_naples%2520florida%2520real%2520estate_index.jpg HTTP/1.0" 404 320 "-" "-"
67.195.111.190 - - [15/Jan/2011:10:31:20 -0500] "GET /Vendors/index.html HTTP/1.0" 200 456837 "-" "Mozilla/5.0 (compatible; Yahoo! Slurp; http://help.yahoo.com/help/us/ysearch/slurp)"
38.108.67.25 - - [15/Jan/2011:10:36:52 -0500] "GET /home-improvement-naples-florida.htm HTTP/1.0" 404 304 "-" "SBIder/Nutch-1.0-dev (http://www.sitesell.com/sbider.html)"
79.135.143.126 - - [15/Jan/2011:10:51:17 -0500] "GET /TheProcacciGroup/naplesfloridarentals1.htm HTTP/1.0" 404 311 "http://www.naples-usa.com/TheProcacciGroup/naplesfloridarentals1.htm" "Mozilla/4.0 (compatible; MSIE 6.0; Windows NT 5.1; SV1; FunWebProducts; MRA 4.6 (build 01425); .NET CLR 1.1.4322; .NET CLR 2.0.50727)"
79.135.143.126 - - [15/Jan/2011:10:51:17 -0500] "GET / HTTP/1.0" 200 11305 "http://www.naples-usa.com/" "Mozilla/4.0 (compatible; MSIE 6.0; Windows NT 5.1; SV1; FunWebProducts; MRA 4.6 (build 01425); .NET CLR 1.1.4322; .NET CLR 2.0.50727)"
123.125.71.99 - - [15/Jan/2011:10:57:43 -0500] "GET / HTTP/1.1" 304 - "-" "Baiduspider+(+http://www.baidu.com/search/spider.htm)"
95.108.217.252 - - [15/Jan/2011:11:02:21 -0500] "GET /weather.htm HTTP/1.1" 404 292 "-" "Mozilla/5.0 (compatible; YandexBot/3.0; +http://yandex.com/bots)"
98.238.66.62 - - [15/Jan/2011:11:07:05 -0500] "GET /Logos/1_df-72dpi-476x57pix-banner.jpg HTTP/1.1" 200 9733 "-" "Mozilla/4.0 (compatible; MSIE 7.0; Windows NT 5.1; Trident/4.0; GTB6.6; .NET CLR 1.1.4322)"
98.238.66.62 - - [15/Jan/2011:11:07:05 -0500] "GET /Logos/winner_250.jpg HTTP/1.1" 200 6408 "-" "Mozilla/4.0 (compatible; MSIE 7.0; Windows NT 5.1; Trident/4.0; GTB6.6; .NET CLR 1.1.4322)"
67.195.111.190 - - [15/Jan/2011:11:18:53 -0500] "GET /damiano.htm HTTP/1.0" 404 280 "-" "Mozilla/5.0 (compatible; Yahoo! Slurp; http://help.yahoo.com/help/us/ysearch/slurp)"
76.101.249.197 - - [15/Jan/2011:11:22:25 -0500] "GET /Logos/1_df-72dpi-476x57pix-banner.jpg HTTP/1.1" 200 9733 "-" "Mozilla/5.0 (Macintosh; U; Intel Mac OS X 10_6_6; en-us) AppleWebKit/533.19.4 (KHTML, like Gecko)"
76.101.249.197 - - [15/Jan/2011:11:22:25 -0500] "GET /Logos/winner_250.jpg HTTP/1.1" 200 6408 "-" "Mozilla/5.0 (Macintosh; U; Intel Mac OS X 10_6_6; en-us) AppleWebKit/533.19.4 (KHTML, like Gecko)"
67.195.111.190 - - [15/Jan/2011:11:24:21 -0500] "GET /carrier/?N=D HTTP/1.0" 404 277 "-" "Mozilla/5.0 (compatible; Yahoo! Slurp; http://help.yahoo.com/help/us/ysearch/slurp)"
207.46.13.41 - - [15/Jan/2011:11:33:06 -0500] "GET /robots.txt HTTP/1.1" 404 291 "-" "Mozilla/5.0 (compatible; bingbot/2.0; +http://www.bing.com/bingbot.htm)"
173.162.9.122 - - [15/Jan/2011:11:38:49 -0500] "GET /images/history_collier.jpg HTTP/1.1" 200 7977 "http://www.google.com/imgres?imgurl=http://www.naples-usa.com/images/history_collier.jpg&imgrefurl=http://www.naples-usa.com/naples-history.htm&usg=__2OOXztelZoMpoTTc061So1ICoC8=&h=160&w=120&sz=8&hl=en&start=70&sig2=A34eoOSD7Bzl36pwnZInKA&zoom=0&tbnid=8vGYOm6nC7oO1M:&tbnh=98&tbnw=74&ei=is0xTfj9O8zTgAem6ei0Cw&prev=/images%3Fq%3Dcollier%2Bcounty%2Bhistorical%2Bpictures%26um%3D1%26hl%3Den%26sa%3DN%26rls%3Dig%26biw%3D901%26bih%3D522%26tbs%3Disch:10%2C1956&um=1&itbs=1&iact=hc&vpx=125&vpy=224&dur=2930&hovh=98&hovw=74&tx=73&ty=123&oei=dM0xTa2tDIH_8AbcrunSCA&esq=6&page=6&ndsp=14&ved=1t:429,r:0,s:70&biw=901&bih=522" "Mozilla/4.0 (compatible; MSIE 7.0; Windows NT 6.0; Trident/4.0; SLCC1; .NET CLR 2.0.50727; Media Center PC 5.0; InfoPath.2; .NET CLR 3.5.30729; .NET CLR 3.0.30729)"
173.162.9.122 - - [15/Jan/2011:11:38:49 -0500] "GET /naples-history.htm HTTP/1.1" 200 22034 "http://www.google.com/imgres?imgurl=http://www.naples-usa.com/images/history_collier.jpg&imgrefurl=http://www.naples-usa.com/naples-history.htm&usg=__2OOXztelZoMpoTTc061So1ICoC8=&h=160&w=120&sz=8&hl=en&start=70&sig2=A34eoOSD7Bzl36pwnZInKA&zoom=0&tbnid=8vGYOm6nC7oO1M:&tbnh=98&tbnw=74&ei=is0xTfj9O8zTgAem6ei0Cw&prev=/images%3Fq%3Dcollier%2Bcounty%2Bhistorical%2Bpictures%26um%3D1%26hl%3Den%26sa%3DN%26rls%3Dig%26biw%3D901%26bih%3D522%26tbs%3Disch:10%2C1956&um=1&itbs=1&iact=hc&vpx=125&vpy=224&dur=2930&hovh=98&hovw=74&tx=73&ty=123&oei=dM0xTa2tDIH_8AbcrunSCA&esq=6&page=6&ndsp=14&ved=1t:429,r:0,s:70&biw=901&bih=522" "Mozilla/4.0 (compatible; MSIE 7.0; Windows NT 6.0; Trident/4.0; SLCC1; .NET CLR 2.0.50727; Media Center PC 5.0; InfoPath.2; .NET CLR 3.5.30729; .NET CLR 3.0.30729)"
173.162.9.122 - - [15/Jan/2011:11:38:49 -0500] "GET /images/florida_logo.gif HTTP/1.1" 200 1024 "http://www.naples-usa.com/naples-history.htm" "Mozilla/4.0 (compatible; MSIE 7.0; Windows NT 6.0; Trident/4.0; SLCC1; .NET CLR 2.0.50727; Media Center PC 5.0; InfoPath.2; .NET CLR 3.5.30729; .NET CLR 3.0.30729)"
173.162.9.122 - - [15/Jan/2011:11:38:49 -0500] "GET /images/welcome_usa.gif HTTP/1.1" 200 7890 "http://www.naples-usa.com/naples-history.htm" "Mozilla/4.0 (compatible; MSIE 7.0; Windows NT 6.0; Trident/4.0; SLCC1; .NET CLR 2.0.50727; Media Center PC 5.0; InfoPath.2; .NET CLR 3.5.30729; .NET CLR 3.0.30729)"
173.162.9.122 - - [15/Jan/2011:11:38:49 -0500] "GET /images/history_hotel1.jpg HTTP/1.1" 200 9608 "http://www.naples-usa.com/naples-history.htm" "Mozilla/4.0 (compatible; MSIE 7.0; Windows NT 6.0; Trident/4.0; SLCC1; .NET CLR 2.0.50727; Media Center PC 5.0; InfoPath.2; .NET CLR 3.5.30729; .NET CLR 3.0.30729)"
173.162.9.122 - - [15/Jan/2011:11:38:49 -0500] "GET /transparent.gif HTTP/1.1" 200 43 "http://www.naples-usa.com/naples-history.htm" "Mozilla/4.0 (compatible; MSIE 7.0; Windows NT 6.0; Trident/4.0; SLCC1; .NET CLR 2.0.50727; Media Center PC 5.0; InfoPath.2; .NET CLR 3.5.30729; .NET CLR 3.0.30729)"
173.162.9.122 - - [15/Jan/2011:11:38:49 -0500] "GET /images/history_indian.jpg HTTP/1.1" 200 10403 "http://www.naples-usa.com/naples-history.htm" "Mozilla/4.0 (compatible; MSIE 7.0; Windows NT 6.0; Trident/4.0; SLCC1; .NET CLR 2.0.50727; Media Center PC 5.0; InfoPath.2; .NET CLR 3.5.30729; .NET CLR 3.0.30729)"
173.162.9.122 - - [15/Jan/2011:11:38:49 -0500] "GET /images/history_army.jpg HTTP/1.1" 200 11146 "http://www.naples-usa.com/naples-history.htm" "Mozilla/4.0 (compatible; MSIE 7.0; Windows NT 6.0; Trident/4.0; SLCC1; .NET CLR 2.0.50727; Media Center PC 5.0; InfoPath.2; .NET CLR 3.5.30729; .NET CLR 3.0.30729)"
173.162.9.122 - - [15/Jan/2011:11:38:49 -0500] "GET /images/history_city.gif HTTP/1.1" 200 40057 "http://www.naples-usa.com/naples-history.htm" "Mozilla/4.0 (compatible; MSIE 7.0; Windows NT 6.0; Trident/4.0; SLCC1; .NET CLR 2.0.50727; Media Center PC 5.0; InfoPath.2; .NET CLR 3.5.30729; .NET CLR 3.0.30729)"
173.162.9.122 - - [15/Jan/2011:11:38:55 -0500] "GET /favicon.ico HTTP/1.1" 404 292 "-" "Mozilla/4.0 (compatible; MSIE 8.0; Windows NT 6.0; Trident/4.0; SLCC1; .NET CLR 2.0.50727; Media Center PC 5.0; InfoPath.2; .NET CLR 3.5.30729; .NET CLR 3.0.30729)"
207.46.13.41 - - [15/Jan/2011:11:44:48 -0500] "GET /golf.htm HTTP/1.1" 404 289 "-" "Mozilla/5.0 (compatible; bingbot/2.0; +http://www.bing.com/bingbot.htm)"
98.206.36.235 - - [15/Jan/2011:11:47:27 -0500] "GET /images/1_naples%20florida%20real%20estate_index.jpg HTTP/1.1" 200 24287 "http://www.google.com/imgres?imgurl=http://www.naples-usa.com/images/1_naples%2520florida%2520real%2520estate_index.jpg&imgrefurl=http://www.dolphinworld.net/wordpress/2008/02/19/naples-florida-dolphin-swim-tour/&usg=__qADXQoSKXq32YdNCGsSumn4G-8c=&h=256&w=375&sz=24&hl=en&start=45&zoom=1&tbnid=xiSSaf0OQrPq8M:&tbnh=117&tbnw=187&ei=ls8xTcqKEoT58AbruIWXCQ&prev=/images%3Fq%3DNaples,%2BFlorida%2Bbeaches%26um%3D1%26hl%3Den%26sa%3DX%26rls%3Dcom.microsoft:en-us%26biw%3D958%26bih%3D540%26tbs%3Disch:10%2C1150&um=1&itbs=1&iact=hc&vpx=124&vpy=244&dur=2137&hovh=185&hovw=272&tx=174&ty=147&oei=gs8xTZvCEIHegQf_1YSyCw&esq=4&page=4&ndsp=12&ved=1t:429,r:4,s:45&biw=958&bih=540" "Mozilla/4.0 (compatible; MSIE 8.0; Windows NT 6.1; WOW64; Trident/4.0; SLCC2; .NET CLR 2.0.50727; .NET CLR 3.5.30729; .NET CLR 3.0.30729; Media Center PC 6.0; .NET4.0C)"
98.238.96.113 - - [15/Jan/2011:11:48:41 -0500] "GET /burgess.htm HTTP/1.1" 404 292 "http://www.naplesarea.com/398271-Nancy-Burgess" "Mozilla/5.0 (Windows; U; Windows NT 6.0; en-US; rv:1.9.2.13) Gecko/20101203 Firefox/3.6.13"
98.238.96.113 - - [15/Jan/2011:11:48:41 -0500] "GET /favicon.ico HTTP/1.1" 404 292 "-" "Mozilla/5.0 (Windows; U; Windows NT 6.0; en-US; rv:1.9.2.13) Gecko/20101203 Firefox/3.6.13"
38.108.67.25 - - [15/Jan/2011:12:04:37 -0500] "GET /tennis.htm HTTP/1.0" 404 279 "-" "SBIder/Nutch-1.0-dev (http://www.sitesell.com/sbider.html)"
67.195.111.190 - - [15/Jan/2011:12:07:44 -0500] "GET /volmer1.htm HTTP/1.0" 404 280 "-" "Mozilla/5.0 (compatible; Yahoo! Slurp; http://help.yahoo.com/help/us/ysearch/slurp)"
38.108.67.25 - - [15/Jan/2011:12:10:20 -0500] "GET /naples-tennis-public.htm HTTP/1.0" 404 293 "-" "SBIder/Nutch-1.0-dev (http://www.sitesell.com/sbider.html)"
67.195.111.190 - - [15/Jan/2011:12:25:27 -0500] "GET /mckinney.htm HTTP/1.0" 404 281 "-" "Mozilla/5.0 (compatible; Yahoo! Slurp; http://help.yahoo.com/help/us/ysearch/slurp)"
124.115.0.156 - - [15/Jan/2011:12:27:51 -0500] "GET / HTTP/1.1" 200 11305 "-" "Sosospider+(+http://help.soso.com/webspider.htm)"
174.129.21.61 - - [15/Jan/2011:12:38:50 -0500] "GET / HTTP/1.1" 200 11305 "-" "Crawler"
207.46.204.238 - - [15/Jan/2011:12:39:57 -0500] "GET /robots.txt HTTP/1.1" 404 291 "-" "Mozilla/5.0 (compatible; bingbot/2.0; +http://www.bing.com/bingbot.htm)"
207.46.204.238 - - [15/Jan/2011:12:40:48 -0500] "GET /index.html HTTP/1.1" 304 - "-" "Mozilla/5.0 (compatible; bingbot/2.0; +http://www.bing.com/bingbot.htm)"
38.108.67.25 - - [15/Jan/2011:12:56:39 -0500] "GET /history.htm HTTP/1.0" 404 280 "-" "SBIder/Nutch-1.0-dev (http://www.sitesell.com/sbider.html)"
67.195.111.190 - - [15/Jan/2011:12:59:06 -0500] "GET /images_map/bn12.htm HTTP/1.0" 404 288 "-" "Mozilla/5.0 (compatible; Yahoo! Slurp; http://help.yahoo.com/help/us/ysearch/slurp)"
98.238.66.62 - - [15/Jan/2011:13:00:03 -0500] "GET /Logos/1_df-72dpi-476x57pix-banner.jpg HTTP/1.1" 200 9733 "-" "Mozilla/4.0 (compatible; MSIE 7.0; Windows NT 5.1; Trident/4.0; GTB6.6; .NET CLR 1.1.4322)"
98.238.66.62 - - [15/Jan/2011:13:00:03 -0500] "GET /Logos/winner_250.jpg HTTP/1.1" 200 6408 "-" "Mozilla/4.0 (compatible; MSIE 7.0; Windows NT 5.1; Trident/4.0; GTB6.6; .NET CLR 1.1.4322)"
207.46.13.146 - - [15/Jan/2011:13:07:19 -0500] "GET /golf.htm HTTP/1.1" 404 289 "-" "Mozilla/5.0 (compatible; bingbot/2.0; +http://www.bing.com/bingbot.htm)"
67.195.111.190 - - [15/Jan/2011:13:07:49 -0500] "GET /stevens/stevens_properties3.htm HTTP/1.0" 404 300 "-" "Mozilla/5.0 (compatible; Yahoo! Slurp; http://help.yahoo.com/help/us/ysearch/slurp)"
38.108.67.25 - - [15/Jan/2011:13:20:23 -0500] "GET /mortgage-dictionary.htm HTTP/1.0" 404 292 "-" "SBIder/Nutch-1.0-dev (http://www.sitesell.com/sbider.html)"
65.9.35.147 - - [15/Jan/2011:13:21:26 -0500] "GET /lost-birds.htm HTTP/1.1" 200 39667 "http://www.google.com/url?sa=t&source=web&cd=3&sqi=2&ved=0CDMQFjAC&url=http%3A%2F%2Fwww.naples-usa.com%2Flost-birds.htm&rct=j&q=lost%20bird%20in%20florida&ei=fuUxTdWoBI3ksQP57dToBQ&usg=AFQjCNEuTt3kb2_66X_f8PYbiIhYjevTMw" "Mozilla/4.0 (compatible; MSIE 8.0; Windows NT 6.1; WOW64; Trident/4.0; SLCC2; .NET CLR 2.0.50727; .NET CLR 3.5.30729; .NET CLR 3.0.30729; Media Center PC 6.0; HPNTDF; .NET4.0C; InfoPath.3)"
65.9.35.147 - - [15/Jan/2011:13:21:26 -0500] "GET /favicon.ico HTTP/1.1" 404 292 "-" "Mozilla/4.0 (compatible; MSIE 8.0; Windows NT 6.1; WOW64; Trident/4.0; SLCC2; .NET CLR 2.0.50727; .NET CLR 3.5.30729; .NET CLR 3.0.30729; Media Center PC 6.0; HPNTDF; .NET4.0C; InfoPath.3)"
65.9.35.147 - - [15/Jan/2011:13:21:31 -0500] "GET /found-birds.htm HTTP/1.1" 404 296 "http://www.naples-usa.com/lost-birds.htm" "Mozilla/4.0 (compatible; MSIE 8.0; Windows NT 6.1; WOW64; Trident/4.0; SLCC2; .NET CLR 2.0.50727; .NET CLR 3.5.30729; .NET CLR 3.0.30729; Media Center PC 6.0; HPNTDF; .NET4.0C; InfoPath.3)"
95.108.217.252 - - [15/Jan/2011:13:23:36 -0500] "GET /lost-pets.html HTTP/1.1" 404 295 "-" "Mozilla/5.0 (compatible; YandexBot/3.0; +http://yandex.com/bots)"
71.200.209.15 - - [15/Jan/2011:13:26:48 -0500] "GET /favicon.ico HTTP/1.1" 404 292 "-" "ee://aol/http"
71.200.209.15 - - [15/Jan/2011:13:26:56 -0500] "GET /favicon.ico HTTP/1.1" 404 292 "-" "ee://aol/http"
65.52.110.64 - - [15/Jan/2011:13:35:50 -0500] "GET /robots.txt HTTP/1.1" 404 291 "-" "Mozilla/5.0 (compatible; bingbot/2.0; +http://www.bing.com/bingbot.htm)"
95.108.158.234 - - [15/Jan/2011:13:36:49 -0500] "GET /robots.txt HTTP/1.1" 404 291 "-" "Mozilla/5.0 (compatible; YandexImages/3.0; +http://yandex.com/bots)"
65.52.110.64 - - [15/Jan/2011:13:37:49 -0500] "GET /naples-arts.htm HTTP/1.1" 304 - "-" "Mozilla/5.0 (compatible; bingbot/2.0; +http://www.bing.com/bingbot.htm)"
208.80.194.28 - - [15/Jan/2011:13:59:38 -0500] "GET /meek.htm HTTP/1.0" 404 277 "-" "Mozilla/4.0 (compatible; MSIE 6.0; America Online Browser 1.1; Windows NT 5.1; SV1; .NET CLR 1.1.4322; ImageShack Toolbar 3.0.3)"
76.101.202.208 - - [15/Jan/2011:14:03:35 -0500] "GET /recycling-info-naples-florida.htm HTTP/1.1" 200 13920 "http://www.google.com/url?sa=t&source=web&cd=6&ved=0CEIQFjAF&url=http%3A%2F%2Fwww.naples-usa.com%2Frecycling-info-naples-florida.htm&rct=j&q=oil%20disposal%20collier%20county&ei=OO8xTcSoIsnagQeRntzUCw&usg=AFQjCNF1XadZa1qr0k0YhLiCKRopFSU5aw" "Mozilla/5.0 (Windows; U; Windows NT 5.1; en-US; rv:1.9.2.13) Gecko/20101203 Firefox/3.6.13 (.NET CLR 3.5.30729)"
76.101.202.208 - - [15/Jan/2011:14:03:35 -0500] "GET /images/welcome_usa.gif HTTP/1.1" 200 7890 "http://www.naples-usa.com/recycling-info-naples-florida.htm" "Mozilla/5.0 (Windows; U; Windows NT 5.1; en-US; rv:1.9.2.13) Gecko/20101203 Firefox/3.6.13 (.NET CLR 3.5.30729)"
76.101.202.208 - - [15/Jan/2011:14:03:35 -0500] "GET /favicon.ico HTTP/1.1" 404 292 "-" "Mozilla/5.0 (Windows; U; Windows NT 5.1; en-US; rv:1.9.2.13) Gecko/20101203 Firefox/3.6.13 (.NET CLR 3.5.30729)"
71.3.193.235 - - [15/Jan/2011:14:48:59 -0500] "GET /Vendors/Logos.htm HTTP/1.1" 200 6053 "http://search.yahoo.com/search?fr=yhs-avgb-chrome&type=yahoo_avg_hs2-tb-web_chrome_us&p=downing+frye+logos" "Mozilla/4.0 (compatible; MSIE 7.0; Windows NT 5.1; Trident/4.0; GTB6.3; .NET CLR 1.1.4322; .NET CLR 2.0.50727; .NET CLR 3.0.04506.30; MDDC; .NET CLR 3.0.4506.2152; .NET CLR 3.5.30729; .NET4.0C; NET_mmhpset)"
71.3.193.235 - - [15/Jan/2011:14:48:59 -0500] "GET /Logos/DFLogo.gif HTTP/1.1" 200 6968 "http://www.naples-usa.com/Vendors/Logos.htm" "Mozilla/4.0 (compatible; MSIE 7.0; Windows NT 5.1; Trident/4.0; GTB6.3; .NET CLR 1.1.4322; .NET CLR 2.0.50727; .NET CLR 3.0.04506.30; MDDC; .NET CLR 3.0.4506.2152; .NET CLR 3.5.30729; .NET4.0C; NET_mmhpset)"
71.3.193.235 - - [15/Jan/2011:14:48:59 -0500] "GET /Logos/1_DF_logo_300dpi.jpg HTTP/1.1" 200 12600 "http://www.naples-usa.com/Vendors/Logos.htm" "Mozilla/4.0 (compatible; MSIE 7.0; Windows NT 5.1; Trident/4.0; GTB6.3; .NET CLR 1.1.4322; .NET CLR 2.0.50727; .NET CLR 3.0.04506.30; MDDC; .NET CLR 3.0.4506.2152; .NET CLR 3.5.30729; .NET4.0C; NET_mmhpset)"
71.3.193.235 - - [15/Jan/2011:14:48:59 -0500] "GET /Logos/1_df-72dpi-146x55pix-inverse.jpg HTTP/1.1" 200 3353 "http://www.naples-usa.com/Vendors/Logos.htm" "Mozilla/4.0 (compatible; MSIE 7.0; Windows NT 5.1; Trident/4.0; GTB6.3; .NET CLR 1.1.4322; .NET CLR 2.0.50727; .NET CLR 3.0.04506.30; MDDC; .NET CLR 3.0.4506.2152; .NET CLR 3.5.30729; .NET4.0C; NET_mmhpset)"
71.3.193.235 - - [15/Jan/2011:14:48:59 -0500] "GET /Logos/1_df-72dpi146x58pix.jpg HTTP/1.1" 200 3294 "http://www.naples-usa.com/Vendors/Logos.htm" "Mozilla/4.0 (compatible; MSIE 7.0; Windows NT 5.1; Trident/4.0; GTB6.3; .NET CLR 1.1.4322; .NET CLR 2.0.50727; .NET CLR 3.0.04506.30; MDDC; .NET CLR 3.0.4506.2152; .NET CLR 3.5.30729; .NET4.0C; NET_mmhpset)"
71.3.193.235 - - [15/Jan/2011:14:48:59 -0500] "GET /Logos/1_df-72dpi-250x30pix-banner.jpg HTTP/1.1" 200 4514 "http://www.naples-usa.com/Vendors/Logos.htm" "Mozilla/4.0 (compatible; MSIE 7.0; Windows NT 5.1; Trident/4.0; GTB6.3; .NET CLR 1.1.4322; .NET CLR 2.0.50727; .NET CLR 3.0.04506.30; MDDC; .NET CLR 3.0.4506.2152; .NET CLR 3.5.30729; .NET4.0C; NET_mmhpset)"
71.3.193.235 - - [15/Jan/2011:14:48:59 -0500] "GET /Logos/1_df_only.jpg HTTP/1.1" 200 1834 "http://www.naples-usa.com/Vendors/Logos.htm" "Mozilla/4.0 (compatible; MSIE 7.0; Windows NT 5.1; Trident/4.0; GTB6.3; .NET CLR 1.1.4322; .NET CLR 2.0.50727; .NET CLR 3.0.04506.30; MDDC; .NET CLR 3.0.4506.2152; .NET CLR 3.5.30729; .NET4.0C; NET_mmhpset)"
71.3.193.235 - - [15/Jan/2011:14:49:00 -0500] "GET /Logos/1_df-72dpi-366x139pix.jpg HTTP/1.1" 200 10645 "http://www.naples-usa.com/Vendors/Logos.htm" "Mozilla/4.0 (compatible; MSIE 7.0; Windows NT 5.1; Trident/4.0; GTB6.3; .NET CLR 1.1.4322; .NET CLR 2.0.50727; .NET CLR 3.0.04506.30; MDDC; .NET CLR 3.0.4506.2152; .NET CLR 3.5.30729; .NET4.0C; NET_mmhpset)"
71.3.193.235 - - [15/Jan/2011:14:49:00 -0500] "GET /Logos/1_df-72dpi-366x139pix-inverse.jpg HTTP/1.1" 200 10828 "http://www.naples-usa.com/Vendors/Logos.htm" "Mozilla/4.0 (compatible; MSIE 7.0; Windows NT 5.1; Trident/4.0; GTB6.3; .NET CLR 1.1.4322; .NET CLR 2.0.50727; .NET CLR 3.0.04506.30; MDDC; .NET CLR 3.0.4506.2152; .NET CLR 3.5.30729; .NET4.0C; NET_mmhpset)"
71.3.193.235 - - [15/Jan/2011:14:49:00 -0500] "GET /Logos/Only%20DF%20transparent.jpg HTTP/1.1" 200 3605 "http://www.naples-usa.com/Vendors/Logos.htm" "Mozilla/4.0 (compatible; MSIE 7.0; Windows NT 5.1; Trident/4.0; GTB6.3; .NET CLR 1.1.4322; .NET CLR 2.0.50727; .NET CLR 3.0.04506.30; MDDC; .NET CLR 3.0.4506.2152; .NET CLR 3.5.30729; .NET4.0C; NET_mmhpset)"
71.3.193.235 - - [15/Jan/2011:14:49:00 -0500] "GET /Logos/1_df-72dpi-476x57pix-banner.jpg HTTP/1.1" 200 9733 "http://www.naples-usa.com/Vendors/Logos.htm" "Mozilla/4.0 (compatible; MSIE 7.0; Windows NT 5.1; Trident/4.0; GTB6.3; .NET CLR 1.1.4322; .NET CLR 2.0.50727; .NET CLR 3.0.04506.30; MDDC; .NET CLR 3.0.4506.2152; .NET CLR 3.5.30729; .NET4.0C; NET_mmhpset)"
71.3.193.235 - - [15/Jan/2011:14:49:00 -0500] "GET /Logos/1_df_with_address.jpg HTTP/1.1" 200 12070 "http://www.naples-usa.com/Vendors/Logos.htm" "Mozilla/4.0 (compatible; MSIE 7.0; Windows NT 5.1; Trident/4.0; GTB6.3; .NET CLR 1.1.4322; .NET CLR 2.0.50727; .NET CLR 3.0.04506.30; MDDC; .NET CLR 3.0.4506.2152; .NET CLR 3.5.30729; .NET4.0C; NET_mmhpset)"
71.3.193.235 - - [15/Jan/2011:14:49:00 -0500] "GET /Logos/1_graytone_300dpi.jpg HTTP/1.1" 200 10916 "http://www.naples-usa.com/Vendors/Logos.htm" "Mozilla/4.0 (compatible; MSIE 7.0; Windows NT 5.1; Trident/4.0; GTB6.3; .NET CLR 1.1.4322; .NET CLR 2.0.50727; .NET CLR 3.0.04506.30; MDDC; .NET CLR 3.0.4506.2152; .NET CLR 3.5.30729; .NET4.0C; NET_mmhpset)"
71.3.193.235 - - [15/Jan/2011:14:49:00 -0500] "GET /Logos/winner_250.jpg HTTP/1.1" 200 6408 "http://www.naples-usa.com/Vendors/Logos.htm" "Mozilla/4.0 (compatible; MSIE 7.0; Windows NT 5.1; Trident/4.0; GTB6.3; .NET CLR 1.1.4322; .NET CLR 2.0.50727; .NET CLR 3.0.04506.30; MDDC; .NET CLR 3.0.4506.2152; .NET CLR 3.5.30729; .NET4.0C; NET_mmhpset)"
71.3.193.235 - - [15/Jan/2011:14:49:00 -0500] "GET /Logos/winner.jpg HTTP/1.1" 200 14855 "http://www.naples-usa.com/Vendors/Logos.htm" "Mozilla/4.0 (compatible; MSIE 7.0; Windows NT 5.1; Trident/4.0; GTB6.3; .NET CLR 1.1.4322; .NET CLR 2.0.50727; .NET CLR 3.0.04506.30; MDDC; .NET CLR 3.0.4506.2152; .NET CLR 3.5.30729; .NET4.0C; NET_mmhpset)"
71.3.193.235 - - [15/Jan/2011:14:49:00 -0500] "GET /Logos/Choice_2008_size100.jpg HTTP/1.1" 200 17105 "http://www.naples-usa.com/Vendors/Logos.htm" "Mozilla/4.0 (compatible; MSIE 7.0; Windows NT 5.1; Trident/4.0; GTB6.3; .NET CLR 1.1.4322; .NET CLR 2.0.50727; .NET CLR 3.0.04506.30; MDDC; .NET CLR 3.0.4506.2152; .NET CLR 3.5.30729; .NET4.0C; NET_mmhpset)"
71.3.193.235 - - [15/Jan/2011:14:49:00 -0500] "GET /Logos/Choice_2008_size200.jpg HTTP/1.1" 200 44592 "http://www.naples-usa.com/Vendors/Logos.htm" "Mozilla/4.0 (compatible; MSIE 7.0; Windows NT 5.1; Trident/4.0; GTB6.3; .NET CLR 1.1.4322; .NET CLR 2.0.50727; .NET CLR 3.0.04506.30; MDDC; .NET CLR 3.0.4506.2152; .NET CLR 3.5.30729; .NET4.0C; NET_mmhpset)"
71.3.193.235 - - [15/Jan/2011:14:49:01 -0500] "GET /Logos/Choice_2008_size400.jpg HTTP/1.1" 200 122026 "http://www.naples-usa.com/Vendors/Logos.htm" "Mozilla/4.0 (compatible; MSIE 7.0; Windows NT 5.1; Trident/4.0; GTB6.3; .NET CLR 1.1.4322; .NET CLR 2.0.50727; .NET CLR 3.0.04506.30; MDDC; .NET CLR 3.0.4506.2152; .NET CLR 3.5.30729; .NET4.0C; NET_mmhpset)"
71.3.193.235 - - [15/Jan/2011:14:49:01 -0500] "GET /favicon.ico HTTP/1.1" 404 292 "-" "Mozilla/4.0 (compatible; MSIE 8.0; Windows NT 5.1; Trident/4.0; GTB6.3; .NET CLR 1.1.4322; .NET CLR 2.0.50727; .NET CLR 3.0.04506.30; MDDC; .NET CLR 3.0.4506.2152; .NET CLR 3.5.30729; .NET4.0C; NET_mmhpset)"
174.150.244.252 - - [15/Jan/2011:14:51:38 -0500] "GET /recycling-info-naples-florida.htm HTTP/1.1" 200 13920 "http://www.google.com/m/search?client=ms-palm-webOS&channel=bm&aq=f&oq=&aqi=-k0d0t0&fkt=6988&fsdt=9973&q=collier+county+phone+number+recycling+center" "Mozilla/5.0 (webOS/1.4.5; U; en-US) AppleWebKit/532.2 (KHTML, like Gecko) Version/1.0 Safari/532.2 Pixi/1.0"
174.150.244.252 - - [15/Jan/2011:14:51:38 -0500] "GET /images/welcome_usa.gif HTTP/1.1" 200 7890 "http://www.naples-usa.com/recycling-info-naples-florida.htm" "Mozilla/5.0 (webOS/1.4.5; U; en-US) AppleWebKit/532.2 (KHTML, like Gecko) Version/1.0 Safari/532.2 Pixi/1.0"
184.154.7.186 - - [15/Jan/2011:14:56:44 -0500] "GET /robots.txt HTTP/1.0" 404 279 "-" "Mozilla/5.0 (compatible; MJ12bot/v1.3.3; http://www.majestic12.co.uk/bot.php?+)"
91.201.67.22 - - [15/Jan/2011:14:56:45 -0500] "GET /TheProcacciGroup/naplesfloridarentals2b.htm HTTP/1.0" 404 312 "http://www.naples-usa.com/TheProcacciGroup/naplesfloridarentals2b.htm" "Mozilla/4.0 (compatible; MSIE 5.0; Windows NT; DigExt)"
91.201.67.22 - - [15/Jan/2011:14:56:45 -0500] "GET / HTTP/1.0" 200 11305 "http://www.naples-usa.com/" "Mozilla/4.0 (compatible; MSIE 5.0; Windows NT; DigExt)"
184.154.7.186 - - [15/Jan/2011:14:56:46 -0500] "GET /meek.htm HTTP/1.0" 404 277 "-" "Mozilla/5.0 (compatible; MJ12bot/v1.3.3; http://www.majestic12.co.uk/bot.php?+)"
67.195.111.190 - - [15/Jan/2011:15:13:14 -0500] "GET /blaine/properties-naples-real-estate-1.htm HTTP/1.0" 404 311 "-" "Mozilla/5.0 (compatible; Yahoo! Slurp; http://help.yahoo.com/help/us/ysearch/slurp)"
67.195.111.190 - - [15/Jan/2011:15:15:27 -0500] "GET /naples-history.htm HTTP/1.0" 200 22034 "-" "Mozilla/5.0 (compatible; Yahoo! Slurp; http://help.yahoo.com/help/us/ysearch/slurp)"
208.53.105.253 - - [15/Jan/2011:15:17:15 -0500] "GET /naples-weather.htm HTTP/1.1" 200 16725 "-" "Mozilla/4.0 (compatible; MSIE 8.0; Windows NT 5.1; Trident/4.0; Mozilla/4.0 (compatible; MSIE 6.0; Windows NT 5.1; SV1) ; .NET CLR 1.1.4322; .NET CLR 2.0.50727; .NET CLR 3.0.4506.2152; .NET CLR 3.5.30729; InfoPath.2)"
208.53.105.253 - - [15/Jan/2011:15:17:15 -0500] "GET /images/welcome_usa.gif HTTP/1.1" 200 7890 "http://naples-usa.com/naples-weather.htm" "Mozilla/4.0 (compatible; MSIE 8.0; Windows NT 5.1; Trident/4.0; Mozilla/4.0 (compatible; MSIE 6.0; Windows NT 5.1; SV1) ; .NET CLR 1.1.4322; .NET CLR 2.0.50727; .NET CLR 3.0.4506.2152; .NET CLR 3.5.30729; InfoPath.2)"
208.53.105.253 - - [15/Jan/2011:15:17:15 -0500] "GET /transparent.gif HTTP/1.1" 200 43 "http://naples-usa.com/naples-weather.htm" "Mozilla/4.0 (compatible; MSIE 8.0; Windows NT 5.1; Trident/4.0; Mozilla/4.0 (compatible; MSIE 6.0; Windows NT 5.1; SV1) ; .NET CLR 1.1.4322; .NET CLR 2.0.50727; .NET CLR 3.0.4506.2152; .NET CLR 3.5.30729; InfoPath.2)"
208.53.105.253 - - [15/Jan/2011:15:17:15 -0500] "GET /images/florida_logo.gif HTTP/1.1" 200 1024 "http://naples-usa.com/naples-weather.htm" "Mozilla/4.0 (compatible; MSIE 8.0; Windows NT 5.1; Trident/4.0; Mozilla/4.0 (compatible; MSIE 6.0; Windows NT 5.1; SV1) ; .NET CLR 1.1.4322; .NET CLR 2.0.50727; .NET CLR 3.0.4506.2152; .NET CLR 3.5.30729; InfoPath.2)"
208.53.105.253 - - [15/Jan/2011:15:17:16 -0500] "GET /favicon.ico HTTP/1.1" 404 292 "-" "Mozilla/4.0 (compatible; MSIE 8.0; Windows NT 5.1; Trident/4.0; Mozilla/4.0 (compatible; MSIE 6.0; Windows NT 5.1; SV1) ; .NET CLR 1.1.4322; .NET CLR 2.0.50727; .NET CLR 3.0.4506.2152; .NET CLR 3.5.30729; InfoPath.2)"
24.96.32.45 - - [15/Jan/2011:15:20:41 -0500] "GET /naples-boating.htm HTTP/1.1" 200 14280 "http://www.google.com/search?q=water+depth+into+naples+yacht+club&rls=com.microsoft:en-us&ie=UTF-8&oe=UTF-8&startIndex=&startPage=1" "Mozilla/4.0 (compatible; MSIE 8.0; Windows NT 5.1; Trident/4.0; .NET CLR 1.1.4322; .NET CLR 2.0.50727; .NET CLR 3.0.04506.30; .NET CLR 3.0.4506.2152; .NET CLR 3.5.30729; InfoPath.1)"
24.96.32.45 - - [15/Jan/2011:15:20:41 -0500] "GET /images/welcome_usa.gif HTTP/1.1" 200 7890 "http://www.naples-usa.com/naples-boating.htm" "Mozilla/4.0 (compatible; MSIE 8.0; Windows NT 5.1; Trident/4.0; .NET CLR 1.1.4322; .NET CLR 2.0.50727; .NET CLR 3.0.04506.30; .NET CLR 3.0.4506.2152; .NET CLR 3.5.30729; InfoPath.1)"
24.96.32.45 - - [15/Jan/2011:15:20:41 -0500] "GET /images/z_boating.jpg HTTP/1.1" 200 6255 "http://www.naples-usa.com/naples-boating.htm" "Mozilla/4.0 (compatible; MSIE 8.0; Windows NT 5.1; Trident/4.0; .NET CLR 1.1.4322; .NET CLR 2.0.50727; .NET CLR 3.0.04506.30; .NET CLR 3.0.4506.2152; .NET CLR 3.5.30729; InfoPath.1)"
24.96.32.45 - - [15/Jan/2011:15:20:41 -0500] "GET /images/florida_logo.gif HTTP/1.1" 200 1024 "http://www.naples-usa.com/naples-boating.htm" "Mozilla/4.0 (compatible; MSIE 8.0; Windows NT 5.1; Trident/4.0; .NET CLR 1.1.4322; .NET CLR 2.0.50727; .NET CLR 3.0.04506.30; .NET CLR 3.0.4506.2152; .NET CLR 3.5.30729; InfoPath.1)"
24.96.32.45 - - [15/Jan/2011:15:20:41 -0500] "GET /transparent.gif HTTP/1.1" 200 43 "http://www.naples-usa.com/naples-boating.htm" "Mozilla/4.0 (compatible; MSIE 8.0; Windows NT 5.1; Trident/4.0; .NET CLR 1.1.4322; .NET CLR 2.0.50727; .NET CLR 3.0.04506.30; .NET CLR 3.0.4506.2152; .NET CLR 3.5.30729; InfoPath.1)"
24.96.32.45 - - [15/Jan/2011:15:20:41 -0500] "GET /favicon.ico HTTP/1.1" 404 292 "-" "Mozilla/4.0 (compatible; MSIE 8.0; Windows NT 5.1; Trident/4.0; .NET CLR 1.1.4322; .NET CLR 2.0.50727; .NET CLR 3.0.04506.30; .NET CLR 3.0.4506.2152; .NET CLR 3.5.30729; InfoPath.1)"
76.101.1.176 - - [15/Jan/2011:15:38:01 -0500] "GET /Logos/winner_250.jpg HTTP/1.1" 200 6408 "-" "Mozilla/5.0 (iPad; U; CPU OS 4_2_1 like Mac OS X; en-us) AppleWebKit/533.17.9 (KHTML, like Gecko)"
76.101.1.176 - - [15/Jan/2011:15:38:01 -0500] "GET /Logos/1_df-72dpi-476x57pix-banner.jpg HTTP/1.1" 200 9733 "-" "Mozilla/5.0 (iPad; U; CPU OS 4_2_1 like Mac OS X; en-us) AppleWebKit/533.17.9 (KHTML, like Gecko)"
71.54.3.7 - - [15/Jan/2011:15:50:35 -0500] "GET /calendar-clubs-and-orgs.htm HTTP/1.1" 200 27411 "http://www.google.com/url?sa=t&source=web&cd=61&ved=0CBIQFjAAODw&url=http%3A%2F%2Fwww.naples-usa.com%2Fcalendar-clubs-and-orgs.htm&rct=j&q=dog%20events%20naples%20fl&ei=jwgyTe6lHMHogQfxrdWqCw&usg=AFQjCNF5hj0VDtbQBKLLe18gbK8kW0wNOA" "Mozilla/4.0 (compatible; MSIE 8.0; Windows NT 6.0; Trident/4.0; GTB6.6; SLCC1; .NET CLR 2.0.50727; Media Center PC 5.0; .NET CLR 3.5.30729; InfoPath.2; .NET CLR 3.0.30729)"
71.54.3.7 - - [15/Jan/2011:15:50:35 -0500] "GET /design_styles.css HTTP/1.1" 404 298 "http://www.naples-usa.com/calendar-clubs-and-orgs.htm" "Mozilla/4.0 (compatible; MSIE 8.0; Windows NT 6.0; Trident/4.0; GTB6.6; SLCC1; .NET CLR 2.0.50727; Media Center PC 5.0; .NET CLR 3.5.30729; InfoPath.2; .NET CLR 3.0.30729)"
71.54.3.7 - - [15/Jan/2011:15:50:35 -0500] "GET /dynamic_styles.css HTTP/1.1" 404 299 "http://www.naples-usa.com/calendar-clubs-and-orgs.htm" "Mozilla/4.0 (compatible; MSIE 8.0; Windows NT 6.0; Trident/4.0; GTB6.6; SLCC1; .NET CLR 2.0.50727; Media Center PC 5.0; .NET CLR 3.5.30729; InfoPath.2; .NET CLR 3.0.30729)"
71.54.3.7 - - [15/Jan/2011:15:50:35 -0500] "GET /images/spacer.gif HTTP/1.1" 200 43 "http://www.naples-usa.com/calendar-clubs-and-orgs.htm" "Mozilla/4.0 (compatible; MSIE 8.0; Windows NT 6.0; Trident/4.0; GTB6.6; SLCC1; .NET CLR 2.0.50727; Media Center PC 5.0; .NET CLR 3.5.30729; InfoPath.2; .NET CLR 3.0.30729)"
71.54.3.7 - - [15/Jan/2011:15:50:36 -0500] "GET /javascripts/address.js HTTP/1.1" 404 303 "http://www.naples-usa.com/calendar-clubs-and-orgs.htm" "Mozilla/4.0 (compatible; MSIE 8.0; Windows NT 6.0; Trident/4.0; GTB6.6; SLCC1; .NET CLR 2.0.50727; Media Center PC 5.0; .NET CLR 3.5.30729; InfoPath.2; .NET CLR 3.0.30729)"
71.54.3.7 - - [15/Jan/2011:15:50:36 -0500] "GET /favicon.ico HTTP/1.1" 404 292 "-" "Mozilla/4.0 (compatible; MSIE 8.0; Windows NT 6.0; Trident/4.0; GTB6.6; SLCC1; .NET CLR 2.0.50727; Media Center PC 5.0; .NET CLR 3.5.30729; InfoPath.2; .NET CLR 3.0.30729)"
217.23.14.58 - - [15/Jan/2011:16:20:07 -0500] "GET / HTTP/1.0" 200 11305 "http://naples-usa.com/" "Mozilla/4.0 (compatible; MSIE 6.0; Windows 98; Win 9x 4.90)"
67.195.111.190 - - [15/Jan/2011:16:45:50 -0500] "GET /hofstetter.htm HTTP/1.0" 404 283 "-" "Mozilla/5.0 (compatible; Yahoo! Slurp; http://help.yahoo.com/help/us/ysearch/slurp)"
207.46.13.91 - - [15/Jan/2011:16:50:36 -0500] "GET /robots.txt HTTP/1.1" 404 291 "-" "Mozilla/5.0 (compatible; bingbot/2.0; +http://www.bing.com/bingbot.htm)"
184.154.7.186 - - [15/Jan/2011:17:04:54 -0500] "GET /robots.txt HTTP/1.0" 404 279 "-" "Mozilla/5.0 (compatible; MJ12bot/v1.3.3; http://www.majestic12.co.uk/bot.php?+)"
184.154.7.186 - - [15/Jan/2011:17:04:55 -0500] "GET /carrier.htm HTTP/1.0" 404 280 "-" "Mozilla/5.0 (compatible; MJ12bot/v1.3.3; http://www.majestic12.co.uk/bot.php?+)"
184.154.7.186 - - [15/Jan/2011:17:04:56 -0500] "GET /hofstetter.htm HTTP/1.0" 404 283 "-" "Mozilla/5.0 (compatible; MJ12bot/v1.3.3; http://www.majestic12.co.uk/bot.php?+)"
184.154.7.186 - - [15/Jan/2011:17:04:58 -0500] "GET /kepp.htm HTTP/1.0" 404 277 "-" "Mozilla/5.0 (compatible; MJ12bot/v1.3.3; http://www.majestic12.co.uk/bot.php?+)"
184.154.7.186 - - [15/Jan/2011:17:04:59 -0500] "GET /kukeas.htm HTTP/1.0" 404 279 "-" "Mozilla/5.0 (compatible; MJ12bot/v1.3.3; http://www.majestic12.co.uk/bot.php?+)"
184.154.7.186 - - [15/Jan/2011:17:05:00 -0500] "GET /lee.htm HTTP/1.0" 404 276 "-" "Mozilla/5.0 (compatible; MJ12bot/v1.3.3; http://www.majestic12.co.uk/bot.php?+)"
184.154.7.186 - - [15/Jan/2011:17:05:02 -0500] "GET /stevens.htm HTTP/1.0" 404 280 "-" "Mozilla/5.0 (compatible; MJ12bot/v1.3.3; http://www.majestic12.co.uk/bot.php?+)"
184.154.7.186 - - [15/Jan/2011:17:05:04 -0500] "GET /volmer.htm HTTP/1.0" 404 279 "-" "Mozilla/5.0 (compatible; MJ12bot/v1.3.3; http://www.majestic12.co.uk/bot.php?+)"
217.23.14.58 - - [15/Jan/2011:17:12:32 -0500] "GET / HTTP/1.0" 200 11305 "http://naples-usa.com/" "Mozilla/4.0 (compatible; MSIE 6.0; Windows 98; Win 9x 4.90)"
207.46.13.91 - - [15/Jan/2011:17:15:19 -0500] "GET /meek.htm HTTP/1.1" 404 289 "-" "Mozilla/5.0 (compatible; bingbot/2.0; +http://www.bing.com/bingbot.htm)"
207.46.204.180 - - [15/Jan/2011:17:23:20 -0500] "GET /naples-calendarofevents.htm HTTP/1.1" 304 - "-" "Mozilla/5.0 (compatible; bingbot/2.0; +http://www.bing.com/bingbot.htm)"
71.255.34.24 - - [15/Jan/2011:17:36:12 -0500] "GET /lost-birds.htm HTTP/1.1" 200 39667 "http://www.google.com/url?sa=t&source=web&cd=4&ved=0CC0QFjAD&url=http%3A%2F%2Fwww.naples-usa.com%2Flost-birds.htm&rct=j&q=difference%20between%20congo%20and%20timmith%20african%20grey&ei=2B8yTcnwHoTAgQe3h5mFCw&usg=AFQjCNEuTt3kb2_66X_f8PYbiIhYjevTMw" "Mozilla/5.0 (Windows; U; Windows NT 5.1; en-US; rv:1.9.1.16) Gecko/20101130 Firefox/3.5.16"
71.255.34.24 - - [15/Jan/2011:17:36:13 -0500] "GET /favicon.ico HTTP/1.1" 404 292 "-" "Mozilla/5.0 (Windows; U; Windows NT 5.1; en-US; rv:1.9.1.16) Gecko/20101130 Firefox/3.5.16"
71.255.34.24 - - [15/Jan/2011:17:36:15 -0500] "GET /favicon.ico HTTP/1.1" 404 292 "-" "Mozilla/5.0 (Windows; U; Windows NT 5.1; en-US; rv:1.9.1.16) Gecko/20101130 Firefox/3.5.16"
95.108.158.234 - - [15/Jan/2011:17:56:34 -0500] "GET /images/1_naples%2520florida%2520real%2520estate_index.jpg HTTP/1.1" 404 332 "-" "Mozilla/5.0 (compatible; YandexImages/3.0; +http://yandex.com/bots)"
207.46.199.49 - - [15/Jan/2011:18:13:41 -0500] "GET /robots.txt HTTP/1.1" 404 291 "-" "Mozilla/5.0 (compatible; bingbot/2.0; +http://www.bing.com/bingbot.htm)"
67.195.111.190 - - [15/Jan/2011:18:14:21 -0500] "GET /frengel.htm HTTP/1.0" 404 280 "-" "Mozilla/5.0 (compatible; Yahoo! Slurp; http://help.yahoo.com/help/us/ysearch/slurp)"
207.46.199.49 - - [15/Jan/2011:18:32:20 -0500] "GET /wilson-cipolla/naples-real-estate1.htm HTTP/1.1" 404 319 "-" "Mozilla/5.0 (compatible; bingbot/2.0; +http://www.bing.com/bingbot.htm)"
137.186.150.136 - - [15/Jan/2011:18:41:37 -0500] "GET /images/1_naples%20florida%20real%20estate_index.jpg HTTP/1.1" 200 24287 "http://www.dolphinworld.net/wordpress/dolphin-trainer/dolphin-swim/page/4/" "Mozilla/4.0 (compatible; MSIE 8.0; Windows NT 5.1; Trident/4.0; .NET CLR 1.1.4322; .NET CLR 2.0.50727; OfficeLiveConnector.1.3; OfficeLivePatch.0.0; .NET CLR 3.0.4506.2152; .NET CLR 3.5.30729)"
66.249.72.203 - - [15/Jan/2011:18:52:26 -0500] "GET /frengel-walsh/naples-florida-real-estate1.htm HTTP/1.1" 404 326 "-" "Mozilla/5.0 (compatible; Googlebot/2.1; +http://www.google.com/bot.html)"
124.115.0.15 - - [15/Jan/2011:19:03:52 -0500] "GET / HTTP/1.1" 200 11305 "-" "Sosospider+(+http://help.soso.com/webspider.htm)"
70.249.45.72 - - [15/Jan/2011:19:07:06 -0500] "GET /images/1_naples%20florida%20real%20estate_index.jpg HTTP/1.1" 200 24287 "http://www.google.com/imgres?imgurl=http://www.naples-usa.com/images/1_naples%2520florida%2520real%2520estate_index.jpg&imgrefurl=http://www.dolphinworld.net/wordpress/2008/02/19/naples-florida-dolphin-swim-tour/&usg=__qADXQoSKXq32YdNCGsSumn4G-8c=&h=256&w=375&sz=24&hl=en&start=0&zoom=1&tbnid=xiSSaf0OQrPq8M:&tbnh=135&tbnw=189&ei=fzYyTfLHFsKclgfv3qjuCQ&prev=/images%3Fq%3Dnaples%2Bflorida%26um%3D1%26hl%3Den%26sa%3DX%26rlz%3D1T4TSND_enUS413US413%26biw%3D1345%26bih%3D455%26tbs%3Disch:1&um=1&itbs=1&iact=hc&vpx=125&vpy=198&dur=250&hovh=185&hovw=272&tx=156&ty=190&oei=fzYyTfLHFsKclgfv3qjuCQ&esq=1&page=1&ndsp=12&ved=1t:429,r:6,s:0" "Mozilla/4.0 (compatible; MSIE 8.0; Windows NT 6.1; WOW64; Trident/4.0; GTB6.6; SLCC2; .NET CLR 2.0.50727; .NET CLR 3.5.30729; .NET CLR 3.0.30729; Media Center PC 6.0; .NET4.0C)"
207.46.13.88 - - [15/Jan/2011:19:34:33 -0500] "GET /robots.txt HTTP/1.1" 404 291 "-" "Mozilla/5.0 (compatible; bingbot/2.0; +http://www.bing.com/bingbot.htm)"
207.46.13.88 - - [15/Jan/2011:19:43:20 -0500] "GET /naples-tour.htm HTTP/1.1" 304 - "-" "Mozilla/5.0 (compatible; bingbot/2.0; +http://www.bing.com/bingbot.htm)"
173.35.188.227 - - [15/Jan/2011:19:45:41 -0500] "GET /images/1_naples%20florida%20real%20estate_index.jpg HTTP/1.1" 200 24287 "http://www.google.ca/imgres?imgurl=http://www.naples-usa.com/images/1_naples%2520florida%2520real%2520estate_index.jpg&imgrefurl=http://www.dolphinworld.net/wordpress/2008/02/19/naples-florida-dolphin-swim-tour/&usg=__qADXQoSKXq32YdNCGsSumn4G-8c=&h=256&w=375&sz=24&hl=en&start=0&zoom=1&tbnid=xiSSaf0OQrPq8M:&tbnh=156&tbnw=193&ei=SD8yTdz8KMP_lgesy7mHCg&prev=/images%3Fq%3Dnaples%2Bflorida%26hl%3Den%26biw%3D1220%26bih%3D674%26gbv%3D2%26tbs%3Disch:1&itbs=1&iact=rc&dur=444&oei=SD8yTdz8KMP_lgesy7mHCg&esq=1&page=1&ndsp=15&ved=1t:429,r:6,s:0&tx=131&ty=116" "Mozilla/5.0 (Macintosh; U; Intel Mac OS X 10_5_8; en-us) AppleWebKit/531.21.8 (KHTML, like Gecko) Version/4.0.4 Safari/531.21.10"
193.47.80.45 - - [15/Jan/2011:19:50:06 -0500] "GET /barlow.htm HTTP/1.1" 404 291 "-" "Mozilla/5.0 (compatible; Exabot/3.0; +http://www.exabot.com/go/robot)"
24.0.162.237 - - [15/Jan/2011:20:13:20 -0500] "GET / HTTP/1.1" 200 11305 "http://search.comcast.net/?cat=web&con=betac&q=downing+frye+realty%2C+naples%2C+fla.&offset=10" "Mozilla/4.0 (compatible; MSIE 7.0; Windows NT 6.0; WOW64; GTB6.6; SLCC1; .NET CLR 2.0.50727; Media Center PC 5.0; .NET CLR 3.5.30729; .NET CLR 3.0.30618; .NET4.0C; XF_mmhpset)"
24.0.162.237 - - [15/Jan/2011:20:13:20 -0500] "GET /favicon.ico HTTP/1.1" 404 292 "-" "Mozilla/4.0 (compatible; MSIE 7.0; Windows NT 6.0; WOW64; GTB6.6; SLCC1; .NET CLR 2.0.50727; Media Center PC 5.0; .NET CLR 3.5.30729; .NET CLR 3.0.30618; .NET4.0C; XF_mmhpset)"
24.0.162.237 - - [15/Jan/2011:20:13:20 -0500] "GET /naples-usa.css HTTP/1.1" 200 714 "http://www.naples-usa.com/" "Mozilla/4.0 (compatible; MSIE 7.0; Windows NT 6.0; WOW64; GTB6.6; SLCC1; .NET CLR 2.0.50727; Media Center PC 5.0; .NET CLR 3.5.30729; .NET CLR 3.0.30618; .NET4.0C; XF_mmhpset)"
24.0.162.237 - - [15/Jan/2011:20:13:20 -0500] "GET /images/border%20naples.gif HTTP/1.1" 200 358 "http://www.naples-usa.com/" "Mozilla/4.0 (compatible; MSIE 7.0; Windows NT 6.0; WOW64; GTB6.6; SLCC1; .NET CLR 2.0.50727; Media Center PC 5.0; .NET CLR 3.5.30729; .NET CLR 3.0.30618; .NET4.0C; XF_mmhpset)"
24.0.162.237 - - [15/Jan/2011:20:13:20 -0500] "GET /images/welcome_usa.gif HTTP/1.1" 200 7890 "http://www.naples-usa.com/" "Mozilla/4.0 (compatible; MSIE 7.0; Windows NT 6.0; WOW64; GTB6.6; SLCC1; .NET CLR 2.0.50727; Media Center PC 5.0; .NET CLR 3.5.30729; .NET CLR 3.0.30618; .NET4.0C; XF_mmhpset)"
24.0.162.237 - - [15/Jan/2011:20:13:20 -0500] "GET /images/A-INDE~1.jpg HTTP/1.1" 200 23069 "http://www.naples-usa.com/" "Mozilla/4.0 (compatible; MSIE 7.0; Windows NT 6.0; WOW64; GTB6.6; SLCC1; .NET CLR 2.0.50727; Media Center PC 5.0; .NET CLR 3.5.30729; .NET CLR 3.0.30618; .NET4.0C; XF_mmhpset)"
220.181.19.81 - - [15/Jan/2011:20:13:45 -0500] "GET / HTTP/1.0" 200 11305 "-" "Mozilla/4.0 (compatible; MSIE 6.0; Windows NT 5.1; SV1; Avant Browser; InfoPath.1; .NET CLR 2.0.50727; .NET CLR1.1.4322)"
67.195.111.190 - - [15/Jan/2011:20:17:20 -0500] "GET /robots.txt HTTP/1.0" 404 279 "-" "Mozilla/5.0 (compatible; Yahoo! Slurp; http://help.yahoo.com/help/us/ysearch/slurp)"
67.195.111.190 - - [15/Jan/2011:20:17:20 -0500] "GET /decoursey/?S=D HTTP/1.0" 404 279 "-" "Mozilla/5.0 (compatible; Yahoo! Slurp; http://help.yahoo.com/help/us/ysearch/slurp)"
184.73.30.110 - - [15/Jan/2011:20:21:48 -0500] "GET /meek.htm/robots.txt HTTP/1.1" 404 300 "-" "Mozilla/5.0 (compatible; AboutUsBot Johnny5/2.0; +http://www.AboutUs.org/)"
184.73.30.110 - - [15/Jan/2011:20:28:21 -0500] "GET /meek.htm HTTP/1.1" 404 289 "-" "Mozilla/5.0 (compatible; AboutUsBot Johnny5/2.0; +http://www.AboutUs.org/)"
67.195.111.190 - - [15/Jan/2011:21:21:20 -0500] "GET /TheProcacciGroup/2166_arbour-209012557.jpg.LCK HTTP/1.0" 404 315 "-" "Mozilla/5.0 (compatible; Yahoo! Slurp; http://help.yahoo.com/help/us/ysearch/slurp)"
123.125.71.17 - - [15/Jan/2011:21:25:59 -0500] "GET / HTTP/1.1" 200 11305 "-" "Baiduspider+(+http://www.baidu.com/search/spider.htm)"
220.181.108.96 - - [15/Jan/2011:21:26:19 -0500] "GET / HTTP/1.1" 200 11305 "-" "Baiduspider+(+http://www.baidu.com/search/spider.htm)"
76.101.1.176 - - [15/Jan/2011:21:31:50 -0500] "GET /Logos/winner_250.jpg HTTP/1.1" 200 6408 "-" "Mozilla/5.0 (iPad; U; CPU OS 4_2_1 like Mac OS X; en-us) AppleWebKit/533.17.9 (KHTML, like Gecko)"
76.101.1.176 - - [15/Jan/2011:21:31:50 -0500] "GET /Logos/1_df-72dpi-476x57pix-banner.jpg HTTP/1.1" 200 9733 "-" "Mozilla/5.0 (iPad; U; CPU OS 4_2_1 like Mac OS X; en-us) AppleWebKit/533.17.9 (KHTML, like Gecko)"
66.249.72.203 - - [15/Jan/2011:21:45:25 -0500] "GET /robots.txt HTTP/1.1" 404 291 "-" "Googlebot-Image/1.0"
66.249.72.203 - - [15/Jan/2011:21:45:25 -0500] "GET /johnson-cox/3441_morning-kitch5.jpg HTTP/1.1" 404 316 "-" "Googlebot-Image/1.0"
