67.195.112.50 - - [08/Jan/2011:08:09:37 -0500] "GET /carrier/?S=D HTTP/1.0" 404 277 "-" "Mozilla/5.0 (compatible; Yahoo! Slurp; http://help.yahoo.com/help/us/ysearch/slurp)"
67.195.112.50 - - [08/Jan/2011:08:22:34 -0500] "GET /TheProcacciGroup/7815_regal-pool.jpg.LCK HTTP/1.0" 404 309 "-" "Mozilla/5.0 (compatible; Yahoo! Slurp; http://help.yahoo.com/help/us/ysearch/slurp)"
67.195.112.50 - - [08/Jan/2011:08:33:41 -0500] "GET /TheProcacciGroup/11041_corsica-living.jpg.LCK HTTP/1.0" 404 314 "-" "Mozilla/5.0 (compatible; Yahoo! Slurp; http://help.yahoo.com/help/us/ysearch/slurp)"
95.108.158.234 - - [08/Jan/2011:08:38:27 -0500] "GET /transparent.gif HTTP/1.1" 304 - "-" "Mozilla/5.0 (compatible; YandexImages/3.0; +http://yandex.com/bots)"
67.195.112.50 - - [08/Jan/2011:08:45:30 -0500] "GET /TheProcacciGroup/13921_lake-bar.jpg.LCK HTTP/1.0" 404 308 "-" "Mozilla/5.0 (compatible; Yahoo! Slurp; http://help.yahoo.com/help/us/ysearch/slurp)"
67.195.112.50 - - [08/Jan/2011:08:50:07 -0500] "GET /TheProcacciGroup/5708_hammock-pool.jpg.LCK HTTP/1.0" 404 311 "-" "Mozilla/5.0 (compatible; Yahoo! Slurp; http://help.yahoo.com/help/us/ysearch/slurp)"
207.46.199.48 - - [08/Jan/2011:08:57:18 -0500] "GET /robots.txt HTTP/1.1" 404 291 "-" "Mozilla/5.0 (compatible; bingbot/2.0; +http://www.bing.com/bingbot.htm)"
207.46.199.48 - - [08/Jan/2011:09:03:51 -0500] "GET /naples-arts.htm HTTP/1.1" 304 - "-" "Mozilla/5.0 (compatible; bingbot/2.0; +http://www.bing.com/bingbot.htm)"
206.123.88.26 - - [08/Jan/2011:09:18:07 -0500] "GET /robots.txt HTTP/1.1" 404 291 "-" "Mozilla/5.0 (compatible; Bender; http://sites.google.com/site/bendercrawler)"
206.123.88.26 - - [08/Jan/2011:09:18:07 -0500] "GET /holden/naplesrealestatelistings2.htm HTTP/1.1" 404 317 "-" "Mozilla/5.0 (compatible; Bender; http://sites.google.com/site/bendercrawler)"
119.63.198.24 - - [08/Jan/2011:09:18:33 -0500] "GET /robots.txt HTTP/1.1" 404 291 "-" "Baiduspider+(+http://www.baidu.com/search/spider.htm)"
67.195.112.50 - - [08/Jan/2011:09:33:40 -0500] "GET /TheProcacciGroup/14781_glen-bath.jpg.LCK HTTP/1.0" 404 309 "-" "Mozilla/5.0 (compatible; Yahoo! Slurp; http://help.yahoo.com/help/us/ysearch/slurp)"
67.195.112.50 - - [08/Jan/2011:09:42:25 -0500] "GET /TheProcacciGroup/5840_bromelia-kitch.jpg.LCK HTTP/1.0" 404 313 "-" "Mozilla/5.0 (compatible; Yahoo! Slurp; http://help.yahoo.com/help/us/ysearch/slurp)"
67.195.112.50 - - [08/Jan/2011:09:44:15 -0500] "GET /lost-birds.htm HTTP/1.0" 200 39667 "-" "Mozilla/5.0 (compatible; Yahoo! Slurp; http://help.yahoo.com/help/us/ysearch/slurp)"
66.46.245.115 - - [08/Jan/2011:09:48:28 -0500] "GET /naples-weather.htm HTTP/1.1" 200 16725 "http://www.google.ca/url?sa=t&source=web&cd=2&ved=0CCAQFjAB&url=http%3A%2F%2Fwww.naples-usa.com%2Fnaples-weather.htm&rct=j&q=naples%20fl%20winter%20weather&ei=E3koTaf8F8jJnAfL-cjSAQ&usg=AFQjCNFlok03h0MAowO-qA4JNhDVbk-NQw" "Mozilla/4.0 (compatible; MSIE 8.0; Windows NT 5.1; Trident/4.0; MDDC; InfoPath.1; NET_mmhpset)"
66.46.245.115 - - [08/Jan/2011:09:48:28 -0500] "GET /images/welcome_usa.gif HTTP/1.1" 200 7890 "http://www.naples-usa.com/naples-weather.htm" "Mozilla/4.0 (compatible; MSIE 8.0; Windows NT 5.1; Trident/4.0; MDDC; InfoPath.1; NET_mmhpset)"
66.46.245.115 - - [08/Jan/2011:09:48:28 -0500] "GET /images/florida_logo.gif HTTP/1.1" 200 1024 "http://www.naples-usa.com/naples-weather.htm" "Mozilla/4.0 (compatible; MSIE 8.0; Windows NT 5.1; Trident/4.0; MDDC; InfoPath.1; NET_mmhpset)"
66.46.245.115 - - [08/Jan/2011:09:48:28 -0500] "GET /transparent.gif HTTP/1.1" 200 43 "http://www.naples-usa.com/naples-weather.htm" "Mozilla/4.0 (compatible; MSIE 8.0; Windows NT 5.1; Trident/4.0; MDDC; InfoPath.1; NET_mmhpset)"
66.46.245.115 - - [08/Jan/2011:09:48:28 -0500] "GET /favicon.ico HTTP/1.1" 404 292 "-" "Mozilla/4.0 (compatible; MSIE 8.0; Windows NT 5.1; Trident/4.0; MDDC; InfoPath.1; NET_mmhpset)"
97.145.117.85 - - [08/Jan/2011:09:52:40 -0500] "GET /images/1_naples%20florida%20real%20estate_index.jpg HTTP/1.1" 200 24287 "http://www.google.com/m/imgres?q=naples+florida&start=6&site=images&imgid=xiSSaf0OQrPq8M:&imgsz=24287&imgurl=http://www.naples-usa.com/images/1_naples%2520florida%2520real%2520estate_index.jpg&imgrefurl=http://www.dolphinworld.net/wordpress/2008/02/19/naples-florida-dolphin-swim-tour/&ht=256&wd=375&tbnh=83&tbnw=122&ei=InooTdiON5KDlgeU67ysAg&ved=0CBYQ9QEwBg" "Mozilla/4.0 (compatible; MSIE 6.0; Windows CE; IEMobile 8.12; MSIEMobile 6.0) 480x800 SAMSUNG SCH-i920 PPC"
123.125.71.69 - - [08/Jan/2011:09:55:42 -0500] "GET / HTTP/1.1" 304 - "-" "Baiduspider+(+http://www.baidu.com/search/spider.htm)"
67.195.112.50 - - [08/Jan/2011:09:59:54 -0500] "GET /TheProcacciGroup/213_monterey-pool.jpg.LCK HTTP/1.0" 404 311 "-" "Mozilla/5.0 (compatible; Yahoo! Slurp; http://help.yahoo.com/help/us/ysearch/slurp)"
67.195.112.50 - - [08/Jan/2011:10:13:46 -0500] "GET /TheProcacciGroup/14515_grey-kitch.jpg.LCK HTTP/1.0" 404 310 "-" "Mozilla/5.0 (compatible; Yahoo! Slurp; http://help.yahoo.com/help/us/ysearch/slurp)"
67.195.112.50 - - [08/Jan/2011:10:34:29 -0500] "GET /naples-florida-fishing.htm HTTP/1.0" 200 15147 "-" "Mozilla/5.0 (compatible; Yahoo! Slurp; http://help.yahoo.com/help/us/ysearch/slurp)"
67.195.112.50 - - [08/Jan/2011:11:11:16 -0500] "GET /TheProcacciGroup/850_meadow-bed.jpg.LCK HTTP/1.0" 404 308 "-" "Mozilla/5.0 (compatible; Yahoo! Slurp; http://help.yahoo.com/help/us/ysearch/slurp)"
87.244.203.13 - - [08/Jan/2011:11:16:35 -0500] "GET /images/1_naples%20florida%20real%20estate_index.jpg HTTP/1.1" 200 24287 "http://www.google.sk/imgres?imgurl=http://www.naples-usa.com/images/1_naples%2520florida%2520real%2520estate_index.jpg&imgrefurl=http://www.dolphinworld.net/wordpress/2008/02/19/naples-florida-dolphin-swim-tour/&h=256&w=375&sz=24&tbnid=xiSSaf0OQrPq8M:&tbnh=83&tbnw=122&prev=/images%3Fq%3Dnaples%2Bflorida&zoom=1&q=naples+florida&hl=sk&usg=__z5K3g6pKXawWJhTUYN3_xB_y2QM=&sa=X&ei=6IgoTf-FIMO3hAfwleXpAQ&ved=0CG0Q9QEwCg" "Mozilla/5.0 (Windows; U; Windows NT 5.1; sk; rv:1.9.2.13) Gecko/20101203 Firefox/3.6.13"
206.123.88.26 - - [08/Jan/2011:11:24:03 -0500] "GET /robots.txt HTTP/1.1" 404 291 "-" "Mozilla/5.0 (compatible; Bender; http://sites.google.com/site/bendercrawler)"
206.123.88.26 - - [08/Jan/2011:11:24:04 -0500] "GET /Vendors/index.html HTTP/1.1" 200 456837 "-" "Mozilla/5.0 (compatible; Bender; http://sites.google.com/site/bendercrawler)"
213.93.147.235 - - [08/Jan/2011:11:49:03 -0500] "GET /robots.txt HTTP/1.0" 404 279 "-" "Mozilla/5.0 (compatible; MJ12bot/v1.3.3; http://www.majestic12.co.uk/bot.php?+)"
213.93.147.235 - - [08/Jan/2011:11:49:07 -0500] "GET /molhoek.htm HTTP/1.1" 200 8161 "-" "Mozilla/5.0 (compatible; MJ12bot/v1.3.3; http://www.majestic12.co.uk/bot.php?+)"
67.195.112.50 - - [08/Jan/2011:12:13:43 -0500] "GET /sloboda.htm HTTP/1.0" 404 280 "-" "Mozilla/5.0 (compatible; Yahoo! Slurp; http://help.yahoo.com/help/us/ysearch/slurp)"
67.233.7.49 - - [08/Jan/2011:12:15:57 -0500] "GET /Vendors/index.html HTTP/1.1" 200 456837 "http://www.bing.com/search?q=WHERE+TO+BUY+.250+ROUND+Spline+FOR+RESCREENING+WINDOWS+FT+MYERS+FL&go=&form=QBRE&qs=n&sk=" "Mozilla/4.0 (compatible; MSIE 8.0; Windows NT 5.1; Trident/4.0; .NET CLR 1.1.4322)"
67.233.7.49 - - [08/Jan/2011:12:15:58 -0500] "GET /favicon.ico HTTP/1.1" 404 292 "-" "Mozilla/4.0 (compatible; MSIE 8.0; Windows NT 5.1; Trident/4.0; .NET CLR 1.1.4322)"
124.115.4.190 - - [08/Jan/2011:12:26:27 -0500] "GET / HTTP/1.1" 200 11305 "-" "Sosospider+(+http://help.soso.com/webspider.htm)"
67.195.112.50 - - [08/Jan/2011:12:28:45 -0500] "GET /TheProcacciGroup/15444_cortona-living.jpg.LCK HTTP/1.0" 404 314 "-" "Mozilla/5.0 (compatible; Yahoo! Slurp; http://help.yahoo.com/help/us/ysearch/slurp)"
76.109.122.192 - - [08/Jan/2011:12:36:56 -0500] "GET /Logos/1_df-72dpi-476x57pix-banner.jpg HTTP/1.1" 200 9733 "http://email02.secureserver.net/search.php" "Mozilla/4.0 (compatible; MSIE 8.0; Windows NT 6.1; WOW64; Trident/4.0; GTB6.6; SLCC2; .NET CLR 2.0.50727; .NET CLR 3.5.30729; .NET CLR 3.0.30729; Media Center PC 6.0; MDDC; .NET4.0C; BRI/1)"
76.109.122.192 - - [08/Jan/2011:12:36:56 -0500] "GET /Logos/winner_250.jpg HTTP/1.1" 200 6408 "http://email02.secureserver.net/search.php" "Mozilla/4.0 (compatible; MSIE 8.0; Windows NT 6.1; WOW64; Trident/4.0; GTB6.6; SLCC2; .NET CLR 2.0.50727; .NET CLR 3.5.30729; .NET CLR 3.0.30729; Media Center PC 6.0; MDDC; .NET4.0C; BRI/1)"
174.129.117.237 - - [08/Jan/2011:12:53:30 -0500] "HEAD / HTTP/1.1" 200 0 "-" "Mozilla/5.0 (Windows; U; Windows NT 5.1; en-US) AppleWebKit/525.13 (KHTML, like Gecko) Chrome/0.A.B.C Safari/525.13"
66.249.71.46 - - [08/Jan/2011:13:03:55 -0500] "GET /robots.txt HTTP/1.1" 404 291 "-" "Mozilla/5.0 (compatible; Googlebot/2.1; +http://www.google.com/bot.html)"
66.249.71.46 - - [08/Jan/2011:13:03:55 -0500] "GET / HTTP/1.1" 304 - "-" "Mozilla/5.0 (compatible; Googlebot/2.1; +http://www.google.com/bot.html)"
206.123.88.26 - - [08/Jan/2011:13:04:41 -0500] "GET /robots.txt HTTP/1.1" 404 291 "-" "Mozilla/5.0 (compatible; Bender; http://sites.google.com/site/bendercrawler)"
206.123.88.26 - - [08/Jan/2011:13:04:42 -0500] "GET /Vendors/index.html HTTP/1.1" 200 456837 "-" "Mozilla/5.0 (compatible; Bender; http://sites.google.com/site/bendercrawler)"
67.195.112.50 - - [08/Jan/2011:13:06:42 -0500] "GET /TheProcacciGroup/12855_carrington-kitch.jpg.LCK HTTP/1.0" 404 316 "-" "Mozilla/5.0 (compatible; Yahoo! Slurp; http://help.yahoo.com/help/us/ysearch/slurp)"
67.195.112.50 - - [08/Jan/2011:13:06:52 -0500] "GET /TheProcacciGroup/9088_chula-living2.jpg.LCK HTTP/1.0" 404 312 "-" "Mozilla/5.0 (compatible; Yahoo! Slurp; http://help.yahoo.com/help/us/ysearch/slurp)"
166.137.9.250 - - [08/Jan/2011:13:15:57 -0500] "GET /Logos/1_df-72dpi-250x30pix-banner.jpg HTTP/1.1" 200 4514 "-" "Mozilla/5.0 (iPhone; U; CPU iPhone OS 4_1 like Mac OS X; en-us) AppleWebKit/532.9 (KHTML, like Gecko)"
67.195.112.50 - - [08/Jan/2011:13:20:23 -0500] "GET /TheProcacciGroup/4255_gulf-bed.jpg.LCK HTTP/1.0" 404 307 "-" "Mozilla/5.0 (compatible; Yahoo! Slurp; http://help.yahoo.com/help/us/ysearch/slurp)"
188.104.193.227 - - [08/Jan/2011:13:27:22 -0500] "GET /images/1_naples%20florida%20real%20estate_index.jpg HTTP/1.1" 200 24287 "http://www.dolphinworld.net/wordpress/2008/02/19/naples-florida-dolphin-swim-tour/" "Mozilla/5.0 (Windows; U; Windows NT 5.1; de; rv:1.9.2.13) Gecko/20101203 Firefox/3.6.13 GTB7.1 ( .NET CLR 3.5.30729)"
67.195.112.50 - - [08/Jan/2011:13:32:18 -0500] "GET /moffatt.htm HTTP/1.0" 404 280 "-" "Mozilla/5.0 (compatible; Yahoo! Slurp; http://help.yahoo.com/help/us/ysearch/slurp)"
207.46.204.238 - - [08/Jan/2011:13:36:37 -0500] "GET /robots.txt HTTP/1.1" 404 291 "-" "Mozilla/5.0 (compatible; bingbot/2.0; +http://www.bing.com/bingbot.htm)"
95.108.217.252 - - [08/Jan/2011:13:39:01 -0500] "GET /robots.txt HTTP/1.1" 404 291 "-" "Mozilla/5.0 (compatible; YandexBot/3.0; +http://yandex.com/bots)"
207.46.204.238 - - [08/Jan/2011:13:41:52 -0500] "GET /naples-calendarofevents.htm HTTP/1.1" 304 - "-" "Mozilla/5.0 (compatible; bingbot/2.0; +http://www.bing.com/bingbot.htm)"
67.195.112.50 - - [08/Jan/2011:13:43:00 -0500] "GET /TheProcacciGroup/?S=D HTTP/1.0" 404 286 "-" "Mozilla/5.0 (compatible; Yahoo! Slurp; http://help.yahoo.com/help/us/ysearch/slurp)"
98.238.68.107 - - [08/Jan/2011:13:52:13 -0500] "GET /Logos/winner_250.jpg HTTP/1.1" 200 6408 "-" "Mozilla/5.0 (Macintosh; U; Intel Mac OS X 10_5_8; en-us) AppleWebKit/533.19.4 (KHTML, like Gecko) Version/5.0.3 Safari/533.19.4"
98.238.68.107 - - [08/Jan/2011:13:52:13 -0500] "GET /Logos/1_df-72dpi-476x57pix-banner.jpg HTTP/1.1" 200 9733 "-" "Mozilla/5.0 (Macintosh; U; Intel Mac OS X 10_5_8; en-us) AppleWebKit/533.19.4 (KHTML, like Gecko) Version/5.0.3 Safari/533.19.4"
89.134.19.147 - - [08/Jan/2011:14:00:22 -0500] "GET /images/1_naples%20florida%20real%20estate_index.jpg HTTP/1.1" 200 24287 "http://www.google.com/imgres?imgurl=http://www.naples-usa.com/images/1_naples%2520florida%2520real%2520estate_index.jpg&imgrefurl=http://www.dolphinworld.net/wordpress/2008/02/19/naples-florida-dolphin-swim-tour/&h=256&w=375&sz=24&tbnid=xiSSaf0OQrPq8M:&tbnh=83&tbnw=122&prev=/images%3Fq%3Dnaples%2Bflorida&zoom=1&q=naples+florida&hl=hu&usg=__YVECBTGQynAjHPMM6k7LJQ1yUo8=&sa=X&ei=AbQoTbfzLoOAhAe838nlAQ&ved=0CHEQ9QEwCg" "Mozilla/5.0 (Windows; U; Windows NT 5.1; hu; rv:1.9.0.14) Gecko/2009082707 Firefox/3.0.14 (.NET CLR 3.5.30729) FBSMTWB"
98.238.68.107 - - [08/Jan/2011:14:01:14 -0500] "GET /Logos/winner_250.jpg HTTP/1.1" 200 6408 "-" "Mozilla/5.0 (iPhone; U; CPU iPhone OS 4_2_1 like Mac OS X; en-us) AppleWebKit/533.17.9 (KHTML, like Gecko)"
98.238.68.107 - - [08/Jan/2011:14:01:14 -0500] "GET /Logos/1_df-72dpi-476x57pix-banner.jpg HTTP/1.1" 200 9733 "-" "Mozilla/5.0 (iPhone; U; CPU iPhone OS 4_2_1 like Mac OS X; en-us) AppleWebKit/533.17.9 (KHTML, like Gecko)"
67.195.112.50 - - [08/Jan/2011:14:02:41 -0500] "GET /communities.htm HTTP/1.0" 404 284 "-" "Mozilla/5.0 (compatible; Yahoo! Slurp; http://help.yahoo.com/help/us/ysearch/slurp)"
66.249.71.46 - - [08/Jan/2011:14:12:25 -0500] "GET /vendors/index.html HTTP/1.1" 304 - "-" "Mozilla/5.0 (compatible; Googlebot/2.1; +http://www.google.com/bot.html)"
67.195.112.50 - - [08/Jan/2011:14:20:41 -0500] "GET /naples-boatdocks.htm HTTP/1.0" 200 14892 "-" "Mozilla/5.0 (compatible; Yahoo! Slurp; http://help.yahoo.com/help/us/ysearch/slurp)"
81.159.213.147 - - [08/Jan/2011:14:24:39 -0500] "GET /images/welcome_usa.gif HTTP/1.1" 200 7890 "http://www.naples-usa.com/naples-history.htm" "Mozilla/5.0 (Macintosh; U; Intel Mac OS X 10_5_8; en-us) AppleWebKit/533.19.4 (KHTML, like Gecko) Version/4.0.5 Safari/531.22.7"
81.159.213.147 - - [08/Jan/2011:14:24:39 -0500] "GET /images/florida_logo.gif HTTP/1.1" 200 1024 "http://www.naples-usa.com/naples-history.htm" "Mozilla/5.0 (Macintosh; U; Intel Mac OS X 10_5_8; en-us) AppleWebKit/533.19.4 (KHTML, like Gecko) Version/4.0.5 Safari/531.22.7"
81.159.213.147 - - [08/Jan/2011:14:24:39 -0500] "GET /naples-history.htm HTTP/1.1" 200 22034 "http://www.google.co.uk/search?client=safari&rls=en&q=www.Earle+Frye,+Naples,+Florida.com&ie=UTF-8&oe=UTF-8&redir_esc=&ei=xrkoTZeEOYSohAf45LX1AQ" "Mozilla/5.0 (Macintosh; U; Intel Mac OS X 10_5_8; en-us) AppleWebKit/533.19.4 (KHTML, like Gecko) Version/4.0.5 Safari/531.22.7"
81.159.213.147 - - [08/Jan/2011:14:24:39 -0500] "GET /images/history_collier.jpg HTTP/1.1" 200 7977 "http://www.naples-usa.com/naples-history.htm" "Mozilla/5.0 (Macintosh; U; Intel Mac OS X 10_5_8; en-us) AppleWebKit/533.19.4 (KHTML, like Gecko) Version/4.0.5 Safari/531.22.7"
81.159.213.147 - - [08/Jan/2011:14:24:39 -0500] "GET /images/history_indian.jpg HTTP/1.1" 200 10403 "http://www.naples-usa.com/naples-history.htm" "Mozilla/5.0 (Macintosh; U; Intel Mac OS X 10_5_8; en-us) AppleWebKit/533.19.4 (KHTML, like Gecko) Version/4.0.5 Safari/531.22.7"
81.159.213.147 - - [08/Jan/2011:14:24:39 -0500] "GET /images/history_hotel1.jpg HTTP/1.1" 200 9608 "http://www.naples-usa.com/naples-history.htm" "Mozilla/5.0 (Macintosh; U; Intel Mac OS X 10_5_8; en-us) AppleWebKit/533.19.4 (KHTML, like Gecko) Version/4.0.5 Safari/531.22.7"
81.159.213.147 - - [08/Jan/2011:14:24:39 -0500] "GET /images/history_army.jpg HTTP/1.1" 200 11146 "http://www.naples-usa.com/naples-history.htm" "Mozilla/5.0 (Macintosh; U; Intel Mac OS X 10_5_8; en-us) AppleWebKit/533.19.4 (KHTML, like Gecko) Version/4.0.5 Safari/531.22.7"
81.159.213.147 - - [08/Jan/2011:14:24:40 -0500] "GET /images/history_city.gif HTTP/1.1" 200 40057 "http://www.naples-usa.com/naples-history.htm" "Mozilla/5.0 (Macintosh; U; Intel Mac OS X 10_5_8; en-us) AppleWebKit/533.19.4 (KHTML, like Gecko) Version/4.0.5 Safari/531.22.7"
81.159.213.147 - - [08/Jan/2011:14:24:40 -0500] "GET /transparent.gif HTTP/1.1" 200 43 "http://www.naples-usa.com/naples-history.htm" "Mozilla/5.0 (Macintosh; U; Intel Mac OS X 10_5_8; en-us) AppleWebKit/533.19.4 (KHTML, like Gecko) Version/4.0.5 Safari/531.22.7"
81.159.213.147 - - [08/Jan/2011:14:24:40 -0500] "GET /favicon.ico HTTP/1.1" 404 292 "http://www.naples-usa.com/naples-history.htm" "Mozilla/5.0 (Macintosh; U; Intel Mac OS X 10_5_8; en-us) AppleWebKit/533.19.4 (KHTML, like Gecko) Version/4.0.5 Safari/531.22.7"
207.46.195.225 - - [08/Jan/2011:14:50:01 -0500] "GET /robots.txt HTTP/1.1" 404 291 "-" "Mozilla/5.0 (compatible; bingbot/2.0; +http://www.bing.com/bingbot.htm)"
207.46.199.177 - - [08/Jan/2011:14:51:14 -0500] "GET /robots.txt HTTP/1.1" 404 291 "-" "Mozilla/5.0 (compatible; bingbot/2.0; +http://www.bing.com/bingbot.htm)"
124.27.244.134 - - [08/Jan/2011:14:55:40 -0500] "GET /images/1_naples%20florida%20real%20estate_index.jpg HTTP/1.1" 200 24287 "http://www.google.com/imgres?imgurl=http://www.naples-usa.com/images/1_naples%2520florida%2520real%2520estate_index.jpg&imgrefurl=http://www.dolphinworld.net/wordpress/2008/02/19/naples-florida-dolphin-swim-tour/&usg=__qADXQoSKXq32YdNCGsSumn4G-8c=&h=256&w=375&sz=24&hl=en&start=0&zoom=1&tbnid=xiSSaf0OQrPq8M:&tbnh=153&tbnw=214&prev=/images%3Fq%3Dnaples%2Bflorida%26um%3D1%26hl%3Den%26sa%3DN%26biw%3D1280%26bih%3D664%26tbs%3Disch:1&um=1&itbs=1&iact=hc&vpx=354&vpy=301&dur=366&hovh=185&hovw=272&tx=177&ty=142&ei=C8EoTfXsHIHuvQOSj_jfBA&oei=C8EoTfXsHIHuvQOSj_jfBA&esq=1&page=1&ndsp=15&ved=1t:429,r:6,s:0" "Mozilla/5.0 (Macintosh; U; Intel Mac OS X 10_4_11; ja-jp) AppleWebKit/533.18.1 (KHTML, like Gecko) Version/4.1.2 Safari/533.18.5"
207.46.195.225 - - [08/Jan/2011:15:13:53 -0500] "GET /naples-tour.htm HTTP/1.1" 304 - "-" "Mozilla/5.0 (compatible; bingbot/2.0; +http://www.bing.com/bingbot.htm)"
174.133.202.178 - - [08/Jan/2011:15:13:56 -0500] "GET / HTTP/1.1" 200 11305 "http://describeweb.com/naples-usa.com" "Opera/9.80 (Windows Mobile; WCE; Opera Mobi/WMD-50286; U; en) Presto/2.4.13 Version/10.00)"
67.195.112.50 - - [08/Jan/2011:15:21:48 -0500] "GET /TheProcacciGroup/4296_long-dining2.jpg.LCK HTTP/1.0" 404 311 "-" "Mozilla/5.0 (compatible; Yahoo! Slurp; http://help.yahoo.com/help/us/ysearch/slurp)"
82.180.24.14 - - [08/Jan/2011:15:34:24 -0500] "GET /images/1_naples%20florida%20real%20estate_index.jpg HTTP/1.1" 200 24287 "http://www.google.dk/imgres?imgurl=http://www.naples-usa.com/images/1_naples%2520florida%2520real%2520estate_index.jpg&imgrefurl=http://www.dolphinworld.net/wordpress/2008/02/19/naples-florida-dolphin-swim-tour/&h=256&w=375&sz=24&tbnid=xiSSaf0OQrPq8M:&tbnh=83&tbnw=122&prev=/images%3Fq%3Dnaples%2Bflorida&zoom=1&q=naples+florida&hl=da&usg=__KyjxjI7c6L4hUz-i4rr5h3cLmu8=&sa=X&ei=NcooTbmzIZCLhQfcvIGDAg&ved=0CFkQ9QEwBw" "Mozilla/4.0 (compatible; MSIE 7.0; Windows NT 6.0; Trident/4.0; SLCC1; .NET CLR 2.0.50727; Media Center PC 5.0; InfoPath.1; .NET CLR 1.1.4322; .NET CLR 3.5.30729; .NET CLR 3.0.30729)"
67.195.112.50 - - [08/Jan/2011:15:40:25 -0500] "GET /TheProcacciGroup/7945_umberto-pool2.jpg.LCK HTTP/1.0" 404 312 "-" "Mozilla/5.0 (compatible; Yahoo! Slurp; http://help.yahoo.com/help/us/ysearch/slurp)"
76.101.133.216 - - [08/Jan/2011:15:41:13 -0500] "GET /naples-weather.htm HTTP/1.1" 200 16725 "http://www.google.com/" "Mozilla/5.0 (iPhone; U; CPU iPhone OS 4_0_2 like Mac OS X; en-us) AppleWebKit/532.9 (KHTML, like Gecko) Version/4.0.5 Mobile/8A400 Safari/6531.22.7"
76.101.133.216 - - [08/Jan/2011:15:41:13 -0500] "GET /images/welcome_usa.gif HTTP/1.1" 200 7890 "http://www.naples-usa.com/naples-weather.htm" "Mozilla/5.0 (iPhone; U; CPU iPhone OS 4_0_2 like Mac OS X; en-us) AppleWebKit/532.9 (KHTML, like Gecko) Version/4.0.5 Mobile/8A400 Safari/6531.22.7"
76.101.133.216 - - [08/Jan/2011:15:41:13 -0500] "GET /images/florida_logo.gif HTTP/1.1" 200 1024 "http://www.naples-usa.com/naples-weather.htm" "Mozilla/5.0 (iPhone; U; CPU iPhone OS 4_0_2 like Mac OS X; en-us) AppleWebKit/532.9 (KHTML, like Gecko) Version/4.0.5 Mobile/8A400 Safari/6531.22.7"
76.101.133.216 - - [08/Jan/2011:15:41:13 -0500] "GET /transparent.gif HTTP/1.1" 200 43 "http://www.naples-usa.com/naples-weather.htm" "Mozilla/5.0 (iPhone; U; CPU iPhone OS 4_0_2 like Mac OS X; en-us) AppleWebKit/532.9 (KHTML, like Gecko) Version/4.0.5 Mobile/8A400 Safari/6531.22.7"
206.123.88.26 - - [08/Jan/2011:15:47:23 -0500] "GET /robots.txt HTTP/1.1" 404 291 "-" "Mozilla/5.0 (compatible; Bender; http://sites.google.com/site/bendercrawler)"
206.123.88.26 - - [08/Jan/2011:15:47:24 -0500] "GET /Vendors/index.html HTTP/1.1" 200 456837 "-" "Mozilla/5.0 (compatible; Bender; http://sites.google.com/site/bendercrawler)"
123.125.71.84 - - [08/Jan/2011:15:54:34 -0500] "GET / HTTP/1.1" 304 - "-" "Baiduspider+(+http://www.baidu.com/search/spider.htm)"
205.188.116.68 - - [08/Jan/2011:15:55:29 -0500] "HEAD /recycling-info-naples-florida.htm HTTP/1.1" 200 0 "-" "-"
98.238.77.6 - - [08/Jan/2011:16:05:51 -0500] "GET /naples-weather.htm HTTP/1.1" 200 16725 "http://www.bing.com/search?q=naples+florida+winter+temps&form=DLSDF8&pc=MDDS&src=IE-SearchBox" "Mozilla/4.0 (compatible; MSIE 8.0; Windows NT 6.1; WOW64; Trident/4.0; SLCC2; .NET CLR 2.0.50727; .NET CLR 3.5.30729; .NET CLR 3.0.30729; Media Center PC 6.0; MDDS; InfoPath.3; .NET4.0C; AskTbWCL2V5/5.9.1.14019)"
98.238.77.6 - - [08/Jan/2011:16:05:51 -0500] "GET /images/welcome_usa.gif HTTP/1.1" 200 7890 "http://naples-usa.com/naples-weather.htm" "Mozilla/4.0 (compatible; MSIE 8.0; Windows NT 6.1; WOW64; Trident/4.0; SLCC2; .NET CLR 2.0.50727; .NET CLR 3.5.30729; .NET CLR 3.0.30729; Media Center PC 6.0; MDDS; InfoPath.3; .NET4.0C; AskTbWCL2V5/5.9.1.14019)"
98.238.77.6 - - [08/Jan/2011:16:05:51 -0500] "GET /images/florida_logo.gif HTTP/1.1" 200 1024 "http://naples-usa.com/naples-weather.htm" "Mozilla/4.0 (compatible; MSIE 8.0; Windows NT 6.1; WOW64; Trident/4.0; SLCC2; .NET CLR 2.0.50727; .NET CLR 3.5.30729; .NET CLR 3.0.30729; Media Center PC 6.0; MDDS; InfoPath.3; .NET4.0C; AskTbWCL2V5/5.9.1.14019)"
98.238.77.6 - - [08/Jan/2011:16:05:51 -0500] "GET /transparent.gif HTTP/1.1" 200 43 "http://naples-usa.com/naples-weather.htm" "Mozilla/4.0 (compatible; MSIE 8.0; Windows NT 6.1; WOW64; Trident/4.0; SLCC2; .NET CLR 2.0.50727; .NET CLR 3.5.30729; .NET CLR 3.0.30729; Media Center PC 6.0; MDDS; InfoPath.3; .NET4.0C; AskTbWCL2V5/5.9.1.14019)"
98.238.77.6 - - [08/Jan/2011:16:05:51 -0500] "GET /favicon.ico HTTP/1.1" 404 292 "-" "Mozilla/4.0 (compatible; MSIE 8.0; Windows NT 6.1; WOW64; Trident/4.0; SLCC2; .NET CLR 2.0.50727; .NET CLR 3.5.30729; .NET CLR 3.0.30729; Media Center PC 6.0; MDDS; InfoPath.3; .NET4.0C; AskTbWCL2V5/5.9.1.14019)"
95.108.217.252 - - [08/Jan/2011:16:08:17 -0500] "GET /lostpets.html HTTP/1.1" 304 - "-" "Mozilla/5.0 (compatible; YandexBot/3.0; +http://yandex.com/bots)"
95.108.217.252 - - [08/Jan/2011:16:08:26 -0500] "GET /naples-florida-beachesandparks.htm HTTP/1.1" 200 10582 "-" "Mozilla/5.0 (compatible; YandexBot/3.0; +http://yandex.com/bots)"
95.108.217.252 - - [08/Jan/2011:16:08:28 -0500] "GET /boat_docks.htm HTTP/1.1" 404 295 "-" "Mozilla/5.0 (compatible; YandexBot/3.0; +http://yandex.com/bots)"
68.223.206.104 - - [08/Jan/2011:16:12:14 -0500] "GET /naples-weather.htm HTTP/1.1" 200 16725 "http://search.yahoo.com/search?webSrchInput=average+temps+in+Naples+fl+2010+winter&searchbutton=Web+Search&ei=UTF-8&fr=ush-mailc&p=average+temps+in+Naples+fl+2010+winter" "Mozilla/4.0 (compatible; MSIE 7.0; Windows NT 6.0; WOW64; Trident/4.0; SLCC1; .NET CLR 2.0.50727; Media Center PC 5.0; .NET CLR 3.5.30729; .NET CLR 3.0.30618; .NET4.0C)"
68.223.206.104 - - [08/Jan/2011:16:12:14 -0500] "GET /images/florida_logo.gif HTTP/1.1" 200 1024 "http://naples-usa.com/naples-weather.htm" "Mozilla/4.0 (compatible; MSIE 8.0; Windows NT 6.0; WOW64; Trident/4.0; SLCC1; .NET CLR 2.0.50727; Media Center PC 5.0; .NET CLR 3.5.30729; .NET CLR 3.0.30618; .NET4.0C)"
68.223.206.104 - - [08/Jan/2011:16:12:14 -0500] "GET /images/welcome_usa.gif HTTP/1.1" 200 7890 "http://naples-usa.com/naples-weather.htm" "Mozilla/4.0 (compatible; MSIE 8.0; Windows NT 6.0; WOW64; Trident/4.0; SLCC1; .NET CLR 2.0.50727; Media Center PC 5.0; .NET CLR 3.5.30729; .NET CLR 3.0.30618; .NET4.0C)"
68.223.206.104 - - [08/Jan/2011:16:12:15 -0500] "GET /transparent.gif HTTP/1.1" 200 43 "http://naples-usa.com/naples-weather.htm" "Mozilla/4.0 (compatible; MSIE 8.0; Windows NT 6.0; WOW64; Trident/4.0; SLCC1; .NET CLR 2.0.50727; Media Center PC 5.0; .NET CLR 3.5.30729; .NET CLR 3.0.30618; .NET4.0C)"
68.223.206.104 - - [08/Jan/2011:16:12:15 -0500] "GET /favicon.ico HTTP/1.1" 404 292 "-" "Mozilla/4.0 (compatible; MSIE 8.0; Windows NT 6.0; WOW64; Trident/4.0; SLCC1; .NET CLR 2.0.50727; Media Center PC 5.0; .NET CLR 3.5.30729; .NET CLR 3.0.30618; .NET4.0C)"
68.223.206.104 - - [08/Jan/2011:16:12:33 -0500] "GET /naples-weather.htm HTTP/1.1" 304 - "http://search.yahoo.com/search?webSrchInput=average+temps+in+Naples+fl+2010+winter&searchbutton=Web+Search&ei=UTF-8&fr=ush-mailc&p=average+temps+in+Naples+fl+2010+winter" "Mozilla/4.0 (compatible; MSIE 7.0; Windows NT 6.0; WOW64; Trident/4.0; SLCC1; .NET CLR 2.0.50727; Media Center PC 5.0; .NET CLR 3.5.30729; .NET CLR 3.0.30618; .NET4.0C)"
68.223.206.104 - - [08/Jan/2011:16:12:33 -0500] "GET /images/welcome_usa.gif HTTP/1.1" 304 - "http://naples-usa.com/naples-weather.htm" "Mozilla/4.0 (compatible; MSIE 8.0; Windows NT 6.0; WOW64; Trident/4.0; SLCC1; .NET CLR 2.0.50727; Media Center PC 5.0; .NET CLR 3.5.30729; .NET CLR 3.0.30618; .NET4.0C)"
68.223.206.104 - - [08/Jan/2011:16:12:34 -0500] "GET /images/florida_logo.gif HTTP/1.1" 304 - "http://naples-usa.com/naples-weather.htm" "Mozilla/4.0 (compatible; MSIE 8.0; Windows NT 6.0; WOW64; Trident/4.0; SLCC1; .NET CLR 2.0.50727; Media Center PC 5.0; .NET CLR 3.5.30729; .NET CLR 3.0.30618; .NET4.0C)"
68.223.206.104 - - [08/Jan/2011:16:12:34 -0500] "GET /transparent.gif HTTP/1.1" 304 - "http://naples-usa.com/naples-weather.htm" "Mozilla/4.0 (compatible; MSIE 8.0; Windows NT 6.0; WOW64; Trident/4.0; SLCC1; .NET CLR 2.0.50727; Media Center PC 5.0; .NET CLR 3.5.30729; .NET CLR 3.0.30618; .NET4.0C)"
68.223.206.104 - - [08/Jan/2011:16:12:34 -0500] "GET /favicon.ico HTTP/1.1" 404 292 "-" "Mozilla/4.0 (compatible; MSIE 8.0; Windows NT 6.0; WOW64; Trident/4.0; SLCC1; .NET CLR 2.0.50727; Media Center PC 5.0; .NET CLR 3.5.30729; .NET CLR 3.0.30618; .NET4.0C)"
67.195.112.50 - - [08/Jan/2011:16:19:28 -0500] "GET /images_map/bn07.htm HTTP/1.0" 404 288 "-" "Mozilla/5.0 (compatible; Yahoo! Slurp; http://help.yahoo.com/help/us/ysearch/slurp)"
67.195.112.50 - - [08/Jan/2011:16:57:33 -0500] "GET /Vendors/index.html HTTP/1.0" 200 456837 "-" "Mozilla/5.0 (compatible; Yahoo! Slurp; http://help.yahoo.com/help/us/ysearch/slurp)"
207.46.13.134 - - [08/Jan/2011:16:58:23 -0500] "GET /robots.txt HTTP/1.1" 404 291 "-" "Mozilla/5.0 (compatible; bingbot/2.0; +http://www.bing.com/bingbot.htm)"
65.101.106.164 - - [08/Jan/2011:17:03:26 -0500] "GET /images/1_naples%20florida%20real%20estate_index.jpg HTTP/1.1" 200 24287 "http://www.google.com/imgres?imgurl=http://www.naples-usa.com/images/1_naples%2520florida%2520real%2520estate_index.jpg&imgrefurl=http://www.dolphinworld.net/wordpress/2008/02/19/naples-florida-dolphin-swim-tour/&h=256&w=375&sz=24&tbnid=xiSSaf0OQrPq8M:&tbnh=83&tbnw=122&prev=/images%3Fq%3Dnaples%2Bflorida&zoom=1&q=naples+florida&hl=en&usg=__rODsQXoe9ei9bUA66E5RrrkWgp0=&sa=X&ei=Dd8oTbypBImqsAOfxNmwCA&ved=0CGIQ9QEwCA" "Mozilla/4.0 (compatible; MSIE 8.0; Windows NT 6.1; WOW64; Trident/4.0; SLCC2; .NET CLR 2.0.50727; .NET CLR 3.5.30729; .NET CLR 3.0.30729; Media Center PC 6.0; InfoPath.2; .NET4.0C; AskTbGOM2/5.8.0.12304)"
67.195.112.50 - - [08/Jan/2011:17:14:57 -0500] "GET /walsh.htm HTTP/1.0" 404 278 "-" "Mozilla/5.0 (compatible; Yahoo! Slurp; http://help.yahoo.com/help/us/ysearch/slurp)"
207.46.13.134 - - [08/Jan/2011:17:20:53 -0500] "GET /lost-pets.htm HTTP/1.1" 404 294 "-" "Mozilla/5.0 (compatible; bingbot/2.0; +http://www.bing.com/bingbot.htm)"
98.238.66.62 - - [08/Jan/2011:17:21:01 -0500] "GET /Logos/1_df-72dpi-476x57pix-banner.jpg HTTP/1.1" 200 9733 "-" "Mozilla/4.0 (compatible; MSIE 7.0; Windows NT 5.1; Trident/4.0; GTB6.6; .NET CLR 1.1.4322)"
98.238.66.62 - - [08/Jan/2011:17:21:01 -0500] "GET /Logos/winner_250.jpg HTTP/1.1" 200 6408 "-" "Mozilla/4.0 (compatible; MSIE 7.0; Windows NT 5.1; Trident/4.0; GTB6.6; .NET CLR 1.1.4322)"
65.91.117.74 - - [08/Jan/2011:17:26:24 -0500] "GET /images/1_naples%20florida%20real%20estate_index.jpg HTTP/1.1" 200 24287 "http://www.dolphinworld.net/wordpress/2008/02/19/naples-florida-dolphin-swim-tour/" "Mozilla/5.0 (Linux; U; Android 2.2; en-us; LG-MS690 Build/FRF91) AppleWebKit/533.1 (KHTML, like Gecko) Version/4.0 Mobile Safari/533.1"
62.231.141.193 - - [08/Jan/2011:17:55:10 -0500] "GET /robots.txt HTTP/1.0" 404 279 "-" "Mozilla/5.0 (compatible; MJ12bot/v1.3.3; http://www.majestic12.co.uk/bot.php?+)"
62.231.141.193 - - [08/Jan/2011:17:55:10 -0500] "GET /carrier.htm HTTP/1.0" 404 280 "-" "Mozilla/5.0 (compatible; MJ12bot/v1.3.3; http://www.majestic12.co.uk/bot.php?+)"
62.231.141.193 - - [08/Jan/2011:17:55:15 -0500] "GET /hofstetter.htm HTTP/1.0" 404 283 "-" "Mozilla/5.0 (compatible; MJ12bot/v1.3.3; http://www.majestic12.co.uk/bot.php?+)"
62.231.141.193 - - [08/Jan/2011:17:55:18 -0500] "GET /kepp.htm HTTP/1.0" 404 277 "-" "Mozilla/5.0 (compatible; MJ12bot/v1.3.3; http://www.majestic12.co.uk/bot.php?+)"
62.231.141.193 - - [08/Jan/2011:17:55:19 -0500] "GET /kukeas.htm HTTP/1.0" 404 279 "-" "Mozilla/5.0 (compatible; MJ12bot/v1.3.3; http://www.majestic12.co.uk/bot.php?+)"
62.231.141.193 - - [08/Jan/2011:17:55:21 -0500] "GET /lee.htm HTTP/1.0" 404 276 "-" "Mozilla/5.0 (compatible; MJ12bot/v1.3.3; http://www.majestic12.co.uk/bot.php?+)"
62.231.141.193 - - [08/Jan/2011:17:55:33 -0500] "GET /stevens.htm HTTP/1.0" 404 280 "-" "Mozilla/5.0 (compatible; MJ12bot/v1.3.3; http://www.majestic12.co.uk/bot.php?+)"
62.231.141.193 - - [08/Jan/2011:17:55:38 -0500] "GET /volmer.htm HTTP/1.0" 404 279 "-" "Mozilla/5.0 (compatible; MJ12bot/v1.3.3; http://www.majestic12.co.uk/bot.php?+)"
65.52.108.12 - - [08/Jan/2011:18:10:54 -0500] "GET /robots.txt HTTP/1.1" 404 291 "-" "Mozilla/5.0 (compatible; bingbot/2.0; +http://www.bing.com/bingbot.htm)"
69.247.44.116 - - [08/Jan/2011:18:14:35 -0500] "GET /Logos/winner_250.jpg HTTP/1.1" 200 6408 "http://by128w.bay128.mail.live.com/mail/InboxLight.aspx?n=1304801844" "Mozilla/4.0 (compatible; MSIE 7.0; Windows NT 5.1; Trident/4.0; FunWebProducts; GTB6.6; .NET CLR 1.0.3705; .NET CLR 1.1.4322; Media Center PC 4.0; HbTools 4.8.4; .NET CLR 2.0.50727; .NET CLR 3.0.4506.2152; .NET CLR 3.5.30729; eMusic DLM/4)"
69.247.44.116 - - [08/Jan/2011:18:14:35 -0500] "GET /Logos/1_df-72dpi-476x57pix-banner.jpg HTTP/1.1" 200 9733 "http://by128w.bay128.mail.live.com/mail/InboxLight.aspx?n=1304801844" "Mozilla/4.0 (compatible; MSIE 7.0; Windows NT 5.1; Trident/4.0; FunWebProducts; GTB6.6; .NET CLR 1.0.3705; .NET CLR 1.1.4322; Media Center PC 4.0; HbTools 4.8.4; .NET CLR 2.0.50727; .NET CLR 3.0.4506.2152; .NET CLR 3.5.30729; eMusic DLM/4)"
65.52.108.12 - - [08/Jan/2011:18:23:52 -0500] "GET /geddis.htm HTTP/1.1" 404 291 "-" "Mozilla/5.0 (compatible; bingbot/2.0; +http://www.bing.com/bingbot.htm)"
206.123.88.26 - - [08/Jan/2011:18:24:54 -0500] "GET /robots.txt HTTP/1.1" 404 291 "-" "Mozilla/5.0 (compatible; Bender; http://sites.google.com/site/bendercrawler)"
206.123.88.26 - - [08/Jan/2011:18:24:55 -0500] "GET /Vendors/index.html HTTP/1.1" 200 456837 "-" "Mozilla/5.0 (compatible; Bender; http://sites.google.com/site/bendercrawler)"
66.249.71.46 - - [08/Jan/2011:18:37:45 -0500] "GET /naples-florida-fishing.htm HTTP/1.1" 200 15147 "-" "Mozilla/5.0 (compatible; Googlebot/2.1; +http://www.google.com/bot.html)"
67.195.112.50 - - [08/Jan/2011:18:45:28 -0500] "GET /TheProcacciGroup/6136_thresher-207015036.jpg.LCK HTTP/1.0" 404 317 "-" "Mozilla/5.0 (compatible; Yahoo! Slurp; http://help.yahoo.com/help/us/ysearch/slurp)"
67.195.112.50 - - [08/Jan/2011:19:15:15 -0500] "GET /TheProcacciGroup/11041_corsica-living2.jpg.LCK HTTP/1.0" 404 315 "-" "Mozilla/5.0 (compatible; Yahoo! Slurp; http://help.yahoo.com/help/us/ysearch/slurp)"
67.195.112.50 - - [08/Jan/2011:19:15:37 -0500] "GET /TheProcacciGroup/special-pages/TheProcacciGroup/naples-florida-realestate2.htm HTTP/1.0" 404 347 "-" "Mozilla/5.0 (compatible; Yahoo! Slurp; http://help.yahoo.com/help/us/ysearch/slurp)"
98.238.105.210 - - [08/Jan/2011:19:31:57 -0500] "GET /fishing.htm HTTP/1.1" 404 292 "http://www.ask.com/web?q=artificial+reefs+and+wrecks+naples+florida&qsrc=2417&o=15141&l=sem&qid=394B9774A8979BE8EB067B241D3003AE&frstpgo=0&page=2&jss=1" "Mozilla/4.0 (compatible; MSIE 7.0; Windows NT 5.1; FunWebProducts; .NET CLR 1.1.4322; .NET CLR 2.0.50727; .NET CLR 3.0.4506.2152; .NET CLR 3.5.30729)"
98.238.105.210 - - [08/Jan/2011:19:32:06 -0500] "GET /fishing.htm HTTP/1.1" 404 292 "http://www.ask.com/web?q=artificial+reefs+and+wrecks+naples+florida&qsrc=2417&o=15141&l=sem&qid=394B9774A8979BE8EB067B241D3003AE&frstpgo=0&page=2&jss=1" "Mozilla/4.0 (compatible; MSIE 7.0; Windows NT 5.1; FunWebProducts; .NET CLR 1.1.4322; .NET CLR 2.0.50727; .NET CLR 3.0.4506.2152; .NET CLR 3.5.30729)"
67.195.112.50 - - [08/Jan/2011:19:33:59 -0500] "GET /robots.txt HTTP/1.0" 404 279 "-" "Mozilla/5.0 (compatible; Yahoo! Slurp; http://help.yahoo.com/help/us/ysearch/slurp)"
67.195.112.50 - - [08/Jan/2011:19:33:59 -0500] "GET /TheProcacciGroup/7815_regal-bath.jpg.LCK HTTP/1.0" 404 309 "-" "Mozilla/5.0 (compatible; Yahoo! Slurp; http://help.yahoo.com/help/us/ysearch/slurp)"
67.195.112.50 - - [08/Jan/2011:20:18:43 -0500] "GET /TheProcacciGroup/11793_pin-207045397.jpg.LCK HTTP/1.0" 404 313 "-" "Mozilla/5.0 (compatible; Yahoo! Slurp; http://help.yahoo.com/help/us/ysearch/slurp)"
95.108.217.252 - - [08/Jan/2011:20:19:59 -0500] "GET /blaine/properties-naples-real-estate-3.htm HTTP/1.1" 404 323 "-" "Mozilla/5.0 (compatible; YandexBot/3.0; +http://yandex.com/bots)"
72.73.115.85 - - [08/Jan/2011:20:34:09 -0500] "GET /Logos/1_df-72dpi-250x30pix-banner.jpg HTTP/1.1" 304 - "-" "Mozilla/4.0 (compatible; MSIE 7.0; Windows NT 6.0; Trident/4.0; SLCC1; .NET CLR 2.0.50727; Media Center PC 5.0; .NET CLR 3.5.30729; .NET CLR 3.0.30618; .NET4.0C; MSOffice 12)"
207.46.195.232 - - [08/Jan/2011:20:40:05 -0500] "GET /robots.txt HTTP/1.1" 404 291 "-" "Mozilla/5.0 (compatible; bingbot/2.0; +http://www.bing.com/bingbot.htm)"
207.46.195.232 - - [08/Jan/2011:20:43:46 -0500] "GET /naples-boating.htm HTTP/1.1" 304 - "-" "Mozilla/5.0 (compatible; bingbot/2.0; +http://www.bing.com/bingbot.htm)"
72.73.115.85 - - [08/Jan/2011:20:47:12 -0500] "GET /Logos/1_df-72dpi-250x30pix-banner.jpg HTTP/1.1" 304 - "-" "Mozilla/4.0 (compatible; MSIE 7.0; Windows NT 6.0; Trident/4.0; SLCC1; .NET CLR 2.0.50727; Media Center PC 5.0; .NET CLR 3.5.30729; .NET CLR 3.0.30618; .NET4.0C; MSOffice 12)"
206.123.88.26 - - [08/Jan/2011:21:01:29 -0500] "GET /robots.txt HTTP/1.1" 404 291 "-" "Mozilla/5.0 (compatible; Bender; http://sites.google.com/site/bendercrawler)"
206.123.88.26 - - [08/Jan/2011:21:01:31 -0500] "GET /Vendors/index.html HTTP/1.1" 200 456837 "-" "Mozilla/5.0 (compatible; Bender; http://sites.google.com/site/bendercrawler)"
67.195.112.50 - - [08/Jan/2011:21:04:59 -0500] "GET /TheProcacciGroup/naplesfloridarentals3-old.htm HTTP/1.0" 404 315 "-" "Mozilla/5.0 (compatible; Yahoo! Slurp; http://help.yahoo.com/help/us/ysearch/slurp)"
95.108.150.235 - - [08/Jan/2011:21:10:24 -0500] "GET /robots.txt HTTP/1.1" 404 291 "-" "Mozilla/5.0 (compatible; YandexBot/3.0; MirrorDetector; +http://yandex.com/bots)"
95.108.150.235 - - [08/Jan/2011:21:10:24 -0500] "GET /robots.txt HTTP/1.1" 404 291 "-" "Mozilla/5.0 (compatible; YandexBot/3.0; MirrorDetector; +http://yandex.com/bots)"
95.108.150.235 - - [08/Jan/2011:21:10:25 -0500] "GET / HTTP/1.1" 200 11305 "-" "Mozilla/5.0 (compatible; YandexBot/3.0; MirrorDetector; +http://yandex.com/bots)"
95.108.150.235 - - [08/Jan/2011:21:10:25 -0500] "GET / HTTP/1.1" 200 11305 "-" "Mozilla/5.0 (compatible; YandexBot/3.0; MirrorDetector; +http://yandex.com/bots)"
95.108.150.235 - - [08/Jan/2011:21:10:26 -0500] "GET / HTTP/1.1" 200 11305 "-" "Mozilla/5.0 (compatible; YandexBot/3.0; MirrorDetector; +http://yandex.com/bots)"
95.108.150.235 - - [08/Jan/2011:21:10:26 -0500] "GET / HTTP/1.1" 200 11305 "-" "Mozilla/5.0 (compatible; YandexBot/3.0; MirrorDetector; +http://yandex.com/bots)"
186.176.31.126 - - [08/Jan/2011:21:23:00 -0500] "GET /images/1_naples%20florida%20real%20estate_index.jpg HTTP/1.1" 200 24287 "http://www.dolphinworld.net/wordpress/2008/02/19/naples-florida-dolphin-swim-tour/" "Mozilla/4.0 (compatible; MSIE 7.0; Windows NT 5.1; .NET CLR 2.0.50727; .NET CLR 3.0.4506.2152; .NET CLR 3.5.30729; .NET CLR 1.1.4322; .NET4.0C; .NET4.0E)"
208.80.194.34 - - [08/Jan/2011:21:24:21 -0500] "GET / HTTP/1.0" 200 11305 "-" "Mozilla/4.0 (compatible; MSIE 7.0; Windows NT 5.1; FunWebProducts; .NET CLR 1.0.3705; .NET CLR 1.1.4322; Media Center PC 4.0; .NET CLR 2.0.50727; .NET CLR 3.0.04506.30; Zango 10.0.341.0)"
208.80.194.34 - - [08/Jan/2011:21:24:22 -0500] "GET / HTTP/1.0" 200 11305 "-" "Mozilla/4.0 (compatible; MSIE 7.0; Windows NT 5.1; Comcast Install 1.0; .NET CLR 1.0.3705; .NET CLR 1.1.4322; Media Center PC 4.0; .NET CLR 2.0.50727; Comcast; Comcast)"
67.195.112.50 - - [08/Jan/2011:21:29:06 -0500] "GET /hofstetter.htm HTTP/1.0" 404 283 "-" "Mozilla/5.0 (compatible; Yahoo! Slurp; http://help.yahoo.com/help/us/ysearch/slurp)"
95.108.158.234 - - [08/Jan/2011:21:36:31 -0500] "GET /robots.txt HTTP/1.1" 404 291 "-" "Mozilla/5.0 (compatible; YandexImages/3.0; +http://yandex.com/bots)"
65.52.110.65 - - [08/Jan/2011:21:39:13 -0500] "GET /robots.txt HTTP/1.1" 404 291 "-" "Mozilla/5.0 (compatible; bingbot/2.0; +http://www.bing.com/bingbot.htm)"
67.195.112.50 - - [08/Jan/2011:21:43:55 -0500] "GET /parish.htm HTTP/1.0" 404 279 "-" "Mozilla/5.0 (compatible; Yahoo! Slurp; http://help.yahoo.com/help/us/ysearch/slurp)"
65.52.110.65 - - [08/Jan/2011:21:49:17 -0500] "GET /Vendors/Logos.htm HTTP/1.1" 304 - "-" "Mozilla/5.0 (compatible; bingbot/2.0; +http://www.bing.com/bingbot.htm)"
67.195.112.50 - - [08/Jan/2011:21:55:45 -0500] "GET /TheProcacciGroup/888_villa-pool.jpg.LCK HTTP/1.0" 404 308 "-" "Mozilla/5.0 (compatible; Yahoo! Slurp; http://help.yahoo.com/help/us/ysearch/slurp)"
38.108.67.20 - - [08/Jan/2011:22:08:37 -0500] "GET /robots.txt HTTP/1.0" 404 279 "-" "SBIder/Nutch-1.0-dev (http://www.sitesell.com/sbider.html)"
38.108.67.20 - - [08/Jan/2011:22:08:37 -0500] "GET /reports_for-buyers.htm HTTP/1.0" 404 291 "-" "SBIder/Nutch-1.0-dev (http://www.sitesell.com/sbider.html)"
206.123.88.26 - - [08/Jan/2011:22:15:14 -0500] "GET /robots.txt HTTP/1.1" 404 291 "-" "Mozilla/5.0 (compatible; Bender; http://sites.google.com/site/bendercrawler)"
206.123.88.26 - - [08/Jan/2011:22:15:15 -0500] "GET /Vendors/index.html HTTP/1.1" 200 456837 "-" "Mozilla/5.0 (compatible; Bender; http://sites.google.com/site/bendercrawler)"
124.115.6.14 - - [08/Jan/2011:22:24:09 -0500] "GET /robots.txt HTTP/1.1" 404 291 "-" "Sosospider+(+http://help.soso.com/webspider.htm)"
206.123.88.26 - - [08/Jan/2011:22:24:37 -0500] "GET /Vendors/index.html HTTP/1.1" 200 456837 "-" "Mozilla/5.0 (compatible; Bender; http://sites.google.com/site/bendercrawler)"
38.108.67.20 - - [08/Jan/2011:22:27:44 -0500] "GET /haas.htm HTTP/1.0" 404 277 "-" "SBIder/Nutch-1.0-dev (http://www.sitesell.com/sbider.html)"
207.46.13.87 - - [08/Jan/2011:22:29:33 -0500] "GET /robots.txt HTTP/1.1" 404 291 "-" "Mozilla/5.0 (compatible; bingbot/2.0; +http://www.bing.com/bingbot.htm)"
207.46.13.87 - - [08/Jan/2011:22:43:47 -0500] "GET /blaine/properties-naples-real-estate-3.htm HTTP/1.1" 404 323 "-" "Mozilla/5.0 (compatible; bingbot/2.0; +http://www.bing.com/bingbot.htm)"
124.115.4.190 - - [08/Jan/2011:22:46:22 -0500] "GET / HTTP/1.1" 200 11305 "-" "Sosospider+(+http://help.soso.com/webspider.htm)"
124.115.4.190 - - [08/Jan/2011:22:46:36 -0500] "GET /naples-usa.css HTTP/1.1" 200 714 "http://www.naples-usa.com/" "Sosospider+(+http://help.soso.com/webspider.htm)"
67.195.112.50 - - [08/Jan/2011:22:48:14 -0500] "GET /toupin.htm HTTP/1.0" 404 279 "-" "Mozilla/5.0 (compatible; Yahoo! Slurp; http://help.yahoo.com/help/us/ysearch/slurp)"
38.108.67.20 - - [08/Jan/2011:22:52:02 -0500] "GET /romano/testimonials.htm HTTP/1.0" 404 292 "-" "SBIder/Nutch-1.0-dev (http://www.sitesell.com/sbider.html)"
38.108.67.20 - - [08/Jan/2011:23:01:59 -0500] "GET /boat_docks.htm HTTP/1.0" 404 283 "-" "SBIder/Nutch-1.0-dev (http://www.sitesell.com/sbider.html)"
75.81.47.87 - - [08/Jan/2011:23:05:19 -0500] "GET /realtors%20portraits/suarez_portrait-new.jpg HTTP/1.1" 404 323 "http://www.123people.com/s/marlene+suarez" "Mozilla/4.0 (compatible; MSIE 8.0; Windows NT 6.1; WOW64; Trident/4.0; GTB6.6; SLCC2; .NET CLR 2.0.50727; .NET CLR 3.5.30729; .NET CLR 3.0.30729; Media Center PC 6.0; .NET4.0C)"
75.81.47.87 - - [08/Jan/2011:23:05:27 -0500] "GET /suarez.htm HTTP/1.1" 404 291 "http://www.123people.com/ext/frm?ti=person%20finder&search_term=marlene%20suarez&search_country=US&st=person%20finder&target_url=http%3A%2F%2Fwww.naples-usa.com%2Fsuarez.htm" "Mozilla/4.0 (compatible; MSIE 8.0; Windows NT 6.1; WOW64; Trident/4.0; GTB6.6; SLCC2; .NET CLR 2.0.50727; .NET CLR 3.5.30729; .NET CLR 3.0.30729; Media Center PC 6.0; .NET4.0C)"
67.195.112.50 - - [08/Jan/2011:23:06:03 -0500] "GET /TheProcacciGroup/naplesfloridarentals1.htm HTTP/1.0" 404 311 "-" "Mozilla/5.0 (compatible; Yahoo! Slurp; http://help.yahoo.com/help/us/ysearch/slurp)"
67.195.112.50 - - [08/Jan/2011:23:08:51 -0500] "GET /duke.htm HTTP/1.0" 404 277 "-" "Mozilla/5.0 (compatible; Yahoo! Slurp; http://help.yahoo.com/help/us/ysearch/slurp)"
38.108.67.20 - - [08/Jan/2011:23:11:04 -0500] "GET /homestead.htm HTTP/1.0" 404 282 "-" "SBIder/Nutch-1.0-dev (http://www.sitesell.com/sbider.html)"
38.108.67.20 - - [08/Jan/2011:23:12:20 -0500] "GET /reports_for-sellers.htm HTTP/1.0" 404 292 "-" "SBIder/Nutch-1.0-dev (http://www.sitesell.com/sbider.html)"
67.195.112.50 - - [08/Jan/2011:23:13:41 -0500] "GET /home-improvement-naples-florida.htm HTTP/1.0" 404 304 "-" "Mozilla/5.0 (compatible; Yahoo! Slurp; http://help.yahoo.com/help/us/ysearch/slurp)"
207.46.195.228 - - [08/Jan/2011:23:36:34 -0500] "GET /robots.txt HTTP/1.1" 404 291 "-" "Mozilla/5.0 (compatible; bingbot/2.0; +http://www.bing.com/bingbot.htm)"
66.249.71.46 - - [08/Jan/2011:23:39:34 -0500] "GET /zettel HTTP/1.1" 404 287 "-" "Mozilla/5.0 (compatible; Googlebot/2.1; +http://www.google.com/bot.html)"
207.46.195.228 - - [09/Jan/2011:00:10:47 -0500] "GET /mortgage-dictionary.htm HTTP/1.1" 404 304 "-" "Mozilla/5.0 (compatible; bingbot/2.0; +http://www.bing.com/bingbot.htm)"
67.195.112.50 - - [09/Jan/2011:00:18:15 -0500] "GET /vlasho.htm HTTP/1.0" 404 279 "-" "Mozilla/5.0 (compatible; Yahoo! Slurp; http://help.yahoo.com/help/us/ysearch/slurp)"
95.108.158.234 - - [09/Jan/2011:00:25:46 -0500] "GET /images/history_army.jpg HTTP/1.1" 304 - "-" "Mozilla/5.0 (compatible; YandexImages/3.0; +http://yandex.com/bots)"
123.125.71.19 - - [09/Jan/2011:00:26:25 -0500] "GET / HTTP/1.1" 200 11305 "-" "Baiduspider+(+http://www.baidu.com/search/spider.htm)"
220.181.108.83 - - [09/Jan/2011:00:26:44 -0500] "GET / HTTP/1.1" 200 11305 "-" "Baiduspider+(+http://www.baidu.com/search/spider.htm)"
67.195.112.50 - - [09/Jan/2011:00:30:40 -0500] "GET /hotels-in-naples.htm HTTP/1.0" 200 53713 "-" "Mozilla/5.0 (compatible; Yahoo! Slurp; http://help.yahoo.com/help/us/ysearch/slurp)"
67.195.112.50 - - [09/Jan/2011:00:34:30 -0500] "GET /TheProcacciGroup/6276_town-208000236.jpg.LCK HTTP/1.0" 404 313 "-" "Mozilla/5.0 (compatible; Yahoo! Slurp; http://help.yahoo.com/help/us/ysearch/slurp)"
206.123.88.26 - - [09/Jan/2011:00:36:45 -0500] "GET /robots.txt HTTP/1.1" 404 291 "-" "Mozilla/5.0 (compatible; Bender; http://sites.google.com/site/bendercrawler)"
206.123.88.26 - - [09/Jan/2011:00:36:46 -0500] "GET /Vendors/index.html HTTP/1.1" 200 456837 "-" "Mozilla/5.0 (compatible; Bender; http://sites.google.com/site/bendercrawler)"
38.108.67.20 - - [09/Jan/2011:00:37:32 -0500] "GET /golf.htm HTTP/1.0" 404 277 "-" "SBIder/Nutch-1.0-dev (http://www.sitesell.com/sbider.html)"
67.195.112.50 - - [09/Jan/2011:00:43:23 -0500] "GET /TheProcacciGroup/naplesfloridarentals2b.htm HTTP/1.0" 404 312 "-" "Mozilla/5.0 (compatible; Yahoo! Slurp; http://help.yahoo.com/help/us/ysearch/slurp)"
38.108.67.20 - - [09/Jan/2011:00:58:38 -0500] "GET /weather.htm HTTP/1.0" 404 280 "-" "SBIder/Nutch-1.0-dev (http://www.sitesell.com/sbider.html)"
206.123.88.26 - - [09/Jan/2011:00:59:14 -0500] "GET /robots.txt HTTP/1.1" 404 291 "-" "Mozilla/5.0 (compatible; Bender; http://sites.google.com/site/bendercrawler)"
206.123.88.26 - - [09/Jan/2011:00:59:15 -0500] "GET /Vendors/index.html HTTP/1.1" 200 456837 "-" "Mozilla/5.0 (compatible; Bender; http://sites.google.com/site/bendercrawler)"
38.108.67.20 - - [09/Jan/2011:01:02:30 -0500] "GET /lost-pets.htm HTTP/1.0" 404 282 "-" "SBIder/Nutch-1.0-dev (http://www.sitesell.com/sbider.html)"
94.23.230.171 - - [09/Jan/2011:01:05:39 -0500] "GET /robots.txt HTTP/1.0" 404 279 "-" "Mozilla/5.0 (compatible; MJ12bot/v1.3.3; http://www.majestic12.co.uk/bot.php?+)"
94.23.230.171 - - [09/Jan/2011:01:05:40 -0500] "GET / HTTP/1.0" 200 11305 "-" "Mozilla/5.0 (compatible; MJ12bot/v1.3.3; http://www.majestic12.co.uk/bot.php?+)"
38.108.67.20 - - [09/Jan/2011:01:07:24 -0500] "GET /blaine/naples-rentals.htm HTTP/1.0" 404 294 "-" "SBIder/Nutch-1.0-dev (http://www.sitesell.com/sbider.html)"
67.195.112.50 - - [09/Jan/2011:01:13:35 -0500] "GET /TheProcacciGroup/4865_regal-water.jpg.LCK HTTP/1.0" 404 310 "-" "Mozilla/5.0 (compatible; Yahoo! Slurp; http://help.yahoo.com/help/us/ysearch/slurp)"
65.52.49.140 - - [09/Jan/2011:01:22:54 -0500] "GET /robots.txt HTTP/1.1" 404 291 "-" "Mozilla/5.0 (compatible; bingbot/2.0; +http://www.bing.com/bingbot.htm)"
95.108.217.252 - - [09/Jan/2011:01:29:33 -0500] "GET /Vendors/Logos.htm HTTP/1.1" 200 6053 "-" "Mozilla/5.0 (compatible; YandexBot/3.0; +http://yandex.com/bots)"
69.63.189.250 - - [09/Jan/2011:01:33:41 -0500] "GET /images/1_naples%20florida%20real%20estate_index.jpg HTTP/1.1" 200 24287 "-" "facebookexternalhit/1.0 (+http://www.facebook.com/externalhit_uatext.php)"
207.46.13.95 - - [09/Jan/2011:01:38:39 -0500] "GET /robots.txt HTTP/1.1" 404 291 "-" "Mozilla/5.0 (compatible; bingbot/2.0; +http://www.bing.com/bingbot.htm)"
207.46.13.95 - - [09/Jan/2011:01:41:12 -0500] "GET /naples-tennis.htm HTTP/1.1" 304 - "-" "Mozilla/5.0 (compatible; bingbot/2.0; +http://www.bing.com/bingbot.htm)"
62.231.141.193 - - [09/Jan/2011:01:46:22 -0500] "GET /robots.txt HTTP/1.0" 404 279 "-" "Mozilla/5.0 (compatible; MJ12bot/v1.3.3; http://www.majestic12.co.uk/bot.php?+)"
62.231.141.193 - - [09/Jan/2011:01:46:23 -0500] "GET / HTTP/1.0" 200 11305 "-" "Mozilla/5.0 (compatible; MJ12bot/v1.3.3; http://www.majestic12.co.uk/bot.php?+)"
38.108.67.20 - - [09/Jan/2011:01:48:53 -0500] "GET /home-improvement-naples-florida.htm HTTP/1.0" 404 304 "-" "SBIder/Nutch-1.0-dev (http://www.sitesell.com/sbider.html)"
207.46.204.189 - - [09/Jan/2011:01:54:43 -0500] "GET /naples-boatcondos.htm HTTP/1.1" 304 - "-" "Mozilla/5.0 (compatible; bingbot/2.0; +http://www.bing.com/bingbot.htm)"
67.195.112.50 - - [09/Jan/2011:02:22:04 -0500] "GET /beatty/?D=D HTTP/1.0" 404 276 "-" "Mozilla/5.0 (compatible; Yahoo! Slurp; http://help.yahoo.com/help/us/ysearch/slurp)"
68.47.128.48 - - [09/Jan/2011:02:43:32 -0500] "GET /robots.txt HTTP/1.1" 404 291 "-" "Mozilla/4.0 (compatible; MSIE 5.01; Windows NT 5.0)"
207.46.204.177 - - [09/Jan/2011:02:46:25 -0500] "GET /robots.txt HTTP/1.1" 404 291 "-" "Mozilla/5.0 (compatible; bingbot/2.0; +http://www.bing.com/bingbot.htm)"
207.46.204.177 - - [09/Jan/2011:02:53:44 -0500] "GET /TheProcacciGroup/naplesfloridarentals2.htm HTTP/1.1" 404 323 "-" "Mozilla/5.0 (compatible; bingbot/2.0; +http://www.bing.com/bingbot.htm)"
207.46.13.49 - - [09/Jan/2011:03:08:58 -0500] "GET /robots.txt HTTP/1.1" 404 291 "-" "Mozilla/5.0 (compatible; bingbot/2.0; +http://www.bing.com/bingbot.htm)"
67.129.99.189 - - [09/Jan/2011:03:14:15 -0500] "GET / HTTP/1.0" 200 11305 "-" "Wget/1.11.4 Red Hat modified"
67.195.112.50 - - [09/Jan/2011:03:15:39 -0500] "GET /greenstein/?M=D HTTP/1.0" 404 280 "-" "Mozilla/5.0 (compatible; Yahoo! Slurp; http://help.yahoo.com/help/us/ysearch/slurp)"
95.108.217.252 - - [09/Jan/2011:03:15:50 -0500] "GET /lost-birds.htm HTTP/1.1" 304 - "-" "Mozilla/5.0 (compatible; YandexBot/3.0; +http://yandex.com/bots)"
38.108.67.20 - - [09/Jan/2011:03:16:41 -0500] "GET /tennis.htm HTTP/1.0" 404 279 "-" "SBIder/Nutch-1.0-dev (http://www.sitesell.com/sbider.html)"
38.108.67.20 - - [09/Jan/2011:03:23:03 -0500] "GET /naples-tennis-public.htm HTTP/1.0" 404 293 "-" "SBIder/Nutch-1.0-dev (http://www.sitesell.com/sbider.html)"
207.46.13.49 - - [09/Jan/2011:03:24:43 -0500] "GET /recycling-info-naples-florida.htm HTTP/1.1" 304 - "-" "Mozilla/5.0 (compatible; bingbot/2.0; +http://www.bing.com/bingbot.htm)"
207.46.199.39 - - [09/Jan/2011:03:29:44 -0500] "GET /TheProcacciGroup/naplesfloridarentals5.htm HTTP/1.1" 404 323 "-" "Mozilla/5.0 (compatible; bingbot/2.0; +http://www.bing.com/bingbot.htm)"
67.195.112.50 - - [09/Jan/2011:03:30:36 -0500] "GET /bauer.htm HTTP/1.0" 404 278 "-" "Mozilla/5.0 (compatible; Yahoo! Slurp; http://help.yahoo.com/help/us/ysearch/slurp)"
67.195.112.50 - - [09/Jan/2011:03:43:20 -0500] "GET /meek.htm HTTP/1.0" 404 277 "-" "Mozilla/5.0 (compatible; Yahoo! Slurp; http://help.yahoo.com/help/us/ysearch/slurp)"
67.195.112.50 - - [09/Jan/2011:03:51:30 -0500] "GET /TheProcacciGroup/rentals-new-changed3.html HTTP/1.0" 404 311 "-" "Mozilla/5.0 (compatible; Yahoo! Slurp; http://help.yahoo.com/help/us/ysearch/slurp)"
95.108.217.252 - - [09/Jan/2011:03:52:58 -0500] "GET /naples-tennis.htm HTTP/1.1" 200 15285 "-" "Mozilla/5.0 (compatible; YandexBot/3.0; +http://yandex.com/bots)"
67.195.112.50 - - [09/Jan/2011:03:53:02 -0500] "GET /naples-boatcondos.htm HTTP/1.0" 200 11908 "-" "Mozilla/5.0 (compatible; Yahoo! Slurp; http://help.yahoo.com/help/us/ysearch/slurp)"
193.47.80.45 - - [09/Jan/2011:03:56:03 -0500] "GET /robots.txt HTTP/1.1" 404 291 "-" "Mozilla/5.0 (compatible; Exabot/3.0; +http://www.exabot.com/go/robot)"
193.47.80.45 - - [09/Jan/2011:03:56:03 -0500] "GET /johnson-cox.htm HTTP/1.1" 404 296 "-" "Mozilla/5.0 (compatible; Exabot/3.0; +http://www.exabot.com/go/robot)"
