166.137.138.212 - - [05/Jan/2011:18:51:30 -0500] "GET /Logos/winner_250.jpg HTTP/1.1" 200 6408 "-" "Mozilla/5.0 (iPhone; U; CPU iPhone OS 4_2_1 like Mac OS X; en-us) AppleWebKit/533.17.9 (KHTML, like Gecko)"
166.137.138.212 - - [05/Jan/2011:18:51:30 -0500] "GET /Logos/1_df-72dpi-476x57pix-banner.jpg HTTP/1.1" 200 9733 "-" "Mozilla/5.0 (iPhone; U; CPU iPhone OS 4_2_1 like Mac OS X; en-us) AppleWebKit/533.17.9 (KHTML, like Gecko)"
67.195.112.50 - - [05/Jan/2011:18:52:33 -0500] "GET /recycling-info-naples-florida.htm HTTP/1.0" 200 13920 "-" "Mozilla/5.0 (compatible; Yahoo! Slurp; http://help.yahoo.com/help/us/ysearch/slurp)"
166.137.138.212 - - [05/Jan/2011:18:53:41 -0500] "GET /Logos/1_df-72dpi-476x57pix-banner.jpg HTTP/1.1" 304 - "-" "Mozilla/5.0 (iPhone; U; CPU iPhone OS 4_2_1 like Mac OS X; en-us) AppleWebKit/533.17.9 (KHTML, like Gecko)"
166.137.138.212 - - [05/Jan/2011:18:53:41 -0500] "GET /Logos/winner_250.jpg HTTP/1.1" 304 - "-" "Mozilla/5.0 (iPhone; U; CPU iPhone OS 4_2_1 like Mac OS X; en-us) AppleWebKit/533.17.9 (KHTML, like Gecko)"
206.123.88.26 - - [05/Jan/2011:18:56:02 -0500] "GET /robots.txt HTTP/1.1" 404 291 "-" "Mozilla/5.0 (compatible; Bender; http://sites.google.com/site/bendercrawler)"
206.123.88.26 - - [05/Jan/2011:18:56:03 -0500] "GET /Vendors/index.html HTTP/1.1" 200 456837 "-" "Mozilla/5.0 (compatible; Bender; http://sites.google.com/site/bendercrawler)"
99.249.182.213 - - [05/Jan/2011:18:57:39 -0500] "GET /naples-weather.htm HTTP/1.1" 200 16725 "http://www.google.ca/search?q=average+temperature+naples+florida+winter&ie=utf-8&oe=utf-8&aq=t&rls=org.mozilla:en-US:official&client=firefox-a" "Mozilla/5.0 (Windows; U; Windows NT 5.1; en-US; rv:1.9.2.13) Gecko/20101203 Firefox/3.6.13 (.NET CLR 3.5.30729)"
99.249.182.213 - - [05/Jan/2011:18:57:39 -0500] "GET /images/welcome_usa.gif HTTP/1.1" 200 7890 "http://www.naples-usa.com/naples-weather.htm" "Mozilla/5.0 (Windows; U; Windows NT 5.1; en-US; rv:1.9.2.13) Gecko/20101203 Firefox/3.6.13 (.NET CLR 3.5.30729)"
99.249.182.213 - - [05/Jan/2011:18:57:39 -0500] "GET /transparent.gif HTTP/1.1" 200 43 "http://www.naples-usa.com/naples-weather.htm" "Mozilla/5.0 (Windows; U; Windows NT 5.1; en-US; rv:1.9.2.13) Gecko/20101203 Firefox/3.6.13 (.NET CLR 3.5.30729)"
99.249.182.213 - - [05/Jan/2011:18:57:39 -0500] "GET /images/florida_logo.gif HTTP/1.1" 200 1024 "http://www.naples-usa.com/naples-weather.htm" "Mozilla/5.0 (Windows; U; Windows NT 5.1; en-US; rv:1.9.2.13) Gecko/20101203 Firefox/3.6.13 (.NET CLR 3.5.30729)"
99.249.182.213 - - [05/Jan/2011:18:57:40 -0500] "GET /favicon.ico HTTP/1.1" 404 292 "-" "Mozilla/5.0 (Windows; U; Windows NT 5.1; en-US; rv:1.9.2.13) Gecko/20101203 Firefox/3.6.13 (.NET CLR 3.5.30729)"
99.249.182.213 - - [05/Jan/2011:18:57:43 -0500] "GET /favicon.ico HTTP/1.1" 404 292 "-" "Mozilla/5.0 (Windows; U; Windows NT 5.1; en-US; rv:1.9.2.13) Gecko/20101203 Firefox/3.6.13 (.NET CLR 3.5.30729)"
207.46.199.47 - - [05/Jan/2011:18:59:13 -0500] "GET /robots.txt HTTP/1.1" 404 291 "-" "Mozilla/5.0 (compatible; bingbot/2.0; +http://www.bing.com/bingbot.htm)"
67.195.112.50 - - [05/Jan/2011:18:59:44 -0500] "GET /country-clubs.htm HTTP/1.0" 404 286 "-" "Mozilla/5.0 (compatible; Yahoo! Slurp; http://help.yahoo.com/help/us/ysearch/slurp)"
207.46.13.142 - - [05/Jan/2011:19:12:16 -0500] "GET /frengel.htm HTTP/1.1" 404 292 "-" "Mozilla/5.0 (compatible; bingbot/2.0; +http://www.bing.com/bingbot.htm)"
67.195.112.50 - - [05/Jan/2011:19:17:57 -0500] "GET /TheProcacciGroup/naplesfloridarentals5.htm HTTP/1.0" 404 311 "-" "Mozilla/5.0 (compatible; Yahoo! Slurp; http://help.yahoo.com/help/us/ysearch/slurp)"
207.46.199.47 - - [05/Jan/2011:19:27:46 -0500] "GET /naples-tennis.htm HTTP/1.1" 304 - "-" "Mozilla/5.0 (compatible; bingbot/2.0; +http://www.bing.com/bingbot.htm)"
67.195.112.50 - - [05/Jan/2011:19:33:55 -0500] "GET /TheProcacciGroup/628_21st-living.jpg.LCK HTTP/1.0" 404 309 "-" "Mozilla/5.0 (compatible; Yahoo! Slurp; http://help.yahoo.com/help/us/ysearch/slurp)"
67.195.112.50 - - [05/Jan/2011:20:08:07 -0500] "GET /reports_for-buyers.htm HTTP/1.0" 404 291 "-" "Mozilla/5.0 (compatible; Yahoo! Slurp; http://help.yahoo.com/help/us/ysearch/slurp)"
67.195.112.50 - - [05/Jan/2011:20:08:08 -0500] "GET /TheProcacciGroup/207040434.jpg.LCK HTTP/1.0" 404 303 "-" "Mozilla/5.0 (compatible; Yahoo! Slurp; http://help.yahoo.com/help/us/ysearch/slurp)"
67.195.112.50 - - [05/Jan/2011:20:09:54 -0500] "GET /lost-pets.htm HTTP/1.0" 404 282 "-" "Mozilla/5.0 (compatible; Yahoo! Slurp; http://help.yahoo.com/help/us/ysearch/slurp)"
207.46.204.232 - - [05/Jan/2011:20:10:03 -0500] "GET /robots.txt HTTP/1.1" 404 291 "-" "Mozilla/5.0 (compatible; bingbot/2.0; +http://www.bing.com/bingbot.htm)"
95.108.217.252 - - [05/Jan/2011:20:19:14 -0500] "GET /naples-florida-fishing.htm HTTP/1.1" 200 15147 "-" "Mozilla/5.0 (compatible; YandexBot/3.0; +http://yandex.com/bots)"
75.147.145.249 - - [05/Jan/2011:20:24:36 -0500] "GET /Vendors/Logos.htm HTTP/1.1" 200 6053 "http://www.bing.com/search?q=DOWNING+FRYE+LOGOS&src=IE-Address" "Mozilla/4.0 (compatible; MSIE 7.0; Windows NT 5.1; .NET CLR 1.1.4322; .NET CLR 2.0.50727; .NET CLR 3.0.4506.2152; .NET CLR 3.5.30729)"
75.147.145.249 - - [05/Jan/2011:20:24:36 -0500] "GET /Logos/DFLogo.gif HTTP/1.1" 200 6968 "http://www.naples-usa.com/Vendors/Logos.htm" "Mozilla/4.0 (compatible; MSIE 7.0; Windows NT 5.1; .NET CLR 1.1.4322; .NET CLR 2.0.50727; .NET CLR 3.0.4506.2152; .NET CLR 3.5.30729)"
75.147.145.249 - - [05/Jan/2011:20:24:36 -0500] "GET /Logos/1_DF_logo_300dpi.jpg HTTP/1.1" 200 12600 "http://www.naples-usa.com/Vendors/Logos.htm" "Mozilla/4.0 (compatible; MSIE 7.0; Windows NT 5.1; .NET CLR 1.1.4322; .NET CLR 2.0.50727; .NET CLR 3.0.4506.2152; .NET CLR 3.5.30729)"
75.147.145.249 - - [05/Jan/2011:20:24:36 -0500] "GET /Logos/1_df-72dpi-146x55pix-inverse.jpg HTTP/1.1" 200 3353 "http://www.naples-usa.com/Vendors/Logos.htm" "Mozilla/4.0 (compatible; MSIE 7.0; Windows NT 5.1; .NET CLR 1.1.4322; .NET CLR 2.0.50727; .NET CLR 3.0.4506.2152; .NET CLR 3.5.30729)"
75.147.145.249 - - [05/Jan/2011:20:24:36 -0500] "GET /Logos/1_df-72dpi146x58pix.jpg HTTP/1.1" 200 3294 "http://www.naples-usa.com/Vendors/Logos.htm" "Mozilla/4.0 (compatible; MSIE 7.0; Windows NT 5.1; .NET CLR 1.1.4322; .NET CLR 2.0.50727; .NET CLR 3.0.4506.2152; .NET CLR 3.5.30729)"
75.147.145.249 - - [05/Jan/2011:20:24:36 -0500] "GET /Logos/1_df_only.jpg HTTP/1.1" 200 1834 "http://www.naples-usa.com/Vendors/Logos.htm" "Mozilla/4.0 (compatible; MSIE 7.0; Windows NT 5.1; .NET CLR 1.1.4322; .NET CLR 2.0.50727; .NET CLR 3.0.4506.2152; .NET CLR 3.5.30729)"
75.147.145.249 - - [05/Jan/2011:20:24:36 -0500] "GET /Logos/1_df-72dpi-250x30pix-banner.jpg HTTP/1.1" 200 4514 "http://www.naples-usa.com/Vendors/Logos.htm" "Mozilla/4.0 (compatible; MSIE 7.0; Windows NT 5.1; .NET CLR 1.1.4322; .NET CLR 2.0.50727; .NET CLR 3.0.4506.2152; .NET CLR 3.5.30729)"
75.147.145.249 - - [05/Jan/2011:20:24:36 -0500] "GET /Logos/1_df-72dpi-366x139pix.jpg HTTP/1.1" 200 10645 "http://www.naples-usa.com/Vendors/Logos.htm" "Mozilla/4.0 (compatible; MSIE 7.0; Windows NT 5.1; .NET CLR 1.1.4322; .NET CLR 2.0.50727; .NET CLR 3.0.4506.2152; .NET CLR 3.5.30729)"
75.147.145.249 - - [05/Jan/2011:20:24:36 -0500] "GET /Logos/Only%20DF%20transparent.jpg HTTP/1.1" 200 3605 "http://www.naples-usa.com/Vendors/Logos.htm" "Mozilla/4.0 (compatible; MSIE 7.0; Windows NT 5.1; .NET CLR 1.1.4322; .NET CLR 2.0.50727; .NET CLR 3.0.4506.2152; .NET CLR 3.5.30729)"
75.147.145.249 - - [05/Jan/2011:20:24:36 -0500] "GET /Logos/1_df-72dpi-366x139pix-inverse.jpg HTTP/1.1" 200 10828 "http://www.naples-usa.com/Vendors/Logos.htm" "Mozilla/4.0 (compatible; MSIE 7.0; Windows NT 5.1; .NET CLR 1.1.4322; .NET CLR 2.0.50727; .NET CLR 3.0.4506.2152; .NET CLR 3.5.30729)"
75.147.145.249 - - [05/Jan/2011:20:24:36 -0500] "GET /Logos/1_df-72dpi-476x57pix-banner.jpg HTTP/1.1" 200 9733 "http://www.naples-usa.com/Vendors/Logos.htm" "Mozilla/4.0 (compatible; MSIE 7.0; Windows NT 5.1; .NET CLR 1.1.4322; .NET CLR 2.0.50727; .NET CLR 3.0.4506.2152; .NET CLR 3.5.30729)"
75.147.145.249 - - [05/Jan/2011:20:24:37 -0500] "GET /Logos/1_graytone_300dpi.jpg HTTP/1.1" 200 10916 "http://www.naples-usa.com/Vendors/Logos.htm" "Mozilla/4.0 (compatible; MSIE 7.0; Windows NT 5.1; .NET CLR 1.1.4322; .NET CLR 2.0.50727; .NET CLR 3.0.4506.2152; .NET CLR 3.5.30729)"
75.147.145.249 - - [05/Jan/2011:20:24:37 -0500] "GET /Logos/1_df_with_address.jpg HTTP/1.1" 200 12070 "http://www.naples-usa.com/Vendors/Logos.htm" "Mozilla/4.0 (compatible; MSIE 7.0; Windows NT 5.1; .NET CLR 1.1.4322; .NET CLR 2.0.50727; .NET CLR 3.0.4506.2152; .NET CLR 3.5.30729)"
75.147.145.249 - - [05/Jan/2011:20:24:37 -0500] "GET /Logos/winner_250.jpg HTTP/1.1" 200 6408 "http://www.naples-usa.com/Vendors/Logos.htm" "Mozilla/4.0 (compatible; MSIE 7.0; Windows NT 5.1; .NET CLR 1.1.4322; .NET CLR 2.0.50727; .NET CLR 3.0.4506.2152; .NET CLR 3.5.30729)"
75.147.145.249 - - [05/Jan/2011:20:24:37 -0500] "GET /Logos/winner.jpg HTTP/1.1" 200 14855 "http://www.naples-usa.com/Vendors/Logos.htm" "Mozilla/4.0 (compatible; MSIE 7.0; Windows NT 5.1; .NET CLR 1.1.4322; .NET CLR 2.0.50727; .NET CLR 3.0.4506.2152; .NET CLR 3.5.30729)"
75.147.145.249 - - [05/Jan/2011:20:24:37 -0500] "GET /Logos/Choice_2008_size200.jpg HTTP/1.1" 200 44592 "http://www.naples-usa.com/Vendors/Logos.htm" "Mozilla/4.0 (compatible; MSIE 7.0; Windows NT 5.1; .NET CLR 1.1.4322; .NET CLR 2.0.50727; .NET CLR 3.0.4506.2152; .NET CLR 3.5.30729)"
75.147.145.249 - - [05/Jan/2011:20:24:37 -0500] "GET /Logos/Choice_2008_size100.jpg HTTP/1.1" 200 17105 "http://www.naples-usa.com/Vendors/Logos.htm" "Mozilla/4.0 (compatible; MSIE 7.0; Windows NT 5.1; .NET CLR 1.1.4322; .NET CLR 2.0.50727; .NET CLR 3.0.4506.2152; .NET CLR 3.5.30729)"
75.147.145.249 - - [05/Jan/2011:20:24:37 -0500] "GET /Logos/Choice_2008_size400.jpg HTTP/1.1" 200 122026 "http://www.naples-usa.com/Vendors/Logos.htm" "Mozilla/4.0 (compatible; MSIE 7.0; Windows NT 5.1; .NET CLR 1.1.4322; .NET CLR 2.0.50727; .NET CLR 3.0.4506.2152; .NET CLR 3.5.30729)"
75.147.145.249 - - [05/Jan/2011:20:24:37 -0500] "GET /favicon.ico HTTP/1.1" 404 292 "-" "Mozilla/4.0 (compatible; MSIE 7.0; Windows NT 5.1; .NET CLR 1.1.4322; .NET CLR 2.0.50727; .NET CLR 3.0.4506.2152; .NET CLR 3.5.30729)"
75.147.145.249 - - [05/Jan/2011:20:24:57 -0500] "GET /Logos/1_df-72dpi-250x30pix-banner.jpg HTTP/1.1" 304 - "-" "Mozilla/4.0 (compatible; MSIE 7.0; Windows NT 5.1; .NET CLR 1.1.4322; .NET CLR 2.0.50727; .NET CLR 3.0.4506.2152; .NET CLR 3.5.30729)"
75.147.145.249 - - [05/Jan/2011:20:24:57 -0500] "GET /Logos/1_df-72dpi-250x30pix-banner.jpg HTTP/1.1" 304 - "-" "Mozilla/4.0 (compatible; MSIE 7.0; Windows NT 5.1; .NET CLR 1.1.4322; .NET CLR 2.0.50727; .NET CLR 3.0.4506.2152; .NET CLR 3.5.30729)"
75.147.145.249 - - [05/Jan/2011:20:27:05 -0500] "GET /Logos/Choice_2008_size100.jpg HTTP/1.1" 304 - "-" "Mozilla/4.0 (compatible; MSIE 7.0; Windows NT 5.1; .NET CLR 1.1.4322; .NET CLR 2.0.50727; .NET CLR 3.0.4506.2152; .NET CLR 3.5.30729)"
75.147.145.249 - - [05/Jan/2011:20:27:05 -0500] "GET /Logos/Choice_2008_size100.jpg HTTP/1.1" 304 - "-" "Mozilla/4.0 (compatible; MSIE 7.0; Windows NT 5.1; .NET CLR 1.1.4322; .NET CLR 2.0.50727; .NET CLR 3.0.4506.2152; .NET CLR 3.5.30729)"
166.137.138.212 - - [05/Jan/2011:20:31:04 -0500] "GET /Logos/winner_250.jpg HTTP/1.1" 200 6408 "-" "Mozilla/5.0 (iPhone; U; CPU iPhone OS 4_2_1 like Mac OS X; en-us) AppleWebKit/533.17.9 (KHTML, like Gecko)"
166.137.138.212 - - [05/Jan/2011:20:31:04 -0500] "GET /Logos/1_df-72dpi-476x57pix-banner.jpg HTTP/1.1" 200 9733 "-" "Mozilla/5.0 (iPhone; U; CPU iPhone OS 4_2_1 like Mac OS X; en-us) AppleWebKit/533.17.9 (KHTML, like Gecko)"
207.46.204.232 - - [05/Jan/2011:20:32:17 -0500] "GET /naples-arts.htm HTTP/1.1" 304 - "-" "Mozilla/5.0 (compatible; bingbot/2.0; +http://www.bing.com/bingbot.htm)"
124.115.0.15 - - [05/Jan/2011:20:35:39 -0500] "GET / HTTP/1.1" 200 11305 "-" "Sosospider+(+http://help.soso.com/webspider.htm)"
67.195.112.50 - - [05/Jan/2011:20:45:35 -0500] "GET /haas.htm HTTP/1.0" 404 277 "-" "Mozilla/5.0 (compatible; Yahoo! Slurp; http://help.yahoo.com/help/us/ysearch/slurp)"
67.172.38.211 - - [05/Jan/2011:20:50:44 -0500] "GET /naples-weather.htm HTTP/1.0" 200 16725 "http://www.bing.com/search?q=naples+mean+tempature&form=MSNH14&qs=n&sk=&x=96&y=16" "Mozilla/4.0 (compatible; MSIE 8.0; Windows NT 6.1; Trident/4.0; GTB6.6; SLCC2; .NET CLR 2.0.50727; .NET CLR 3.5.30729; .NET CLR 3.0.30729; Media Center PC 6.0; Media Center PC 5.0; SLCC1; .NET4.0C)"
67.172.38.211 - - [05/Jan/2011:20:50:44 -0500] "GET /images/welcome_usa.gif HTTP/1.0" 200 7890 "http://naples-usa.com/naples-weather.htm" "Mozilla/4.0 (compatible; MSIE 8.0; Windows NT 6.1; Trident/4.0; GTB6.6; SLCC2; .NET CLR 2.0.50727; .NET CLR 3.5.30729; .NET CLR 3.0.30729; Media Center PC 6.0; Media Center PC 5.0; SLCC1; .NET4.0C)"
67.172.38.211 - - [05/Jan/2011:20:50:44 -0500] "GET /images/florida_logo.gif HTTP/1.0" 200 1024 "http://naples-usa.com/naples-weather.htm" "Mozilla/4.0 (compatible; MSIE 8.0; Windows NT 6.1; Trident/4.0; GTB6.6; SLCC2; .NET CLR 2.0.50727; .NET CLR 3.5.30729; .NET CLR 3.0.30729; Media Center PC 6.0; Media Center PC 5.0; SLCC1; .NET4.0C)"
67.172.38.211 - - [05/Jan/2011:20:50:44 -0500] "GET /transparent.gif HTTP/1.0" 200 43 "http://naples-usa.com/naples-weather.htm" "Mozilla/4.0 (compatible; MSIE 8.0; Windows NT 6.1; Trident/4.0; GTB6.6; SLCC2; .NET CLR 2.0.50727; .NET CLR 3.5.30729; .NET CLR 3.0.30729; Media Center PC 6.0; Media Center PC 5.0; SLCC1; .NET4.0C)"
67.172.38.211 - - [05/Jan/2011:20:50:44 -0500] "GET /favicon.ico HTTP/1.0" 404 280 "-" "Mozilla/4.0 (compatible; MSIE 8.0; Windows NT 6.1; Trident/4.0; GTB6.6; SLCC2; .NET CLR 2.0.50727; .NET CLR 3.5.30729; .NET CLR 3.0.30729; Media Center PC 6.0; Media Center PC 5.0; SLCC1; .NET4.0C)"
67.195.112.50 - - [05/Jan/2011:20:54:28 -0500] "GET /golf.htm HTTP/1.0" 404 277 "-" "Mozilla/5.0 (compatible; Yahoo! Slurp; http://help.yahoo.com/help/us/ysearch/slurp)"
99.132.109.102 - - [05/Jan/2011:21:00:53 -0500] "GET /naples-weather.htm HTTP/1.1" 200 16725 "http://www.google.com/search?q=Florida%27s+Temperature+during+spring+and+fall&rls=com.microsoft:*:IE-SearchBox&ie=UTF-8&oe=UTF-8&sourceid=ie7&rlz=1I7GWYE" "Mozilla/4.0 (compatible; MSIE 7.0; Windows NT 6.0; SLCC1; .NET CLR 2.0.50727; Media Center PC 5.0; .NET CLR 3.5.30729; .NET CLR 3.0.30618; .NET4.0C)"
99.132.109.102 - - [05/Jan/2011:21:00:53 -0500] "GET /images/welcome_usa.gif HTTP/1.1" 200 7890 "http://www.naples-usa.com/naples-weather.htm" "Mozilla/4.0 (compatible; MSIE 7.0; Windows NT 6.0; SLCC1; .NET CLR 2.0.50727; Media Center PC 5.0; .NET CLR 3.5.30729; .NET CLR 3.0.30618; .NET4.0C)"
99.132.109.102 - - [05/Jan/2011:21:00:53 -0500] "GET /images/florida_logo.gif HTTP/1.1" 200 1024 "http://www.naples-usa.com/naples-weather.htm" "Mozilla/4.0 (compatible; MSIE 7.0; Windows NT 6.0; SLCC1; .NET CLR 2.0.50727; Media Center PC 5.0; .NET CLR 3.5.30729; .NET CLR 3.0.30618; .NET4.0C)"
99.132.109.102 - - [05/Jan/2011:21:00:54 -0500] "GET /transparent.gif HTTP/1.1" 200 43 "http://www.naples-usa.com/naples-weather.htm" "Mozilla/4.0 (compatible; MSIE 7.0; Windows NT 6.0; SLCC1; .NET CLR 2.0.50727; Media Center PC 5.0; .NET CLR 3.5.30729; .NET CLR 3.0.30618; .NET4.0C)"
99.132.109.102 - - [05/Jan/2011:21:00:54 -0500] "GET /favicon.ico HTTP/1.1" 404 292 "-" "Mozilla/4.0 (compatible; MSIE 7.0; Windows NT 6.0; SLCC1; .NET CLR 2.0.50727; Media Center PC 5.0; .NET CLR 3.5.30729; .NET CLR 3.0.30618; .NET4.0C)"
75.147.145.249 - - [05/Jan/2011:21:07:39 -0500] "GET /Logos/Choice_2008_size200.jpg HTTP/1.1" 304 - "-" "Mozilla/4.0 (compatible; MSIE 7.0; Windows NT 5.1; .NET CLR 1.1.4322; .NET CLR 2.0.50727; .NET CLR 3.0.4506.2152; .NET CLR 3.5.30729)"
75.147.145.249 - - [05/Jan/2011:21:07:39 -0500] "GET /Logos/Choice_2008_size200.jpg HTTP/1.1" 304 - "-" "Mozilla/4.0 (compatible; MSIE 7.0; Windows NT 5.1; .NET CLR 1.1.4322; .NET CLR 2.0.50727; .NET CLR 3.0.4506.2152; .NET CLR 3.5.30729)"
67.195.112.50 - - [05/Jan/2011:21:07:56 -0500] "GET /TheProcacciGroup/7840_clemson-living2.jpg.LCK HTTP/1.0" 404 314 "-" "Mozilla/5.0 (compatible; Yahoo! Slurp; http://help.yahoo.com/help/us/ysearch/slurp)"
67.195.112.50 - - [05/Jan/2011:21:17:15 -0500] "GET /TheProcacciGroup/1500_pelican-208027203.jpg.LCK HTTP/1.0" 404 316 "-" "Mozilla/5.0 (compatible; Yahoo! Slurp; http://help.yahoo.com/help/us/ysearch/slurp)"
82.130.44.44 - - [05/Jan/2011:21:22:22 -0500] "GET /robots.txt HTTP/1.0" 404 279 "-" "Mozilla/5.0 (compatible; MJ12bot/v1.3.3; http://www.majestic12.co.uk/bot.php?+)"
82.130.44.44 - - [05/Jan/2011:21:22:22 -0500] "GET / HTTP/1.0" 200 11305 "-" "Mozilla/5.0 (compatible; MJ12bot/v1.3.3; http://www.majestic12.co.uk/bot.php?+)"
76.101.210.147 - - [05/Jan/2011:21:23:54 -0500] "GET /design_styles.css HTTP/1.1" 404 298 "http://www.naples-usa.com/calendar-clubs-and-orgs.htm" "Mozilla/5.0 (Macintosh; U; Intel Mac OS X 10.6; en-US; rv:1.9.2.13) Gecko/20101203 Firefox/3.6.13"
76.101.210.147 - - [05/Jan/2011:21:23:54 -0500] "GET /dynamic_styles.css HTTP/1.1" 404 299 "http://www.naples-usa.com/calendar-clubs-and-orgs.htm" "Mozilla/5.0 (Macintosh; U; Intel Mac OS X 10.6; en-US; rv:1.9.2.13) Gecko/20101203 Firefox/3.6.13"
76.101.210.147 - - [05/Jan/2011:21:23:54 -0500] "GET /images/spacer.gif HTTP/1.1" 200 43 "http://www.naples-usa.com/calendar-clubs-and-orgs.htm" "Mozilla/5.0 (Macintosh; U; Intel Mac OS X 10.6; en-US; rv:1.9.2.13) Gecko/20101203 Firefox/3.6.13"
76.101.210.147 - - [05/Jan/2011:21:23:54 -0500] "GET /calendar-clubs-and-orgs.htm HTTP/1.1" 200 27411 "http://www.google.com/url?sa=t&source=web&cd=11&ved=0CF4QFjAK&url=http%3A%2F%2Fwww.naples-usa.com%2Fcalendar-clubs-and-orgs.htm&rct=j&q=mah%20jongg%20naples%20fl&ei=myYlTYiTO8KB8ga9k4zgAQ&usg=AFQjCNF5hj0VDtbQBKLLe18gbK8kW0wNOA" "Mozilla/5.0 (Macintosh; U; Intel Mac OS X 10.6; en-US; rv:1.9.2.13) Gecko/20101203 Firefox/3.6.13"
76.101.210.147 - - [05/Jan/2011:21:23:54 -0500] "GET /javascripts/address.js HTTP/1.1" 404 303 "http://www.naples-usa.com/calendar-clubs-and-orgs.htm" "Mozilla/5.0 (Macintosh; U; Intel Mac OS X 10.6; en-US; rv:1.9.2.13) Gecko/20101203 Firefox/3.6.13"
76.101.210.147 - - [05/Jan/2011:21:23:54 -0500] "GET /favicon.ico HTTP/1.1" 404 292 "-" "Mozilla/5.0 (Macintosh; U; Intel Mac OS X 10.6; en-US; rv:1.9.2.13) Gecko/20101203 Firefox/3.6.13"
76.101.210.147 - - [05/Jan/2011:21:23:57 -0500] "GET /favicon.ico HTTP/1.1" 404 292 "-" "Mozilla/5.0 (Macintosh; U; Intel Mac OS X 10.6; en-US; rv:1.9.2.13) Gecko/20101203 Firefox/3.6.13"
71.196.101.213 - - [05/Jan/2011:21:30:11 -0500] "GET /Logos/1_df-72dpi-250x30pix-banner.jpg HTTP/1.1" 200 4514 "-" "Mozilla/5.0 (iPhone; U; CPU iPhone OS 4_2_1 like Mac OS X; en-us) AppleWebKit/533.17.9 (KHTML, like Gecko)"
66.38.118.119 - - [05/Jan/2011:21:33:32 -0500] "GET /naples-weather.htm HTTP/1.1" 200 16725 "http://www.google.com/url?sa=t&source=web&cd=1&ved=0CBMQFjAA&url=http%3A%2F%2Fwww.naples-usa.com%2Fnaples-weather.htm&rct=j&q=naples%20florida%20spring%20weather&ei=8iklTY7VApOBnAeU1JnAAQ&usg=AFQjCNFlok03h0MAowO-qA4JNhDVbk-NQw" "Mozilla/4.0 (compatible; MSIE 8.0; Windows NT 5.1; Trident/4.0; GTB6; .NET CLR 2.0.50727; .NET CLR 3.0.04506.648; .NET CLR 3.5.21022; .NET CLR 3.0.4506.2152; .NET CLR 3.5.30729; AskTbFWV5/5.9.1.14019)"
66.38.118.119 - - [05/Jan/2011:21:33:32 -0500] "GET /images/welcome_usa.gif HTTP/1.1" 200 7890 "http://www.naples-usa.com/naples-weather.htm" "Mozilla/4.0 (compatible; MSIE 8.0; Windows NT 5.1; Trident/4.0; GTB6; .NET CLR 2.0.50727; .NET CLR 3.0.04506.648; .NET CLR 3.5.21022; .NET CLR 3.0.4506.2152; .NET CLR 3.5.30729; AskTbFWV5/5.9.1.14019)"
66.38.118.119 - - [05/Jan/2011:21:33:32 -0500] "GET /images/florida_logo.gif HTTP/1.1" 200 1024 "http://www.naples-usa.com/naples-weather.htm" "Mozilla/4.0 (compatible; MSIE 8.0; Windows NT 5.1; Trident/4.0; GTB6; .NET CLR 2.0.50727; .NET CLR 3.0.04506.648; .NET CLR 3.5.21022; .NET CLR 3.0.4506.2152; .NET CLR 3.5.30729; AskTbFWV5/5.9.1.14019)"
66.38.118.119 - - [05/Jan/2011:21:33:32 -0500] "GET /transparent.gif HTTP/1.1" 200 43 "http://www.naples-usa.com/naples-weather.htm" "Mozilla/4.0 (compatible; MSIE 8.0; Windows NT 5.1; Trident/4.0; GTB6; .NET CLR 2.0.50727; .NET CLR 3.0.04506.648; .NET CLR 3.5.21022; .NET CLR 3.0.4506.2152; .NET CLR 3.5.30729; AskTbFWV5/5.9.1.14019)"
66.38.118.119 - - [05/Jan/2011:21:33:33 -0500] "GET /favicon.ico HTTP/1.1" 404 292 "-" "Mozilla/4.0 (compatible; MSIE 8.0; Windows NT 5.1; Trident/4.0; GTB6; .NET CLR 2.0.50727; .NET CLR 3.0.04506.648; .NET CLR 3.5.21022; .NET CLR 3.0.4506.2152; .NET CLR 3.5.30729; AskTbFWV5/5.9.1.14019)"
77.22.101.77 - - [05/Jan/2011:21:37:56 -0500] "GET /robots.txt HTTP/1.0" 404 279 "-" "Mozilla/5.0 (compatible; MJ12bot/v1.3.3; http://www.majestic12.co.uk/bot.php?+)"
77.22.101.77 - - [05/Jan/2011:21:37:57 -0500] "GET / HTTP/1.1" 200 11305 "-" "Mozilla/5.0 (compatible; MJ12bot/v1.3.3; http://www.majestic12.co.uk/bot.php?+)"
67.195.112.50 - - [05/Jan/2011:21:39:29 -0500] "GET /robots.txt HTTP/1.0" 404 279 "-" "Mozilla/5.0 (compatible; Yahoo! Slurp; http://help.yahoo.com/help/us/ysearch/slurp)"
67.195.112.50 - - [05/Jan/2011:21:39:30 -0500] "GET /TheProcacciGroup/1953_crest-dining.jpg.LCK HTTP/1.0" 404 311 "-" "Mozilla/5.0 (compatible; Yahoo! Slurp; http://help.yahoo.com/help/us/ysearch/slurp)"
71.196.101.213 - - [05/Jan/2011:21:41:46 -0500] "GET /Logos/1_df-72dpi-250x30pix-banner.jpg HTTP/1.1" 304 - "-" "Mozilla/5.0 (iPhone; U; CPU iPhone OS 4_2_1 like Mac OS X; en-us) AppleWebKit/533.17.9 (KHTML, like Gecko)"
207.46.13.41 - - [05/Jan/2011:21:44:39 -0500] "GET /robots.txt HTTP/1.1" 404 291 "-" "Mozilla/5.0 (compatible; bingbot/2.0; +http://www.bing.com/bingbot.htm)"
68.51.238.152 - - [05/Jan/2011:21:51:03 -0500] "GET /calendar-clubs-and-orgs.htm HTTP/1.1" 200 27411 "http://www.google.com/search?hl=en&rlz=1G1GGLQ_ENUS404&q=naples+singles+events&aq=2v&aqi=g2g-v8&aql=t&oq=naples+singles+&gs_rfai=" "Mozilla/4.0 (compatible; MSIE 8.0; Windows NT 5.1; Trident/4.0; .NET CLR 1.0.3705; .NET CLR 1.1.4322; Media Center PC 4.0; .NET CLR 2.0.50727; .NET CLR 3.0.4506.2152; .NET CLR 3.5.30729; InfoPath.2; WinTSI 02.02.2010)"
68.51.238.152 - - [05/Jan/2011:21:51:03 -0500] "GET /images/spacer.gif HTTP/1.1" 200 43 "http://www.naples-usa.com/calendar-clubs-and-orgs.htm" "Mozilla/4.0 (compatible; MSIE 8.0; Windows NT 5.1; Trident/4.0; .NET CLR 1.0.3705; .NET CLR 1.1.4322; Media Center PC 4.0; .NET CLR 2.0.50727; .NET CLR 3.0.4506.2152; .NET CLR 3.5.30729; InfoPath.2; WinTSI 02.02.2010)"
68.51.238.152 - - [05/Jan/2011:21:51:03 -0500] "GET /design_styles.css HTTP/1.1" 404 298 "http://www.naples-usa.com/calendar-clubs-and-orgs.htm" "Mozilla/4.0 (compatible; MSIE 8.0; Windows NT 5.1; Trident/4.0; .NET CLR 1.0.3705; .NET CLR 1.1.4322; Media Center PC 4.0; .NET CLR 2.0.50727; .NET CLR 3.0.4506.2152; .NET CLR 3.5.30729; InfoPath.2; WinTSI 02.02.2010)"
68.51.238.152 - - [05/Jan/2011:21:51:03 -0500] "GET /dynamic_styles.css HTTP/1.1" 404 299 "http://www.naples-usa.com/calendar-clubs-and-orgs.htm" "Mozilla/4.0 (compatible; MSIE 8.0; Windows NT 5.1; Trident/4.0; .NET CLR 1.0.3705; .NET CLR 1.1.4322; Media Center PC 4.0; .NET CLR 2.0.50727; .NET CLR 3.0.4506.2152; .NET CLR 3.5.30729; InfoPath.2; WinTSI 02.02.2010)"
68.51.238.152 - - [05/Jan/2011:21:51:03 -0500] "GET /javascripts/address.js HTTP/1.1" 404 303 "http://www.naples-usa.com/calendar-clubs-and-orgs.htm" "Mozilla/4.0 (compatible; MSIE 8.0; Windows NT 5.1; Trident/4.0; .NET CLR 1.0.3705; .NET CLR 1.1.4322; Media Center PC 4.0; .NET CLR 2.0.50727; .NET CLR 3.0.4506.2152; .NET CLR 3.5.30729; InfoPath.2; WinTSI 02.02.2010)"
68.51.238.152 - - [05/Jan/2011:21:51:03 -0500] "GET /favicon.ico HTTP/1.1" 404 292 "-" "Mozilla/4.0 (compatible; MSIE 8.0; Windows NT 5.1; Trident/4.0; .NET CLR 1.0.3705; .NET CLR 1.1.4322; Media Center PC 4.0; .NET CLR 2.0.50727; .NET CLR 3.0.4506.2152; .NET CLR 3.5.30729; InfoPath.2; WinTSI 02.02.2010)"
166.137.9.137 - - [05/Jan/2011:22:01:57 -0500] "GET /naples-weather.htm HTTP/1.1" 200 16725 "http://www.google.com/search?q=when+to+see+green+flash+floridA&ie=UTF-8&oe=UTF-8&hl=en&client=safari" "Mozilla/5.0 (iPhone; U; CPU iPhone OS 4_1 like Mac OS X; en-us) AppleWebKit/532.9 (KHTML, like Gecko) Version/4.0.5 Mobile/8B117 Safari/6531.22.7"
166.137.9.137 - - [05/Jan/2011:22:01:57 -0500] "GET /images/welcome_usa.gif HTTP/1.1" 200 7890 "http://www.naples-usa.com/naples-weather.htm" "Mozilla/5.0 (iPhone; U; CPU iPhone OS 4_1 like Mac OS X; en-us) AppleWebKit/532.9 (KHTML, like Gecko) Version/4.0.5 Mobile/8B117 Safari/6531.22.7"
166.137.9.137 - - [05/Jan/2011:22:01:57 -0500] "GET /images/florida_logo.gif HTTP/1.1" 200 1024 "http://www.naples-usa.com/naples-weather.htm" "Mozilla/5.0 (iPhone; U; CPU iPhone OS 4_1 like Mac OS X; en-us) AppleWebKit/532.9 (KHTML, like Gecko) Version/4.0.5 Mobile/8B117 Safari/6531.22.7"
166.137.9.137 - - [05/Jan/2011:22:01:57 -0500] "GET /transparent.gif HTTP/1.1" 200 43 "http://www.naples-usa.com/naples-weather.htm" "Mozilla/5.0 (iPhone; U; CPU iPhone OS 4_1 like Mac OS X; en-us) AppleWebKit/532.9 (KHTML, like Gecko) Version/4.0.5 Mobile/8B117 Safari/6531.22.7"
207.46.13.41 - - [05/Jan/2011:22:02:17 -0500] "GET /TheProcacciGroup/naplesfloridarentals1a.htm HTTP/1.1" 404 324 "-" "Mozilla/5.0 (compatible; bingbot/2.0; +http://www.bing.com/bingbot.htm)"
67.195.112.50 - - [05/Jan/2011:22:05:43 -0500] "GET /hawken.htm HTTP/1.0" 404 279 "-" "Mozilla/5.0 (compatible; Yahoo! Slurp; http://help.yahoo.com/help/us/ysearch/slurp)"
75.71.55.125 - - [05/Jan/2011:22:12:23 -0500] "GET /images/1_naples%20florida%20real%20estate_index.jpg HTTP/1.1" 200 24287 "-" "Clipish/8.40.1 CFNetwork/485.2 Darwin/10.3.1"
65.52.110.69 - - [05/Jan/2011:22:14:34 -0500] "GET /robots.txt HTTP/1.1" 404 291 "-" "Mozilla/5.0 (compatible; bingbot/2.0; +http://www.bing.com/bingbot.htm)"
69.113.122.214 - - [05/Jan/2011:22:19:34 -0500] "GET /images/1_naples%20florida%20real%20estate_index.jpg HTTP/1.1" 200 24287 "" "Mozilla/4.0 (compatible; MSIE 999.1; Unknown)"
67.195.112.50 - - [05/Jan/2011:22:32:42 -0500] "GET /TheProcacciGroup/?N=A HTTP/1.0" 404 286 "-" "Mozilla/5.0 (compatible; Yahoo! Slurp; http://help.yahoo.com/help/us/ysearch/slurp)"
65.52.110.69 - - [05/Jan/2011:22:35:17 -0500] "GET /naples-boatcondos.htm HTTP/1.1" 304 - "-" "Mozilla/5.0 (compatible; bingbot/2.0; +http://www.bing.com/bingbot.htm)"
188.106.217.180 - - [05/Jan/2011:22:37:58 -0500] "GET /meek.htm HTTP/1.1" 404 289 "-" "Mozilla/4.0 (compatible; MSIE 8.0; Windows NT 5.2; WOW64; Trident/4.0; .NET CLR 2.0.50727)"
95.108.217.252 - - [05/Jan/2011:22:42:24 -0500] "GET /boat_docks.htm HTTP/1.1" 404 295 "-" "Mozilla/5.0 (compatible; YandexBot/3.0; +http://yandex.com/bots)"
67.195.112.50 - - [05/Jan/2011:22:45:11 -0500] "GET /TheProcacciGroup/1445_mariposa-206021599.jpg.LCK HTTP/1.0" 404 317 "-" "Mozilla/5.0 (compatible; Yahoo! Slurp; http://help.yahoo.com/help/us/ysearch/slurp)"
67.195.112.50 - - [05/Jan/2011:22:54:52 -0500] "GET /TheProcacciGroup/1325_sweetwater-ext2.jpg.LCK HTTP/1.0" 404 314 "-" "Mozilla/5.0 (compatible; Yahoo! Slurp; http://help.yahoo.com/help/us/ysearch/slurp)"
67.195.112.50 - - [05/Jan/2011:23:04:52 -0500] "GET /TheProcacciGroup/1325_sweetwater-bed1.jpg.LCK HTTP/1.0" 404 314 "-" "Mozilla/5.0 (compatible; Yahoo! Slurp; http://help.yahoo.com/help/us/ysearch/slurp)"
67.195.112.50 - - [05/Jan/2011:23:07:11 -0500] "GET /TheProcacciGroup/1410_sweet-bed.jpg.LCK HTTP/1.0" 404 308 "-" "Mozilla/5.0 (compatible; Yahoo! Slurp; http://help.yahoo.com/help/us/ysearch/slurp)"
208.80.194.37 - - [05/Jan/2011:23:12:01 -0500] "GET / HTTP/1.0" 200 11305 "-" "Mozilla/4.0 (compatible; MSIE 6.0; Windows NT 5.1; SV1; .NET CLR 1.1.4322; PeoplePal 3.0; HbTools 4.8.4; yplus 5.1.04b)"
208.80.194.37 - - [05/Jan/2011:23:12:01 -0500] "GET / HTTP/1.0" 200 11305 "-" "Mozilla/4.0 (compatible; MSIE 6.0; Windows NT 5.1; SV1; Orange 7.4 ; NaviWoo1.1; (R1 1.5); .NET CLR 1.1.4322)"
125.252.88.12 - - [05/Jan/2011:23:14:07 -0500] "GET / HTTP/1.1" 200 11305 "-" "Mozilla/4.0 (compatible; MSIE 6.0; Windows NT 5.1; SV1; .NET CLR 1.0.3705; .NET CLR 1.1.4322; .NET CLR 2.0.50727)"
67.195.112.50 - - [05/Jan/2011:23:44:24 -0500] "GET /images_map/bn10.htm HTTP/1.0" 404 288 "-" "Mozilla/5.0 (compatible; Yahoo! Slurp; http://help.yahoo.com/help/us/ysearch/slurp)"
67.195.112.50 - - [06/Jan/2011:00:08:44 -0500] "GET /TheProcacciGroup/12835_carrington-break.jpg.LCK HTTP/1.0" 404 316 "-" "Mozilla/5.0 (compatible; Yahoo! Slurp; http://help.yahoo.com/help/us/ysearch/slurp)"
124.115.0.14 - - [06/Jan/2011:00:15:55 -0500] "GET / HTTP/1.1" 200 11305 "-" "Sosospider+(+http://help.soso.com/webspider.htm)"
67.195.112.50 - - [06/Jan/2011:00:31:15 -0500] "GET /homepage_links.htm HTTP/1.0" 404 287 "-" "Mozilla/5.0 (compatible; Yahoo! Slurp; http://help.yahoo.com/help/us/ysearch/slurp)"
67.195.112.50 - - [06/Jan/2011:00:34:21 -0500] "GET /TheProcacciGroup/12855_carrington-kitch2.jpg.LCK HTTP/1.0" 404 317 "-" "Mozilla/5.0 (compatible; Yahoo! Slurp; http://help.yahoo.com/help/us/ysearch/slurp)"
207.46.13.49 - - [06/Jan/2011:00:52:27 -0500] "GET /robots.txt HTTP/1.1" 404 291 "-" "Mozilla/5.0 (compatible; bingbot/2.0; +http://www.bing.com/bingbot.htm)"
207.46.13.49 - - [06/Jan/2011:00:54:49 -0500] "GET /history.htm HTTP/1.1" 404 292 "-" "Mozilla/5.0 (compatible; bingbot/2.0; +http://www.bing.com/bingbot.htm)"
67.195.112.59 - - [06/Jan/2011:01:05:24 -0500] "GET /robots.txt HTTP/1.0" 404 279 "-" "Mozilla/5.0 (compatible; Yahoo! Slurp; http://help.yahoo.com/help/us/ysearch/slurp)"
67.195.112.59 - - [06/Jan/2011:01:05:24 -0500] "GET /naples-florida-beachesandparks.htm HTTP/1.0" 200 10582 "-" "Mozilla/5.0 (compatible; Yahoo! Slurp; http://help.yahoo.com/help/us/ysearch/slurp)"
207.46.199.55 - - [06/Jan/2011:01:07:28 -0500] "GET /robots.txt HTTP/1.1" 404 291 "-" "Mozilla/5.0 (compatible; bingbot/2.0; +http://www.bing.com/bingbot.htm)"
67.195.112.50 - - [06/Jan/2011:01:12:14 -0500] "GET /TheProcacciGroup/7815_regal-207030343.jpg.LCK HTTP/1.0" 404 314 "-" "Mozilla/5.0 (compatible; Yahoo! Slurp; http://help.yahoo.com/help/us/ysearch/slurp)"
207.46.199.55 - - [06/Jan/2011:01:14:13 -0500] "GET /Vendors/How_To.htm HTTP/1.1" 404 299 "-" "Mozilla/5.0 (compatible; bingbot/2.0; +http://www.bing.com/bingbot.htm)"
95.108.217.252 - - [06/Jan/2011:01:21:22 -0500] "GET /naples-arts.htm HTTP/1.1" 200 4976 "-" "Mozilla/5.0 (compatible; YandexBot/3.0; +http://yandex.com/bots)"
207.46.13.96 - - [06/Jan/2011:01:26:44 -0500] "GET /naples-calendarofevents.htm HTTP/1.1" 304 - "-" "Mozilla/5.0 (compatible; bingbot/2.0; +http://www.bing.com/bingbot.htm)"
67.195.112.50 - - [06/Jan/2011:01:28:08 -0500] "GET /TheProcacciGroup/28430_altessa-sign.jpg.LCK HTTP/1.0" 404 312 "-" "Mozilla/5.0 (compatible; Yahoo! Slurp; http://help.yahoo.com/help/us/ysearch/slurp)"
67.195.112.50 - - [06/Jan/2011:01:51:24 -0500] "GET /stevens/properties1.htm HTTP/1.0" 404 292 "-" "Mozilla/5.0 (compatible; Yahoo! Slurp; http://help.yahoo.com/help/us/ysearch/slurp)"
67.195.112.50 - - [06/Jan/2011:01:55:00 -0500] "GET /TheProcacciGroup/4520_botanical-bar.jpg.LCK HTTP/1.0" 404 312 "-" "Mozilla/5.0 (compatible; Yahoo! Slurp; http://help.yahoo.com/help/us/ysearch/slurp)"
67.195.112.50 - - [06/Jan/2011:02:01:07 -0500] "GET /TheProcacciGroup/4362_longshore-misc.jpg.LCK HTTP/1.0" 404 313 "-" "Mozilla/5.0 (compatible; Yahoo! Slurp; http://help.yahoo.com/help/us/ysearch/slurp)"
207.46.204.192 - - [06/Jan/2011:02:16:54 -0500] "GET /robots.txt HTTP/1.1" 404 291 "-" "Mozilla/5.0 (compatible; bingbot/2.0; +http://www.bing.com/bingbot.htm)"
119.63.198.50 - - [06/Jan/2011:02:30:53 -0500] "GET /robots.txt HTTP/1.1" 404 291 "-" "Baiduspider+(+http://www.baidu.com/search/spider.htm)"
119.63.198.71 - - [06/Jan/2011:02:41:21 -0500] "GET / HTTP/1.1" 200 11305 "-" "Baiduspider+(+http://www.baidu.jp/spider/)"
207.46.204.192 - - [06/Jan/2011:02:44:13 -0500] "GET /lost-pets.htm HTTP/1.1" 404 294 "-" "Mozilla/5.0 (compatible; bingbot/2.0; +http://www.bing.com/bingbot.htm)"
67.195.112.50 - - [06/Jan/2011:02:56:50 -0500] "GET /powell.htm HTTP/1.0" 404 279 "-" "Mozilla/5.0 (compatible; Yahoo! Slurp; http://help.yahoo.com/help/us/ysearch/slurp)"
67.195.112.50 - - [06/Jan/2011:02:58:57 -0500] "GET /TheProcacciGroup/rentals-new-old-a.htm HTTP/1.0" 404 307 "-" "Mozilla/5.0 (compatible; Yahoo! Slurp; http://help.yahoo.com/help/us/ysearch/slurp)"
207.46.13.45 - - [06/Jan/2011:03:10:11 -0500] "GET /robots.txt HTTP/1.1" 404 291 "-" "Mozilla/5.0 (compatible; bingbot/2.0; +http://www.bing.com/bingbot.htm)"
207.46.13.45 - - [06/Jan/2011:03:11:43 -0500] "GET /blaine/naples-rentals.htm HTTP/1.1" 404 306 "-" "Mozilla/5.0 (compatible; bingbot/2.0; +http://www.bing.com/bingbot.htm)"
67.195.112.50 - - [06/Jan/2011:03:36:59 -0500] "GET / HTTP/1.0" 200 11305 "-" "Mozilla/5.0 (compatible; Yahoo! Slurp; http://help.yahoo.com/help/us/ysearch/slurp)"
67.195.112.50 - - [06/Jan/2011:03:37:00 -0500] "GET /naples-usa.css HTTP/1.0" 200 714 "http://www.naples-usa.com/" "Mozilla/5.0 (compatible; Yahoo! Slurp; http://help.yahoo.com/help/us/ysearch/slurp)"
67.195.112.50 - - [06/Jan/2011:03:40:03 -0500] "GET /naples-florida-facts.htm HTTP/1.0" 200 12073 "-" "Mozilla/5.0 (compatible; Yahoo! Slurp; http://help.yahoo.com/help/us/ysearch/slurp)"
95.108.217.252 - - [06/Jan/2011:03:41:17 -0500] "GET /history.htm HTTP/1.1" 404 292 "-" "Mozilla/5.0 (compatible; YandexBot/3.0; +http://yandex.com/bots)"
79.16.5.66 - - [06/Jan/2011:03:57:31 -0500] "GET /calendar-clubs-and-orgs.htm HTTP/1.1" 200 27411 "http://www.google.it/search?q=fleischmann+7885&ie=utf-8&oe=utf-8&aq=t&rls=org.mozilla:it:official&client=firefox-a" "Mozilla/5.0 (Windows; U; Windows NT 5.1; it; rv:1.9.2.13) Gecko/20101203 Firefox/3.6.13"
79.16.5.66 - - [06/Jan/2011:03:57:31 -0500] "GET /design_styles.css HTTP/1.1" 404 298 "http://www.naples-usa.com/calendar-clubs-and-orgs.htm" "Mozilla/5.0 (Windows; U; Windows NT 5.1; it; rv:1.9.2.13) Gecko/20101203 Firefox/3.6.13"
79.16.5.66 - - [06/Jan/2011:03:57:31 -0500] "GET /dynamic_styles.css HTTP/1.1" 404 299 "http://www.naples-usa.com/calendar-clubs-and-orgs.htm" "Mozilla/5.0 (Windows; U; Windows NT 5.1; it; rv:1.9.2.13) Gecko/20101203 Firefox/3.6.13"
79.16.5.66 - - [06/Jan/2011:03:57:32 -0500] "GET /images/spacer.gif HTTP/1.1" 200 43 "http://www.naples-usa.com/calendar-clubs-and-orgs.htm" "Mozilla/5.0 (Windows; U; Windows NT 5.1; it; rv:1.9.2.13) Gecko/20101203 Firefox/3.6.13"
79.16.5.66 - - [06/Jan/2011:03:57:32 -0500] "GET /favicon.ico HTTP/1.1" 404 292 "-" "Mozilla/5.0 (Windows; U; Windows NT 5.1; it; rv:1.9.2.13) Gecko/20101203 Firefox/3.6.13"
79.16.5.66 - - [06/Jan/2011:03:57:32 -0500] "GET /calendar-clubs-and-orgs.htm HTTP/1.1" 206 3250 "http://www.google.it/search?q=fleischmann+7885&ie=utf-8&oe=utf-8&aq=t&rls=org.mozilla:it:official&client=firefox-a" "Mozilla/5.0 (Windows; U; Windows NT 5.1; it; rv:1.9.2.13) Gecko/20101203 Firefox/3.6.13"
79.16.5.66 - - [06/Jan/2011:03:57:32 -0500] "GET /design_styles.css HTTP/1.1" 404 298 "http://www.naples-usa.com/calendar-clubs-and-orgs.htm" "Mozilla/5.0 (Windows; U; Windows NT 5.1; it; rv:1.9.2.13) Gecko/20101203 Firefox/3.6.13"
79.16.5.66 - - [06/Jan/2011:03:57:32 -0500] "GET /dynamic_styles.css HTTP/1.1" 404 299 "http://www.naples-usa.com/calendar-clubs-and-orgs.htm" "Mozilla/5.0 (Windows; U; Windows NT 5.1; it; rv:1.9.2.13) Gecko/20101203 Firefox/3.6.13"
79.16.5.66 - - [06/Jan/2011:03:57:32 -0500] "GET /images/spacer.gif HTTP/1.1" 200 43 "http://www.naples-usa.com/calendar-clubs-and-orgs.htm" "Mozilla/5.0 (Windows; U; Windows NT 5.1; it; rv:1.9.2.13) Gecko/20101203 Firefox/3.6.13"
79.16.5.66 - - [06/Jan/2011:03:57:33 -0500] "GET /javascripts/address.js HTTP/1.1" 404 303 "http://www.naples-usa.com/calendar-clubs-and-orgs.htm" "Mozilla/5.0 (Windows; U; Windows NT 5.1; it; rv:1.9.2.13) Gecko/20101203 Firefox/3.6.13"
79.16.5.66 - - [06/Jan/2011:03:57:33 -0500] "GET /favicon.ico HTTP/1.1" 404 292 "-" "Mozilla/5.0 (Windows; U; Windows NT 5.1; it; rv:1.9.2.13) Gecko/20101203 Firefox/3.6.13"
79.16.5.66 - - [06/Jan/2011:03:57:34 -0500] "GET /favicon.ico HTTP/1.1" 404 292 "-" "Mozilla/5.0 (Windows; U; Windows NT 5.1; it; rv:1.9.2.13) Gecko/20101203 Firefox/3.6.13"
79.16.5.66 - - [06/Jan/2011:03:57:34 -0500] "GET /favicon.ico HTTP/1.1" 404 292 "-" "Mozilla/5.0 (Windows; U; Windows NT 5.1; it; rv:1.9.2.13) Gecko/20101203 Firefox/3.6.13"
83.163.235.250 - - [06/Jan/2011:03:59:22 -0500] "GET /images/1_naples%20florida%20real%20estate_index.jpg HTTP/1.1" 200 24287 "-" "Mozilla/4.0 (compatible; MSIE 7.0; Windows NT 6.0; SLCC1; .NET CLR 2.0.50727; .NET CLR 3.5.30729; .NET CLR 3.0.30618; MSOffice 12)"
67.195.112.50 - - [06/Jan/2011:04:05:32 -0500] "GET /TheProcacciGroup/2748_tiburon-208019128.jpg.LCK HTTP/1.0" 404 316 "-" "Mozilla/5.0 (compatible; Yahoo! Slurp; http://help.yahoo.com/help/us/ysearch/slurp)"
83.163.235.250 - - [06/Jan/2011:04:05:42 -0500] "GET /images/1_naples%20florida%20real%20estate_index.jpg HTTP/1.1" 304 - "-" "Mozilla/4.0 (compatible; MSIE 7.0; Windows NT 6.0; SLCC1; .NET CLR 2.0.50727; .NET CLR 3.5.30729; .NET CLR 3.0.30618; MSOffice 12)"
67.195.112.50 - - [06/Jan/2011:04:16:36 -0500] "GET /TheProcacciGroup/7347_monte-living3.jpg.LCK HTTP/1.0" 404 312 "-" "Mozilla/5.0 (compatible; Yahoo! Slurp; http://help.yahoo.com/help/us/ysearch/slurp)"
207.46.204.192 - - [06/Jan/2011:04:19:18 -0500] "GET /robots.txt HTTP/1.1" 404 291 "-" "Mozilla/5.0 (compatible; bingbot/2.0; +http://www.bing.com/bingbot.htm)"
207.46.204.192 - - [06/Jan/2011:04:25:14 -0500] "GET /harrison/properties1.htm HTTP/1.1" 404 305 "-" "Mozilla/5.0 (compatible; bingbot/2.0; +http://www.bing.com/bingbot.htm)"
67.195.112.50 - - [06/Jan/2011:04:36:23 -0500] "GET /TheProcacciGroup/9088_chula-misc.jpg.LCK HTTP/1.0" 404 309 "-" "Mozilla/5.0 (compatible; Yahoo! Slurp; http://help.yahoo.com/help/us/ysearch/slurp)"
67.195.112.50 - - [06/Jan/2011:04:42:27 -0500] "GET /TheProcacciGroup/3150_binnacle-pool.jpg.LCK HTTP/1.0" 404 312 "-" "Mozilla/5.0 (compatible; Yahoo! Slurp; http://help.yahoo.com/help/us/ysearch/slurp)"
67.195.112.50 - - [06/Jan/2011:04:52:25 -0500] "GET /TheProcacciGroup/4520_botanical-bath.jpg.LCK HTTP/1.0" 404 313 "-" "Mozilla/5.0 (compatible; Yahoo! Slurp; http://help.yahoo.com/help/us/ysearch/slurp)"
67.195.112.50 - - [06/Jan/2011:04:59:05 -0500] "GET /TheProcacciGroup/2931_green-pool.jpg.LCK HTTP/1.0" 404 309 "-" "Mozilla/5.0 (compatible; Yahoo! Slurp; http://help.yahoo.com/help/us/ysearch/slurp)"
122.173.168.10 - - [06/Jan/2011:05:12:09 -0500] "GET / HTTP/1.1" 200 11305 "-" "Mozilla/5.0 (Windows; U; Windows NT 5.1; en-US; rv:1.9.2.13) Gecko/20101203 Firefox/3.6.13 ( .NET CLR 3.5.30729)"
122.173.168.10 - - [06/Jan/2011:05:12:10 -0500] "GET /naples-usa.css HTTP/1.1" 200 714 "http://www.naples-usa.com/" "Mozilla/5.0 (Windows; U; Windows NT 5.1; en-US; rv:1.9.2.13) Gecko/20101203 Firefox/3.6.13 ( .NET CLR 3.5.30729)"
122.173.168.10 - - [06/Jan/2011:05:12:10 -0500] "GET /images/welcome_usa.gif HTTP/1.1" 200 7890 "http://www.naples-usa.com/" "Mozilla/5.0 (Windows; U; Windows NT 5.1; en-US; rv:1.9.2.13) Gecko/20101203 Firefox/3.6.13 ( .NET CLR 3.5.30729)"
122.173.168.10 - - [06/Jan/2011:05:12:10 -0500] "GET /images/border%20naples.gif HTTP/1.1" 200 358 "http://www.naples-usa.com/" "Mozilla/5.0 (Windows; U; Windows NT 5.1; en-US; rv:1.9.2.13) Gecko/20101203 Firefox/3.6.13 ( .NET CLR 3.5.30729)"
122.173.168.10 - - [06/Jan/2011:05:12:12 -0500] "GET /images/A-INDE%7E1.jpg HTTP/1.1" 200 23069 "http://www.naples-usa.com/" "Mozilla/5.0 (Windows; U; Windows NT 5.1; en-US; rv:1.9.2.13) Gecko/20101203 Firefox/3.6.13 ( .NET CLR 3.5.30729)"
122.173.168.10 - - [06/Jan/2011:05:12:13 -0500] "GET /favicon.ico HTTP/1.1" 404 292 "-" "Mozilla/5.0 (Windows; U; Windows NT 5.1; en-US; rv:1.9.2.13) Gecko/20101203 Firefox/3.6.13 ( .NET CLR 3.5.30729)"
122.173.168.10 - - [06/Jan/2011:05:12:13 -0500] "GET /favicon.ico HTTP/1.1" 404 292 "-" "Mozilla/5.0 (Windows; U; Windows NT 5.1; en-US; rv:1.9.2.13) Gecko/20101203 Firefox/3.6.13 ( .NET CLR 3.5.30729)"
67.195.112.50 - - [06/Jan/2011:05:12:50 -0500] "GET /TheProcacciGroup/4296_long-dining1.jpg.LCK HTTP/1.0" 404 311 "-" "Mozilla/5.0 (compatible; Yahoo! Slurp; http://help.yahoo.com/help/us/ysearch/slurp)"
220.181.94.223 - - [06/Jan/2011:05:12:58 -0500] "GET /robots.txt HTTP/1.1" 404 291 "-" "Sogou web spider/4.0(+http://www.sogou.com/docs/help/webmasters.htm#07)"
220.181.94.223 - - [06/Jan/2011:05:13:08 -0500] "GET / HTTP/1.1" 200 11305 "-" "Sogou-Test-Spider/4.0 (compatible; MSIE 5.5; Windows 98)"
95.108.217.252 - - [06/Jan/2011:05:16:18 -0500] "GET /recycling-info-naples-florida.htm HTTP/1.1" 200 13920 "-" "Mozilla/5.0 (compatible; YandexBot/3.0; +http://yandex.com/bots)"
166.137.140.34 - - [06/Jan/2011:06:06:12 -0500] "GET /Logos/winner_250.jpg HTTP/1.1" 200 6408 "-" "Mozilla/5.0 (iPhone; U; CPU iPhone OS 4_1 like Mac OS X; en-us) AppleWebKit/532.9 (KHTML, like Gecko)"
166.137.140.34 - - [06/Jan/2011:06:06:12 -0500] "GET /Logos/1_df-72dpi-476x57pix-banner.jpg HTTP/1.1" 200 9733 "-" "Mozilla/5.0 (iPhone; U; CPU iPhone OS 4_1 like Mac OS X; en-us) AppleWebKit/532.9 (KHTML, like Gecko)"
207.46.12.210 - - [06/Jan/2011:06:12:09 -0500] "GET /lost-birds.htm HTTP/1.1" 200 39667 "-" "Mozilla/4.0 (compatible; MSIE 6.0; Windows NT 5.2; SLCC1; .NET CLR 1.1.4325; .NET CLR 2.0.50727; .NET CLR 3.0.30729)"
67.195.112.50 - - [06/Jan/2011:06:12:40 -0500] "GET /TheProcacciGroup/naplesfloridarentals1a.htm HTTP/1.0" 404 312 "-" "Mozilla/5.0 (compatible; Yahoo! Slurp; http://help.yahoo.com/help/us/ysearch/slurp)"
207.46.13.145 - - [06/Jan/2011:06:15:37 -0500] "GET /robots.txt HTTP/1.1" 404 291 "-" "Mozilla/5.0 (compatible; bingbot/2.0; +http://www.bing.com/bingbot.htm)"
207.46.13.145 - - [06/Jan/2011:06:18:14 -0500] "GET /reports_for-buyers.htm HTTP/1.1" 404 303 "-" "Mozilla/5.0 (compatible; bingbot/2.0; +http://www.bing.com/bingbot.htm)"
67.195.112.50 - - [06/Jan/2011:06:27:18 -0500] "GET /TheProcacciGroup/4401_gulf-kitch.jpg.LCK HTTP/1.0" 404 309 "-" "Mozilla/5.0 (compatible; Yahoo! Slurp; http://help.yahoo.com/help/us/ysearch/slurp)"
124.115.0.15 - - [06/Jan/2011:06:47:45 -0500] "GET / HTTP/1.1" 200 11305 "-" "Sosospider+(+http://help.soso.com/webspider.htm)"
138.111.54.251 - - [06/Jan/2011:07:04:04 -0500] "GET /robots.txt HTTP/1.0" 404 279 "-" "Nutch/1.2/Nutch-1.2"
138.111.54.251 - - [06/Jan/2011:07:04:04 -0500] "GET / HTTP/1.0" 304 - "-" "Nutch/1.2/Nutch-1.2"
205.178.190.235 - - [06/Jan/2011:07:07:58 -0500] "HEAD / HTTP/1.1" 200 0 "-" "Mozilla/5.0 (Windows; U; Windows NT 5.1; en-US; rv:1.8.1.12) Gecko/20080201 Firefox/2.0.0.12"
205.178.190.235 - - [06/Jan/2011:07:08:34 -0500] "GET / HTTP/1.1" 200 11305 "-" "Mozilla/4.0 (compatible; MSIE 6.0; Windows NT 5.2; SV1; .NET CLR 1.1.4322; .NET CLR 2.0.50727)"
205.178.190.235 - - [06/Jan/2011:07:11:04 -0500] "GET / HTTP/1.1" 200 11305 "-" "Mozilla/4.0 (compatible; MSIE 6.0; Windows NT 5.2; SV1; .NET CLR 1.1.4322; .NET CLR 2.0.50727)"
205.178.190.235 - - [06/Jan/2011:07:11:04 -0500] "GET /robots.txt HTTP/1.1" 404 291 "-" "Mozilla/5.0 (Windows; U; Windows NT 5.1; en-US; rv:1.8.1.12) Gecko/20080201 Firefox/2.0.0.12"
188.165.226.104 - - [06/Jan/2011:07:18:14 -0500] "GET /robots.txt HTTP/1.0" 404 279 "-" "Mozilla/5.0 (compatible; MJ12bot/v1.3.3; http://www.majestic12.co.uk/bot.php?+)"
188.165.226.104 - - [06/Jan/2011:07:18:14 -0500] "GET /molhoek.htm HTTP/1.0" 200 8161 "-" "Mozilla/5.0 (compatible; MJ12bot/v1.3.3; http://www.majestic12.co.uk/bot.php?+)"
205.178.190.236 - - [06/Jan/2011:07:21:40 -0500] "HEAD /golf.htm HTTP/1.1" 404 0 "-" "Mozilla/5.0 (Windows; U; Windows NT 5.1; en-US; rv:1.8.1.16) Gecko/20080702 Firefox/2.0.0.16"
205.178.190.236 - - [06/Jan/2011:07:21:41 -0500] "HEAD /area-information-calendar.htm HTTP/1.1" 404 0 "-" "Mozilla/4.0 (compatible; MSIE 7.0; Windows NT 5.1; .NET CLR 1.1.4322; .NET CLR 2.0.50727)"
205.178.190.234 - - [06/Jan/2011:07:21:46 -0500] "HEAD /naples-florida-facts.htm HTTP/1.1" 200 0 "-" "Mozilla/5.0 (Windows; U; Windows NT 5.1; en-US; rv:1.8.1.12) Gecko/20080201 Firefox/2.0.0.12"
205.178.190.234 - - [06/Jan/2011:07:21:46 -0500] "HEAD /naples-calendarofevents.htm HTTP/1.1" 200 0 "-" "Mozilla/5.0 (Windows; U; Windows NT 5.1; en-US; rv:1.8.1.16) Gecko/20080702 Firefox/2.0.0.16"
205.178.190.236 - - [06/Jan/2011:07:21:58 -0500] "GET /golf.htm HTTP/1.1" 404 289 "-" "Mozilla/5.0 (Windows; U; Windows NT 5.1; en-US; rv:1.8.1.12) Gecko/20080201 Firefox/2.0.0.12"
205.178.190.236 - - [06/Jan/2011:07:21:59 -0500] "GET /area-information-calendar.htm HTTP/1.1" 404 310 "-" "Mozilla/4.0 (compatible; MSIE 7.0; Windows NT 5.1; .NET CLR 1.1.4322; .NET CLR 2.0.50727)"
205.178.190.234 - - [06/Jan/2011:07:22:02 -0500] "GET /naples-florida-facts.htm HTTP/1.1" 200 12073 "-" "Mozilla/5.0 (Windows; U; Windows NT 5.1; en-US; rv:1.8.1.16) Gecko/20080702 Firefox/2.0.0.16"
205.178.190.234 - - [06/Jan/2011:07:22:03 -0500] "GET /naples-calendarofevents.htm HTTP/1.1" 200 255135 "-" "Mozilla/5.0 (Windows; U; Windows NT 5.1; en-US; rv:1.8.1.12) Gecko/20080201 Firefox/2.0.0.12"
205.178.190.235 - - [06/Jan/2011:07:22:17 -0500] "GET /naples-florida-schools.htm HTTP/1.1" 200 27490 "-" "Mozilla/5.0 (Windows; U; Windows NT 5.1; en-US; rv:1.8.1.12) Gecko/20080201 Firefox/2.0.0.12"
66.249.71.46 - - [06/Jan/2011:07:28:54 -0500] "GET /robots.txt HTTP/1.1" 404 291 "-" "Mozilla/5.0 (compatible; Googlebot/2.1; +http://www.google.com/bot.html)"
66.249.71.46 - - [06/Jan/2011:07:28:54 -0500] "GET /naples-boatcondos.htm HTTP/1.1" 304 - "-" "Mozilla/5.0 (compatible; Googlebot/2.1; +http://www.google.com/bot.html)"
67.195.112.50 - - [06/Jan/2011:07:39:28 -0500] "GET /TheProcacciGroup/74_erin-way-208011977.jpg.LCK HTTP/1.0" 404 315 "-" "Mozilla/5.0 (compatible; Yahoo! Slurp; http://help.yahoo.com/help/us/ysearch/slurp)"
95.108.217.252 - - [06/Jan/2011:07:45:17 -0500] "GET /homestead.htm HTTP/1.1" 404 294 "-" "Mozilla/5.0 (compatible; YandexBot/3.0; +http://yandex.com/bots)"
131.107.65.43 - - [06/Jan/2011:07:47:48 -0500] "GET / HTTP/1.1" 200 11305 "-" "Mozilla/4.0 (compatible; MSIE 7.0; Windows NT 6.1; WOW64; Trident/4.0; SLCC2; .NET CLR 2.0.50727)"
131.107.65.43 - - [06/Jan/2011:07:47:48 -0500] "GET /naples-usa.css HTTP/1.1" 200 714 "http://www.naples-usa.com/" "Mozilla/4.0 (compatible; MSIE 7.0; Windows NT 6.1; WOW64; Trident/4.0; SLCC2; .NET CLR 2.0.50727)"
131.107.65.43 - - [06/Jan/2011:07:47:48 -0500] "GET /images/border%20naples.gif HTTP/1.1" 200 358 "http://www.naples-usa.com/" "Mozilla/4.0 (compatible; MSIE 7.0; Windows NT 6.1; WOW64; Trident/4.0; SLCC2; .NET CLR 2.0.50727)"
131.107.65.43 - - [06/Jan/2011:07:47:49 -0500] "GET /images/welcome_usa.gif HTTP/1.1" 200 7890 "http://www.naples-usa.com/" "Mozilla/4.0 (compatible; MSIE 7.0; Windows NT 6.1; WOW64; Trident/4.0; SLCC2; .NET CLR 2.0.50727)"
131.107.65.43 - - [06/Jan/2011:07:47:49 -0500] "GET /images/A-INDE~1.jpg HTTP/1.1" 200 23069 "http://www.naples-usa.com/" "Mozilla/4.0 (compatible; MSIE 7.0; Windows NT 6.1; WOW64; Trident/4.0; SLCC2; .NET CLR 2.0.50727)"
207.46.13.43 - - [06/Jan/2011:07:51:36 -0500] "GET /robots.txt HTTP/1.1" 404 291 "-" "Mozilla/5.0 (compatible; bingbot/2.0; +http://www.bing.com/bingbot.htm)"
67.195.112.50 - - [06/Jan/2011:07:58:06 -0500] "GET /TheProcacciGroup/5221_tree-pool3.jpg.LCK HTTP/1.0" 404 309 "-" "Mozilla/5.0 (compatible; Yahoo! Slurp; http://help.yahoo.com/help/us/ysearch/slurp)"
207.46.13.43 - - [06/Jan/2011:08:02:44 -0500] "GET /greenstein/home.htm HTTP/1.1" 404 300 "-" "Mozilla/5.0 (compatible; bingbot/2.0; +http://www.bing.com/bingbot.htm)"
67.195.112.50 - - [06/Jan/2011:08:06:13 -0500] "GET /TheProcacciGroup/200_monterey-bed.jpg.LCK HTTP/1.0" 404 310 "-" "Mozilla/5.0 (compatible; Yahoo! Slurp; http://help.yahoo.com/help/us/ysearch/slurp)"
208.76.137.82 - - [06/Jan/2011:08:14:51 -0500] "GET /Logos/1_df-72dpi-250x30pix-banner.jpg HTTP/1.1" 200 4514 "-" "Mozilla/4.0 (compatible; MSIE 8.0; Windows NT 6.1; Trident/4.0; GTB6.6; SLCC2; .NET CLR 2.0.50727; .NET CLR 3.5.30729; .NET CLR 3.0.30729; Media Center PC 6.0; .NET4.0C)"
69.137.194.21 - - [06/Jan/2011:08:24:21 -0500] "GET /Logos/winner_250.jpg HTTP/1.1" 200 6408 "-" "Mozilla/5.0 (iPhone; U; CPU iPhone OS 4_0_1 like Mac OS X; en-us) AppleWebKit/532.9 (KHTML, like Gecko)"
69.137.194.21 - - [06/Jan/2011:08:24:21 -0500] "GET /Logos/1_df-72dpi-476x57pix-banner.jpg HTTP/1.1" 200 9733 "-" "Mozilla/5.0 (iPhone; U; CPU iPhone OS 4_0_1 like Mac OS X; en-us) AppleWebKit/532.9 (KHTML, like Gecko)"
207.46.204.187 - - [06/Jan/2011:08:28:14 -0500] "GET /naples-boating.htm HTTP/1.1" 304 - "-" "Mozilla/5.0 (compatible; bingbot/2.0; +http://www.bing.com/bingbot.htm)"
67.195.112.50 - - [06/Jan/2011:08:40:00 -0500] "GET /robots.txt HTTP/1.0" 404 279 "-" "Mozilla/5.0 (compatible; Yahoo! Slurp; http://help.yahoo.com/help/us/ysearch/slurp)"
67.195.112.50 - - [06/Jan/2011:08:40:01 -0500] "GET /tennis.htm HTTP/1.0" 404 279 "-" "Mozilla/5.0 (compatible; Yahoo! Slurp; http://help.yahoo.com/help/us/ysearch/slurp)"
67.195.112.50 - - [06/Jan/2011:08:41:18 -0500] "GET /young.htm HTTP/1.0" 404 278 "-" "Mozilla/5.0 (compatible; Yahoo! Slurp; http://help.yahoo.com/help/us/ysearch/slurp)"
207.46.13.95 - - [06/Jan/2011:08:43:30 -0500] "GET /robots.txt HTTP/1.1" 404 291 "-" "Mozilla/5.0 (compatible; bingbot/2.0; +http://www.bing.com/bingbot.htm)"
67.195.112.50 - - [06/Jan/2011:08:52:08 -0500] "GET /TheProcacciGroup/4362_longshore-break.jpg.LCK HTTP/1.0" 404 314 "-" "Mozilla/5.0 (compatible; Yahoo! Slurp; http://help.yahoo.com/help/us/ysearch/slurp)"
207.46.13.95 - - [06/Jan/2011:08:53:45 -0500] "GET /realtor.cfm HTTP/1.1" 404 292 "-" "Mozilla/5.0 (compatible; bingbot/2.0; +http://www.bing.com/bingbot.htm)"
67.195.112.50 - - [06/Jan/2011:09:15:46 -0500] "GET /TheProcacciGroup/820_river-ext.jpg.LCK HTTP/1.0" 404 307 "-" "Mozilla/5.0 (compatible; Yahoo! Slurp; http://help.yahoo.com/help/us/ysearch/slurp)"
95.108.217.252 - - [06/Jan/2011:09:27:49 -0500] "GET /Vendors/Logos.htm HTTP/1.1" 200 6053 "-" "Mozilla/5.0 (compatible; YandexBot/3.0; +http://yandex.com/bots)"
