75.203.238.148 - - [30/Dec/2010:12:44:52 -0500] "GET /images/spacer.gif HTTP/1.1" 200 43 "http://www.naples-usa.com/calendar-clubs-and-orgs.htm" "Mozilla/4.0 (compatible; MSIE 8.0; Windows NT 6.0; Trident/4.0; SLCC1; .NET CLR 2.0.50727; Media Center PC 5.0; .NET CLR 3.5.30729; .NET CLR 3.0.30729; .NET4.0C; yie8; AskTbWBR/5.9.1.14019)"
75.203.238.148 - - [30/Dec/2010:12:44:52 -0500] "GET /calendar-clubs-and-orgs.htm HTTP/1.1" 200 27411 "http://www.google.com/url?sa=t&source=web&cd=5&sqi=2&ved=0CDQQFjAE&url=http%3A%2F%2Fwww.naples-usa.com%2Fcalendar-clubs-and-orgs.htm&rct=j&q=naples%20fl%20events%2012%2F30&ei=8MIcTZCeG4PGlQfqheHFDA&usg=AFQjCNF5hj0VDtbQBKLLe18gbK8kW0wNOA" "Mozilla/4.0 (compatible; MSIE 8.0; Windows NT 6.0; Trident/4.0; SLCC1; .NET CLR 2.0.50727; Media Center PC 5.0; .NET CLR 3.5.30729; .NET CLR 3.0.30729; .NET4.0C; yie8; AskTbWBR/5.9.1.14019)"
75.203.238.148 - - [30/Dec/2010:12:44:53 -0500] "GET /javascripts/address.js HTTP/1.1" 404 303 "http://www.naples-usa.com/calendar-clubs-and-orgs.htm" "Mozilla/4.0 (compatible; MSIE 8.0; Windows NT 6.0; Trident/4.0; SLCC1; .NET CLR 2.0.50727; Media Center PC 5.0; .NET CLR 3.5.30729; .NET CLR 3.0.30729; .NET4.0C; yie8; AskTbWBR/5.9.1.14019)"
75.203.238.148 - - [30/Dec/2010:12:44:53 -0500] "GET /favicon.ico HTTP/1.1" 404 292 "-" "Mozilla/4.0 (compatible; MSIE 8.0; Windows NT 6.0; Trident/4.0; SLCC1; .NET CLR 2.0.50727; Media Center PC 5.0; .NET CLR 3.5.30729; .NET CLR 3.0.30729; .NET4.0C; yie8; AskTbWBR/5.9.1.14019)"
67.195.112.50 - - [30/Dec/2010:12:52:28 -0500] "GET /naples-boatdocks.htm HTTP/1.0" 200 14892 "-" "Mozilla/5.0 (compatible; Yahoo! Slurp; http://help.yahoo.com/help/us/ysearch/slurp)"
193.164.202.166 - - [30/Dec/2010:12:55:30 -0500] "GET / HTTP/1.1" 200 11305 "-" "Mozilla/5.0 (compatible)"
193.164.202.166 - - [30/Dec/2010:12:55:30 -0500] "GET / HTTP/1.1" 200 11305 "-" "Mozilla/5.0 (compatible)"
193.164.202.166 - - [30/Dec/2010:12:55:31 -0500] "GET / HTTP/1.1" 200 11305 "-" "Mozilla/5.0 (compatible)"
193.164.202.166 - - [30/Dec/2010:12:55:31 -0500] "GET / HTTP/1.1" 200 11305 "-" "Mozilla/5.0 (compatible)"
193.164.202.166 - - [30/Dec/2010:12:55:32 -0500] "GET / HTTP/1.1" 200 11305 "-" "Mozilla/5.0 (compatible)"
124.115.4.190 - - [30/Dec/2010:13:00:30 -0500] "GET / HTTP/1.1" 200 11305 "-" "Sosospider+(+http://help.soso.com/webspider.htm)"
67.195.112.50 - - [30/Dec/2010:13:09:02 -0500] "GET /TheProcacciGroup/28109_mandolin-bath.jpg.LCK HTTP/1.0" 404 313 "-" "Mozilla/5.0 (compatible; Yahoo! Slurp; http://help.yahoo.com/help/us/ysearch/slurp)"
98.238.68.107 - - [30/Dec/2010:13:09:18 -0500] "GET /Logos/1_df-72dpi-476x57pix-banner.jpg HTTP/1.1" 200 9733 "-" "Mozilla/5.0 (Macintosh; U; Intel Mac OS X 10.5; en-US; rv:1.9.2.13) Gecko/20101203 Firefox/3.6.13"
98.238.68.107 - - [30/Dec/2010:13:09:18 -0500] "GET /Logos/winner_250.jpg HTTP/1.1" 200 6408 "-" "Mozilla/5.0 (Macintosh; U; Intel Mac OS X 10.5; en-US; rv:1.9.2.13) Gecko/20101203 Firefox/3.6.13"
67.195.112.50 - - [30/Dec/2010:13:11:46 -0500] "GET /stevens/ HTTP/1.0" 404 277 "-" "Mozilla/5.0 (compatible; Yahoo! Slurp; http://help.yahoo.com/help/us/ysearch/slurp)"
67.195.112.50 - - [30/Dec/2010:13:12:37 -0500] "GET /TheProcacciGroup/209_monterey-kitch.jpg.LCK HTTP/1.0" 404 312 "-" "Mozilla/5.0 (compatible; Yahoo! Slurp; http://help.yahoo.com/help/us/ysearch/slurp)"
67.195.112.50 - - [30/Dec/2010:13:27:47 -0500] "GET /romano/naples-florida-real-estate1.htm HTTP/1.0" 404 307 "-" "Mozilla/5.0 (compatible; Yahoo! Slurp; http://help.yahoo.com/help/us/ysearch/slurp)"
65.52.108.13 - - [30/Dec/2010:13:32:48 -0500] "GET /robots.txt HTTP/1.1" 404 291 "-" "Mozilla/5.0 (compatible; bingbot/2.0; +http://www.bing.com/bingbot.htm)"
67.195.112.50 - - [30/Dec/2010:13:33:25 -0500] "GET /naples-arts.htm HTTP/1.0" 200 4976 "-" "Mozilla/5.0 (compatible; Yahoo! Slurp; http://help.yahoo.com/help/us/ysearch/slurp)"
65.52.108.13 - - [30/Dec/2010:13:35:11 -0500] "GET /tennis.htm HTTP/1.1" 404 291 "-" "Mozilla/5.0 (compatible; bingbot/2.0; +http://www.bing.com/bingbot.htm)"
67.195.112.50 - - [30/Dec/2010:13:40:27 -0500] "GET /TheProcacciGroup/11742_quail-kitch.jpg.LCK HTTP/1.0" 404 311 "-" "Mozilla/5.0 (compatible; Yahoo! Slurp; http://help.yahoo.com/help/us/ysearch/slurp)"
166.137.11.214 - - [30/Dec/2010:13:43:03 -0500] "GET /Logos/winner_250.jpg HTTP/1.1" 200 6408 "-" "Mozilla/5.0 (iPhone; U; CPU iPhone OS 4_2_1 like Mac OS X; en-us) AppleWebKit/533.17.9 (KHTML, like Gecko)"
166.137.11.214 - - [30/Dec/2010:13:43:03 -0500] "GET /Logos/1_df-72dpi-476x57pix-banner.jpg HTTP/1.1" 200 9733 "-" "Mozilla/5.0 (iPhone; U; CPU iPhone OS 4_2_1 like Mac OS X; en-us) AppleWebKit/533.17.9 (KHTML, like Gecko)"
67.239.66.150 - - [30/Dec/2010:13:58:04 -0500] "GET /Logos/1_df-72dpi-476x57pix-banner.jpg HTTP/1.1" 200 9733 "-" "Mozilla/4.0 (compatible; MSIE 6.0; Windows NT 5.0; .NET CLR 1.1.4322; .NET CLR 2.0.50727)"
67.239.66.150 - - [30/Dec/2010:13:58:04 -0500] "GET /Logos/winner_250.jpg HTTP/1.1" 200 6408 "-" "Mozilla/4.0 (compatible; MSIE 6.0; Windows NT 5.0; .NET CLR 1.1.4322; .NET CLR 2.0.50727)"
67.195.112.50 - - [30/Dec/2010:14:03:48 -0500] "GET /naples-florida-schools.htm HTTP/1.0" 200 27490 "-" "Mozilla/5.0 (compatible; Yahoo! Slurp; http://help.yahoo.com/help/us/ysearch/slurp)"
67.195.112.50 - - [30/Dec/2010:14:05:06 -0500] "GET /TheProcacciGroup/1607_manchester-pool.jpg.LCK HTTP/1.0" 404 314 "-" "Mozilla/5.0 (compatible; Yahoo! Slurp; http://help.yahoo.com/help/us/ysearch/slurp)"
67.195.112.50 - - [30/Dec/2010:14:05:16 -0500] "GET /calendar-clubs-and-orgs.htm HTTP/1.0" 200 27411 "-" "Mozilla/5.0 (compatible; Yahoo! Slurp; http://help.yahoo.com/help/us/ysearch/slurp)"
67.195.112.50 - - [30/Dec/2010:14:05:17 -0500] "GET /design_styles.css HTTP/1.0" 404 286 "http://www.naples-usa.com/calendar-clubs-and-orgs.htm" "Mozilla/5.0 (compatible; Yahoo! Slurp; http://help.yahoo.com/help/us/ysearch/slurp)"
67.195.112.50 - - [30/Dec/2010:14:05:18 -0500] "GET /dynamic_styles.css HTTP/1.0" 404 287 "http://www.naples-usa.com/calendar-clubs-and-orgs.htm" "Mozilla/5.0 (compatible; Yahoo! Slurp; http://help.yahoo.com/help/us/ysearch/slurp)"
207.46.13.140 - - [30/Dec/2010:14:18:40 -0500] "GET /properties-test-bullets-regularfont.htm HTTP/1.1" 404 320 "-" "Mozilla/5.0 (compatible; bingbot/2.0; +http://www.bing.com/bingbot.htm)"
65.52.110.64 - - [30/Dec/2010:14:22:57 -0500] "GET /robots.txt HTTP/1.1" 404 291 "-" "Mozilla/5.0 (compatible; bingbot/2.0; +http://www.bing.com/bingbot.htm)"
67.195.112.50 - - [30/Dec/2010:14:27:08 -0500] "GET /TheProcacciGroup/26720_bonita-207039522.jpg.LCK HTTP/1.0" 404 316 "-" "Mozilla/5.0 (compatible; Yahoo! Slurp; http://help.yahoo.com/help/us/ysearch/slurp)"
65.52.110.64 - - [30/Dec/2010:14:28:10 -0500] "GET /naples-weather.htm HTTP/1.1" 304 - "-" "Mozilla/5.0 (compatible; bingbot/2.0; +http://www.bing.com/bingbot.htm)"
76.109.122.192 - - [30/Dec/2010:14:32:12 -0500] "GET /Logos/winner_250.jpg HTTP/1.1" 200 6408 "http://email02.secureserver.net/webmail.php?folder=INBOX&firstMessage=1" "Mozilla/4.0 (compatible; MSIE 8.0; Windows NT 6.1; WOW64; Trident/4.0; GTB6.6; SLCC2; .NET CLR 2.0.50727; .NET CLR 3.5.30729; .NET CLR 3.0.30729; Media Center PC 6.0; MDDC; .NET4.0C; BRI/1)"
76.109.122.192 - - [30/Dec/2010:14:32:12 -0500] "GET /Logos/1_df-72dpi-476x57pix-banner.jpg HTTP/1.1" 200 9733 "http://email02.secureserver.net/webmail.php?folder=INBOX&firstMessage=1" "Mozilla/4.0 (compatible; MSIE 8.0; Windows NT 6.1; WOW64; Trident/4.0; GTB6.6; SLCC2; .NET CLR 2.0.50727; .NET CLR 3.5.30729; .NET CLR 3.0.30729; Media Center PC 6.0; MDDC; .NET4.0C; BRI/1)"
98.238.68.107 - - [30/Dec/2010:14:41:07 -0500] "GET /Logos/winner_250.jpg HTTP/1.1" 200 6408 "-" "Mozilla/5.0 (Macintosh; U; Intel Mac OS X 10_5_8; en-us) AppleWebKit/533.19.4 (KHTML, like Gecko) Version/5.0.3 Safari/533.19.4"
98.238.68.107 - - [30/Dec/2010:14:41:07 -0500] "GET /Logos/1_df-72dpi-476x57pix-banner.jpg HTTP/1.1" 200 9733 "-" "Mozilla/5.0 (Macintosh; U; Intel Mac OS X 10_5_8; en-us) AppleWebKit/533.19.4 (KHTML, like Gecko) Version/5.0.3 Safari/533.19.4"
207.46.13.142 - - [30/Dec/2010:14:42:41 -0500] "GET / HTTP/1.1" 304 - "-" "Mozilla/5.0 (compatible; bingbot/2.0; +http://www.bing.com/bingbot.htm)"
80.239.22.30 - - [30/Dec/2010:14:52:48 -0500] "GET /robots.txt HTTP/1.0" 404 279 "-" "Mozilla/5.0 (compatible; MJ12bot/v1.3.3; http://www.majestic12.co.uk/bot.php?+)"
80.239.22.30 - - [30/Dec/2010:14:52:49 -0500] "GET / HTTP/1.0" 200 11305 "-" "Mozilla/5.0 (compatible; MJ12bot/v1.3.3; http://www.majestic12.co.uk/bot.php?+)"
67.195.112.50 - - [30/Dec/2010:14:57:32 -0500] "GET /TheProcacciGroup/848_regency-bath.jpg.LCK HTTP/1.0" 404 310 "-" "Mozilla/5.0 (compatible; Yahoo! Slurp; http://help.yahoo.com/help/us/ysearch/slurp)"
68.51.235.191 - - [30/Dec/2010:14:59:28 -0500] "GET /calendar-clubs-and-orgs.htm HTTP/1.1" 200 27411 "http://www.google.com/search?q=Active+single+groups+in+Southwest+Florida&rls=com.microsoft:en-us:IE-SearchBox&ie=UTF-8&oe=UTF-8&sourceid=ie7&rlz=1I7GPEA_en" "Mozilla/4.0 (compatible; MSIE 8.0; Windows NT 6.0; WOW64; Trident/4.0; FunWebProducts; GTB6.6; SLCC1; .NET CLR 2.0.50727; Media Center PC 5.0; .NET CLR 3.5.30729; .NET CLR 3.0.30729; .NET4.0C)"
68.51.235.191 - - [30/Dec/2010:14:59:28 -0500] "GET /design_styles.css HTTP/1.1" 404 298 "http://www.naples-usa.com/calendar-clubs-and-orgs.htm" "Mozilla/4.0 (compatible; MSIE 8.0; Windows NT 6.0; WOW64; Trident/4.0; FunWebProducts; GTB6.6; SLCC1; .NET CLR 2.0.50727; Media Center PC 5.0; .NET CLR 3.5.30729; .NET CLR 3.0.30729; .NET4.0C)"
68.51.235.191 - - [30/Dec/2010:14:59:28 -0500] "GET /images/spacer.gif HTTP/1.1" 200 43 "http://www.naples-usa.com/calendar-clubs-and-orgs.htm" "Mozilla/4.0 (compatible; MSIE 8.0; Windows NT 6.0; WOW64; Trident/4.0; FunWebProducts; GTB6.6; SLCC1; .NET CLR 2.0.50727; Media Center PC 5.0; .NET CLR 3.5.30729; .NET CLR 3.0.30729; .NET4.0C)"
68.51.235.191 - - [30/Dec/2010:14:59:28 -0500] "GET /dynamic_styles.css HTTP/1.1" 404 299 "http://www.naples-usa.com/calendar-clubs-and-orgs.htm" "Mozilla/4.0 (compatible; MSIE 8.0; Windows NT 6.0; WOW64; Trident/4.0; FunWebProducts; GTB6.6; SLCC1; .NET CLR 2.0.50727; Media Center PC 5.0; .NET CLR 3.5.30729; .NET CLR 3.0.30729; .NET4.0C)"
68.51.235.191 - - [30/Dec/2010:14:59:28 -0500] "GET /javascripts/address.js HTTP/1.1" 404 303 "http://www.naples-usa.com/calendar-clubs-and-orgs.htm" "Mozilla/4.0 (compatible; MSIE 8.0; Windows NT 6.0; WOW64; Trident/4.0; FunWebProducts; GTB6.6; SLCC1; .NET CLR 2.0.50727; Media Center PC 5.0; .NET CLR 3.5.30729; .NET CLR 3.0.30729; .NET4.0C)"
68.51.235.191 - - [30/Dec/2010:14:59:31 -0500] "GET /favicon.ico HTTP/1.1" 404 292 "-" "Mozilla/4.0 (compatible; MSIE 8.0; Windows NT 6.0; WOW64; Trident/4.0; FunWebProducts; GTB6.6; SLCC1; .NET CLR 2.0.50727; Media Center PC 5.0; .NET CLR 3.5.30729; .NET CLR 3.0.30729; .NET4.0C)"
208.115.111.246 - - [30/Dec/2010:15:17:34 -0500] "GET /robots.txt HTTP/1.1" 404 291 "-" "Mozilla/5.0 (compatible; DotBot/1.1; http://www.dotnetdotcom.org/, crawler@dotnetdotcom.org)"
208.115.111.246 - - [30/Dec/2010:15:17:34 -0500] "GET /robots.txt HTTP/1.1" 404 291 "-" "Mozilla/5.0 (compatible; DotBot/1.1; http://www.dotnetdotcom.org/, crawler@dotnetdotcom.org)"
95.108.217.252 - - [30/Dec/2010:15:22:05 -0500] "GET /robots.txt HTTP/1.1" 404 291 "-" "Mozilla/5.0 (compatible; YandexBot/3.0; +http://yandex.com/bots)"
67.195.112.50 - - [30/Dec/2010:15:26:33 -0500] "GET /finnegan.htm HTTP/1.0" 404 281 "-" "Mozilla/5.0 (compatible; Yahoo! Slurp; http://help.yahoo.com/help/us/ysearch/slurp)"
76.101.175.62 - - [30/Dec/2010:15:31:15 -0500] "GET /recycling-info-naples-florida.htm HTTP/1.1" 200 13920 "http://www.google.com/search?q=collier+county+recycling+electronics&ie=UTF-8&oe=UTF-8&hl=en&client=safari" "Mozilla/5.0 (iPad; U; CPU OS 3_2_2 like Mac OS X; en-us) AppleWebKit/531.21.10 (KHTML, like Gecko) Version/4.0.4 Mobile/7B500 Safari/531.21.10"
76.101.175.62 - - [30/Dec/2010:15:31:15 -0500] "GET /images/welcome_usa.gif HTTP/1.1" 200 7890 "http://www.naples-usa.com/recycling-info-naples-florida.htm" "Mozilla/5.0 (iPad; U; CPU OS 3_2_2 like Mac OS X; en-us) AppleWebKit/531.21.10 (KHTML, like Gecko) Version/4.0.4 Mobile/7B500 Safari/531.21.10"
76.101.175.62 - - [30/Dec/2010:15:32:51 -0500] "GET /index.html HTTP/1.1" 200 11305 "http://www.naples-usa.com/recycling-info-naples-florida.htm" "Mozilla/5.0 (iPad; U; CPU OS 3_2_2 like Mac OS X; en-us) AppleWebKit/531.21.10 (KHTML, like Gecko) Version/4.0.4 Mobile/7B500 Safari/531.21.10"
76.101.175.62 - - [30/Dec/2010:15:32:51 -0500] "GET /naples-usa.css HTTP/1.1" 200 714 "http://www.naples-usa.com/index.html" "Mozilla/5.0 (iPad; U; CPU OS 3_2_2 like Mac OS X; en-us) AppleWebKit/531.21.10 (KHTML, like Gecko) Version/4.0.4 Mobile/7B500 Safari/531.21.10"
76.101.175.62 - - [30/Dec/2010:15:32:51 -0500] "GET /images/border%20naples.gif HTTP/1.1" 200 358 "http://www.naples-usa.com/index.html" "Mozilla/5.0 (iPad; U; CPU OS 3_2_2 like Mac OS X; en-us) AppleWebKit/531.21.10 (KHTML, like Gecko) Version/4.0.4 Mobile/7B500 Safari/531.21.10"
76.101.175.62 - - [30/Dec/2010:15:32:51 -0500] "GET /images/A-INDE%7E1.jpg HTTP/1.1" 200 23069 "http://www.naples-usa.com/index.html" "Mozilla/5.0 (iPad; U; CPU OS 3_2_2 like Mac OS X; en-us) AppleWebKit/531.21.10 (KHTML, like Gecko) Version/4.0.4 Mobile/7B500 Safari/531.21.10"
64.134.186.93 - - [30/Dec/2010:15:40:22 -0500] "GET /images/welcome_usa.gif HTTP/1.1" 200 7890 "http://www.naples-usa.com/naples-calendarofevents.htm" "Mozilla/4.0 (compatible; MSIE 6.0; Windows NT 5.1; SV1; xs-x_a5w7vjFTQ;Cgky4B; .NET CLR 2.0.50727; .NET CLR 1.1.4322)"
64.134.186.93 - - [30/Dec/2010:15:40:23 -0500] "GET /images/florida_logo_sm.gif HTTP/1.1" 200 1933 "http://www.naples-usa.com/naples-calendarofevents.htm" "Mozilla/4.0 (compatible; MSIE 6.0; Windows NT 5.1; SV1; xs-x_a5w7vjFTQ;Cgky4B; .NET CLR 2.0.50727; .NET CLR 1.1.4322)"
64.134.186.93 - - [30/Dec/2010:15:40:23 -0500] "GET /images/images/z-bird-flamingo.gif HTTP/1.1" 200 890 "http://www.naples-usa.com/naples-calendarofevents.htm" "Mozilla/4.0 (compatible; MSIE 6.0; Windows NT 5.1; SV1; xs-x_a5w7vjFTQ;Cgky4B; .NET CLR 2.0.50727; .NET CLR 1.1.4322)"
64.134.186.93 - - [30/Dec/2010:15:40:23 -0500] "GET /images/images/z-stickfamily.gif HTTP/1.1" 404 312 "http://www.naples-usa.com/naples-calendarofevents.htm" "Mozilla/4.0 (compatible; MSIE 6.0; Windows NT 5.1; SV1; xs-x_a5w7vjFTQ;Cgky4B; .NET CLR 2.0.50727; .NET CLR 1.1.4322)"
64.134.186.93 - - [30/Dec/2010:15:40:23 -0500] "GET /images/images/z-frog.jpg HTTP/1.1" 404 305 "http://www.naples-usa.com/naples-calendarofevents.htm" "Mozilla/4.0 (compatible; MSIE 6.0; Windows NT 5.1; SV1; xs-x_a5w7vjFTQ;Cgky4B; .NET CLR 2.0.50727; .NET CLR 1.1.4322)"
64.134.186.93 - - [30/Dec/2010:15:40:24 -0500] "GET /images/z-sailboat.jpg HTTP/1.1" 200 2182 "http://www.naples-usa.com/naples-calendarofevents.htm" "Mozilla/4.0 (compatible; MSIE 6.0; Windows NT 5.1; SV1; xs-x_a5w7vjFTQ;Cgky4B; .NET CLR 2.0.50727; .NET CLR 1.1.4322)"
64.134.186.93 - - [30/Dec/2010:15:40:24 -0500] "GET /images/z_shell.gif HTTP/1.1" 200 1325 "http://www.naples-usa.com/naples-calendarofevents.htm" "Mozilla/4.0 (compatible; MSIE 6.0; Windows NT 5.1; SV1; xs-x_a5w7vjFTQ;Cgky4B; .NET CLR 2.0.50727; .NET CLR 1.1.4322)"
64.134.186.93 - - [30/Dec/2010:15:40:24 -0500] "GET /images/return_arrow.gif HTTP/1.1" 200 220 "http://www.naples-usa.com/naples-calendarofevents.htm" "Mozilla/4.0 (compatible; MSIE 6.0; Windows NT 5.1; SV1; xs-x_a5w7vjFTQ;Cgky4B; .NET CLR 2.0.50727; .NET CLR 1.1.4322)"
64.134.186.93 - - [30/Dec/2010:15:40:24 -0500] "GET /images/images/z-theater.gif HTTP/1.1" 404 308 "http://www.naples-usa.com/naples-calendarofevents.htm" "Mozilla/4.0 (compatible; MSIE 6.0; Windows NT 5.1; SV1; xs-x_a5w7vjFTQ;Cgky4B; .NET CLR 2.0.50727; .NET CLR 1.1.4322)"
64.134.186.93 - - [30/Dec/2010:15:40:25 -0500] "GET /images/z_rose.gif HTTP/1.1" 200 473 "http://www.naples-usa.com/naples-calendarofevents.htm" "Mozilla/4.0 (compatible; MSIE 6.0; Windows NT 5.1; SV1; xs-x_a5w7vjFTQ;Cgky4B; .NET CLR 2.0.50727; .NET CLR 1.1.4322)"
64.134.186.93 - - [30/Dec/2010:15:40:25 -0500] "GET /images/images/z-turtle-b.jpg HTTP/1.1" 404 309 "http://www.naples-usa.com/naples-calendarofevents.htm" "Mozilla/4.0 (compatible; MSIE 6.0; Windows NT 5.1; SV1; xs-x_a5w7vjFTQ;Cgky4B; .NET CLR 2.0.50727; .NET CLR 1.1.4322)"
64.134.186.93 - - [30/Dec/2010:15:40:25 -0500] "GET /naples-calendarofevents.htm HTTP/1.1" 200 255135 "http://www.google.com/search?q=Naples+USA++Dancings&btnG=Rechercher&hl=fr&lr=&prmd=ivns&ei=neccTa-lIsO88gawpoDGBQ&start=10&sa=N&aq=f&aqi=&aql=&oq=&gs_rfai=" "Mozilla/4.0 (compatible; MSIE 6.0; Windows NT 5.1; SV1; xs-x_a5w7vjFTQ;Cgky4B; .NET CLR 2.0.50727; .NET CLR 1.1.4322)"
64.134.186.93 - - [30/Dec/2010:15:40:25 -0500] "GET /images/images/z-greyhound4a.jpg HTTP/1.1" 404 312 "http://www.naples-usa.com/naples-calendarofevents.htm" "Mozilla/4.0 (compatible; MSIE 6.0; Windows NT 5.1; SV1; xs-x_a5w7vjFTQ;Cgky4B; .NET CLR 2.0.50727; .NET CLR 1.1.4322)"
64.134.186.93 - - [30/Dec/2010:15:40:25 -0500] "GET /images/images/z-trombone.gif HTTP/1.1" 404 309 "http://www.naples-usa.com/naples-calendarofevents.htm" "Mozilla/4.0 (compatible; MSIE 6.0; Windows NT 5.1; SV1; xs-x_a5w7vjFTQ;Cgky4B; .NET CLR 2.0.50727; .NET CLR 1.1.4322)"
64.134.186.93 - - [30/Dec/2010:15:40:25 -0500] "GET /images/images/z-cockatiel.gif HTTP/1.1" 404 310 "http://www.naples-usa.com/naples-calendarofevents.htm" "Mozilla/4.0 (compatible; MSIE 6.0; Windows NT 5.1; SV1; xs-x_a5w7vjFTQ;Cgky4B; .NET CLR 2.0.50727; .NET CLR 1.1.4322)"
64.134.186.93 - - [30/Dec/2010:15:40:25 -0500] "GET /images/z_teens.gif HTTP/1.1" 200 2660 "http://www.naples-usa.com/naples-calendarofevents.htm" "Mozilla/4.0 (compatible; MSIE 6.0; Windows NT 5.1; SV1; xs-x_a5w7vjFTQ;Cgky4B; .NET CLR 2.0.50727; .NET CLR 1.1.4322)"
64.134.186.93 - - [30/Dec/2010:15:40:25 -0500] "GET /images/images/z-butterfly-2.gif HTTP/1.1" 404 312 "http://www.naples-usa.com/naples-calendarofevents.htm" "Mozilla/4.0 (compatible; MSIE 6.0; Windows NT 5.1; SV1; xs-x_a5w7vjFTQ;Cgky4B; .NET CLR 2.0.50727; .NET CLR 1.1.4322)"
64.134.186.93 - - [30/Dec/2010:15:40:25 -0500] "GET /images/z_music.gif HTTP/1.1" 200 596 "http://www.naples-usa.com/naples-calendarofevents.htm" "Mozilla/4.0 (compatible; MSIE 6.0; Windows NT 5.1; SV1; xs-x_a5w7vjFTQ;Cgky4B; .NET CLR 2.0.50727; .NET CLR 1.1.4322)"
64.134.186.93 - - [30/Dec/2010:15:40:25 -0500] "GET /images/z-bird-flamingo.gif HTTP/1.1" 200 890 "http://www.naples-usa.com/naples-calendarofevents.htm" "Mozilla/4.0 (compatible; MSIE 6.0; Windows NT 5.1; SV1; xs-x_a5w7vjFTQ;Cgky4B; .NET CLR 2.0.50727; .NET CLR 1.1.4322)"
64.134.186.93 - - [30/Dec/2010:15:40:25 -0500] "GET /images/z-turtle-b.jpg HTTP/1.1" 200 1124 "http://www.naples-usa.com/naples-calendarofevents.htm" "Mozilla/4.0 (compatible; MSIE 6.0; Windows NT 5.1; SV1; xs-x_a5w7vjFTQ;Cgky4B; .NET CLR 2.0.50727; .NET CLR 1.1.4322)"
64.134.186.93 - - [30/Dec/2010:15:40:25 -0500] "GET /images/z-butterfly-2.gif HTTP/1.1" 200 1025 "http://www.naples-usa.com/naples-calendarofevents.htm" "Mozilla/4.0 (compatible; MSIE 6.0; Windows NT 5.1; SV1; xs-x_a5w7vjFTQ;Cgky4B; .NET CLR 2.0.50727; .NET CLR 1.1.4322)"
64.134.186.93 - - [30/Dec/2010:15:40:25 -0500] "GET /images/z-fish2.jpg HTTP/1.1" 200 1142 "http://www.naples-usa.com/naples-calendarofevents.htm" "Mozilla/4.0 (compatible; MSIE 6.0; Windows NT 5.1; SV1; xs-x_a5w7vjFTQ;Cgky4B; .NET CLR 2.0.50727; .NET CLR 1.1.4322)"
64.134.186.93 - - [30/Dec/2010:15:40:25 -0500] "GET /images/z_books.gif HTTP/1.1" 200 837 "http://www.naples-usa.com/naples-calendarofevents.htm" "Mozilla/4.0 (compatible; MSIE 6.0; Windows NT 5.1; SV1; xs-x_a5w7vjFTQ;Cgky4B; .NET CLR 2.0.50727; .NET CLR 1.1.4322)"
64.134.186.93 - - [30/Dec/2010:15:40:25 -0500] "GET /images/z-frog.jpg HTTP/1.1" 200 1615 "http://www.naples-usa.com/naples-calendarofevents.htm" "Mozilla/4.0 (compatible; MSIE 6.0; Windows NT 5.1; SV1; xs-x_a5w7vjFTQ;Cgky4B; .NET CLR 2.0.50727; .NET CLR 1.1.4322)"
64.134.186.93 - - [30/Dec/2010:15:40:25 -0500] "GET /images/z-trombone.gif HTTP/1.1" 200 359 "http://www.naples-usa.com/naples-calendarofevents.htm" "Mozilla/4.0 (compatible; MSIE 6.0; Windows NT 5.1; SV1; xs-x_a5w7vjFTQ;Cgky4B; .NET CLR 2.0.50727; .NET CLR 1.1.4322)"
64.134.186.93 - - [30/Dec/2010:15:40:25 -0500] "GET /images/z-guitar.gif HTTP/1.1" 200 631 "http://www.naples-usa.com/naples-calendarofevents.htm" "Mozilla/4.0 (compatible; MSIE 6.0; Windows NT 5.1; SV1; xs-x_a5w7vjFTQ;Cgky4B; .NET CLR 2.0.50727; .NET CLR 1.1.4322)"
64.134.186.93 - - [30/Dec/2010:15:40:25 -0500] "GET /images/z-juggler.jpg HTTP/1.1" 200 1486 "http://www.naples-usa.com/naples-calendarofevents.htm" "Mozilla/4.0 (compatible; MSIE 6.0; Windows NT 5.1; SV1; xs-x_a5w7vjFTQ;Cgky4B; .NET CLR 2.0.50727; .NET CLR 1.1.4322)"
64.134.186.93 - - [30/Dec/2010:15:40:26 -0500] "GET /images/z-couple.gif HTTP/1.1" 200 1084 "http://www.naples-usa.com/naples-calendarofevents.htm" "Mozilla/4.0 (compatible; MSIE 6.0; Windows NT 5.1; SV1; xs-x_a5w7vjFTQ;Cgky4B; .NET CLR 2.0.50727; .NET CLR 1.1.4322)"
64.134.186.93 - - [30/Dec/2010:15:40:26 -0500] "GET /images/z-drums.jpg HTTP/1.1" 200 2464 "http://www.naples-usa.com/naples-calendarofevents.htm" "Mozilla/4.0 (compatible; MSIE 6.0; Windows NT 5.1; SV1; xs-x_a5w7vjFTQ;Cgky4B; .NET CLR 2.0.50727; .NET CLR 1.1.4322)"
64.134.186.93 - - [30/Dec/2010:15:40:26 -0500] "GET /images/z_cock.gif HTTP/1.1" 200 571 "http://www.naples-usa.com/naples-calendarofevents.htm" "Mozilla/4.0 (compatible; MSIE 6.0; Windows NT 5.1; SV1; xs-x_a5w7vjFTQ;Cgky4B; .NET CLR 2.0.50727; .NET CLR 1.1.4322)"
64.134.186.93 - - [30/Dec/2010:15:40:26 -0500] "GET /images/1_cougar.jpg HTTP/1.1" 200 4514 "http://www.naples-usa.com/naples-calendarofevents.htm" "Mozilla/4.0 (compatible; MSIE 6.0; Windows NT 5.1; SV1; xs-x_a5w7vjFTQ;Cgky4B; .NET CLR 2.0.50727; .NET CLR 1.1.4322)"
64.134.186.93 - - [30/Dec/2010:15:40:26 -0500] "GET /images/z-theater.gif HTTP/1.1" 200 960 "http://www.naples-usa.com/naples-calendarofevents.htm" "Mozilla/4.0 (compatible; MSIE 6.0; Windows NT 5.1; SV1; xs-x_a5w7vjFTQ;Cgky4B; .NET CLR 2.0.50727; .NET CLR 1.1.4322)"
64.134.186.93 - - [30/Dec/2010:15:40:26 -0500] "GET /images/z_artst.gif HTTP/1.1" 200 1446 "http://www.naples-usa.com/naples-calendarofevents.htm" "Mozilla/4.0 (compatible; MSIE 6.0; Windows NT 5.1; SV1; xs-x_a5w7vjFTQ;Cgky4B; .NET CLR 2.0.50727; .NET CLR 1.1.4322)"
64.134.186.93 - - [30/Dec/2010:15:40:26 -0500] "GET /images/z_bird.gif HTTP/1.1" 200 730 "http://www.naples-usa.com/naples-calendarofevents.htm" "Mozilla/4.0 (compatible; MSIE 6.0; Windows NT 5.1; SV1; xs-x_a5w7vjFTQ;Cgky4B; .NET CLR 2.0.50727; .NET CLR 1.1.4322)"
64.134.186.93 - - [30/Dec/2010:15:40:47 -0500] "GET /index.html HTTP/1.1" 200 11305 "http://www.naples-usa.com/naples-calendarofevents.htm" "Mozilla/4.0 (compatible; MSIE 6.0; Windows NT 5.1; SV1; xs-x_a5w7vjFTQ;Cgky4B; .NET CLR 2.0.50727; .NET CLR 1.1.4322)"
64.134.186.93 - - [30/Dec/2010:15:40:47 -0500] "GET /images/border%20naples.gif HTTP/1.1" 200 358 "http://www.naples-usa.com/index.html" "Mozilla/4.0 (compatible; MSIE 6.0; Windows NT 5.1; SV1; xs-x_a5w7vjFTQ;Cgky4B; .NET CLR 2.0.50727; .NET CLR 1.1.4322)"
64.134.186.93 - - [30/Dec/2010:15:40:47 -0500] "GET /naples-usa.css HTTP/1.1" 200 714 "http://www.naples-usa.com/index.html" "Mozilla/4.0 (compatible; MSIE 6.0; Windows NT 5.1; SV1; xs-x_a5w7vjFTQ;Cgky4B; .NET CLR 2.0.50727; .NET CLR 1.1.4322)"
64.134.186.93 - - [30/Dec/2010:15:40:47 -0500] "GET /images/A-INDE%7E1.jpg HTTP/1.1" 200 23069 "http://www.naples-usa.com/index.html" "Mozilla/4.0 (compatible; MSIE 6.0; Windows NT 5.1; SV1; xs-x_a5w7vjFTQ;Cgky4B; .NET CLR 2.0.50727; .NET CLR 1.1.4322)"
64.134.186.93 - - [30/Dec/2010:15:41:11 -0500] "GET /naples-calendarofevents.htm HTTP/1.1" 304 - "http://www.naples-usa.com/index.html" "Mozilla/4.0 (compatible; MSIE 6.0; Windows NT 5.1; SV1; xs-x_a5w7vjFTQ;Cgky4B; .NET CLR 2.0.50727; .NET CLR 1.1.4322)"
64.134.186.93 - - [30/Dec/2010:15:41:11 -0500] "GET /images/welcome_usa.gif HTTP/1.1" 304 - "http://www.naples-usa.com/naples-calendarofevents.htm" "Mozilla/4.0 (compatible; MSIE 6.0; Windows NT 5.1; SV1; xs-x_a5w7vjFTQ;Cgky4B; .NET CLR 2.0.50727; .NET CLR 1.1.4322)"
64.134.186.93 - - [30/Dec/2010:15:41:11 -0500] "GET /images/florida_logo_sm.gif HTTP/1.1" 304 - "http://www.naples-usa.com/naples-calendarofevents.htm" "Mozilla/4.0 (compatible; MSIE 6.0; Windows NT 5.1; SV1; xs-x_a5w7vjFTQ;Cgky4B; .NET CLR 2.0.50727; .NET CLR 1.1.4322)"
64.134.186.93 - - [30/Dec/2010:15:41:11 -0500] "GET /images/images/z-bird-flamingo.gif HTTP/1.1" 304 - "http://www.naples-usa.com/naples-calendarofevents.htm" "Mozilla/4.0 (compatible; MSIE 6.0; Windows NT 5.1; SV1; xs-x_a5w7vjFTQ;Cgky4B; .NET CLR 2.0.50727; .NET CLR 1.1.4322)"
64.134.186.93 - - [30/Dec/2010:15:41:11 -0500] "GET /images/images/z-stickfamily.gif HTTP/1.1" 404 312 "http://www.naples-usa.com/naples-calendarofevents.htm" "Mozilla/4.0 (compatible; MSIE 6.0; Windows NT 5.1; SV1; xs-x_a5w7vjFTQ;Cgky4B; .NET CLR 2.0.50727; .NET CLR 1.1.4322)"
64.134.186.93 - - [30/Dec/2010:15:41:11 -0500] "GET /images/images/z-frog.jpg HTTP/1.1" 404 305 "http://www.naples-usa.com/naples-calendarofevents.htm" "Mozilla/4.0 (compatible; MSIE 6.0; Windows NT 5.1; SV1; xs-x_a5w7vjFTQ;Cgky4B; .NET CLR 2.0.50727; .NET CLR 1.1.4322)"
64.134.186.93 - - [30/Dec/2010:15:41:12 -0500] "GET /images/z-sailboat.jpg HTTP/1.1" 304 - "http://www.naples-usa.com/naples-calendarofevents.htm" "Mozilla/4.0 (compatible; MSIE 6.0; Windows NT 5.1; SV1; xs-x_a5w7vjFTQ;Cgky4B; .NET CLR 2.0.50727; .NET CLR 1.1.4322)"
64.134.186.93 - - [30/Dec/2010:15:41:12 -0500] "GET /images/z_shell.gif HTTP/1.1" 304 - "http://www.naples-usa.com/naples-calendarofevents.htm" "Mozilla/4.0 (compatible; MSIE 6.0; Windows NT 5.1; SV1; xs-x_a5w7vjFTQ;Cgky4B; .NET CLR 2.0.50727; .NET CLR 1.1.4322)"
64.134.186.93 - - [30/Dec/2010:15:41:12 -0500] "GET /images/return_arrow.gif HTTP/1.1" 304 - "http://www.naples-usa.com/naples-calendarofevents.htm" "Mozilla/4.0 (compatible; MSIE 6.0; Windows NT 5.1; SV1; xs-x_a5w7vjFTQ;Cgky4B; .NET CLR 2.0.50727; .NET CLR 1.1.4322)"
64.134.186.93 - - [30/Dec/2010:15:41:12 -0500] "GET /images/images/z-theater.gif HTTP/1.1" 404 308 "http://www.naples-usa.com/naples-calendarofevents.htm" "Mozilla/4.0 (compatible; MSIE 6.0; Windows NT 5.1; SV1; xs-x_a5w7vjFTQ;Cgky4B; .NET CLR 2.0.50727; .NET CLR 1.1.4322)"
64.134.186.93 - - [30/Dec/2010:15:41:12 -0500] "GET /images/z_rose.gif HTTP/1.1" 304 - "http://www.naples-usa.com/naples-calendarofevents.htm" "Mozilla/4.0 (compatible; MSIE 6.0; Windows NT 5.1; SV1; xs-x_a5w7vjFTQ;Cgky4B; .NET CLR 2.0.50727; .NET CLR 1.1.4322)"
64.134.186.93 - - [30/Dec/2010:15:41:12 -0500] "GET /images/images/z-greyhound4a.jpg HTTP/1.1" 404 312 "http://www.naples-usa.com/naples-calendarofevents.htm" "Mozilla/4.0 (compatible; MSIE 6.0; Windows NT 5.1; SV1; xs-x_a5w7vjFTQ;Cgky4B; .NET CLR 2.0.50727; .NET CLR 1.1.4322)"
64.134.186.93 - - [30/Dec/2010:15:41:12 -0500] "GET /images/images/z-turtle-b.jpg HTTP/1.1" 404 309 "http://www.naples-usa.com/naples-calendarofevents.htm" "Mozilla/4.0 (compatible; MSIE 6.0; Windows NT 5.1; SV1; xs-x_a5w7vjFTQ;Cgky4B; .NET CLR 2.0.50727; .NET CLR 1.1.4322)"
64.134.186.93 - - [30/Dec/2010:15:41:12 -0500] "GET /images/images/z-trombone.gif HTTP/1.1" 404 309 "http://www.naples-usa.com/naples-calendarofevents.htm" "Mozilla/4.0 (compatible; MSIE 6.0; Windows NT 5.1; SV1; xs-x_a5w7vjFTQ;Cgky4B; .NET CLR 2.0.50727; .NET CLR 1.1.4322)"
64.134.186.93 - - [30/Dec/2010:15:41:12 -0500] "GET /images/images/z-cockatiel.gif HTTP/1.1" 404 310 "http://www.naples-usa.com/naples-calendarofevents.htm" "Mozilla/4.0 (compatible; MSIE 6.0; Windows NT 5.1; SV1; xs-x_a5w7vjFTQ;Cgky4B; .NET CLR 2.0.50727; .NET CLR 1.1.4322)"
64.134.186.93 - - [30/Dec/2010:15:41:12 -0500] "GET /images/images/z-butterfly-2.gif HTTP/1.1" 404 312 "http://www.naples-usa.com/naples-calendarofevents.htm" "Mozilla/4.0 (compatible; MSIE 6.0; Windows NT 5.1; SV1; xs-x_a5w7vjFTQ;Cgky4B; .NET CLR 2.0.50727; .NET CLR 1.1.4322)"
64.134.186.93 - - [30/Dec/2010:15:41:12 -0500] "GET /images/z_teens.gif HTTP/1.1" 304 - "http://www.naples-usa.com/naples-calendarofevents.htm" "Mozilla/4.0 (compatible; MSIE 6.0; Windows NT 5.1; SV1; xs-x_a5w7vjFTQ;Cgky4B; .NET CLR 2.0.50727; .NET CLR 1.1.4322)"
64.134.186.93 - - [30/Dec/2010:15:41:12 -0500] "GET /images/z_music.gif HTTP/1.1" 304 - "http://www.naples-usa.com/naples-calendarofevents.htm" "Mozilla/4.0 (compatible; MSIE 6.0; Windows NT 5.1; SV1; xs-x_a5w7vjFTQ;Cgky4B; .NET CLR 2.0.50727; .NET CLR 1.1.4322)"
64.134.186.93 - - [30/Dec/2010:15:41:12 -0500] "GET /images/z-bird-flamingo.gif HTTP/1.1" 304 - "http://www.naples-usa.com/naples-calendarofevents.htm" "Mozilla/4.0 (compatible; MSIE 6.0; Windows NT 5.1; SV1; xs-x_a5w7vjFTQ;Cgky4B; .NET CLR 2.0.50727; .NET CLR 1.1.4322)"
64.134.186.93 - - [30/Dec/2010:15:41:12 -0500] "GET /images/z-butterfly-2.gif HTTP/1.1" 304 - "http://www.naples-usa.com/naples-calendarofevents.htm" "Mozilla/4.0 (compatible; MSIE 6.0; Windows NT 5.1; SV1; xs-x_a5w7vjFTQ;Cgky4B; .NET CLR 2.0.50727; .NET CLR 1.1.4322)"
64.134.186.93 - - [30/Dec/2010:15:41:12 -0500] "GET /images/z-turtle-b.jpg HTTP/1.1" 304 - "http://www.naples-usa.com/naples-calendarofevents.htm" "Mozilla/4.0 (compatible; MSIE 6.0; Windows NT 5.1; SV1; xs-x_a5w7vjFTQ;Cgky4B; .NET CLR 2.0.50727; .NET CLR 1.1.4322)"
64.134.186.93 - - [30/Dec/2010:15:41:12 -0500] "GET /images/z-fish2.jpg HTTP/1.1" 304 - "http://www.naples-usa.com/naples-calendarofevents.htm" "Mozilla/4.0 (compatible; MSIE 6.0; Windows NT 5.1; SV1; xs-x_a5w7vjFTQ;Cgky4B; .NET CLR 2.0.50727; .NET CLR 1.1.4322)"
64.134.186.93 - - [30/Dec/2010:15:41:12 -0500] "GET /images/z_books.gif HTTP/1.1" 304 - "http://www.naples-usa.com/naples-calendarofevents.htm" "Mozilla/4.0 (compatible; MSIE 6.0; Windows NT 5.1; SV1; xs-x_a5w7vjFTQ;Cgky4B; .NET CLR 2.0.50727; .NET CLR 1.1.4322)"
64.134.186.93 - - [30/Dec/2010:15:41:12 -0500] "GET /images/z-frog.jpg HTTP/1.1" 304 - "http://www.naples-usa.com/naples-calendarofevents.htm" "Mozilla/4.0 (compatible; MSIE 6.0; Windows NT 5.1; SV1; xs-x_a5w7vjFTQ;Cgky4B; .NET CLR 2.0.50727; .NET CLR 1.1.4322)"
64.134.186.93 - - [30/Dec/2010:15:41:12 -0500] "GET /images/z-trombone.gif HTTP/1.1" 304 - "http://www.naples-usa.com/naples-calendarofevents.htm" "Mozilla/4.0 (compatible; MSIE 6.0; Windows NT 5.1; SV1; xs-x_a5w7vjFTQ;Cgky4B; .NET CLR 2.0.50727; .NET CLR 1.1.4322)"
64.134.186.93 - - [30/Dec/2010:15:41:12 -0500] "GET /images/z-guitar.gif HTTP/1.1" 304 - "http://www.naples-usa.com/naples-calendarofevents.htm" "Mozilla/4.0 (compatible; MSIE 6.0; Windows NT 5.1; SV1; xs-x_a5w7vjFTQ;Cgky4B; .NET CLR 2.0.50727; .NET CLR 1.1.4322)"
64.134.186.93 - - [30/Dec/2010:15:41:12 -0500] "GET /images/z-juggler.jpg HTTP/1.1" 304 - "http://www.naples-usa.com/naples-calendarofevents.htm" "Mozilla/4.0 (compatible; MSIE 6.0; Windows NT 5.1; SV1; xs-x_a5w7vjFTQ;Cgky4B; .NET CLR 2.0.50727; .NET CLR 1.1.4322)"
64.134.186.93 - - [30/Dec/2010:15:41:12 -0500] "GET /images/z-couple.gif HTTP/1.1" 304 - "http://www.naples-usa.com/naples-calendarofevents.htm" "Mozilla/4.0 (compatible; MSIE 6.0; Windows NT 5.1; SV1; xs-x_a5w7vjFTQ;Cgky4B; .NET CLR 2.0.50727; .NET CLR 1.1.4322)"
64.134.186.93 - - [30/Dec/2010:15:41:12 -0500] "GET /images/z-drums.jpg HTTP/1.1" 304 - "http://www.naples-usa.com/naples-calendarofevents.htm" "Mozilla/4.0 (compatible; MSIE 6.0; Windows NT 5.1; SV1; xs-x_a5w7vjFTQ;Cgky4B; .NET CLR 2.0.50727; .NET CLR 1.1.4322)"
64.134.186.93 - - [30/Dec/2010:15:41:12 -0500] "GET /images/z_cock.gif HTTP/1.1" 304 - "http://www.naples-usa.com/naples-calendarofevents.htm" "Mozilla/4.0 (compatible; MSIE 6.0; Windows NT 5.1; SV1; xs-x_a5w7vjFTQ;Cgky4B; .NET CLR 2.0.50727; .NET CLR 1.1.4322)"
64.134.186.93 - - [30/Dec/2010:15:41:12 -0500] "GET /images/1_cougar.jpg HTTP/1.1" 304 - "http://www.naples-usa.com/naples-calendarofevents.htm" "Mozilla/4.0 (compatible; MSIE 6.0; Windows NT 5.1; SV1; xs-x_a5w7vjFTQ;Cgky4B; .NET CLR 2.0.50727; .NET CLR 1.1.4322)"
64.134.186.93 - - [30/Dec/2010:15:41:12 -0500] "GET /images/z-theater.gif HTTP/1.1" 304 - "http://www.naples-usa.com/naples-calendarofevents.htm" "Mozilla/4.0 (compatible; MSIE 6.0; Windows NT 5.1; SV1; xs-x_a5w7vjFTQ;Cgky4B; .NET CLR 2.0.50727; .NET CLR 1.1.4322)"
64.134.186.93 - - [30/Dec/2010:15:41:12 -0500] "GET /images/z_bird.gif HTTP/1.1" 304 - "http://www.naples-usa.com/naples-calendarofevents.htm" "Mozilla/4.0 (compatible; MSIE 6.0; Windows NT 5.1; SV1; xs-x_a5w7vjFTQ;Cgky4B; .NET CLR 2.0.50727; .NET CLR 1.1.4322)"
64.134.186.93 - - [30/Dec/2010:15:41:12 -0500] "GET /images/z_artst.gif HTTP/1.1" 304 - "http://www.naples-usa.com/naples-calendarofevents.htm" "Mozilla/4.0 (compatible; MSIE 6.0; Windows NT 5.1; SV1; xs-x_a5w7vjFTQ;Cgky4B; .NET CLR 2.0.50727; .NET CLR 1.1.4322)"
208.115.111.246 - - [30/Dec/2010:15:42:43 -0500] "GET /calendar.htm HTTP/1.1" 200 71151 "-" "Mozilla/5.0 (compatible; DotBot/1.1; http://www.dotnetdotcom.org/, crawler@dotnetdotcom.org)"
208.115.111.246 - - [30/Dec/2010:15:42:47 -0500] "GET /home.cfm HTTP/1.1" 404 289 "-" "Mozilla/5.0 (compatible; DotBot/1.1; http://www.dotnetdotcom.org/, crawler@dotnetdotcom.org)"
208.115.111.246 - - [30/Dec/2010:15:42:51 -0500] "GET /properties.htm HTTP/1.1" 404 295 "-" "Mozilla/5.0 (compatible; DotBot/1.1; http://www.dotnetdotcom.org/, crawler@dotnetdotcom.org)"
208.115.111.246 - - [30/Dec/2010:15:42:56 -0500] "GET /realtors.htm HTTP/1.1" 404 293 "-" "Mozilla/5.0 (compatible; DotBot/1.1; http://www.dotnetdotcom.org/, crawler@dotnetdotcom.org)"
208.115.111.246 - - [30/Dec/2010:15:43:01 -0500] "GET /bauer.htm HTTP/1.1" 404 290 "-" "Mozilla/5.0 (compatible; DotBot/1.1; http://www.dotnetdotcom.org/, crawler@dotnetdotcom.org)"
208.115.111.246 - - [30/Dec/2010:15:43:06 -0500] "GET /kepp.htm HTTP/1.1" 404 289 "-" "Mozilla/5.0 (compatible; DotBot/1.1; http://www.dotnetdotcom.org/, crawler@dotnetdotcom.org)"
208.115.111.246 - - [30/Dec/2010:15:43:12 -0500] "GET /lee.htm HTTP/1.1" 404 288 "-" "Mozilla/5.0 (compatible; DotBot/1.1; http://www.dotnetdotcom.org/, crawler@dotnetdotcom.org)"
208.115.111.246 - - [30/Dec/2010:15:43:17 -0500] "GET /meek.htm HTTP/1.1" 404 289 "-" "Mozilla/5.0 (compatible; DotBot/1.1; http://www.dotnetdotcom.org/, crawler@dotnetdotcom.org)"
208.115.111.246 - - [30/Dec/2010:15:43:22 -0500] "GET /stevens HTTP/1.1" 404 288 "-" "Mozilla/5.0 (compatible; DotBot/1.1; http://www.dotnetdotcom.org/, crawler@dotnetdotcom.org)"
208.115.111.246 - - [30/Dec/2010:15:43:27 -0500] "GET /stevens/ HTTP/1.1" 404 289 "-" "Mozilla/5.0 (compatible; DotBot/1.1; http://www.dotnetdotcom.org/, crawler@dotnetdotcom.org)"
69.28.58.15 - - [30/Dec/2010:16:23:29 -0500] "GET /robots.txt HTTP/1.0" 404 279 "http://www.naples-usa.com/robots.txt" "Mozilla/4.0 (compatible; MSIE 8.0; Windows NT 5.1; SV1; .NET CLR 2.0.50727)"
69.28.58.15 - - [30/Dec/2010:16:23:32 -0500] "GET / HTTP/1.0" 200 11305 "http://www.naples-usa.com/" "Mozilla/4.0 (compatible; MSIE 8.0; Windows NT 5.1; SV1; .NET CLR 2.0.50727)"
67.195.112.50 - - [30/Dec/2010:16:25:09 -0500] "GET /TheProcacciGroup/7925_preserve-living.jpg.LCK HTTP/1.0" 404 314 "-" "Mozilla/5.0 (compatible; Yahoo! Slurp; http://help.yahoo.com/help/us/ysearch/slurp)"
69.28.58.23 - - [30/Dec/2010:16:25:10 -0500] "GET /robots.txt HTTP/1.0" 404 279 "-" "Mozilla/4.0 (compatible; MSIE 6.0; Windows NT 5.0) (larbin2.6.3@unspecified.mail)"
69.28.58.23 - - [30/Dec/2010:16:25:10 -0500] "GET / HTTP/1.0" 200 11305 "-" "Mozilla/4.0 (compatible; MSIE 6.0; Windows NT 5.0) larbin2.6.3@unspecified.mail"
220.181.94.223 - - [30/Dec/2010:16:33:49 -0500] "GET / HTTP/1.1" 200 11305 "-" "Sogou-Test-Spider/4.0 (compatible; MSIE 5.5; Windows 98)"
220.181.94.223 - - [30/Dec/2010:16:33:59 -0500] "GET /robots.txt HTTP/1.1" 404 291 "-" "Sogou web spider/4.0(+http://www.sogou.com/docs/help/webmasters.htm#07)"
67.195.112.50 - - [30/Dec/2010:16:46:27 -0500] "GET /TheProcacciGroup/534_avellino-bath.jpg.LCK HTTP/1.0" 404 311 "-" "Mozilla/5.0 (compatible; Yahoo! Slurp; http://help.yahoo.com/help/us/ysearch/slurp)"
212.7.196.205 - - [30/Dec/2010:16:48:47 -0500] "GET /found-birds.htm HTTP/1.0" 404 284 "http://www.naples-usa.com/found-birds.htm" "Mozilla/4.0 (compatible; MSIE 6.0; Windows NT 5.1; SV1; .NET CLR 1.1.4322)"
212.7.196.205 - - [30/Dec/2010:16:48:47 -0500] "GET / HTTP/1.0" 200 11305 "http://www.naples-usa.com/" "Mozilla/4.0 (compatible; MSIE 6.0; Windows NT 5.1; SV1; .NET CLR 1.1.4322)"
138.188.101.29 - - [30/Dec/2010:16:48:52 -0500] "GET /images/1_naples%20florida%20real%20estate_index.jpg HTTP/1.1" 200 24287 "http://arcticboy.arcticboy.com/pictures-naples-florida" "Mozilla/5.0 (Linux; U; Android 2.1-update1; de-ch; GT-I9000 Build/ECLAIR) AppleWebKit/530.17 (KHTML, like Gecko) Version/4.0 Mobile Safari/530.17"
67.195.112.50 - - [30/Dec/2010:17:03:31 -0500] "GET /decoursey/ HTTP/1.0" 404 279 "-" "Mozilla/5.0 (compatible; Yahoo! Slurp; http://help.yahoo.com/help/us/ysearch/slurp)"
74.125.112.86 - - [30/Dec/2010:17:13:25 -0500] "GET /Vendors/ HTTP/1.1" 200 456837 "-" "Mozilla/5.0 (en-us) AppleWebKit/525.13 (KHTML, like Gecko; Google Web Preview) Version/3.1 Safari/525.13"
98.208.144.37 - - [30/Dec/2010:17:13:42 -0500] "GET /Vendors/ HTTP/1.1" 200 456837 "http://www.google.ca/url?sa=t&source=web&cd=1&ved=0CBUQFjAA&url=http%3A%2F%2Fwww.naples-usa.com%2FVendors%2F&rct=j&q=margaret%20sloboda%20daughter&ei=7wEdTbP6PIGdlgeB_-CVDA&usg=AFQjCNHp-t1BkUhRfcRcutPlmE_RyCb41g" "Mozilla/5.0 (Macintosh; U; Intel Mac OS X 10_6_5; en-us) AppleWebKit/533.19.4 (KHTML, like Gecko) Version/5.0.3 Safari/533.19.4"
98.208.144.37 - - [30/Dec/2010:17:13:42 -0500] "GET /favicon.ico HTTP/1.1" 404 292 "http://www.naples-usa.com/Vendors/" "Mozilla/5.0 (Macintosh; U; Intel Mac OS X 10_6_5; en-us) AppleWebKit/533.19.4 (KHTML, like Gecko) Version/5.0.3 Safari/533.19.4"
82.128.206.157 - - [30/Dec/2010:17:16:32 -0500] "GET /robots.txt HTTP/1.0" 404 279 "-" "Mozilla/5.0 (compatible; MJ12bot/v1.3.3; http://www.majestic12.co.uk/bot.php?+)"
82.128.206.157 - - [30/Dec/2010:17:16:32 -0500] "GET /haas1.htm HTTP/1.1" 404 290 "-" "Mozilla/5.0 (compatible; MJ12bot/v1.3.3; http://www.majestic12.co.uk/bot.php?+)"
65.52.110.56 - - [30/Dec/2010:17:31:56 -0500] "GET /robots.txt HTTP/1.1" 404 291 "-" "Mozilla/5.0 (compatible; bingbot/2.0; +http://www.bing.com/bingbot.htm)"
65.52.110.56 - - [30/Dec/2010:17:43:11 -0500] "GET /naples-tour.htm HTTP/1.1" 304 - "-" "Mozilla/5.0 (compatible; bingbot/2.0; +http://www.bing.com/bingbot.htm)"
67.233.51.19 - - [30/Dec/2010:17:59:20 -0500] "GET /Logos/1_df-72dpi-146x55pix-inverse.jpg HTTP/1.1" 200 3353 "http://md32.embarq.synacor.com/zimbra/mail" "Mozilla/4.0 (compatible; MSIE 8.0; Windows NT 6.1; WOW64; Trident/4.0; GTB6.6; SLCC2; .NET CLR 2.0.50727; .NET CLR 3.5.30729; .NET CLR 3.0.30729; Media Center PC 6.0; MDDC; .NET4.0C)"
88.191.108.76 - - [30/Dec/2010:17:59:37 -0500] "GET /robots.txt HTTP/1.0" 404 279 "-" "Mozilla/5.0 (compatible; MJ12bot/v1.3.3; http://www.majestic12.co.uk/bot.php?+)"
88.191.108.76 - - [30/Dec/2010:17:59:41 -0500] "GET /calendar.htm HTTP/1.1" 200 71151 "-" "Mozilla/5.0 (compatible; MJ12bot/v1.3.3; http://www.majestic12.co.uk/bot.php?+)"
76.18.30.32 - - [30/Dec/2010:18:02:04 -0500] "GET /lost-birds.htm HTTP/1.1" 200 39667 "http://www.google.com/url?sa=t&source=web&cd=5&sqi=2&ved=0CDoQFjAE&url=http%3A%2F%2Fwww.naples-usa.com%2Flost-birds.htm&rct=j&q=bird%20found%20in%20florida%20&ei=MA0dTbrmDcL6lweGhqDsCw&usg=AFQjCNEuTt3kb2_66X_f8PYbiIhYjevTMw" "Mozilla/5.0 (Macintosh; U; Intel Mac OS X 10_6_5; en-us) AppleWebKit/533.19.4 (KHTML, like Gecko) Version/5.0.3 Safari/533.19.4"
76.18.30.32 - - [30/Dec/2010:18:02:05 -0500] "GET /favicon.ico HTTP/1.1" 404 292 "http://www.naples-usa.com/lost-birds.htm" "Mozilla/5.0 (Macintosh; U; Intel Mac OS X 10_6_5; en-us) AppleWebKit/533.19.4 (KHTML, like Gecko) Version/5.0.3 Safari/533.19.4"
67.195.112.50 - - [30/Dec/2010:18:06:09 -0500] "GET /naples-tour.htm HTTP/1.0" 200 22351 "-" "Mozilla/5.0 (compatible; Yahoo! Slurp; http://help.yahoo.com/help/us/ysearch/slurp)"
207.46.12.237 - - [30/Dec/2010:18:11:51 -0500] "GET /robots.txt HTTP/1.1" 404 291 "-" "Mozilla/5.0 (compatible; bingbot/2.0; +http://www.bing.com/bingbot.htm)"
69.167.161.17 - - [30/Dec/2010:18:14:37 -0500] "GET /TheProcacciGroup/naplesfloridarentals2b.htm HTTP/1.0" 404 312 "http://www.naples-usa.com/TheProcacciGroup/naplesfloridarentals2b.htm" "Opera/9.0 (Windows NT 5.1; U; en)"
69.167.161.17 - - [30/Dec/2010:18:14:37 -0500] "GET / HTTP/1.0" 200 11305 "http://www.naples-usa.com/" "Opera/9.0 (Windows NT 5.1; U; en)"
207.46.12.237 - - [30/Dec/2010:18:17:10 -0500] "GET /stevens/stevens_properties1.htm HTTP/1.1" 404 312 "-" "Mozilla/5.0 (compatible; bingbot/2.0; +http://www.bing.com/bingbot.htm)"
67.195.112.59 - - [30/Dec/2010:18:17:59 -0500] "GET /robots.txt HTTP/1.0" 404 279 "-" "Mozilla/5.0 (compatible; Yahoo! Slurp; http://help.yahoo.com/help/us/ysearch/slurp)"
67.195.112.59 - - [30/Dec/2010:18:17:59 -0500] "GET /country-clubs.htm HTTP/1.0" 404 286 "-" "Mozilla/5.0 (compatible; Yahoo! Slurp; http://help.yahoo.com/help/us/ysearch/slurp)"
67.195.112.50 - - [30/Dec/2010:18:21:24 -0500] "GET /feight.htm HTTP/1.0" 404 279 "-" "Mozilla/5.0 (compatible; Yahoo! Slurp; http://help.yahoo.com/help/us/ysearch/slurp)"
207.46.13.133 - - [30/Dec/2010:18:31:30 -0500] "GET /robots.txt HTTP/1.1" 404 291 "-" "Mozilla/5.0 (compatible; bingbot/2.0; +http://www.bing.com/bingbot.htm)"
69.147.115.61 - - [30/Dec/2010:18:32:44 -0500] "GET / HTTP/1.1" 200 11305 "-" "YahooCacheSystem"
69.147.115.61 - - [30/Dec/2010:18:32:44 -0500] "GET /favicon.ico HTTP/1.1" 404 292 "-" "YahooCacheSystem"
207.46.13.133 - - [30/Dec/2010:18:34:41 -0500] "GET /naples-florida-beachesandparks.htm HTTP/1.1" 304 - "-" "Mozilla/5.0 (compatible; bingbot/2.0; +http://www.bing.com/bingbot.htm)"
98.208.149.159 - - [30/Dec/2010:19:08:28 -0500] "GET /recycling-info-naples-florida.htm HTTP/1.1" 200 13920 "http://www.google.com/url?sa=t&source=web&cd=11&ved=0CGcQFjAK&url=http%3A%2F%2Fwww.naples-usa.com%2Frecycling-info-naples-florida.htm&rct=j&q=recycling%20pick%20up%20in%20naples%20fl&ei=xBwdTaPtBYGglAfVhonJCw&usg=AFQjCNF1XadZa1qr0k0YhLiCKRopFSU5aw" "Mozilla/5.0 (Macintosh; U; Intel Mac OS X 10.6; en-US; rv:1.9.2.13) Gecko/20101203 Firefox/3.6.13"
98.208.149.159 - - [30/Dec/2010:19:08:28 -0500] "GET /images/welcome_usa.gif HTTP/1.1" 200 7890 "http://www.naples-usa.com/recycling-info-naples-florida.htm" "Mozilla/5.0 (Macintosh; U; Intel Mac OS X 10.6; en-US; rv:1.9.2.13) Gecko/20101203 Firefox/3.6.13"
98.208.149.159 - - [30/Dec/2010:19:08:28 -0500] "GET /favicon.ico HTTP/1.1" 404 292 "-" "Mozilla/5.0 (Macintosh; U; Intel Mac OS X 10.6; en-US; rv:1.9.2.13) Gecko/20101203 Firefox/3.6.13"
98.208.149.159 - - [30/Dec/2010:19:08:31 -0500] "GET /favicon.ico HTTP/1.1" 404 292 "-" "Mozilla/5.0 (Macintosh; U; Intel Mac OS X 10.6; en-US; rv:1.9.2.13) Gecko/20101203 Firefox/3.6.13"
208.115.111.246 - - [30/Dec/2010:19:10:37 -0500] "GET /robots.txt HTTP/1.1" 404 291 "-" "Mozilla/5.0 (compatible; DotBot/1.1; http://www.dotnetdotcom.org/, crawler@dotnetdotcom.org)"
208.115.111.246 - - [30/Dec/2010:19:10:37 -0500] "GET /robots.txt HTTP/1.1" 404 291 "-" "Mozilla/5.0 (compatible; DotBot/1.1; http://www.dotnetdotcom.org/, crawler@dotnetdotcom.org)"
98.208.149.159 - - [30/Dec/2010:19:15:29 -0500] "GET /index.html HTTP/1.1" 200 11305 "http://www.naples-usa.com/recycling-info-naples-florida.htm" "Mozilla/5.0 (Macintosh; U; Intel Mac OS X 10.6; en-US; rv:1.9.2.13) Gecko/20101203 Firefox/3.6.13"
98.208.149.159 - - [30/Dec/2010:19:15:29 -0500] "GET /naples-usa.css HTTP/1.1" 200 714 "http://www.naples-usa.com/index.html" "Mozilla/5.0 (Macintosh; U; Intel Mac OS X 10.6; en-US; rv:1.9.2.13) Gecko/20101203 Firefox/3.6.13"
98.208.149.159 - - [30/Dec/2010:19:15:29 -0500] "GET /images/border%20naples.gif HTTP/1.1" 200 358 "http://www.naples-usa.com/index.html" "Mozilla/5.0 (Macintosh; U; Intel Mac OS X 10.6; en-US; rv:1.9.2.13) Gecko/20101203 Firefox/3.6.13"
98.208.149.159 - - [30/Dec/2010:19:15:29 -0500] "GET /images/A-INDE%7E1.jpg HTTP/1.1" 200 23069 "http://www.naples-usa.com/index.html" "Mozilla/5.0 (Macintosh; U; Intel Mac OS X 10.6; en-US; rv:1.9.2.13) Gecko/20101203 Firefox/3.6.13"
93.48.35.133 - - [30/Dec/2010:19:17:26 -0500] "GET /images/1_naples%20florida%20real%20estate_index.jpg HTTP/1.1" 200 24287 "http://www.google.it/imgres?imgurl=http://www.naples-usa.com/images/1_naples%2520florida%2520real%2520estate_index.jpg&imgrefurl=http://www.dolphinworld.net/wordpress/2008/02/19/naples-florida-dolphin-swim-tour/&usg=__qADXQoSKXq32YdNCGsSumn4G-8c=&h=256&w=375&sz=24&hl=it&start=7&zoom=1&itbs=1&tbnid=xiSSaf0OQrPq8M:&tbnh=83&tbnw=122&prev=/images%3Fq%3Dnaples%2Bflorida%26hl%3Dit%26sa%3DN%26tbs%3Disch:1" "Mozilla/4.0 (compatible; MSIE 7.0; Windows NT 6.0; GTB6.6; SLCC1; .NET CLR 2.0.50727; Media Center PC 5.0; .NET CLR 3.5.30729; .NET CLR 3.0.30618; .NET4.0C)"
93.48.35.133 - - [30/Dec/2010:19:17:26 -0500] "GET /favicon.ico HTTP/1.1" 404 292 "-" "Mozilla/4.0 (compatible; MSIE 7.0; Windows NT 6.0; GTB6.6; SLCC1; .NET CLR 2.0.50727; Media Center PC 5.0; .NET CLR 3.5.30729; .NET CLR 3.0.30618; .NET4.0C)"
93.48.35.133 - - [30/Dec/2010:19:17:27 -0500] "GET /favicon.ico HTTP/1.1" 404 292 "-" "Mozilla/5.0 (compatible; Google Desktop/5.9.1005.12335; http://desktop.google.com/)"
67.195.112.50 - - [30/Dec/2010:19:28:04 -0500] "GET /TheProcacciGroup/74_erin-way-kitch.jpg.LCK HTTP/1.0" 404 311 "-" "Mozilla/5.0 (compatible; Yahoo! Slurp; http://help.yahoo.com/help/us/ysearch/slurp)"
208.115.111.246 - - [30/Dec/2010:19:35:42 -0500] "GET / HTTP/1.1" 200 11305 "-" "Mozilla/5.0 (compatible; DotBot/1.1; http://www.dotnetdotcom.org/, crawler@dotnetdotcom.org)"
208.115.111.246 - - [30/Dec/2010:19:35:46 -0500] "GET /found-birds.htm HTTP/1.1" 404 296 "-" "Mozilla/5.0 (compatible; DotBot/1.1; http://www.dotnetdotcom.org/, crawler@dotnetdotcom.org)"
208.115.111.246 - - [30/Dec/2010:19:35:50 -0500] "GET /fuller.htm HTTP/1.1" 404 291 "-" "Mozilla/5.0 (compatible; DotBot/1.1; http://www.dotnetdotcom.org/, crawler@dotnetdotcom.org)"
208.115.111.246 - - [30/Dec/2010:19:35:55 -0500] "GET /golf_tennis.htm HTTP/1.1" 404 296 "-" "Mozilla/5.0 (compatible; DotBot/1.1; http://www.dotnetdotcom.org/, crawler@dotnetdotcom.org)"
208.115.111.246 - - [30/Dec/2010:19:36:00 -0500] "GET /haas.htm HTTP/1.1" 404 289 "-" "Mozilla/5.0 (compatible; DotBot/1.1; http://www.dotnetdotcom.org/, crawler@dotnetdotcom.org)"
208.115.111.246 - - [30/Dec/2010:19:36:06 -0500] "GET /haas1.htm HTTP/1.1" 404 290 "-" "Mozilla/5.0 (compatible; DotBot/1.1; http://www.dotnetdotcom.org/, crawler@dotnetdotcom.org)"
208.115.111.246 - - [30/Dec/2010:19:36:11 -0500] "GET /halpin.htm HTTP/1.1" 404 291 "-" "Mozilla/5.0 (compatible; DotBot/1.1; http://www.dotnetdotcom.org/, crawler@dotnetdotcom.org)"
208.115.111.246 - - [30/Dec/2010:19:36:16 -0500] "GET /lee1.htm HTTP/1.1" 404 289 "-" "Mozilla/5.0 (compatible; DotBot/1.1; http://www.dotnetdotcom.org/, crawler@dotnetdotcom.org)"
208.115.111.246 - - [30/Dec/2010:19:36:21 -0500] "GET /lost-birds.htm HTTP/1.1" 200 39667 "-" "Mozilla/5.0 (compatible; DotBot/1.1; http://www.dotnetdotcom.org/, crawler@dotnetdotcom.org)"
208.115.111.246 - - [30/Dec/2010:19:36:26 -0500] "GET /v HTTP/1.1" 404 282 "-" "Mozilla/5.0 (compatible; DotBot/1.1; http://www.dotnetdotcom.org/, crawler@dotnetdotcom.org)"
123.125.71.73 - - [30/Dec/2010:19:36:31 -0500] "GET / HTTP/1.1" 304 - "-" "Baiduspider+(+http://www.baidu.com/search/spider.htm)"
76.109.122.192 - - [30/Dec/2010:19:41:20 -0500] "GET /Logos/winner_250.jpg HTTP/1.1" 304 - "http://email02.secureserver.net/webmail.php?folder=INBOX&firstMessage=1&login=1" "Mozilla/4.0 (compatible; MSIE 8.0; Windows NT 6.1; WOW64; Trident/4.0; GTB6.6; SLCC2; .NET CLR 2.0.50727; .NET CLR 3.5.30729; .NET CLR 3.0.30729; Media Center PC 6.0; MDDC; .NET4.0C; BRI/1)"
76.109.122.192 - - [30/Dec/2010:19:41:20 -0500] "GET /Logos/1_df-72dpi-476x57pix-banner.jpg HTTP/1.1" 304 - "http://email02.secureserver.net/webmail.php?folder=INBOX&firstMessage=1&login=1" "Mozilla/4.0 (compatible; MSIE 8.0; Windows NT 6.1; WOW64; Trident/4.0; GTB6.6; SLCC2; .NET CLR 2.0.50727; .NET CLR 3.5.30729; .NET CLR 3.0.30729; Media Center PC 6.0; MDDC; .NET4.0C; BRI/1)"
95.108.217.252 - - [30/Dec/2010:19:47:01 -0500] "GET /index.html HTTP/1.1" 200 11305 "-" "Mozilla/5.0 (compatible; YandexBot/3.0; +http://yandex.com/bots)"
38.108.67.16 - - [30/Dec/2010:19:57:58 -0500] "GET /robots.txt HTTP/1.0" 404 279 "-" "SBIder/Nutch-1.0-dev (http://www.sitesell.com/sbider.html)"
38.108.67.16 - - [30/Dec/2010:19:57:59 -0500] "GET /reports_for-buyers.htm HTTP/1.0" 404 291 "-" "SBIder/Nutch-1.0-dev (http://www.sitesell.com/sbider.html)"
67.195.112.50 - - [30/Dec/2010:20:11:59 -0500] "GET /halpin.htm HTTP/1.0" 404 279 "-" "Mozilla/5.0 (compatible; Yahoo! Slurp; http://help.yahoo.com/help/us/ysearch/slurp)"
67.195.112.50 - - [30/Dec/2010:20:14:10 -0500] "GET /rental-information.htm HTTP/1.0" 404 291 "-" "Mozilla/5.0 (compatible; Yahoo! Slurp; http://help.yahoo.com/help/us/ysearch/slurp)"
38.108.67.16 - - [30/Dec/2010:20:17:30 -0500] "GET /haas.htm HTTP/1.0" 404 277 "-" "SBIder/Nutch-1.0-dev (http://www.sitesell.com/sbider.html)"
67.195.112.50 - - [30/Dec/2010:20:28:26 -0500] "GET /lee.htm HTTP/1.0" 404 276 "-" "Mozilla/5.0 (compatible; Yahoo! Slurp; http://help.yahoo.com/help/us/ysearch/slurp)"
207.46.13.51 - - [30/Dec/2010:20:29:21 -0500] "GET /robots.txt HTTP/1.1" 404 291 "-" "Mozilla/5.0 (compatible; bingbot/2.0; +http://www.bing.com/bingbot.htm)"
207.46.13.51 - - [30/Dec/2010:20:36:41 -0500] "GET /greenstein/naples-florida-properties1.htm HTTP/1.1" 404 322 "-" "Mozilla/5.0 (compatible; bingbot/2.0; +http://www.bing.com/bingbot.htm)"
67.195.112.50 - - [30/Dec/2010:20:40:56 -0500] "GET /robots.txt HTTP/1.0" 404 279 "-" "Mozilla/5.0 (compatible; Yahoo! Slurp; http://help.yahoo.com/help/us/ysearch/slurp)"
67.195.112.50 - - [30/Dec/2010:20:40:56 -0500] "GET /holden/naplesrealestatelistings1.htm HTTP/1.0" 404 305 "-" "Mozilla/5.0 (compatible; Yahoo! Slurp; http://help.yahoo.com/help/us/ysearch/slurp)"
