71.54.3.79 - - [01/Jan/2011:00:45:11 -0500] "GET /url(data:image/png;base64,iVBORw0KGgoAAAANSUhEUgAAADgAAAAOCAYAAAB6pd%2buAAAAAXNSR0IArs4c6QAAAAZiS0dEAP8A%2fwD%2foL2nkwAAAAlwSFlzAAALEwAACxMBAJqcGAAAAAd0SU1FB9oGAhENK17O5ogAAAAZdEVYdENvbW1lbnQAQ3JlYXRlZCB3aXRoIEdJTVBXgQ4XAAAD6UlEQVRIx82WXWxTdRjGf6fndO3adbZ0VLoP9gFMXZQFNgSWDEkEYtSQkNVg4o2JH9NGJTMk6k01vTIhXshFzTCKE5NFORoXXDBs4nTMZHMzSETHDKyQyb7Xbu36dc7p8aaQZm5GNzd8rk7evOf%2fz%2fM%2bz%2f99X4E1htcn68v5742mffVRJd19uucqH539lSq3yKuHtlDmkPj99aPYe39kfRoMOqgCJHSdJNRL3AEE%2fB7h3xZFgO6JuRQdl6PE8zfRPzlF71CEojoXFc%2b9SPy3KxjCc%2bgCpIE0IilB65YWHFQBfAbUZEIDQGPA7xngDsNgMpFUY0Q0ESHHhKbkM3A9yoFqDceGQpTijWjhXxCAtC6gCWk0BAwLzqkAQsC6TJVDGcKrZdeDXp%2fcvki8zeuTH8uO6ehYzRJumxEUBUkyMa%2baUDWBVDLNnJJgNE9ixGZiOlckaQAVAWmBdTqBzqxQJ%2fD2KgrTCDzq9clywO%2fxZMi1AgcBBbhNPhyJ47TlsGuzjaHRSRRdoKq8AF3XOdvZw1BMQneUMl9iZN4eo3AmRWVwFulvqusAngBOryLBY0AcaPD65LeAFPAk0BLwe57OTnz3i4sc3ruFx2s24MwzoWgaW4tNnPn0JLt37KJ2zwGMgk5X3zd8ONJOX7mGvcK5OEGvT94HNGcs2rjSzrhUUwn4PV1AV4bcm5nwkYDfc3xhbs%2bVWQZH%2btlekc%2fDtRupKrub1uYT7NhWw9bde%2fl2REUSRR56pJT0lxofhM8xaheXVPA1oDPg9zT%2bExmsDqF8hUqmlvi%2bDUs6RWhW5Ov%2bKaxmK5XFLkIzIe7f%2fiBtwypPVZqIRWJ8Ny6x09OEJJs5rrTxn4yJY00NwRU0mtaMLY9kyL3n9clVAb%2fnley8wnyBkkIHrgILm925JGPTJONRDHqaHDQmx2a4Ph4hpFkpcZqZmBhHtbI4wYDfs3%2bNhn5bpqG03LKl1ydXAS97fXJ%2b9jv0Hq6lyK5C%2fBJ6PEjyj2nW2VQGLw5gLKqn92YSxWgjbrRy89ogVosFoyT%2bZUzcurjD65M71oDjCeDzbCIZ5VqAk9mJm9w5zAdPkRx%2bB3H6Y3Kj7TxQMkzLqfe5V71GvttFiduOa3aQc58E6JseJJXSEVhjeH2yvpxN5qVnygj%2fdJQCWxjBAOm0gVRC5MLPdoZnt2F3rsdisTAV7MBlusT3oVK6TOriCv4fIZnsSDlu1IQRNWVGV83kYKFuZzX7PQ1MFOg0j53nh%2bg8qpLg2eogeyJ53JFddDkLtyiZ6%2b%2b674Vu5cZXiIkJdAEMjnvIqzjEjVCS7rmrhOwC0Vwn58fqkIIXeL72Mn8CJn6UfKGeNt4AAAAASUVORK5CYII%3d) HTTP/1.1" 404 1864 "http://www.naples-usa.com/lost-birds.htm" "Mozilla/4.0 (compatible; MSIE 8.0; Windows NT 6.1; WOW64; Trident/4.0; SearchToolbar 1.2; GTB6.6; SLCC2; .NET CLR 2.0.50727; .NET CLR 3.5.30729; .NET CLR 3.0.30729; Media Center PC 6.0; BRI/1; AskTbPSI/5.9.1.14019)"
67.195.112.50 - - [01/Jan/2011:01:03:22 -0500] "GET /lost-birds.htm HTTP/1.0" 200 39667 "-" "Mozilla/5.0 (compatible; Yahoo! Slurp; http://help.yahoo.com/help/us/ysearch/slurp)"
76.101.187.56 - - [01/Jan/2011:01:15:44 -0500] "GET /recycling-info-naples-florida.htm HTTP/1.1" 200 13920 "http://www.google.com/url?sa=t&source=web&cd=3&sqi=2&ved=0CCoQFjAC&url=http%3A%2F%2Fwww.naples-usa.com%2Frecycling-info-naples-florida.htm&rct=j&q=recycle%20pick%20up%20in%20naples&ei=MsQeTaS-McH78AbToJnZDQ&usg=AFQjCNF1XadZa1qr0k0YhLiCKRopFSU5aw" "Mozilla/4.0 (compatible; MSIE 8.0; Windows NT 5.1; Trident/4.0; .NET CLR 2.0.50727; .NET CLR 3.0.4506.2152; .NET CLR 3.5.30729)"
76.101.187.56 - - [01/Jan/2011:01:15:44 -0500] "GET /images/welcome_usa.gif HTTP/1.1" 200 7890 "http://www.naples-usa.com/recycling-info-naples-florida.htm" "Mozilla/4.0 (compatible; MSIE 8.0; Windows NT 5.1; Trident/4.0; .NET CLR 2.0.50727; .NET CLR 3.0.4506.2152; .NET CLR 3.5.30729)"
76.101.187.56 - - [01/Jan/2011:01:15:44 -0500] "GET /favicon.ico HTTP/1.1" 404 292 "-" "Mozilla/4.0 (compatible; MSIE 8.0; Windows NT 5.1; Trident/4.0; .NET CLR 2.0.50727; .NET CLR 3.0.4506.2152; .NET CLR 3.5.30729)"
67.195.112.50 - - [01/Jan/2011:01:24:32 -0500] "GET /TheProcacciGroup/101_george-lanai.jpg.LCK HTTP/1.0" 404 310 "-" "Mozilla/5.0 (compatible; Yahoo! Slurp; http://help.yahoo.com/help/us/ysearch/slurp)"
193.47.80.45 - - [01/Jan/2011:01:36:25 -0500] "GET /pinkman.htm HTTP/1.1" 404 292 "-" "Mozilla/5.0 (compatible; Exabot/3.0; +http://www.exabot.com/go/robot)"
218.213.130.76 - - [01/Jan/2011:02:04:26 -0500] "GET /robots.txt HTTP/1.1" 404 291 "-" "DoCoMo/2.0 P900i(c100;TB;W24H11)(compatible; ichiro/mobile goo;+http://help.goo.ne.jp/door/crawler.html)"
218.213.130.76 - - [01/Jan/2011:02:04:28 -0500] "GET /boat_docks.htm HTTP/1.1" 404 295 "-" "DoCoMo/2.0 P900i(c100;TB;W24H11)(compatible; ichiro/mobile goo;+http://help.goo.ne.jp/door/crawler.html)"
95.108.158.234 - - [01/Jan/2011:02:10:08 -0500] "GET /robots.txt HTTP/1.1" 404 291 "-" "Mozilla/5.0 (compatible; YandexImages/3.0; +http://yandex.com/bots)"
193.47.80.45 - - [01/Jan/2011:02:14:26 -0500] "GET /robots.txt HTTP/1.1" 404 291 "-" "Mozilla/5.0 (compatible; Exabot/3.0; +http://www.exabot.com/go/robot)"
193.47.80.45 - - [01/Jan/2011:02:14:26 -0500] "GET /naples-boatcondos.htm HTTP/1.1" 304 - "-" "Mozilla/5.0 (compatible; Exabot/3.0; +http://www.exabot.com/go/robot)"
208.115.111.246 - - [01/Jan/2011:02:30:30 -0500] "GET /Vendors/Logos.htm HTTP/1.1" 200 6053 "-" "Mozilla/5.0 (compatible; DotBot/1.1; http://www.dotnetdotcom.org/, crawler@dotnetdotcom.org)"
208.115.111.246 - - [01/Jan/2011:02:30:35 -0500] "GET /Vendors/how_to.htm HTTP/1.1" 200 39971 "-" "Mozilla/5.0 (compatible; DotBot/1.1; http://www.dotnetdotcom.org/, crawler@dotnetdotcom.org)"
208.115.111.246 - - [01/Jan/2011:02:30:41 -0500] "GET /Vendors/index.html HTTP/1.1" 200 456837 "-" "Mozilla/5.0 (compatible; DotBot/1.1; http://www.dotnetdotcom.org/, crawler@dotnetdotcom.org)"
119.63.198.33 - - [01/Jan/2011:02:35:00 -0500] "GET /robots.txt HTTP/1.1" 404 291 "-" "Baiduspider+(+http://www.baidu.com/search/spider.htm)"
67.195.112.50 - - [01/Jan/2011:02:40:40 -0500] "GET /bauer/naples-florida-real-estate1.htm HTTP/1.0" 404 306 "-" "Mozilla/5.0 (compatible; Yahoo! Slurp; http://help.yahoo.com/help/us/ysearch/slurp)"
67.195.112.50 - - [01/Jan/2011:02:42:57 -0500] "GET /TheProcacciGroup/11793_pin-bed.jpg.LCK HTTP/1.0" 404 307 "-" "Mozilla/5.0 (compatible; Yahoo! Slurp; http://help.yahoo.com/help/us/ysearch/slurp)"
67.195.112.50 - - [01/Jan/2011:03:18:22 -0500] "GET /TheProcacciGroup/naplesfloridarentals2-old.htm HTTP/1.0" 404 315 "-" "Mozilla/5.0 (compatible; Yahoo! Slurp; http://help.yahoo.com/help/us/ysearch/slurp)"
38.108.67.27 - - [01/Jan/2011:03:19:42 -0500] "GET /robots.txt HTTP/1.0" 404 279 "-" "SBIder/Nutch-1.0-dev (http://www.sitesell.com/sbider.html)"
38.108.67.27 - - [01/Jan/2011:03:19:42 -0500] "GET /reports_for-buyers.htm HTTP/1.0" 404 291 "-" "SBIder/Nutch-1.0-dev (http://www.sitesell.com/sbider.html)"
124.115.4.190 - - [01/Jan/2011:03:21:38 -0500] "GET / HTTP/1.1" 200 11305 "-" "Sosospider+(+http://help.soso.com/webspider.htm)"
38.108.67.27 - - [01/Jan/2011:03:40:57 -0500] "GET /haas.htm HTTP/1.0" 404 277 "-" "SBIder/Nutch-1.0-dev (http://www.sitesell.com/sbider.html)"
67.195.112.50 - - [01/Jan/2011:03:45:20 -0500] "GET /beatty/421_conners-ext3.jpg.LCK HTTP/1.0" 404 300 "-" "Mozilla/5.0 (compatible; Yahoo! Slurp; http://help.yahoo.com/help/us/ysearch/slurp)"
67.195.112.50 - - [01/Jan/2011:03:58:50 -0500] "GET /naples-boatcondos.htm HTTP/1.0" 200 11908 "-" "Mozilla/5.0 (compatible; Yahoo! Slurp; http://help.yahoo.com/help/us/ysearch/slurp)"
38.108.67.27 - - [01/Jan/2011:04:04:31 -0500] "GET /romano/testimonials.htm HTTP/1.0" 404 292 "-" "SBIder/Nutch-1.0-dev (http://www.sitesell.com/sbider.html)"
66.249.72.203 - - [01/Jan/2011:04:10:22 -0500] "GET /robots.txt HTTP/1.1" 404 291 "-" "Mozilla/5.0 (compatible; Googlebot/2.1; +http://www.google.com/bot.html)"
66.249.72.203 - - [01/Jan/2011:04:10:22 -0500] "GET /home-improvement-naples-florida.htm HTTP/1.1" 404 316 "-" "Mozilla/5.0 (compatible; Googlebot/2.1; +http://www.google.com/bot.html)"
38.108.67.27 - - [01/Jan/2011:04:14:39 -0500] "GET /boat_docks.htm HTTP/1.0" 404 283 "-" "SBIder/Nutch-1.0-dev (http://www.sitesell.com/sbider.html)"
67.195.112.50 - - [01/Jan/2011:04:19:58 -0500] "GET /TheProcacciGroup/7347_monte-208036292.jpg.LCK HTTP/1.0" 404 314 "-" "Mozilla/5.0 (compatible; Yahoo! Slurp; http://help.yahoo.com/help/us/ysearch/slurp)"
38.108.67.27 - - [01/Jan/2011:04:24:55 -0500] "GET /homestead.htm HTTP/1.0" 404 282 "-" "SBIder/Nutch-1.0-dev (http://www.sitesell.com/sbider.html)"
38.108.67.27 - - [01/Jan/2011:04:25:45 -0500] "GET /reports_for-sellers.htm HTTP/1.0" 404 292 "-" "SBIder/Nutch-1.0-dev (http://www.sitesell.com/sbider.html)"
95.108.158.234 - - [01/Jan/2011:04:32:34 -0500] "GET /transparent.gif HTTP/1.1" 304 - "-" "Mozilla/5.0 (compatible; YandexImages/3.0; +http://yandex.com/bots)"
66.249.72.203 - - [01/Jan/2011:04:44:52 -0500] "GET /miller1.htm HTTP/1.1" 404 292 "-" "Mozilla/5.0 (compatible; Googlebot/2.1; +http://www.google.com/bot.html)"
66.249.72.203 - - [01/Jan/2011:04:44:53 -0500] "GET /kepp1.htm HTTP/1.1" 404 290 "-" "Mozilla/5.0 (compatible; Googlebot/2.1; +http://www.google.com/bot.html)"
67.195.112.50 - - [01/Jan/2011:04:45:01 -0500] "GET /found-birds.htm HTTP/1.0" 404 284 "-" "Mozilla/5.0 (compatible; Yahoo! Slurp; http://help.yahoo.com/help/us/ysearch/slurp)"
66.249.72.203 - - [01/Jan/2011:04:56:49 -0500] "GET /volmer1.htm HTTP/1.1" 404 292 "-" "Mozilla/5.0 (compatible; Googlebot/2.1; +http://www.google.com/bot.html)"
66.249.72.203 - - [01/Jan/2011:05:13:26 -0500] "GET /finnegan1.htm HTTP/1.1" 404 294 "-" "Mozilla/5.0 (compatible; Googlebot/2.1; +http://www.google.com/bot.html)"
67.195.112.50 - - [01/Jan/2011:05:17:47 -0500] "GET /carrier/rentals.htm HTTP/1.0" 404 288 "-" "Mozilla/5.0 (compatible; Yahoo! Slurp; http://help.yahoo.com/help/us/ysearch/slurp)"
207.46.199.45 - - [01/Jan/2011:05:45:29 -0500] "GET /robots.txt HTTP/1.1" 404 291 "-" "Mozilla/5.0 (compatible; bingbot/2.0; +http://www.bing.com/bingbot.htm)"
38.108.67.27 - - [01/Jan/2011:05:49:13 -0500] "GET /golf.htm HTTP/1.0" 404 277 "-" "SBIder/Nutch-1.0-dev (http://www.sitesell.com/sbider.html)"
207.46.199.45 - - [01/Jan/2011:05:49:48 -0500] "GET /naples-boating.htm HTTP/1.1" 304 - "-" "Mozilla/5.0 (compatible; bingbot/2.0; +http://www.bing.com/bingbot.htm)"
67.195.112.50 - - [01/Jan/2011:05:50:17 -0500] "GET /Vendors/Logos.htm HTTP/1.0" 200 6053 "-" "Mozilla/5.0 (compatible; Yahoo! Slurp; http://help.yahoo.com/help/us/ysearch/slurp)"
193.47.80.45 - - [01/Jan/2011:05:52:37 -0500] "GET /suarez.htm HTTP/1.1" 404 291 "-" "Mozilla/5.0 (compatible; Exabot/3.0; +http://www.exabot.com/go/robot)"
67.195.112.50 - - [01/Jan/2011:05:56:18 -0500] "GET /TheProcacciGroup/2_myrtle-dining.jpg.LCK HTTP/1.0" 404 309 "-" "Mozilla/5.0 (compatible; Yahoo! Slurp; http://help.yahoo.com/help/us/ysearch/slurp)"
67.195.112.50 - - [01/Jan/2011:05:57:38 -0500] "GET /TheProcacciGroup/1325_sweetwater-bath.jpg.LCK HTTP/1.0" 404 314 "-" "Mozilla/5.0 (compatible; Yahoo! Slurp; http://help.yahoo.com/help/us/ysearch/slurp)"
38.108.67.27 - - [01/Jan/2011:06:11:32 -0500] "GET /weather.htm HTTP/1.0" 404 280 "-" "SBIder/Nutch-1.0-dev (http://www.sitesell.com/sbider.html)"
38.108.67.27 - - [01/Jan/2011:06:16:03 -0500] "GET /lost-pets.htm HTTP/1.0" 404 282 "-" "SBIder/Nutch-1.0-dev (http://www.sitesell.com/sbider.html)"
38.108.67.27 - - [01/Jan/2011:06:21:23 -0500] "GET /blaine/naples-rentals.htm HTTP/1.0" 404 294 "-" "SBIder/Nutch-1.0-dev (http://www.sitesell.com/sbider.html)"
92.85.162.87 - - [01/Jan/2011:06:25:28 -0500] "GET / HTTP/1.1" 200 11305 "-" "Java/1.6.0_04"
92.85.162.87 - - [01/Jan/2011:06:25:29 -0500] "GET /Naples-Florida-Important-Phone-Numbers.htm HTTP/1.1" 200 5215 "-" "Java/1.6.0_04"
92.85.162.87 - - [01/Jan/2011:06:25:29 -0500] "GET /area-information-calendar.htm HTTP/1.1" 404 310 "-" "Java/1.6.0_04"
92.85.162.87 - - [01/Jan/2011:06:25:30 -0500] "GET /florida-homestead-exemption.htm HTTP/1.1" 200 14191 "-" "Java/1.6.0_04"
92.85.162.87 - - [01/Jan/2011:06:25:32 -0500] "GET /golf.htm HTTP/1.1" 404 289 "-" "Java/1.6.0_04"
92.85.162.87 - - [01/Jan/2011:06:25:33 -0500] "GET /hotels-in-naples.htm HTTP/1.1" 200 53713 "-" "Java/1.6.0_04"
92.85.162.87 - - [01/Jan/2011:06:25:34 -0500] "GET /naples-arts.htm HTTP/1.1" 200 4976 "-" "Java/1.6.0_04"
92.85.162.87 - - [01/Jan/2011:06:25:34 -0500] "GET /naples-boatcondos.htm HTTP/1.1" 200 11908 "-" "Java/1.6.0_04"
92.85.162.87 - - [01/Jan/2011:06:25:34 -0500] "GET /naples-boatdocks.htm HTTP/1.1" 200 14892 "-" "Java/1.6.0_04"
92.85.162.87 - - [01/Jan/2011:06:25:34 -0500] "GET /naples-boating.htm HTTP/1.1" 200 14280 "-" "Java/1.6.0_04"
92.85.162.87 - - [01/Jan/2011:06:25:35 -0500] "GET /naples-calendarofevents.htm HTTP/1.1" 200 255135 "-" "Java/1.6.0_04"
92.85.162.87 - - [01/Jan/2011:06:25:36 -0500] "GET /naples-florida-beachesandparks.htm HTTP/1.1" 200 10582 "-" "Java/1.6.0_04"
92.85.162.87 - - [01/Jan/2011:06:25:36 -0500] "GET /naples-florida-facts.htm HTTP/1.1" 200 12073 "-" "Java/1.6.0_04"
92.85.162.87 - - [01/Jan/2011:06:25:36 -0500] "GET /naples-florida-fishing.htm HTTP/1.1" 200 15147 "-" "Java/1.6.0_04"
92.85.162.87 - - [01/Jan/2011:06:25:36 -0500] "GET /naples-florida-schools.htm HTTP/1.1" 200 27490 "-" "Java/1.6.0_04"
92.85.162.87 - - [01/Jan/2011:06:25:37 -0500] "GET /naples-history.htm HTTP/1.1" 200 22034 "-" "Java/1.6.0_04"
92.85.162.87 - - [01/Jan/2011:06:25:37 -0500] "GET /naples-tennis.htm HTTP/1.1" 200 15285 "-" "Java/1.6.0_04"
92.85.162.87 - - [01/Jan/2011:06:25:37 -0500] "GET /naples-tour.htm HTTP/1.1" 200 22351 "-" "Java/1.6.0_04"
92.85.162.87 - - [01/Jan/2011:06:25:37 -0500] "GET /naples-weather.htm HTTP/1.1" 200 16725 "-" "Java/1.6.0_04"
92.85.162.87 - - [01/Jan/2011:06:25:38 -0500] "GET /recycling-info-naples-florida.htm HTTP/1.1" 200 13920 "-" "Java/1.6.0_04"
92.85.162.87 - - [01/Jan/2011:06:25:38 -0500] "GET /weather.htm HTTP/1.1" 404 292 "-" "Java/1.6.0_04"
92.85.162.87 - - [01/Jan/2011:06:25:38 -0500] "GET /boat_docks.htm HTTP/1.1" 404 295 "-" "Java/1.6.0_04"
92.85.162.87 - - [01/Jan/2011:06:25:39 -0500] "GET /index.html HTTP/1.1" 200 11305 "-" "Java/1.6.0_04"
92.85.162.87 - - [01/Jan/2011:06:25:40 -0500] "GET /lostpets.html HTTP/1.1" 200 17013 "-" "Java/1.6.0_04"
92.85.162.87 - - [01/Jan/2011:06:25:40 -0500] "GET /homestead.htm HTTP/1.1" 404 294 "-" "Java/1.6.0_04"
92.85.162.87 - - [01/Jan/2011:06:25:41 -0500] "GET /calendar-clubs-and-orgs.htm HTTP/1.1" 200 27411 "-" "Java/1.6.0_04"
92.85.162.87 - - [01/Jan/2011:06:25:42 -0500] "GET /lost-pets.htm HTTP/1.1" 404 294 "-" "Java/1.6.0_04"
92.85.162.87 - - [01/Jan/2011:06:25:42 -0500] "GET /home-improvement-naples-florida.htm HTTP/1.1" 404 316 "-" "Java/1.6.0_04"
92.85.162.87 - - [01/Jan/2011:06:25:42 -0500] "GET /mortgage-dictionary.htm HTTP/1.1" 404 304 "-" "Java/1.6.0_04"
92.85.162.87 - - [01/Jan/2011:06:25:43 -0500] "GET /reports_for-buyers.htm HTTP/1.1" 404 303 "-" "Java/1.6.0_04"
92.85.162.87 - - [01/Jan/2011:06:25:43 -0500] "GET /reports_for-sellers.htm HTTP/1.1" 404 304 "-" "Java/1.6.0_04"
92.85.162.87 - - [01/Jan/2011:06:25:44 -0500] "GET /history.htm HTTP/1.1" 404 292 "-" "Java/1.6.0_04"
92.85.162.87 - - [01/Jan/2011:06:25:44 -0500] "GET /naples-tennis-public.htm HTTP/1.1" 404 305 "-" "Java/1.6.0_04"
92.85.162.87 - - [01/Jan/2011:06:25:44 -0500] "GET /tennis.htm HTTP/1.1" 404 291 "-" "Java/1.6.0_04"
92.85.162.87 - - [01/Jan/2011:06:25:45 -0500] "GET /home.cfm HTTP/1.1" 404 289 "-" "Java/1.6.0_04"
92.85.162.87 - - [01/Jan/2011:06:25:45 -0500] "GET /TARGET= HTTP/1.1" 404 288 "-" "Java/1.6.0_04"
92.85.162.87 - - [01/Jan/2011:06:25:46 -0500] "GET /javascripts/address.js HTTP/1.1" 404 303 "-" "Java/1.6.0_04"
92.85.162.87 - - [01/Jan/2011:06:25:46 -0500] "GET /file:///D|/Web%20Folder-teljean/Naples-USA/client_services_and_links.htm HTTP/1.1" 404 351 "-" "Java/1.6.0_04"
92.85.162.87 - - [01/Jan/2011:06:25:47 -0500] "GET /file:///D|/Web%20Folder-teljean/DNFR/homestead.htm HTTP/1.1" 404 329 "-" "Java/1.6.0_04"
92.85.162.87 - - [01/Jan/2011:06:25:47 -0500] "GET /file:///D|/Web%20Folder-teljean/DNFR/calendar.htm HTTP/1.1" 404 328 "-" "Java/1.6.0_04"
92.85.162.87 - - [01/Jan/2011:06:25:47 -0500] "GET /file:///D|/Web%20Folder-teljean/Naples-USA/tennis.htm HTTP/1.1" 404 332 "-" "Java/1.6.0_04"
92.85.162.87 - - [01/Jan/2011:06:25:48 -0500] "GET /file:///D|/Web%20Folder-teljean/DNFR/fishing.htm HTTP/1.1" 404 327 "-" "Java/1.6.0_04"
92.85.162.87 - - [01/Jan/2011:06:25:48 -0500] "GET /file:///D|/Web%20Folder-teljean/DNFR/properties-test-bullets-regularfont.htm HTTP/1.1" 404 355 "-" "Java/1.6.0_04"
92.85.162.87 - - [01/Jan/2011:06:25:49 -0500] "GET /file:///D|/Web%20Folder-teljean/DNFR/animalsandpets.htm HTTP/1.1" 404 334 "-" "Java/1.6.0_04"
92.85.162.87 - - [01/Jan/2011:06:25:49 -0500] "GET /file:///D|/Web%20Folder-teljean/DNFR/naples-events.htm HTTP/1.1" 404 333 "-" "Java/1.6.0_04"
92.85.162.87 - - [01/Jan/2011:06:25:49 -0500] "GET /file:///D|/Web%20Folder-teljean/DNFR/www.colliergov.net/index.aspx?page=119 HTTP/1.1" 404 345 "-" "Java/1.6.0_04"
81.217.48.78 - - [01/Jan/2011:06:27:46 -0500] "GET /images/1_naples%20florida%20real%20estate_index.jpg HTTP/1.1" 200 24287 "http://www.google.at/imgres?imgurl=http://www.naples-usa.com/images/1_naples%2520florida%2520real%2520estate_index.jpg&imgrefurl=http://www.dolphinworld.net/wordpress/2008/02/19/naples-florida-dolphin-swim-tour/&usg=__qADXQoSKXq32YdNCGsSumn4G-8c=&h=256&w=375&sz=24&hl=de&start=0&zoom=1&tbnid=xiSSaf0OQrPq8M:&tbnh=131&tbnw=192&prev=/images%3Fq%3Dnaples%2Bflorida%26um%3D1%26hl%3Dde%26sa%3DN%26biw%3D1678%26bih%3D898%26tbs%3Disch:1&um=1&itbs=1&iact=hc&vpx=1209&vpy=95&dur=891&hovh=182&hovw=268&tx=122&ty=114&ei=pending&oei=eQwfTaTMO4Si8QPm98SGBw&esq=11&page=1&ndsp=36&ved=1t:429,r:6,s:0" "Mozilla/5.0 (Macintosh; U; Intel Mac OS X 10_4_11; de-de) AppleWebKit/533.19.4 (KHTML, like Gecko) Version/4.1.3 Safari/533.19.4"
67.195.112.50 - - [01/Jan/2011:06:29:30 -0500] "GET /meek.htm HTTP/1.0" 404 277 "-" "Mozilla/5.0 (compatible; Yahoo! Slurp; http://help.yahoo.com/help/us/ysearch/slurp)"
67.195.112.50 - - [01/Jan/2011:06:40:57 -0500] "GET /TheProcacciGroup/1607_manchester-living3.jpg.LCK HTTP/1.0" 404 317 "-" "Mozilla/5.0 (compatible; Yahoo! Slurp; http://help.yahoo.com/help/us/ysearch/slurp)"
67.195.112.50 - - [01/Jan/2011:06:45:09 -0500] "GET /TheProcacciGroup/8025_vera-dining.jpg.LCK HTTP/1.0" 404 310 "-" "Mozilla/5.0 (compatible; Yahoo! Slurp; http://help.yahoo.com/help/us/ysearch/slurp)"
38.108.67.27 - - [01/Jan/2011:07:01:26 -0500] "GET /home-improvement-naples-florida.htm HTTP/1.0" 404 304 "-" "SBIder/Nutch-1.0-dev (http://www.sitesell.com/sbider.html)"
93.219.114.113 - - [01/Jan/2011:07:02:28 -0500] "GET /robots.txt HTTP/1.0" 404 279 "-" "Mozilla/5.0 (compatible; MJ12bot/v1.3.3; http://www.majestic12.co.uk/bot.php?+)"
93.219.114.113 - - [01/Jan/2011:07:02:38 -0500] "GET /carrier.htm HTTP/1.1" 404 292 "-" "Mozilla/5.0 (compatible; MJ12bot/v1.3.3; http://www.majestic12.co.uk/bot.php?+)"
93.219.114.113 - - [01/Jan/2011:07:02:40 -0500] "GET /hofstetter.htm HTTP/1.1" 404 295 "-" "Mozilla/5.0 (compatible; MJ12bot/v1.3.3; http://www.majestic12.co.uk/bot.php?+)"
93.219.114.113 - - [01/Jan/2011:07:02:41 -0500] "GET /kepp.htm HTTP/1.1" 404 289 "-" "Mozilla/5.0 (compatible; MJ12bot/v1.3.3; http://www.majestic12.co.uk/bot.php?+)"
93.219.114.113 - - [01/Jan/2011:07:02:55 -0500] "GET /kukeas.htm HTTP/1.1" 404 291 "-" "Mozilla/5.0 (compatible; MJ12bot/v1.3.3; http://www.majestic12.co.uk/bot.php?+)"
93.219.114.113 - - [01/Jan/2011:07:02:57 -0500] "GET /lee.htm HTTP/1.1" 404 288 "-" "Mozilla/5.0 (compatible; MJ12bot/v1.3.3; http://www.majestic12.co.uk/bot.php?+)"
93.219.114.113 - - [01/Jan/2011:07:03:11 -0500] "GET /stevens.htm HTTP/1.1" 404 292 "-" "Mozilla/5.0 (compatible; MJ12bot/v1.3.3; http://www.majestic12.co.uk/bot.php?+)"
93.219.114.113 - - [01/Jan/2011:07:03:13 -0500] "GET /volmer.htm HTTP/1.1" 404 291 "-" "Mozilla/5.0 (compatible; MJ12bot/v1.3.3; http://www.majestic12.co.uk/bot.php?+)"
65.52.53.243 - - [01/Jan/2011:07:08:02 -0500] "GET /robots.txt HTTP/1.1" 404 291 "-" "Mozilla/5.0 (compatible; bingbot/2.0; +http://www.bing.com/bingbot.htm)"
67.195.112.50 - - [01/Jan/2011:07:11:45 -0500] "GET /TheProcacciGroup/506_avellino-101-view.jpg.LCK HTTP/1.0" 404 315 "-" "Mozilla/5.0 (compatible; Yahoo! Slurp; http://help.yahoo.com/help/us/ysearch/slurp)"
207.46.199.45 - - [01/Jan/2011:07:41:41 -0500] "GET /robots.txt HTTP/1.1" 404 291 "-" "Mozilla/5.0 (compatible; bingbot/2.0; +http://www.bing.com/bingbot.htm)"
67.195.112.50 - - [01/Jan/2011:07:43:22 -0500] "GET /TheProcacciGroup/1953_crest-living1.jpg.LCK HTTP/1.0" 404 312 "-" "Mozilla/5.0 (compatible; Yahoo! Slurp; http://help.yahoo.com/help/us/ysearch/slurp)"
67.99.109.106 - - [01/Jan/2011:07:45:25 -0500] "GET /images/1_naples%20florida%20real%20estate_index.jpg HTTP/1.1" 200 12820 "http://arcticboy.arcticboy.com/pictures-naples-florida" "Mozilla/5.0 (Windows; U; Windows NT 6.1; de; rv:1.9.2.13) Gecko/20101203 Firefox/3.6.13"
67.99.109.106 - - [01/Jan/2011:07:45:28 -0500] "GET /images/1_naples%20florida%20real%20estate_index.jpg HTTP/1.1" 200 15740 "http://arcticboy.arcticboy.com/pictures-naples-florida" "Mozilla/5.0 (Windows; U; Windows NT 6.1; de; rv:1.9.2.13) Gecko/20101203 Firefox/3.6.13"
67.99.109.106 - - [01/Jan/2011:07:45:29 -0500] "GET /images/1_naples%20florida%20real%20estate_index.jpg HTTP/1.1" 206 18608 "http://arcticboy.arcticboy.com/pictures-naples-florida" "Mozilla/5.0 (Windows; U; Windows NT 6.1; de; rv:1.9.2.13) Gecko/20101203 Firefox/3.6.13"
67.99.109.106 - - [01/Jan/2011:07:45:32 -0500] "GET /images/1_naples%20florida%20real%20estate_index.jpg HTTP/1.1" 206 15688 "http://arcticboy.arcticboy.com/pictures-naples-florida" "Mozilla/5.0 (Windows; U; Windows NT 6.1; de; rv:1.9.2.13) Gecko/20101203 Firefox/3.6.13"
67.99.109.106 - - [01/Jan/2011:07:45:33 -0500] "GET /images/1_naples%20florida%20real%20estate_index.jpg HTTP/1.1" 206 16591 "http://arcticboy.arcticboy.com/pictures-naples-florida" "Mozilla/5.0 (Windows; U; Windows NT 6.1; de; rv:1.9.2.13) Gecko/20101203 Firefox/3.6.13"
207.46.199.45 - - [01/Jan/2011:07:46:12 -0500] "GET /TheProcacciGroup/naplesfloridarentals3.htm HTTP/1.1" 404 323 "-" "Mozilla/5.0 (compatible; bingbot/2.0; +http://www.bing.com/bingbot.htm)"
67.195.112.50 - - [01/Jan/2011:07:49:31 -0500] "GET /naples-florida-fishing.htm HTTP/1.0" 200 15147 "-" "Mozilla/5.0 (compatible; Yahoo! Slurp; http://help.yahoo.com/help/us/ysearch/slurp)"
67.195.112.50 - - [01/Jan/2011:07:56:02 -0500] "GET /TheProcacciGroup/1360_mariposa-209023135.jpg.LCK HTTP/1.0" 404 317 "-" "Mozilla/5.0 (compatible; Yahoo! Slurp; http://help.yahoo.com/help/us/ysearch/slurp)"
131.107.65.43 - - [01/Jan/2011:07:56:27 -0500] "GET / HTTP/1.1" 200 11305 "-" "Mozilla/4.0 (compatible; MSIE 7.0; Windows NT 6.1; WOW64; Trident/4.0; SLCC2; .NET CLR 2.0.50727)"
131.107.65.43 - - [01/Jan/2011:07:56:27 -0500] "GET /naples-usa.css HTTP/1.1" 200 714 "http://www.naples-usa.com/" "Mozilla/4.0 (compatible; MSIE 7.0; Windows NT 6.1; WOW64; Trident/4.0; SLCC2; .NET CLR 2.0.50727)"
131.107.65.43 - - [01/Jan/2011:07:56:27 -0500] "GET /images/border%20naples.gif HTTP/1.1" 200 358 "http://www.naples-usa.com/" "Mozilla/4.0 (compatible; MSIE 7.0; Windows NT 6.1; WOW64; Trident/4.0; SLCC2; .NET CLR 2.0.50727)"
131.107.65.43 - - [01/Jan/2011:07:56:27 -0500] "GET /images/welcome_usa.gif HTTP/1.1" 200 7890 "http://www.naples-usa.com/" "Mozilla/4.0 (compatible; MSIE 7.0; Windows NT 6.1; WOW64; Trident/4.0; SLCC2; .NET CLR 2.0.50727)"
131.107.65.43 - - [01/Jan/2011:07:56:28 -0500] "GET /images/A-INDE~1.jpg HTTP/1.1" 200 23069 "http://www.naples-usa.com/" "Mozilla/4.0 (compatible; MSIE 7.0; Windows NT 6.1; WOW64; Trident/4.0; SLCC2; .NET CLR 2.0.50727)"
67.195.112.50 - - [01/Jan/2011:07:58:45 -0500] "GET /TheProcacciGroup/1425_mariposa-bed.jpg.LCK HTTP/1.0" 404 311 "-" "Mozilla/5.0 (compatible; Yahoo! Slurp; http://help.yahoo.com/help/us/ysearch/slurp)"
76.216.67.61 - - [01/Jan/2011:08:11:16 -0500] "GET /images/welcome_usa.gif HTTP/1.1" 200 7890 "http://www.naples-usa.com/naples-history.htm" "Mozilla/4.0 (compatible; MSIE 8.0; Windows NT 5.1; Trident/4.0; GTB6.6)"
76.216.67.61 - - [01/Jan/2011:08:11:16 -0500] "GET /naples-history.htm HTTP/1.1" 200 22034 "http://www.google.com/url?sa=t&source=web&cd=41&ved=0CBcQFjAAOCg&url=http%3A%2F%2Fwww.naples-usa.com%2Fnaples-history.htm&rct=j&q=naples%20fl%20recent%20history&ei=1CUfTdXwHoOKlwfy78myDA&usg=AFQjCNFlsxxoq2M-wTyxAvSp0A52KMql0w" "Mozilla/4.0 (compatible; MSIE 8.0; Windows NT 5.1; Trident/4.0; GTB6.6)"
76.216.67.61 - - [01/Jan/2011:08:11:17 -0500] "GET /images/florida_logo.gif HTTP/1.1" 200 1024 "http://www.naples-usa.com/naples-history.htm" "Mozilla/4.0 (compatible; MSIE 8.0; Windows NT 5.1; Trident/4.0; GTB6.6)"
76.216.67.61 - - [01/Jan/2011:08:11:17 -0500] "GET /images/history_indian.jpg HTTP/1.1" 200 10403 "http://www.naples-usa.com/naples-history.htm" "Mozilla/4.0 (compatible; MSIE 8.0; Windows NT 5.1; Trident/4.0; GTB6.6)"
76.216.67.61 - - [01/Jan/2011:08:11:17 -0500] "GET /images/history_hotel1.jpg HTTP/1.1" 200 9608 "http://www.naples-usa.com/naples-history.htm" "Mozilla/4.0 (compatible; MSIE 8.0; Windows NT 5.1; Trident/4.0; GTB6.6)"
76.216.67.61 - - [01/Jan/2011:08:11:17 -0500] "GET /transparent.gif HTTP/1.1" 200 43 "http://www.naples-usa.com/naples-history.htm" "Mozilla/4.0 (compatible; MSIE 8.0; Windows NT 5.1; Trident/4.0; GTB6.6)"
76.216.67.61 - - [01/Jan/2011:08:11:17 -0500] "GET /images/history_collier.jpg HTTP/1.1" 200 7977 "http://www.naples-usa.com/naples-history.htm" "Mozilla/4.0 (compatible; MSIE 8.0; Windows NT 5.1; Trident/4.0; GTB6.6)"
76.216.67.61 - - [01/Jan/2011:08:11:17 -0500] "GET /images/history_army.jpg HTTP/1.1" 200 11146 "http://www.naples-usa.com/naples-history.htm" "Mozilla/4.0 (compatible; MSIE 8.0; Windows NT 5.1; Trident/4.0; GTB6.6)"
76.216.67.61 - - [01/Jan/2011:08:11:17 -0500] "GET /images/history_city.gif HTTP/1.1" 200 40057 "http://www.naples-usa.com/naples-history.htm" "Mozilla/4.0 (compatible; MSIE 8.0; Windows NT 5.1; Trident/4.0; GTB6.6)"
76.216.67.61 - - [01/Jan/2011:08:11:17 -0500] "GET /favicon.ico HTTP/1.1" 404 292 "-" "Mozilla/4.0 (compatible; MSIE 8.0; Windows NT 5.1; Trident/4.0; GTB6.6)"
38.108.67.27 - - [01/Jan/2011:08:28:19 -0500] "GET /tennis.htm HTTP/1.0" 404 279 "-" "SBIder/Nutch-1.0-dev (http://www.sitesell.com/sbider.html)"
67.195.112.50 - - [01/Jan/2011:08:30:09 -0500] "GET /robots.txt HTTP/1.0" 404 279 "-" "Mozilla/5.0 (compatible; Yahoo! Slurp; http://help.yahoo.com/help/us/ysearch/slurp)"
67.195.112.50 - - [01/Jan/2011:08:30:09 -0500] "GET /gallas.htm HTTP/1.0" 404 279 "-" "Mozilla/5.0 (compatible; Yahoo! Slurp; http://help.yahoo.com/help/us/ysearch/slurp)"
67.195.112.50 - - [01/Jan/2011:08:33:49 -0500] "GET /TheProcacciGroup/2931_green-living2.jpg.LCK HTTP/1.0" 404 312 "-" "Mozilla/5.0 (compatible; Yahoo! Slurp; http://help.yahoo.com/help/us/ysearch/slurp)"
38.108.67.27 - - [01/Jan/2011:08:34:10 -0500] "GET /naples-tennis-public.htm HTTP/1.0" 404 293 "-" "SBIder/Nutch-1.0-dev (http://www.sitesell.com/sbider.html)"
67.195.112.50 - - [01/Jan/2011:08:49:33 -0500] "GET /TheProcacciGroup/185_santa-6-208044982.jpg.LCK HTTP/1.0" 404 315 "-" "Mozilla/5.0 (compatible; Yahoo! Slurp; http://help.yahoo.com/help/us/ysearch/slurp)"
68.54.41.177 - - [01/Jan/2011:08:54:28 -0500] "GET /calendar-clubs-and-orgs.htm HTTP/1.1" 200 27411 "http://www.google.com/url?sa=t&source=web&cd=2&sqi=2&ved=0CBsQFjAB&url=http%3A%2F%2Fwww.naples-usa.com%2Fcalendar-clubs-and-orgs.htm&rct=j&q=naples%20fl%20event%20calendar%20children&ei=7y8fTe2cFcOqlAeo15TSDA&usg=AFQjCNF5hj0VDtbQBKLLe18gbK8kW0wNOA" "Mozilla/4.0 (compatible; MSIE 7.0; Windows NT 6.0; Trident/4.0; GTB6.6; SLCC1; .NET CLR 2.0.50727; Media Center PC 5.0; .NET CLR 3.5.30729; .NET CLR 3.0.30729; OfficeLiveConnector.1.5; OfficeLivePatch.1.3; .NET4.0C; .NET CLR 1.1.4322; MSN Optimized;US)"
68.54.41.177 - - [01/Jan/2011:08:54:28 -0500] "GET /design_styles.css HTTP/1.1" 404 298 "http://www.naples-usa.com/calendar-clubs-and-orgs.htm" "Mozilla/4.0 (compatible; MSIE 7.0; Windows NT 6.0; Trident/4.0; GTB6.6; SLCC1; .NET CLR 2.0.50727; Media Center PC 5.0; .NET CLR 3.5.30729; .NET CLR 3.0.30729; OfficeLiveConnector.1.5; OfficeLivePatch.1.3; .NET4.0C; .NET CLR 1.1.4322; MSN Optimized;US)"
68.54.41.177 - - [01/Jan/2011:08:54:28 -0500] "GET /images/spacer.gif HTTP/1.1" 200 43 "http://www.naples-usa.com/calendar-clubs-and-orgs.htm" "Mozilla/4.0 (compatible; MSIE 7.0; Windows NT 6.0; Trident/4.0; GTB6.6; SLCC1; .NET CLR 2.0.50727; Media Center PC 5.0; .NET CLR 3.5.30729; .NET CLR 3.0.30729; OfficeLiveConnector.1.5; OfficeLivePatch.1.3; .NET4.0C; .NET CLR 1.1.4322; MSN Optimized;US)"
68.54.41.177 - - [01/Jan/2011:08:54:28 -0500] "GET /dynamic_styles.css HTTP/1.1" 404 299 "http://www.naples-usa.com/calendar-clubs-and-orgs.htm" "Mozilla/4.0 (compatible; MSIE 7.0; Windows NT 6.0; Trident/4.0; GTB6.6; SLCC1; .NET CLR 2.0.50727; Media Center PC 5.0; .NET CLR 3.5.30729; .NET CLR 3.0.30729; OfficeLiveConnector.1.5; OfficeLivePatch.1.3; .NET4.0C; .NET CLR 1.1.4322; MSN Optimized;US)"
68.54.41.177 - - [01/Jan/2011:08:54:28 -0500] "GET /javascripts/address.js HTTP/1.1" 404 303 "http://www.naples-usa.com/calendar-clubs-and-orgs.htm" "Mozilla/4.0 (compatible; MSIE 7.0; Windows NT 6.0; Trident/4.0; GTB6.6; SLCC1; .NET CLR 2.0.50727; Media Center PC 5.0; .NET CLR 3.5.30729; .NET CLR 3.0.30729; OfficeLiveConnector.1.5; OfficeLivePatch.1.3; .NET4.0C; .NET CLR 1.1.4322; MSN Optimized;US)"
68.54.41.177 - - [01/Jan/2011:08:54:28 -0500] "GET /favicon.ico HTTP/1.1" 404 292 "-" "Mozilla/4.0 (compatible; MSIE 8.0; Windows NT 6.0; Trident/4.0; GTB6.6; SLCC1; .NET CLR 2.0.50727; Media Center PC 5.0; .NET CLR 3.5.30729; .NET CLR 3.0.30729; OfficeLiveConnector.1.5; OfficeLivePatch.1.3; .NET4.0C; .NET CLR 1.1.4322; MSN Optimized;US)"
67.233.230.125 - - [01/Jan/2011:08:58:46 -0500] "GET /images/1_naples%20florida%20real%20estate_index.jpg HTTP/1.1" 200 24287 "http://www.google.com/imgres?imgurl=http://www.naples-usa.com/images/1_naples%2520florida%2520real%2520estate_index.jpg&imgrefurl=http://www.dolphinworld.net/wordpress/2008/02/19/naples-florida-dolphin-swim-tour/&usg=__qADXQoSKXq32YdNCGsSumn4G-8c=&h=256&w=375&sz=24&hl=en&start=0&zoom=1&tbnid=xiSSaf0OQrPq8M:&tbnh=143&tbnw=185&prev=/images%3Fq%3Dnaples%2Bflorida%26um%3D1%26hl%3Den%26client%3Dfirefox-a%26sa%3DN%26rls%3Dorg.mozilla:en-US:official%26gl%3Dus%26biw%3D1182%26bih%3D633%26tbs%3Disch:1&um=1&itbs=1&iact=rc&dur=590&ei=6TAfTe63FMy9nAf_n9DRDQ&oei=6TAfTe63FMy9nAf_n9DRDQ&esq=1&page=1&ndsp=15&ved=1t:429,r:6,s:0&tx=135&ty=114" "Mozilla/5.0 (Macintosh; U; Intel Mac OS X 10.4; en-US; rv:1.9.2.3) Gecko/20100401 Firefox/3.6.3"
193.47.80.45 - - [01/Jan/2011:09:02:11 -0500] "GET /powell.htm HTTP/1.1" 404 291 "-" "Mozilla/5.0 (compatible; Exabot/3.0; +http://www.exabot.com/go/robot)"
67.195.112.50 - - [01/Jan/2011:09:02:14 -0500] "GET /sloboda.htm HTTP/1.0" 404 280 "-" "Mozilla/5.0 (compatible; Yahoo! Slurp; http://help.yahoo.com/help/us/ysearch/slurp)"
95.108.151.244 - - [01/Jan/2011:09:05:15 -0500] "GET /robots.txt HTTP/1.1" 404 291 "-" "Mozilla/5.0 (compatible; YandexBot/3.0; MirrorDetector; +http://yandex.com/bots)"
95.108.151.244 - - [01/Jan/2011:09:05:15 -0500] "GET /robots.txt HTTP/1.1" 404 291 "-" "Mozilla/5.0 (compatible; YandexBot/3.0; MirrorDetector; +http://yandex.com/bots)"
95.108.151.244 - - [01/Jan/2011:09:05:16 -0500] "GET / HTTP/1.1" 200 11305 "-" "Mozilla/5.0 (compatible; YandexBot/3.0; MirrorDetector; +http://yandex.com/bots)"
95.108.151.244 - - [01/Jan/2011:09:05:16 -0500] "GET / HTTP/1.1" 200 11305 "-" "Mozilla/5.0 (compatible; YandexBot/3.0; MirrorDetector; +http://yandex.com/bots)"
95.108.151.244 - - [01/Jan/2011:09:05:17 -0500] "GET / HTTP/1.1" 200 11305 "-" "Mozilla/5.0 (compatible; YandexBot/3.0; MirrorDetector; +http://yandex.com/bots)"
95.108.151.244 - - [01/Jan/2011:09:05:17 -0500] "GET / HTTP/1.1" 200 11305 "-" "Mozilla/5.0 (compatible; YandexBot/3.0; MirrorDetector; +http://yandex.com/bots)"
38.108.67.27 - - [01/Jan/2011:09:20:26 -0500] "GET /history.htm HTTP/1.0" 404 280 "-" "SBIder/Nutch-1.0-dev (http://www.sitesell.com/sbider.html)"
67.195.112.50 - - [01/Jan/2011:09:25:08 -0500] "GET /carrier/?N=D HTTP/1.0" 404 277 "-" "Mozilla/5.0 (compatible; Yahoo! Slurp; http://help.yahoo.com/help/us/ysearch/slurp)"
67.195.112.50 - - [01/Jan/2011:09:32:13 -0500] "GET /TheProcacciGroup/4255_gulf-den.jpg.LCK HTTP/1.0" 404 307 "-" "Mozilla/5.0 (compatible; Yahoo! Slurp; http://help.yahoo.com/help/us/ysearch/slurp)"
67.195.112.50 - - [01/Jan/2011:09:34:46 -0500] "GET /gavallas.htm HTTP/1.0" 404 281 "-" "Mozilla/5.0 (compatible; Yahoo! Slurp; http://help.yahoo.com/help/us/ysearch/slurp)"
38.108.67.27 - - [01/Jan/2011:09:43:40 -0500] "GET /mortgage-dictionary.htm HTTP/1.0" 404 292 "-" "SBIder/Nutch-1.0-dev (http://www.sitesell.com/sbider.html)"
76.101.224.85 - - [01/Jan/2011:09:47:31 -0500] "GET /recycling-info-naples-florida.htm HTTP/1.1" 200 13920 "http://www.google.com/url?sa=t&source=web&cd=6&ved=0CDcQFjAF&url=http%3A%2F%2Fwww.naples-usa.com%2Frecycling-info-naples-florida.htm&rct=j&q=christmas%20tree%20disposal%20Naples%20fl&ei=ujsfTcbxFoX6lwfT1tXsAg&usg=AFQjCNF1XadZa1qr0k0YhLiCKRopFSU5aw" "Mozilla/4.0 (compatible; MSIE 8.0; Windows NT 6.0; Trident/4.0; SLCC1; .NET CLR 2.0.50727; Media Center PC 5.0; .NET CLR 3.5.30729; .NET CLR 1.1.4322; .NET CLR 3.0.30729; OfficeLiveConnector.1.5; OfficeLivePatch.1.3; .NET4.0C)"
76.101.224.85 - - [01/Jan/2011:09:47:31 -0500] "GET /images/welcome_usa.gif HTTP/1.1" 200 7890 "http://www.naples-usa.com/recycling-info-naples-florida.htm" "Mozilla/4.0 (compatible; MSIE 8.0; Windows NT 6.0; Trident/4.0; SLCC1; .NET CLR 2.0.50727; Media Center PC 5.0; .NET CLR 3.5.30729; .NET CLR 1.1.4322; .NET CLR 3.0.30729; OfficeLiveConnector.1.5; OfficeLivePatch.1.3; .NET4.0C)"
76.101.224.85 - - [01/Jan/2011:09:47:31 -0500] "GET /favicon.ico HTTP/1.1" 404 292 "-" "Mozilla/4.0 (compatible; MSIE 8.0; Windows NT 6.0; Trident/4.0; SLCC1; .NET CLR 2.0.50727; Media Center PC 5.0; .NET CLR 3.5.30729; .NET CLR 1.1.4322; .NET CLR 3.0.30729; OfficeLiveConnector.1.5; OfficeLivePatch.1.3; .NET4.0C)"
76.101.250.32 - - [01/Jan/2011:09:47:53 -0500] "GET /Logos/1_df-72dpi-476x57pix-banner.jpg HTTP/1.1" 200 9733 "http://us.mg6.mail.yahoo.com/dc/launch?.gx=1&.rand=2s1jvad7hpltc" "Mozilla/4.0 (compatible; MSIE 7.0; Windows NT 5.1; Trident/4.0; GTB6.6; .NET CLR 1.0.3705; .NET CLR 1.1.4322; Media Center PC 4.0; MS-RTC LM 8)"
76.101.250.32 - - [01/Jan/2011:09:47:53 -0500] "GET /Logos/winner_250.jpg HTTP/1.1" 200 6408 "http://us.mg6.mail.yahoo.com/dc/launch?.gx=1&.rand=2s1jvad7hpltc" "Mozilla/4.0 (compatible; MSIE 7.0; Windows NT 5.1; Trident/4.0; GTB6.6; .NET CLR 1.0.3705; .NET CLR 1.1.4322; Media Center PC 4.0; MS-RTC LM 8)"
74.125.112.84 - - [01/Jan/2011:09:51:13 -0500] "GET /calendar.htm HTTP/1.1" 200 71151 "-" "Mozilla/5.0 (en-us) AppleWebKit/525.13 (KHTML, like Gecko; Google Web Preview) Version/3.1 Safari/525.13"
74.125.112.84 - - [01/Jan/2011:09:51:13 -0500] "GET /images/spacer.gif HTTP/1.1" 200 43 "http://www.naples-usa.com/calendar.htm" "Mozilla/5.0 (en-us) AppleWebKit/525.13 (KHTML, like Gecko; Google Web Preview) Version/3.1 Safari/525.13"
74.125.114.82 - - [01/Jan/2011:09:51:13 -0500] "GET /javascripts/address.js HTTP/1.1" 404 303 "http://www.naples-usa.com/calendar.htm" "Mozilla/5.0 (en-us) AppleWebKit/525.13 (KHTML, like Gecko; Google Web Preview) Version/3.1 Safari/525.13"
124.115.0.156 - - [01/Jan/2011:10:22:59 -0500] "GET / HTTP/1.1" 200 11305 "-" "Sosospider+(+http://help.soso.com/webspider.htm)"
65.52.110.51 - - [01/Jan/2011:10:26:38 -0500] "GET /robots.txt HTTP/1.1" 404 291 "-" "Mozilla/5.0 (compatible; bingbot/2.0; +http://www.bing.com/bingbot.htm)"
65.52.110.51 - - [01/Jan/2011:10:33:12 -0500] "GET /naples-calendarofevents.htm HTTP/1.1" 304 - "-" "Mozilla/5.0 (compatible; bingbot/2.0; +http://www.bing.com/bingbot.htm)"
67.195.112.50 - - [01/Jan/2011:10:37:24 -0500] "GET /TheProcacciGroup/7815_regal-living.jpg.LCK HTTP/1.0" 404 311 "-" "Mozilla/5.0 (compatible; Yahoo! Slurp; http://help.yahoo.com/help/us/ysearch/slurp)"
67.195.112.50 - - [01/Jan/2011:10:41:24 -0500] "GET /TheProcacciGroup/9088_chula-living6.jpg.LCK HTTP/1.0" 404 312 "-" "Mozilla/5.0 (compatible; Yahoo! Slurp; http://help.yahoo.com/help/us/ysearch/slurp)"
66.249.71.46 - - [01/Jan/2011:10:51:07 -0500] "GET /robots.txt HTTP/1.1" 404 291 "-" "Mozilla/5.0 (compatible; Googlebot/2.1; +http://www.google.com/bot.html)"
66.249.71.46 - - [01/Jan/2011:10:51:07 -0500] "GET / HTTP/1.1" 304 - "-" "Mozilla/5.0 (compatible; Googlebot/2.1; +http://www.google.com/bot.html)"
67.195.112.50 - - [01/Jan/2011:10:55:55 -0500] "GET /naples-florida-beachesandparks.htm HTTP/1.0" 200 10582 "-" "Mozilla/5.0 (compatible; Yahoo! Slurp; http://help.yahoo.com/help/us/ysearch/slurp)"
81.9.97.45 - - [01/Jan/2011:11:08:47 -0500] "GET /lostpets.html HTTP/1.0" 200 17013 "http://www.naples-usa.com/lostpets.html" "Mozilla/4.0 (compatible; MSIE 6.0; Windows NT 5.1; ru) Opera 8.01"
65.52.108.14 - - [01/Jan/2011:11:14:22 -0500] "GET /robots.txt HTTP/1.1" 404 291 "-" "Mozilla/5.0 (compatible; bingbot/2.0; +http://www.bing.com/bingbot.htm)"
65.52.108.14 - - [01/Jan/2011:11:20:12 -0500] "GET /naples-tennis.htm HTTP/1.1" 304 - "-" "Mozilla/5.0 (compatible; bingbot/2.0; +http://www.bing.com/bingbot.htm)"
67.233.51.19 - - [01/Jan/2011:11:32:50 -0500] "GET /Logos/1_df-72dpi-146x55pix-inverse.jpg HTTP/1.1" 200 3353 "http://md32.embarq.synacor.com/zimbra/mail" "Mozilla/4.0 (compatible; MSIE 8.0; Windows NT 6.1; WOW64; Trident/4.0; GTB6.6; SLCC2; .NET CLR 2.0.50727; .NET CLR 3.5.30729; .NET CLR 3.0.30729; Media Center PC 6.0; MDDC; .NET4.0C; BRI/1)"
74.173.184.167 - - [01/Jan/2011:11:36:56 -0500] "GET /lost-birds.htm HTTP/1.1" 200 39667 "http://www.google.com/url?sa=t&source=web&cd=6&ved=0CDwQFjAF&url=http%3A%2F%2Fwww.naples-usa.com%2Flost-birds.htm&rct=j&q=where%20can%20i%20get%20my%20birds%20wings%20clipped%20in%20hialeah&ei=7VUfTd_mEMG88gaLl6zvDg&usg=AFQjCNEuTt3kb2_66X_f8PYbiIhYjevTMw" "Mozilla/4.0 (compatible; MSIE 8.0; Windows NT 6.1; WOW64; Trident/4.0; SLCC2; .NET CLR 2.0.50727; .NET CLR 3.5.30729; .NET CLR 3.0.30729; Media Center PC 6.0; InfoPath.2; .NET4.0C)"
74.173.184.167 - - [01/Jan/2011:11:36:56 -0500] "GET /favicon.ico HTTP/1.1" 404 292 "-" "Mozilla/4.0 (compatible; MSIE 8.0; Windows NT 6.1; WOW64; Trident/4.0; SLCC2; .NET CLR 2.0.50727; .NET CLR 3.5.30729; .NET CLR 3.0.30729; Media Center PC 6.0; InfoPath.2; .NET4.0C)"
65.52.110.67 - - [01/Jan/2011:11:41:12 -0500] "GET /naples-boatcondos.htm HTTP/1.1" 304 - "-" "Mozilla/5.0 (compatible; bingbot/2.0; +http://www.bing.com/bingbot.htm)"
71.3.230.65 - - [01/Jan/2011:11:49:45 -0500] "GET /lost-birds.htm HTTP/1.1" 200 39667 "http://search.yahoo.com/search;_ylt=ApC6HWl_zULsfK.t4VPSlNibvZx4?p=naples+lost+and+found+pets&toggle=1&cop=mss&ei=UTF-8&fr=yfp-t-312" "Mozilla/4.0 (compatible; MSIE 8.0; Windows NT 6.1; WOW64; Trident/4.0; BTRS87962; PBSTB 1.2; GTB6.6; SLCC2; .NET CLR 2.0.50727; .NET CLR 3.5.30729; .NET CLR 3.0.30729; Media Center PC 6.0; CPDTDF; .NET4.0C)"
71.3.230.65 - - [01/Jan/2011:11:49:46 -0500] "GET /favicon.ico HTTP/1.1" 404 292 "-" "Mozilla/4.0 (compatible; MSIE 8.0; Windows NT 6.1; WOW64; Trident/4.0; BTRS87962; PBSTB 1.2; GTB6.6; SLCC2; .NET CLR 2.0.50727; .NET CLR 3.5.30729; .NET CLR 3.0.30729; Media Center PC 6.0; CPDTDF; .NET4.0C)"
76.101.133.155 - - [01/Jan/2011:11:55:16 -0500] "GET /recycling-info-naples-florida.htm HTTP/1.1" 200 13920 "http://www.google.com/url?sa=t&source=web&cd=5&sqi=2&ved=0CEUQFjAE&url=http%3A%2F%2Fwww.naples-usa.com%2Frecycling-info-naples-florida.htm&rct=j&q=recycling%20center%20for%20plastic%20naples%20fl&ei=OlofTZLfLIWdlgertbXsAg&usg=AFQjCNF1XadZa1qr0k0YhLiCKRopFSU5aw&sig2=-UqeJsFtlsJMb8yNlf2-GA" "Mozilla/4.0 (compatible; MSIE 8.0; Windows NT 5.1; Trident/4.0; .NET CLR 2.0.50727; .NET CLR 3.0.04506.30; .NET CLR 3.0.04506.648; .NET CLR 3.5.21022; .NET CLR 1.1.4322; InfoPath.2; .NET CLR 3.0.4506.2152; .NET CLR 3.5.30729; .NET4.0C; .NET4.0E)"
76.101.133.155 - - [01/Jan/2011:11:55:16 -0500] "GET /images/welcome_usa.gif HTTP/1.1" 200 7890 "http://www.naples-usa.com/recycling-info-naples-florida.htm" "Mozilla/4.0 (compatible; MSIE 8.0; Windows NT 5.1; Trident/4.0; .NET CLR 2.0.50727; .NET CLR 3.0.04506.30; .NET CLR 3.0.04506.648; .NET CLR 3.5.21022; .NET CLR 1.1.4322; InfoPath.2; .NET CLR 3.0.4506.2152; .NET CLR 3.5.30729; .NET4.0C; .NET4.0E)"
76.101.133.155 - - [01/Jan/2011:11:55:17 -0500] "GET /favicon.ico HTTP/1.1" 404 292 "-" "Mozilla/4.0 (compatible; MSIE 8.0; Windows NT 5.1; Trident/4.0; .NET CLR 2.0.50727; .NET CLR 3.0.04506.30; .NET CLR 3.0.04506.648; .NET CLR 3.5.21022; .NET CLR 1.1.4322; InfoPath.2; .NET CLR 3.0.4506.2152; .NET CLR 3.5.30729; .NET4.0C; .NET4.0E)"
207.46.204.157 - - [01/Jan/2011:12:18:40 -0500] "GET /recycling-info-naples-florida.htm HTTP/1.1" 200 13920 "-" "Mozilla/4.0 (compatible; MSIE 7.0; Windows NT 5.2; SLCC1; .NET CLR 1.1.4322; .NET CLR 2.0.40607; .NET CLR 3.0.04506.648)"
76.4.113.104 - - [01/Jan/2011:12:20:40 -0500] "GET /images/1_naples%20florida%20real%20estate_index.jpg HTTP/1.1" 200 24287 "http://www.google.co.ve/imgres?imgurl=http://www.naples-usa.com/images/1_naples%2520florida%2520real%2520estate_index.jpg&imgrefurl=http://www.dolphinworld.net/wordpress/2008/02/19/naples-florida-dolphin-swim-tour/&usg=__qADXQoSKXq32YdNCGsSumn4G-8c=&h=256&w=375&sz=24&hl=es&start=0&zoom=1&tbnid=xiSSaf0OQrPq8M:&tbnh=128&tbnw=171&prev=/images%3Fq%3Dnaples%2Bflorida%26hl%3Des%26biw%3D1276%26bih%3D549%26gbv%3D2%26tbs%3Disch:1&itbs=1&iact=hc&vpx=116&vpy=223&dur=289&hovh=185&hovw=272&tx=122&ty=119&ei=HWAfTf-JGIP78AaH14HNDQ&oei=HWAfTf-JGIP78AaH14HNDQ&esq=1&page=1&ndsp=18&ved=1t:429,r:6,s:0" "Mozilla/4.0 (compatible; MSIE 8.0; Windows NT 6.1; WOW64; Trident/4.0; GTB6.6; SLCC2; .NET CLR 2.0.50727; .NET CLR 3.5.30729; .NET CLR 3.0.30729; Media Center PC 6.0; .NET4.0C; .NET4.0E; InfoPath.2)"
173.76.90.205 - - [01/Jan/2011:12:21:36 -0500] "GET / HTTP/1.1" 200 11305 "-" "Mozilla/4.0 (compatible; MSIE 8.0; Windows NT 6.0; WOW64; Trident/4.0; SLCC1; .NET CLR 2.0.50727; Media Center PC 5.0; .NET CLR 3.5.21022; .NET CLR 3.5.30729; .NET4.0C; .NET CLR 3.0.30729)"
173.76.90.205 - - [01/Jan/2011:12:21:36 -0500] "GET /naples-usa.css HTTP/1.1" 200 714 "http://www.naples-usa.com/" "Mozilla/4.0 (compatible; MSIE 8.0; Windows NT 6.0; WOW64; Trident/4.0; SLCC1; .NET CLR 2.0.50727; Media Center PC 5.0; .NET CLR 3.5.21022; .NET CLR 3.5.30729; .NET4.0C; .NET CLR 3.0.30729)"
173.76.90.205 - - [01/Jan/2011:12:21:36 -0500] "GET /images/welcome_usa.gif HTTP/1.1" 200 7890 "http://www.naples-usa.com/" "Mozilla/4.0 (compatible; MSIE 8.0; Windows NT 6.0; WOW64; Trident/4.0; SLCC1; .NET CLR 2.0.50727; Media Center PC 5.0; .NET CLR 3.5.21022; .NET CLR 3.5.30729; .NET4.0C; .NET CLR 3.0.30729)"
173.76.90.205 - - [01/Jan/2011:12:21:36 -0500] "GET /images/border%20naples.gif HTTP/1.1" 200 358 "http://www.naples-usa.com/" "Mozilla/4.0 (compatible; MSIE 8.0; Windows NT 6.0; WOW64; Trident/4.0; SLCC1; .NET CLR 2.0.50727; Media Center PC 5.0; .NET CLR 3.5.21022; .NET CLR 3.5.30729; .NET4.0C; .NET CLR 3.0.30729)"
173.76.90.205 - - [01/Jan/2011:12:21:36 -0500] "GET /images/A-INDE~1.jpg HTTP/1.1" 200 23069 "http://www.naples-usa.com/" "Mozilla/4.0 (compatible; MSIE 8.0; Windows NT 6.0; WOW64; Trident/4.0; SLCC1; .NET CLR 2.0.50727; Media Center PC 5.0; .NET CLR 3.5.21022; .NET CLR 3.5.30729; .NET4.0C; .NET CLR 3.0.30729)"
173.76.90.205 - - [01/Jan/2011:12:21:37 -0500] "GET /favicon.ico HTTP/1.1" 404 292 "-" "Mozilla/4.0 (compatible; MSIE 8.0; Windows NT 6.0; WOW64; Trident/4.0; SLCC1; .NET CLR 2.0.50727; Media Center PC 5.0; .NET CLR 3.5.21022; .NET CLR 3.5.30729; .NET4.0C; .NET CLR 3.0.30729)"
67.195.112.50 - - [01/Jan/2011:12:23:59 -0500] "GET /TheProcacciGroup/?S=A HTTP/1.0" 404 286 "-" "Mozilla/5.0 (compatible; Yahoo! Slurp; http://help.yahoo.com/help/us/ysearch/slurp)"
213.5.71.191 - - [01/Jan/2011:12:28:03 -0500] "GET /found-birds.htm HTTP/1.0" 404 284 "http://www.naples-usa.com/found-birds.htm" "Mozilla/4.0 (compatible; MSIE 5.5; Windows NT 5.0)"
213.5.71.191 - - [01/Jan/2011:12:28:08 -0500] "GET / HTTP/1.0" 200 11305 "http://www.naples-usa.com/" "Mozilla/4.0 (compatible; MSIE 5.5; Windows NT 5.0)"
76.118.181.2 - - [01/Jan/2011:12:38:57 -0500] "GET /images/1_naples%20florida%20real%20estate_index.jpg HTTP/1.1" 200 24287 "http://www.google.com/imgres?imgurl=http://www.naples-usa.com/images/1_naples%2520florida%2520real%2520estate_index.jpg&imgrefurl=http://www.dolphinworld.net/wordpress/2008/02/19/naples-florida-dolphin-swim-tour/&usg=__qADXQoSKXq32YdNCGsSumn4G-8c=&h=256&w=375&sz=24&hl=en&start=0&zoom=1&tbnid=xiSSaf0OQrPq8M:&tbnh=139&tbnw=206&prev=/images%3Fq%3Dnaples%2Bflorida%26um%3D1%26hl%3Den%26client%3Dsafari%26sa%3DN%26rls%3Den%26biw%3D1280%26bih%3D613%26tbs%3Disch:1&um=1&itbs=1&iact=rc&dur=411&ei=fGQfTf3mJYOClAfqnrDdCw&oei=fGQfTf3mJYOClAfqnrDdCw&esq=1&page=1&ndsp=17&ved=1t:429,r:6,s:0&tx=108&ty=109" "Mozilla/5.0 (Macintosh; U; Intel Mac OS X 10_6_4; en-us) AppleWebKit/533.18.1 (KHTML, like Gecko) Version/5.0.2 Safari/533.18.5"
65.52.108.13 - - [01/Jan/2011:12:43:19 -0500] "GET /robots.txt HTTP/1.1" 404 291 "-" "Mozilla/5.0 (compatible; bingbot/2.0; +http://www.bing.com/bingbot.htm)"
65.52.108.13 - - [01/Jan/2011:12:44:43 -0500] "GET /recycling-info-naples-florida.htm HTTP/1.1" 304 - "-" "Mozilla/5.0 (compatible; bingbot/2.0; +http://www.bing.com/bingbot.htm)"
67.195.112.50 - - [01/Jan/2011:12:45:22 -0500] "GET /TheProcacciGroup/4450_botanical-pool.jpg.LCK HTTP/1.0" 404 313 "-" "Mozilla/5.0 (compatible; Yahoo! Slurp; http://help.yahoo.com/help/us/ysearch/slurp)"
123.125.71.86 - - [01/Jan/2011:12:59:23 -0500] "GET / HTTP/1.1" 304 - "-" "Baiduspider+(+http://www.baidu.com/search/spider.htm)"
67.195.112.50 - - [01/Jan/2011:13:20:56 -0500] "GET /hofstetter.htm HTTP/1.0" 404 283 "-" "Mozilla/5.0 (compatible; Yahoo! Slurp; http://help.yahoo.com/help/us/ysearch/slurp)"
188.187.160.210 - - [01/Jan/2011:13:35:03 -0500] "GET /images/1_naples%20florida%20real%20estate_index.jpg HTTP/1.1" 200 24287 "http://www.google.ru/imglanding?q=%D1%84%D0%BB%D0%BE%D1%80%D0%B8%D0%B4%D0%B0%20%D0%BD%D0%B5%D0%BF%D0%BB%D0%B5%D1%81&imgurl=http://www.kissimmeerentalcars.net/images/naples1.jpg&imgrefurl=http://www.kissimmeerentalcars.net/naplesflorida.html&usg=__71wNsluraPGXYs2_3oQRw5mSltU=&h=333&w=463&sz=45&hl=ru&zoom=1&itbs=1&tbnid=rN2gt9XZ6TQxhM:&tbnh=92&tbnw=128&prev=/images%3Fq%3D%25D1%2584%25D0%25BB%25D0%25BE%25D1%2580%25D0%25B8%25D0%25B4%25D0%25B0%2B%25D0%25BD%25D0%25B5%25D0%25BF%25D0%25BB%25D0%25B5%25D1%2581%26hl%3Dru%26newwindow%3D1%26sa%3DG%26tbs%3Disch:1&newwindow=1&sa=G&tbs=isch:1&start=0" "Opera/9.80 (Windows NT 6.1; U; ru) Presto/2.7.62 Version/11.00"
65.52.110.68 - - [01/Jan/2011:13:45:58 -0500] "GET /robots.txt HTTP/1.1" 404 291 "-" "Mozilla/5.0 (compatible; bingbot/2.0; +http://www.bing.com/bingbot.htm)"
207.46.195.228 - - [01/Jan/2011:13:49:42 -0500] "GET /naples-history.htm HTTP/1.1" 304 - "-" "Mozilla/5.0 (compatible; bingbot/2.0; +http://www.bing.com/bingbot.htm)"
65.52.110.68 - - [01/Jan/2011:13:53:15 -0500] "GET /naples-boatdocks.htm HTTP/1.1" 304 - "-" "Mozilla/5.0 (compatible; bingbot/2.0; +http://www.bing.com/bingbot.htm)"
67.195.112.50 - - [01/Jan/2011:13:58:20 -0500] "GET /TheProcacciGroup/660_lallique-view.jpg.LCK HTTP/1.0" 404 311 "-" "Mozilla/5.0 (compatible; Yahoo! Slurp; http://help.yahoo.com/help/us/ysearch/slurp)"
67.195.112.50 - - [01/Jan/2011:14:06:10 -0500] "GET /TheProcacciGroup/455_cove-dining-new.jpg.LCK HTTP/1.0" 404 313 "-" "Mozilla/5.0 (compatible; Yahoo! Slurp; http://help.yahoo.com/help/us/ysearch/slurp)"
24.44.150.42 - - [01/Jan/2011:14:07:58 -0500] "GET /images/1_naples%20florida%20real%20estate_index.jpg HTTP/1.1" 200 24287 "http://arcticboy.arcticboy.com/pictures-naples-florida" "Mozilla/5.0 (iPod; U; CPU iPhone OS 3_1_2 like Mac OS X; en-us) AppleWebKit/528.18 (KHTML, like Gecko) Version/4.0 Mobile/7D11 Safari/528.16"
67.195.112.50 - - [01/Jan/2011:14:08:55 -0500] "GET /johnson-cox/?S=A HTTP/1.0" 404 281 "-" "Mozilla/5.0 (compatible; Yahoo! Slurp; http://help.yahoo.com/help/us/ysearch/slurp)"
67.195.112.50 - - [01/Jan/2011:14:35:20 -0500] "GET /TheProcacciGroup/15683_marc-living.jpg.LCK HTTP/1.0" 404 311 "-" "Mozilla/5.0 (compatible; Yahoo! Slurp; http://help.yahoo.com/help/us/ysearch/slurp)"
67.195.112.50 - - [01/Jan/2011:14:43:46 -0500] "GET /TheProcacciGroup/1149_sweet-kitch.jpg.LCK HTTP/1.0" 404 310 "-" "Mozilla/5.0 (compatible; Yahoo! Slurp; http://help.yahoo.com/help/us/ysearch/slurp)"
69.137.12.65 - - [01/Jan/2011:14:52:06 -0500] "GET /Logos/winner_250.jpg HTTP/1.1" 200 6408 "-" "Mozilla/5.0 (iPhone; U; CPU iPhone OS 3_1_3 like Mac OS X; en-us) AppleWebKit/528.18 (KHTML, like Gecko)"
69.137.12.65 - - [01/Jan/2011:14:52:06 -0500] "GET /Logos/1_df-72dpi-476x57pix-banner.jpg HTTP/1.1" 200 9733 "-" "Mozilla/5.0 (iPhone; U; CPU iPhone OS 3_1_3 like Mac OS X; en-us) AppleWebKit/528.18 (KHTML, like Gecko)"
62.231.141.193 - - [01/Jan/2011:14:53:08 -0500] "GET /robots.txt HTTP/1.0" 404 279 "-" "Mozilla/5.0 (compatible; MJ12bot/v1.3.3; http://www.majestic12.co.uk/bot.php?+)"
62.231.141.193 - - [01/Jan/2011:14:53:09 -0500] "GET / HTTP/1.0" 200 11305 "-" "Mozilla/5.0 (compatible; MJ12bot/v1.3.3; http://www.majestic12.co.uk/bot.php?+)"
208.80.194.27 - - [01/Jan/2011:15:18:29 -0500] "GET / HTTP/1.0" 200 11305 "-" "Mozilla/4.0 (compatible; MSIE 6.0; Windows NT 5.1; SV1; InfoPath.1; .NET CLR 2.0.50727; ZangoToolbar 4.8.3)"
208.80.194.27 - - [01/Jan/2011:15:18:29 -0500] "GET / HTTP/1.0" 200 11305 "-" "Mozilla/4.0 (compatible; MSIE 7.0; Windows NT 5.1; FunWebProducts; .NET CLR 1.1.4322; .NET CLR 2.0.50727; PeoplePal 3.0)"
67.195.112.50 - - [01/Jan/2011:15:34:39 -0500] "GET /TheProcacciGroup/naplesfloridarentals2b.htm HTTP/1.0" 404 312 "-" "Mozilla/5.0 (compatible; Yahoo! Slurp; http://help.yahoo.com/help/us/ysearch/slurp)"
67.195.112.50 - - [01/Jan/2011:15:40:14 -0500] "GET /kays.htm HTTP/1.0" 404 277 "-" "Mozilla/5.0 (compatible; Yahoo! Slurp; http://help.yahoo.com/help/us/ysearch/slurp)"
207.46.199.52 - - [01/Jan/2011:15:45:54 -0500] "GET /robots.txt HTTP/1.1" 404 291 "-" "Mozilla/5.0 (compatible; bingbot/2.0; +http://www.bing.com/bingbot.htm)"
38.99.96.8 - - [01/Jan/2011:15:53:22 -0500] "GET /robots.txt HTTP/1.1" 404 291 "-" "Mozilla/5.0 (compatible; ScoutJet; +http://www.scoutjet.com/)"
38.99.96.8 - - [01/Jan/2011:15:53:22 -0500] "GET / HTTP/1.1" 200 11305 "-" "Mozilla/5.0 (compatible; ScoutJet; +http://www.scoutjet.com/)"
38.99.96.8 - - [01/Jan/2011:15:53:23 -0500] "GET /TheProcacciGroup/rentals-new.htm HTTP/1.1" 404 313 "-" "Mozilla/5.0 (compatible; ScoutJet; +http://www.scoutjet.com/)"
38.99.96.8 - - [01/Jan/2011:15:53:32 -0500] "GET /Vendors/index.html HTTP/1.1" 200 456837 "-" "Mozilla/5.0 (compatible; ScoutJet; +http://www.scoutjet.com/)"
