124.115.4.190 - - [30/Dec/2010:20:40:59 -0500] "GET / HTTP/1.1" 200 11305 "-" "Sosospider+(+http://help.soso.com/webspider.htm)"
38.108.67.16 - - [30/Dec/2010:20:41:33 -0500] "GET /romano/testimonials.htm HTTP/1.0" 404 292 "-" "SBIder/Nutch-1.0-dev (http://www.sitesell.com/sbider.html)"
95.108.217.252 - - [30/Dec/2010:20:43:38 -0500] "GET / HTTP/1.1" 200 11305 "-" "Mozilla/5.0 (compatible; YandexBot/3.0; +http://yandex.com/bots)"
95.108.217.252 - - [30/Dec/2010:20:43:41 -0500] "GET /country-clubs.htm HTTP/1.1" 404 298 "-" "Mozilla/5.0 (compatible; YandexBot/3.0; +http://yandex.com/bots)"
38.108.67.16 - - [30/Dec/2010:20:51:56 -0500] "GET /boat_docks.htm HTTP/1.0" 404 283 "-" "SBIder/Nutch-1.0-dev (http://www.sitesell.com/sbider.html)"
67.149.31.8 - - [30/Dec/2010:20:52:40 -0500] "GET /images/1_naples%20florida%20real%20estate_index.jpg HTTP/1.1" 200 24287 "http://arcticboy.arcticboy.com/pictures-naples-florida" "Mozilla/5.0 (Linux; U; Android 1.5; en-us; MB200 Build/CUPCAKE) AppleWebKit/528.5+ (KHTML, like Gecko) Version/3.1.2 Mobile Safari/525.20.1"
38.108.67.16 - - [30/Dec/2010:21:02:14 -0500] "GET /homestead.htm HTTP/1.0" 404 282 "-" "SBIder/Nutch-1.0-dev (http://www.sitesell.com/sbider.html)"
38.108.67.16 - - [30/Dec/2010:21:03:28 -0500] "GET /reports_for-sellers.htm HTTP/1.0" 404 292 "-" "SBIder/Nutch-1.0-dev (http://www.sitesell.com/sbider.html)"
70.177.124.154 - - [30/Dec/2010:21:20:19 -0500] "GET /images/1_naples%20florida%20real%20estate_index.jpg HTTP/1.1" 200 24287 "http://www.google.com/imgres?imgurl=http://www.naples-usa.com/images/1_naples%2520florida%2520real%2520estate_index.jpg&imgrefurl=http://www.dolphinworld.net/wordpress/2008/02/19/naples-florida-dolphin-swim-tour/&usg=__qADXQoSKXq32YdNCGsSumn4G-8c=&h=256&w=375&sz=24&hl=en&start=16&zoom=1&tbnid=xiSSaf0OQrPq8M:&tbnh=140&tbnw=181&prev=/images%3Fq%3Dnaples%2Bbeach,%2Bflorida%26um%3D1%26hl%3Den%26biw%3D1259%26bih%3D606%26tbs%3Disch:10%2C492&um=1&itbs=1&iact=hc&vpx=315&vpy=114&dur=2224&hovh=185&hovw=272&tx=152&ty=110&ei=yzsdTerpD5G-sAP7tIz3Cg&oei=ljsdTc2nH46osQO1qMiVCg&esq=2&page=2&ndsp=18&ved=1t:429,r:1,s:16&biw=1259&bih=606" "Mozilla/4.0 (compatible; MSIE 8.0; Windows NT 6.0; WOW64; Trident/4.0; SLCC1; .NET CLR 2.0.50727; Media Center PC 5.0; .NET CLR 3.5.30729; .NET CLR 3.0.30618; .NET4.0C)"
65.52.108.13 - - [30/Dec/2010:21:38:47 -0500] "GET /robots.txt HTTP/1.1" 404 291 "-" "Mozilla/5.0 (compatible; bingbot/2.0; +http://www.bing.com/bingbot.htm)"
65.52.108.13 - - [30/Dec/2010:21:47:12 -0500] "GET /test-new.htm HTTP/1.1" 404 293 "-" "Mozilla/5.0 (compatible; bingbot/2.0; +http://www.bing.com/bingbot.htm)"
76.171.11.138 - - [30/Dec/2010:21:57:39 -0500] "GET /images/1_naples%20florida%20real%20estate_index.jpg HTTP/1.1" 200 24287 "http://www.google.com/imgres?imgurl=http://www.naples-usa.com/images/1_naples%2520florida%2520real%2520estate_index.jpg&imgrefurl=http://www.dolphinworld.net/wordpress/2008/02/19/naples-florida-dolphin-swim-tour/&usg=__qADXQoSKXq32YdNCGsSumn4G-8c=&h=256&w=375&sz=24&hl=en&start=0&sig2=a_7BIcnpjBfFJArjCAlfWA&zoom=1&tbnid=xiSSaf0OQrPq8M:&tbnh=137&tbnw=184&ei=hEQdTf3oJ5S8sQPsibGSCg&prev=/images%3Fq%3Dnaples,%2Bflorida%26um%3D1%26hl%3Den%26safe%3Doff%26client%3Dfirefox-a%26rls%3Dorg.mozilla:en-US:official%26biw%3D1680%26bih%3D742%26tbs%3Disch:1&um=1&itbs=1&iact=hc&vpx=1218&vpy=127&dur=467&hovh=155&hovw=227&tx=117&ty=81&oei=hEQdTf3oJ5S8sQPsibGSCg&esq=1&page=1&ndsp=32&ved=1t:429,r:6,s:0" "Mozilla/5.0 (Macintosh; U; Intel Mac OS X 10.6; en-US; rv:1.9.2.13) Gecko/20101203 Firefox/3.6.13"
74.215.248.60 - - [30/Dec/2010:21:59:02 -0500] "GET /images/1_naples%20florida%20real%20estate_index.jpg HTTP/1.1" 200 24287 "http://www.google.com/imgres?imgurl=http://www.naples-usa.com/images/1_naples%2520florida%2520real%2520estate_index.jpg&imgrefurl=http://www.dolphinworld.net/wordpress/2008/02/19/naples-florida-dolphin-swim-tour/&usg=__qADXQoSKXq32YdNCGsSumn4G-8c=&h=256&w=375&sz=24&hl=en&start=0&zoom=1&tbnid=xiSSaf0OQrPq8M:&tbnh=151&tbnw=200&prev=/images%3Fq%3Dnaples%2Bflorida%26um%3D1%26hl%3Den%26sa%3DN%26biw%3D1259%26bih%3D819%26tbs%3Disch:1&um=1&itbs=1&iact=rc&dur=625&ei=3UQdTYT7MoGUnQfL--DPDQ&oei=3UQdTYT7MoGUnQfL--DPDQ&esq=1&page=1&ndsp=20&ved=1t:429,r:6,s:0&tx=109&ty=117" "Mozilla/4.0 (compatible; MSIE 8.0; Windows NT 5.1; Trident/4.0; .NET CLR 1.0.3705; .NET CLR 1.1.4322; .NET CLR 2.0.50727; Media Center PC 4.0; .NET CLR 3.0.4506.2152; .NET CLR 3.5.30729)"
95.108.150.235 - - [30/Dec/2010:22:12:48 -0500] "GET /robots.txt HTTP/1.1" 404 291 "-" "Mozilla/5.0 (compatible; YandexBot/3.0; MirrorDetector; +http://yandex.com/bots)"
95.108.150.235 - - [30/Dec/2010:22:12:48 -0500] "GET /robots.txt HTTP/1.1" 404 291 "-" "Mozilla/5.0 (compatible; YandexBot/3.0; MirrorDetector; +http://yandex.com/bots)"
95.108.150.235 - - [30/Dec/2010:22:12:48 -0500] "GET / HTTP/1.1" 200 11305 "-" "Mozilla/5.0 (compatible; YandexBot/3.0; MirrorDetector; +http://yandex.com/bots)"
95.108.150.235 - - [30/Dec/2010:22:12:49 -0500] "GET / HTTP/1.1" 200 11305 "-" "Mozilla/5.0 (compatible; YandexBot/3.0; MirrorDetector; +http://yandex.com/bots)"
95.108.150.235 - - [30/Dec/2010:22:12:49 -0500] "GET / HTTP/1.1" 200 11305 "-" "Mozilla/5.0 (compatible; YandexBot/3.0; MirrorDetector; +http://yandex.com/bots)"
95.108.150.235 - - [30/Dec/2010:22:12:50 -0500] "GET / HTTP/1.1" 200 11305 "-" "Mozilla/5.0 (compatible; YandexBot/3.0; MirrorDetector; +http://yandex.com/bots)"
67.195.112.50 - - [30/Dec/2010:22:14:16 -0500] "GET /decoursey/?S=A HTTP/1.0" 404 279 "-" "Mozilla/5.0 (compatible; Yahoo! Slurp; http://help.yahoo.com/help/us/ysearch/slurp)"
95.108.158.234 - - [30/Dec/2010:22:23:40 -0500] "GET /robots.txt HTTP/1.1" 404 291 "-" "Mozilla/5.0 (compatible; YandexImages/3.0; +http://yandex.com/bots)"
38.108.67.16 - - [30/Dec/2010:22:28:34 -0500] "GET /golf.htm HTTP/1.0" 404 277 "-" "SBIder/Nutch-1.0-dev (http://www.sitesell.com/sbider.html)"
95.108.217.252 - - [30/Dec/2010:22:47:38 -0500] "GET /weather.htm HTTP/1.1" 404 292 "-" "Mozilla/5.0 (compatible; YandexBot/3.0; +http://yandex.com/bots)"
67.195.112.50 - - [30/Dec/2010:22:50:52 -0500] "GET /TheProcacciGroup/3399_gulf-view.jpg.LCK HTTP/1.0" 404 308 "-" "Mozilla/5.0 (compatible; Yahoo! Slurp; http://help.yahoo.com/help/us/ysearch/slurp)"
38.108.67.16 - - [30/Dec/2010:22:50:58 -0500] "GET /weather.htm HTTP/1.0" 404 280 "-" "SBIder/Nutch-1.0-dev (http://www.sitesell.com/sbider.html)"
67.195.112.50 - - [30/Dec/2010:22:52:55 -0500] "GET /TheProcacciGroup/394_tern-living4.jpg.LCK HTTP/1.0" 404 310 "-" "Mozilla/5.0 (compatible; Yahoo! Slurp; http://help.yahoo.com/help/us/ysearch/slurp)"
38.108.67.16 - - [30/Dec/2010:22:55:04 -0500] "GET /lost-pets.htm HTTP/1.0" 404 282 "-" "SBIder/Nutch-1.0-dev (http://www.sitesell.com/sbider.html)"
38.108.67.16 - - [30/Dec/2010:22:59:45 -0500] "GET /blaine/naples-rentals.htm HTTP/1.0" 404 294 "-" "SBIder/Nutch-1.0-dev (http://www.sitesell.com/sbider.html)"
208.115.111.246 - - [30/Dec/2010:23:03:01 -0500] "GET /robots.txt HTTP/1.1" 404 291 "-" "Mozilla/5.0 (compatible; DotBot/1.1; http://www.dotnetdotcom.org/, crawler@dotnetdotcom.org)"
208.115.111.246 - - [30/Dec/2010:23:03:01 -0500] "GET /robots.txt HTTP/1.1" 404 291 "-" "Mozilla/5.0 (compatible; DotBot/1.1; http://www.dotnetdotcom.org/, crawler@dotnetdotcom.org)"
65.52.49.140 - - [30/Dec/2010:23:04:35 -0500] "GET /robots.txt HTTP/1.1" 404 291 "-" "Mozilla/5.0 (compatible; bingbot/2.0; +http://www.bing.com/bingbot.htm)"
208.115.111.246 - - [30/Dec/2010:23:29:55 -0500] "GET /home-improvement-naples-florida.htm HTTP/1.1" 404 316 "-" "Mozilla/5.0 (compatible; DotBot/1.1; http://www.dotnetdotcom.org/, crawler@dotnetdotcom.org)"
208.115.111.246 - - [30/Dec/2010:23:29:59 -0500] "GET /lost-pets.htm HTTP/1.1" 404 294 "-" "Mozilla/5.0 (compatible; DotBot/1.1; http://www.dotnetdotcom.org/, crawler@dotnetdotcom.org)"
208.115.111.246 - - [30/Dec/2010:23:30:03 -0500] "GET /mortgage-dictionary.htm HTTP/1.1" 404 304 "-" "Mozilla/5.0 (compatible; DotBot/1.1; http://www.dotnetdotcom.org/, crawler@dotnetdotcom.org)"
208.115.111.246 - - [30/Dec/2010:23:30:07 -0500] "GET /reports_for-buyers.htm HTTP/1.1" 404 303 "-" "Mozilla/5.0 (compatible; DotBot/1.1; http://www.dotnetdotcom.org/, crawler@dotnetdotcom.org)"
208.115.111.246 - - [30/Dec/2010:23:30:12 -0500] "GET /reports_for-sellers.htm HTTP/1.1" 404 304 "-" "Mozilla/5.0 (compatible; DotBot/1.1; http://www.dotnetdotcom.org/, crawler@dotnetdotcom.org)"
208.115.111.246 - - [30/Dec/2010:23:30:17 -0500] "GET /home-improvement-naples-florida.htm HTTP/1.1" 404 316 "-" "Mozilla/5.0 (compatible; DotBot/1.1; http://www.dotnetdotcom.org/, crawler@dotnetdotcom.org)"
208.115.111.246 - - [30/Dec/2010:23:30:23 -0500] "GET /lost-pets.htm HTTP/1.1" 404 294 "-" "Mozilla/5.0 (compatible; DotBot/1.1; http://www.dotnetdotcom.org/, crawler@dotnetdotcom.org)"
208.115.111.246 - - [30/Dec/2010:23:30:28 -0500] "GET /mortgage-dictionary.htm HTTP/1.1" 404 304 "-" "Mozilla/5.0 (compatible; DotBot/1.1; http://www.dotnetdotcom.org/, crawler@dotnetdotcom.org)"
208.115.111.246 - - [30/Dec/2010:23:30:33 -0500] "GET /reports_for-buyers.htm HTTP/1.1" 404 303 "-" "Mozilla/5.0 (compatible; DotBot/1.1; http://www.dotnetdotcom.org/, crawler@dotnetdotcom.org)"
208.115.111.246 - - [30/Dec/2010:23:30:38 -0500] "GET /reports_for-sellers.htm HTTP/1.1" 404 304 "-" "Mozilla/5.0 (compatible; DotBot/1.1; http://www.dotnetdotcom.org/, crawler@dotnetdotcom.org)"
207.46.204.188 - - [30/Dec/2010:23:37:22 -0500] "GET /robots.txt HTTP/1.1" 404 291 "-" "Mozilla/5.0 (compatible; bingbot/2.0; +http://www.bing.com/bingbot.htm)"
207.46.204.188 - - [30/Dec/2010:23:38:12 -0500] "GET /lostpets.html HTTP/1.1" 304 - "-" "Mozilla/5.0 (compatible; bingbot/2.0; +http://www.bing.com/bingbot.htm)"
38.108.67.16 - - [30/Dec/2010:23:41:10 -0500] "GET /home-improvement-naples-florida.htm HTTP/1.0" 404 304 "-" "SBIder/Nutch-1.0-dev (http://www.sitesell.com/sbider.html)"
67.195.112.50 - - [31/Dec/2010:00:10:09 -0500] "GET /TheProcacciGroup/4700_st-pool.jpg.LCK HTTP/1.0" 404 306 "-" "Mozilla/5.0 (compatible; Yahoo! Slurp; http://help.yahoo.com/help/us/ysearch/slurp)"
184.154.7.186 - - [31/Dec/2010:00:10:31 -0500] "GET /robots.txt HTTP/1.0" 404 279 "-" "Mozilla/5.0 (compatible; MJ12bot/v1.3.3; http://www.majestic12.co.uk/bot.php?+)"
184.154.7.186 - - [31/Dec/2010:00:10:32 -0500] "GET /meek.htm HTTP/1.0" 404 277 "-" "Mozilla/5.0 (compatible; MJ12bot/v1.3.3; http://www.majestic12.co.uk/bot.php?+)"
99.13.198.10 - - [31/Dec/2010:00:14:48 -0500] "GET /images/welcome_usa.gif HTTP/1.1" 200 7890 "http://www.naples-usa.com/naples-history.htm" "Mozilla/5.0 (Macintosh; U; PPC Mac OS X Mach-O; en-US; rv:1.8.1.20) Gecko/20081217 Firefox/2.0.0.20"
99.13.198.10 - - [31/Dec/2010:00:14:48 -0500] "GET /naples-history.htm HTTP/1.1" 200 22034 "http://www.google.com/imgres?imgurl=http://www.naples-usa.com/images/history_army.jpg&imgrefurl=http://www.naples-usa.com/naples-history.htm&usg=__kwW0HAbx2dJrX95YmQtRq6JL1DQ=&h=113&w=150&sz=11&hl=en&start=360&zoom=0&um=1&itbs=1&tbnid=G_sZncZj7kkrTM:&tbnh=72&tbnw=96&prev=/images%3Fq%3Dnaples%2B1944%26start%3D342%26um%3D1%26hl%3Den%26safe%3Doff%26client%3Dfirefox-a%26sa%3DN%26rls%3Dorg.mozilla:en-US:official%26ndsp%3D18%26tbs%3Disch:1" "Mozilla/5.0 (Macintosh; U; PPC Mac OS X Mach-O; en-US; rv:1.8.1.20) Gecko/20081217 Firefox/2.0.0.20"
99.13.198.10 - - [31/Dec/2010:00:14:48 -0500] "GET /images/florida_logo.gif HTTP/1.1" 200 1024 "http://www.naples-usa.com/naples-history.htm" "Mozilla/5.0 (Macintosh; U; PPC Mac OS X Mach-O; en-US; rv:1.8.1.20) Gecko/20081217 Firefox/2.0.0.20"
99.13.198.10 - - [31/Dec/2010:00:14:48 -0500] "GET /images/history_indian.jpg HTTP/1.1" 200 10403 "http://www.naples-usa.com/naples-history.htm" "Mozilla/5.0 (Macintosh; U; PPC Mac OS X Mach-O; en-US; rv:1.8.1.20) Gecko/20081217 Firefox/2.0.0.20"
99.13.198.10 - - [31/Dec/2010:00:14:48 -0500] "GET /images/history_hotel1.jpg HTTP/1.1" 200 9608 "http://www.naples-usa.com/naples-history.htm" "Mozilla/5.0 (Macintosh; U; PPC Mac OS X Mach-O; en-US; rv:1.8.1.20) Gecko/20081217 Firefox/2.0.0.20"
99.13.198.10 - - [31/Dec/2010:00:14:48 -0500] "GET /images/history_collier.jpg HTTP/1.1" 200 7977 "http://www.naples-usa.com/naples-history.htm" "Mozilla/5.0 (Macintosh; U; PPC Mac OS X Mach-O; en-US; rv:1.8.1.20) Gecko/20081217 Firefox/2.0.0.20"
99.13.198.10 - - [31/Dec/2010:00:14:49 -0500] "GET /images/history_army.jpg HTTP/1.1" 200 11146 "http://www.naples-usa.com/naples-history.htm" "Mozilla/5.0 (Macintosh; U; PPC Mac OS X Mach-O; en-US; rv:1.8.1.20) Gecko/20081217 Firefox/2.0.0.20"
99.13.198.10 - - [31/Dec/2010:00:14:49 -0500] "GET /transparent.gif HTTP/1.1" 200 43 "http://www.naples-usa.com/naples-history.htm" "Mozilla/5.0 (Macintosh; U; PPC Mac OS X Mach-O; en-US; rv:1.8.1.20) Gecko/20081217 Firefox/2.0.0.20"
99.13.198.10 - - [31/Dec/2010:00:14:49 -0500] "GET /images/history_city.gif HTTP/1.1" 200 40057 "http://www.naples-usa.com/naples-history.htm" "Mozilla/5.0 (Macintosh; U; PPC Mac OS X Mach-O; en-US; rv:1.8.1.20) Gecko/20081217 Firefox/2.0.0.20"
38.99.96.8 - - [31/Dec/2010:00:32:27 -0500] "GET /robots.txt HTTP/1.1" 404 291 "-" "Mozilla/5.0 (compatible; ScoutJet; +http://www.scoutjet.com/)"
38.99.96.8 - - [31/Dec/2010:00:32:29 -0500] "GET / HTTP/1.1" 200 11305 "-" "Mozilla/5.0 (compatible; ScoutJet; +http://www.scoutjet.com/)"
38.99.96.8 - - [31/Dec/2010:00:32:31 -0500] "GET /TheProcacciGroup/rentals-new.htm HTTP/1.1" 404 313 "-" "Mozilla/5.0 (compatible; ScoutJet; +http://www.scoutjet.com/)"
38.99.96.8 - - [31/Dec/2010:00:32:35 -0500] "GET /TheProcacciGroup/rentals-new_a1732e55e6f84ca6f23e9bfe59186a11.htm HTTP/1.1" 404 346 "-" "Mozilla/5.0 (compatible; ScoutJet; +http://www.scoutjet.com/)"
68.171.231.20 - - [31/Dec/2010:00:37:45 -0500] "GET /naples-history.htm HTTP/1.0" 200 22034 "-" "BlackBerry9550/5.0.0.1015 Profile/MIDP-2.1 Configuration/CLDC-1.1 VendorID/105"
68.171.231.20 - - [31/Dec/2010:00:37:45 -0500] "GET /images/florida_logo.gif HTTP/1.0" 200 1024 "http://www.naples-usa.com/naples-history.htm" "BlackBerry9550/5.0.0.1015 Profile/MIDP-2.1 Configuration/CLDC-1.1 VendorID/105"
68.171.231.18 - - [31/Dec/2010:00:37:45 -0500] "GET /images/welcome_usa.gif HTTP/1.0" 200 7890 "http://www.naples-usa.com/naples-history.htm" "BlackBerry9550/5.0.0.1015 Profile/MIDP-2.1 Configuration/CLDC-1.1 VendorID/105"
68.171.231.18 - - [31/Dec/2010:00:37:45 -0500] "GET /images/history_indian.jpg HTTP/1.0" 200 10403 "http://www.naples-usa.com/naples-history.htm" "BlackBerry9550/5.0.0.1015 Profile/MIDP-2.1 Configuration/CLDC-1.1 VendorID/105"
68.171.231.18 - - [31/Dec/2010:00:37:45 -0500] "GET /images/history_hotel1.jpg HTTP/1.0" 200 9608 "http://www.naples-usa.com/naples-history.htm" "BlackBerry9550/5.0.0.1015 Profile/MIDP-2.1 Configuration/CLDC-1.1 VendorID/105"
68.171.231.20 - - [31/Dec/2010:00:37:45 -0500] "GET /images/history_collier.jpg HTTP/1.0" 200 7977 "http://www.naples-usa.com/naples-history.htm" "BlackBerry9550/5.0.0.1015 Profile/MIDP-2.1 Configuration/CLDC-1.1 VendorID/105"
68.171.231.20 - - [31/Dec/2010:00:37:45 -0500] "GET /images/history_army.jpg HTTP/1.0" 200 11146 "http://www.naples-usa.com/naples-history.htm" "BlackBerry9550/5.0.0.1015 Profile/MIDP-2.1 Configuration/CLDC-1.1 VendorID/105"
68.171.231.20 - - [31/Dec/2010:00:37:45 -0500] "GET /transparent.gif HTTP/1.0" 200 43 "http://www.naples-usa.com/naples-history.htm" "BlackBerry9550/5.0.0.1015 Profile/MIDP-2.1 Configuration/CLDC-1.1 VendorID/105"
68.171.231.18 - - [31/Dec/2010:00:37:45 -0500] "GET /favicon.ico HTTP/1.0" 404 280 "http://www.naples-usa.com/naples-history.htm" "BlackBerry9550/5.0.0.1015 Profile/MIDP-2.1 Configuration/CLDC-1.1 VendorID/105"
68.171.231.18 - - [31/Dec/2010:00:37:46 -0500] "GET /images/history_city.gif HTTP/1.0" 200 40057 "http://www.naples-usa.com/naples-history.htm" "BlackBerry9550/5.0.0.1015 Profile/MIDP-2.1 Configuration/CLDC-1.1 VendorID/105"
206.53.157.184 - - [31/Dec/2010:00:51:35 -0500] "GET /naples-history.htm HTTP/1.0" 200 22034 "-" "BlackBerry9550/5.0.0.1015 Profile/MIDP-2.1 Configuration/CLDC-1.1 VendorID/105"
206.53.157.184 - - [31/Dec/2010:00:51:35 -0500] "GET /images/welcome_usa.gif HTTP/1.0" 200 7890 "http://www.naples-usa.com/naples-history.htm" "BlackBerry9550/5.0.0.1015 Profile/MIDP-2.1 Configuration/CLDC-1.1 VendorID/105"
206.53.157.184 - - [31/Dec/2010:00:51:36 -0500] "GET /images/florida_logo.gif HTTP/1.0" 200 1024 "http://www.naples-usa.com/naples-history.htm" "BlackBerry9550/5.0.0.1015 Profile/MIDP-2.1 Configuration/CLDC-1.1 VendorID/105"
206.53.157.184 - - [31/Dec/2010:00:51:36 -0500] "GET /images/history_indian.jpg HTTP/1.0" 200 10403 "http://www.naples-usa.com/naples-history.htm" "BlackBerry9550/5.0.0.1015 Profile/MIDP-2.1 Configuration/CLDC-1.1 VendorID/105"
206.53.157.184 - - [31/Dec/2010:00:51:36 -0500] "GET /images/history_hotel1.jpg HTTP/1.0" 200 9608 "http://www.naples-usa.com/naples-history.htm" "BlackBerry9550/5.0.0.1015 Profile/MIDP-2.1 Configuration/CLDC-1.1 VendorID/105"
206.53.157.184 - - [31/Dec/2010:00:51:36 -0500] "GET /images/history_collier.jpg HTTP/1.0" 200 7977 "http://www.naples-usa.com/naples-history.htm" "BlackBerry9550/5.0.0.1015 Profile/MIDP-2.1 Configuration/CLDC-1.1 VendorID/105"
206.53.157.184 - - [31/Dec/2010:00:51:36 -0500] "GET /images/history_army.jpg HTTP/1.0" 200 11146 "http://www.naples-usa.com/naples-history.htm" "BlackBerry9550/5.0.0.1015 Profile/MIDP-2.1 Configuration/CLDC-1.1 VendorID/105"
206.53.157.184 - - [31/Dec/2010:00:51:36 -0500] "GET /images/history_city.gif HTTP/1.0" 200 40057 "http://www.naples-usa.com/naples-history.htm" "BlackBerry9550/5.0.0.1015 Profile/MIDP-2.1 Configuration/CLDC-1.1 VendorID/105"
206.53.157.184 - - [31/Dec/2010:00:51:36 -0500] "GET /transparent.gif HTTP/1.0" 200 43 "http://www.naples-usa.com/naples-history.htm" "BlackBerry9550/5.0.0.1015 Profile/MIDP-2.1 Configuration/CLDC-1.1 VendorID/105"
206.53.157.184 - - [31/Dec/2010:00:51:36 -0500] "GET /favicon.ico HTTP/1.0" 404 280 "http://www.naples-usa.com/naples-history.htm" "BlackBerry9550/5.0.0.1015 Profile/MIDP-2.1 Configuration/CLDC-1.1 VendorID/105"
76.109.122.192 - - [31/Dec/2010:00:59:08 -0500] "GET /Logos/winner_250.jpg HTTP/1.1" 304 - "http://email02.secureserver.net/webmail.php?login=1" "Mozilla/4.0 (compatible; MSIE 8.0; Windows NT 6.1; WOW64; Trident/4.0; GTB6.6; SLCC2; .NET CLR 2.0.50727; .NET CLR 3.5.30729; .NET CLR 3.0.30729; Media Center PC 6.0; MDDC; .NET4.0C; BRI/1)"
76.109.122.192 - - [31/Dec/2010:00:59:08 -0500] "GET /Logos/1_df-72dpi-476x57pix-banner.jpg HTTP/1.1" 304 - "http://email02.secureserver.net/webmail.php?login=1" "Mozilla/4.0 (compatible; MSIE 8.0; Windows NT 6.1; WOW64; Trident/4.0; GTB6.6; SLCC2; .NET CLR 2.0.50727; .NET CLR 3.5.30729; .NET CLR 3.0.30729; Media Center PC 6.0; MDDC; .NET4.0C; BRI/1)"
38.108.67.16 - - [31/Dec/2010:01:03:50 -0500] "GET /tennis.htm HTTP/1.0" 404 279 "-" "SBIder/Nutch-1.0-dev (http://www.sitesell.com/sbider.html)"
95.108.217.252 - - [31/Dec/2010:01:06:24 -0500] "GET /Vendors/index.html HTTP/1.1" 304 - "-" "Mozilla/5.0 (compatible; YandexBot/3.0; +http://yandex.com/bots)"
38.108.67.16 - - [31/Dec/2010:01:09:09 -0500] "GET /naples-tennis-public.htm HTTP/1.0" 404 293 "-" "SBIder/Nutch-1.0-dev (http://www.sitesell.com/sbider.html)"
67.195.112.50 - - [31/Dec/2010:01:16:53 -0500] "GET /images_map/na06.htm HTTP/1.0" 404 288 "-" "Mozilla/5.0 (compatible; Yahoo! Slurp; http://help.yahoo.com/help/us/ysearch/slurp)"
123.125.71.44 - - [31/Dec/2010:01:19:50 -0500] "GET /images/hofstetter_naples_sml.jpg HTTP/1.1" 404 313 "-" "Baiduspider-image+(+http://www.baidu.com/search/spider.htm)"
67.195.112.50 - - [31/Dec/2010:01:37:30 -0500] "GET /TheProcacciGroup/19685_marino-lanai.jpg.LCK HTTP/1.0" 404 312 "-" "Mozilla/5.0 (compatible; Yahoo! Slurp; http://help.yahoo.com/help/us/ysearch/slurp)"
38.108.67.16 - - [31/Dec/2010:01:52:37 -0500] "GET /history.htm HTTP/1.0" 404 280 "-" "SBIder/Nutch-1.0-dev (http://www.sitesell.com/sbider.html)"
67.195.112.50 - - [31/Dec/2010:01:58:20 -0500] "GET /home-improvement-naples-florida.htm HTTP/1.0" 404 304 "-" "Mozilla/5.0 (compatible; Yahoo! Slurp; http://help.yahoo.com/help/us/ysearch/slurp)"
95.108.158.234 - - [31/Dec/2010:02:13:25 -0500] "GET /transparent.gif HTTP/1.1" 304 - "-" "Mozilla/5.0 (compatible; YandexImages/3.0; +http://yandex.com/bots)"
38.108.67.16 - - [31/Dec/2010:02:15:14 -0500] "GET /mortgage-dictionary.htm HTTP/1.0" 404 292 "-" "SBIder/Nutch-1.0-dev (http://www.sitesell.com/sbider.html)"
65.52.109.60 - - [31/Dec/2010:02:16:36 -0500] "GET /robots.txt HTTP/1.1" 404 291 "-" "Mozilla/5.0 (compatible; bingbot/2.0; +http://www.bing.com/bingbot.htm)"
91.201.66.97 - - [31/Dec/2010:02:23:33 -0500] "GET /doonan/naples-real-estate2.htm HTTP/1.0" 404 299 "http://www.naples-usa.com/doonan/naples-real-estate2.htm" "Mozilla/4.0 (compatible; MSIE 6.0; Windows NT 5.1; ru) Opera 8.01"
91.201.66.97 - - [31/Dec/2010:02:23:33 -0500] "GET / HTTP/1.0" 200 11305 "http://www.naples-usa.com/" "Mozilla/4.0 (compatible; MSIE 6.0; Windows NT 5.1; ru) Opera 8.01"
124.115.6.14 - - [31/Dec/2010:02:26:33 -0500] "GET /robots.txt HTTP/1.1" 404 291 "-" "Sosospider+(+http://help.soso.com/webspider.htm)"
65.52.109.60 - - [31/Dec/2010:02:26:35 -0500] "GET /munz.htm HTTP/1.1" 404 289 "-" "Mozilla/5.0 (compatible; bingbot/2.0; +http://www.bing.com/bingbot.htm)"
208.115.111.246 - - [31/Dec/2010:03:00:05 -0500] "GET /robots.txt HTTP/1.1" 404 291 "-" "Mozilla/5.0 (compatible; DotBot/1.1; http://www.dotnetdotcom.org/, crawler@dotnetdotcom.org)"
207.46.195.107 - - [31/Dec/2010:03:20:34 -0500] "GET /robots.txt HTTP/1.1" 404 291 "-" "Mozilla/5.0 (compatible; bingbot/2.0; +http://www.bing.com/bingbot.htm)"
207.46.195.107 - - [31/Dec/2010:03:27:06 -0500] "GET /boat_docks.htm HTTP/1.1" 404 295 "-" "Mozilla/5.0 (compatible; bingbot/2.0; +http://www.bing.com/bingbot.htm)"
208.115.111.246 - - [31/Dec/2010:03:27:48 -0500] "GET /Naples-Florida-Important-Phone-Numbers.htm HTTP/1.1" 200 5215 "-" "Mozilla/5.0 (compatible; DotBot/1.1; http://www.dotnetdotcom.org/, crawler@dotnetdotcom.org)"
208.115.111.246 - - [31/Dec/2010:03:27:52 -0500] "GET /boat_docks.htm HTTP/1.1" 404 295 "-" "Mozilla/5.0 (compatible; DotBot/1.1; http://www.dotnetdotcom.org/, crawler@dotnetdotcom.org)"
208.115.111.246 - - [31/Dec/2010:03:27:57 -0500] "GET /history.htm HTTP/1.1" 404 292 "-" "Mozilla/5.0 (compatible; DotBot/1.1; http://www.dotnetdotcom.org/, crawler@dotnetdotcom.org)"
208.115.111.246 - - [31/Dec/2010:03:28:01 -0500] "GET /homestead.htm HTTP/1.1" 404 294 "-" "Mozilla/5.0 (compatible; DotBot/1.1; http://www.dotnetdotcom.org/, crawler@dotnetdotcom.org)"
208.115.111.246 - - [31/Dec/2010:03:28:06 -0500] "GET /naples-tennis-public.htm HTTP/1.1" 404 305 "-" "Mozilla/5.0 (compatible; DotBot/1.1; http://www.dotnetdotcom.org/, crawler@dotnetdotcom.org)"
208.115.111.246 - - [31/Dec/2010:03:28:11 -0500] "GET /tennis.htm HTTP/1.1" 404 291 "-" "Mozilla/5.0 (compatible; DotBot/1.1; http://www.dotnetdotcom.org/, crawler@dotnetdotcom.org)"
208.115.111.246 - - [31/Dec/2010:03:28:16 -0500] "GET /atherholt.htm HTTP/1.1" 404 294 "-" "Mozilla/5.0 (compatible; DotBot/1.1; http://www.dotnetdotcom.org/, crawler@dotnetdotcom.org)"
208.115.111.246 - - [31/Dec/2010:03:28:21 -0500] "GET /home.cfm HTTP/1.1" 404 289 "-" "Mozilla/5.0 (compatible; DotBot/1.1; http://www.dotnetdotcom.org/, crawler@dotnetdotcom.org)"
208.115.111.246 - - [31/Dec/2010:03:28:27 -0500] "GET /naples-tennis-public.htm HTTP/1.1" 404 305 "-" "Mozilla/5.0 (compatible; DotBot/1.1; http://www.dotnetdotcom.org/, crawler@dotnetdotcom.org)"
208.115.111.246 - - [31/Dec/2010:03:28:32 -0500] "GET /tennis.htm HTTP/1.1" 404 291 "-" "Mozilla/5.0 (compatible; DotBot/1.1; http://www.dotnetdotcom.org/, crawler@dotnetdotcom.org)"
67.195.112.50 - - [31/Dec/2010:03:38:47 -0500] "GET /doonan/naples-florida-rentals.htm HTTP/1.0" 404 302 "-" "Mozilla/5.0 (compatible; Yahoo! Slurp; http://help.yahoo.com/help/us/ysearch/slurp)"
193.147.209.64 - - [31/Dec/2010:03:40:08 -0500] "GET /images/1_naples%20florida%20real%20estate_index.jpg HTTP/1.1" 200 24287 "http://www.google.com/imgres?imgurl=http://www.naples-usa.com/images/1_naples%2520florida%2520real%2520estate_index.jpg&imgrefurl=http://www.dolphinworld.net/wordpress/2008/02/19/naples-florida-dolphin-swim-tour/&usg=__qADXQoSKXq32YdNCGsSumn4G-8c=&h=256&w=375&sz=24&hl=en&start=0&zoom=1&tbnid=xiSSaf0OQrPq8M:&tbnh=122&tbnw=149&prev=/images%3Fq%3Dnaples%2Bflorida%26um%3D1%26hl%3Den%26sa%3DX%26biw%3D1003%26bih%3D567%26tbs%3Disch:1&um=1&itbs=1&iact=hc&vpx=267&vpy=251&dur=547&hovh=185&hovw=272&tx=159&ty=111&ei=nZQdTdCKCo7U4gb2pOGEAg&oei=nZQdTdCKCo7U4gb2pOGEAg&esq=1&page=1&ndsp=15&ved=1t:429,r:6,s:0" "Mozilla/4.0 (compatible; MSIE 8.0; Windows NT 5.1; Trident/4.0; .NET CLR 1.1.4322; .NET CLR 2.0.50727; .NET CLR 3.0.4506.2152; .NET CLR 3.5.30729; InfoPath.2)"
79.35.35.70 - - [31/Dec/2010:03:43:50 -0500] "GET / HTTP/1.1" 200 11305 "http://www.bing.com/search?q=naples+usa&x=0&y=0&form=MSNH90&mkt=en-gb&qs=n&sk=" "Mozilla/5.0 (Windows; U; Windows NT 5.1; en-GB; rv:1.9.2.13) Gecko/20101203 Firefox/3.6.13 ( .NET CLR 3.5.30729; .NET4.0C)"
79.35.35.70 - - [31/Dec/2010:03:43:51 -0500] "GET /naples-usa.css HTTP/1.1" 200 714 "http://naples-usa.com/" "Mozilla/5.0 (Windows; U; Windows NT 5.1; en-GB; rv:1.9.2.13) Gecko/20101203 Firefox/3.6.13 ( .NET CLR 3.5.30729; .NET4.0C)"
79.35.35.70 - - [31/Dec/2010:03:43:51 -0500] "GET /images/welcome_usa.gif HTTP/1.1" 200 7890 "http://naples-usa.com/" "Mozilla/5.0 (Windows; U; Windows NT 5.1; en-GB; rv:1.9.2.13) Gecko/20101203 Firefox/3.6.13 ( .NET CLR 3.5.30729; .NET4.0C)"
79.35.35.70 - - [31/Dec/2010:03:43:51 -0500] "GET /images/border%20naples.gif HTTP/1.1" 200 358 "http://naples-usa.com/" "Mozilla/5.0 (Windows; U; Windows NT 5.1; en-GB; rv:1.9.2.13) Gecko/20101203 Firefox/3.6.13 ( .NET CLR 3.5.30729; .NET4.0C)"
79.35.35.70 - - [31/Dec/2010:03:43:52 -0500] "GET /images/A-INDE%7E1.jpg HTTP/1.1" 200 23069 "http://naples-usa.com/" "Mozilla/5.0 (Windows; U; Windows NT 5.1; en-GB; rv:1.9.2.13) Gecko/20101203 Firefox/3.6.13 ( .NET CLR 3.5.30729; .NET4.0C)"
79.35.35.70 - - [31/Dec/2010:03:43:52 -0500] "GET /favicon.ico HTTP/1.1" 404 292 "-" "Mozilla/5.0 (Windows; U; Windows NT 5.1; en-GB; rv:1.9.2.13) Gecko/20101203 Firefox/3.6.13 ( .NET CLR 3.5.30729; .NET4.0C)"
79.35.35.70 - - [31/Dec/2010:03:43:55 -0500] "GET /favicon.ico HTTP/1.1" 404 292 "-" "Mozilla/5.0 (Windows; U; Windows NT 5.1; en-GB; rv:1.9.2.13) Gecko/20101203 Firefox/3.6.13 ( .NET CLR 3.5.30729; .NET4.0C)"
79.35.35.70 - - [31/Dec/2010:03:44:19 -0500] "GET /naples-florida-beachesandparks.htm HTTP/1.1" 200 10582 "http://naples-usa.com/" "Mozilla/5.0 (Windows; U; Windows NT 5.1; en-GB; rv:1.9.2.13) Gecko/20101203 Firefox/3.6.13 ( .NET CLR 3.5.30729; .NET4.0C)"
79.35.35.70 - - [31/Dec/2010:03:44:19 -0500] "GET /images/florida_logo.gif HTTP/1.1" 200 1024 "http://naples-usa.com/naples-florida-beachesandparks.htm" "Mozilla/5.0 (Windows; U; Windows NT 5.1; en-GB; rv:1.9.2.13) Gecko/20101203 Firefox/3.6.13 ( .NET CLR 3.5.30729; .NET4.0C)"
79.35.35.70 - - [31/Dec/2010:03:44:20 -0500] "GET /images/swimming.gif HTTP/1.1" 200 4871 "http://naples-usa.com/naples-florida-beachesandparks.htm" "Mozilla/5.0 (Windows; U; Windows NT 5.1; en-GB; rv:1.9.2.13) Gecko/20101203 Firefox/3.6.13 ( .NET CLR 3.5.30729; .NET4.0C)"
79.35.35.70 - - [31/Dec/2010:03:44:20 -0500] "GET /images/kids.gif HTTP/1.1" 200 3769 "http://naples-usa.com/naples-florida-beachesandparks.htm" "Mozilla/5.0 (Windows; U; Windows NT 5.1; en-GB; rv:1.9.2.13) Gecko/20101203 Firefox/3.6.13 ( .NET CLR 3.5.30729; .NET4.0C)"
79.35.35.70 - - [31/Dec/2010:03:44:20 -0500] "GET /images/sailboat.gif HTTP/1.1" 200 3602 "http://naples-usa.com/naples-florida-beachesandparks.htm" "Mozilla/5.0 (Windows; U; Windows NT 5.1; en-GB; rv:1.9.2.13) Gecko/20101203 Firefox/3.6.13 ( .NET CLR 3.5.30729; .NET4.0C)"
79.35.35.70 - - [31/Dec/2010:03:44:20 -0500] "GET /images/slider.gif HTTP/1.1" 200 3503 "http://naples-usa.com/naples-florida-beachesandparks.htm" "Mozilla/5.0 (Windows; U; Windows NT 5.1; en-GB; rv:1.9.2.13) Gecko/20101203 Firefox/3.6.13 ( .NET CLR 3.5.30729; .NET4.0C)"
79.35.35.70 - - [31/Dec/2010:03:44:20 -0500] "GET /images/bike.gif HTTP/1.1" 200 4731 "http://naples-usa.com/naples-florida-beachesandparks.htm" "Mozilla/5.0 (Windows; U; Windows NT 5.1; en-GB; rv:1.9.2.13) Gecko/20101203 Firefox/3.6.13 ( .NET CLR 3.5.30729; .NET4.0C)"
79.35.35.70 - - [31/Dec/2010:03:44:20 -0500] "GET /images/tennis.gif HTTP/1.1" 200 3120 "http://naples-usa.com/naples-florida-beachesandparks.htm" "Mozilla/5.0 (Windows; U; Windows NT 5.1; en-GB; rv:1.9.2.13) Gecko/20101203 Firefox/3.6.13 ( .NET CLR 3.5.30729; .NET4.0C)"
79.35.35.70 - - [31/Dec/2010:03:44:20 -0500] "GET /images/shellis.gif HTTP/1.1" 200 1331 "http://naples-usa.com/naples-florida-beachesandparks.htm" "Mozilla/5.0 (Windows; U; Windows NT 5.1; en-GB; rv:1.9.2.13) Gecko/20101203 Firefox/3.6.13 ( .NET CLR 3.5.30729; .NET4.0C)"
188.106.217.180 - - [31/Dec/2010:03:55:17 -0500] "GET /meek.htm HTTP/1.1" 404 289 "-" "Mozilla/4.0 (compatible; MSIE 8.0; Windows NT 5.2; WOW64; Trident/4.0; .NET CLR 2.0.50727)"
124.115.0.14 - - [31/Dec/2010:03:56:34 -0500] "GET / HTTP/1.1" 200 11305 "-" "Sosospider+(+http://help.soso.com/webspider.htm)"
208.80.194.26 - - [31/Dec/2010:04:10:45 -0500] "GET / HTTP/1.0" 200 11305 "-" "Mozilla/4.0 (compatible; MSIE 7.0; Windows NT 5.1; .NET CLR 1.0.3705; .NET CLR 1.1.4322; ZangoToolbar 4.8.2; PeoplePal 3.0; .NET CLR 2.0.50727)"
208.80.194.26 - - [31/Dec/2010:04:10:45 -0500] "GET / HTTP/1.0" 200 11305 "-" "Mozilla/4.0 (compatible; MSIE 6.0; Windows NT 5.0; Advanced Searchbar 3.25; FunWebProducts; HbTools 4.8.4)"
67.195.112.50 - - [31/Dec/2010:04:11:59 -0500] "GET /doonan/testimonials.htm HTTP/1.0" 404 292 "-" "Mozilla/5.0 (compatible; Yahoo! Slurp; http://help.yahoo.com/help/us/ysearch/slurp)"
66.249.71.46 - - [31/Dec/2010:04:12:28 -0500] "GET /robots.txt HTTP/1.1" 404 291 "-" "DoCoMo/2.0 N905i(c100;TB;W24H16) (compatible; Googlebot-Mobile/2.1; +http://www.google.com/bot.html)"
66.249.71.46 - - [31/Dec/2010:04:12:28 -0500] "GET / HTTP/1.1" 200 11305 "-" "DoCoMo/2.0 N905i(c100;TB;W24H16) (compatible; Googlebot-Mobile/2.1; +http://www.google.com/bot.html)"
65.52.51.246 - - [31/Dec/2010:04:14:06 -0500] "GET /florida-homestead-exemption.htm HTTP/1.1" 200 14191 "-" "Mozilla/4.0 (compatible; MSIE 8.0; Windows NT 5.1; Trident/4.0; SV1; .NET CLR 1.1.4325; .NET CLR 2.0.50727; .NET CLR 3.0.30729; .NET CLR 3.5.30707; InfoPath.2)"
207.46.195.242 - - [31/Dec/2010:04:19:20 -0500] "GET /robots.txt HTTP/1.1" 404 291 "-" "Mozilla/5.0 (compatible; bingbot/2.0; +http://www.bing.com/bingbot.htm)"
207.46.195.242 - - [31/Dec/2010:04:31:35 -0500] "GET /naples-florida-facts.htm HTTP/1.1" 304 - "-" "Mozilla/5.0 (compatible; bingbot/2.0; +http://www.bing.com/bingbot.htm)"
67.195.112.50 - - [31/Dec/2010:05:17:16 -0500] "GET /TheProcacciGroup/11742_quail-206005939.jpg.LCK HTTP/1.0" 404 315 "-" "Mozilla/5.0 (compatible; Yahoo! Slurp; http://help.yahoo.com/help/us/ysearch/slurp)"
67.195.112.50 - - [31/Dec/2010:06:02:02 -0500] "GET /TheProcacciGroup/3483_gulf-living.jpg.LCK HTTP/1.0" 404 310 "-" "Mozilla/5.0 (compatible; Yahoo! Slurp; http://help.yahoo.com/help/us/ysearch/slurp)"
67.195.112.50 - - [31/Dec/2010:06:06:21 -0500] "GET /TheProcacciGroup/15375_queen-207045030.jpg.LCK HTTP/1.0" 404 315 "-" "Mozilla/5.0 (compatible; Yahoo! Slurp; http://help.yahoo.com/help/us/ysearch/slurp)"
67.195.112.50 - - [31/Dec/2010:06:19:06 -0500] "GET /TheProcacciGroup/5244_tree-kitch.jpg.LCK HTTP/1.0" 404 309 "-" "Mozilla/5.0 (compatible; Yahoo! Slurp; http://help.yahoo.com/help/us/ysearch/slurp)"
67.195.112.50 - - [31/Dec/2010:06:24:06 -0500] "GET /TheProcacciGroup/8916_ventura-209008411.jpg.LCK HTTP/1.0" 404 316 "-" "Mozilla/5.0 (compatible; Yahoo! Slurp; http://help.yahoo.com/help/us/ysearch/slurp)"
67.195.112.50 - - [31/Dec/2010:06:25:06 -0500] "GET /blaine/properties-naples-real-estate-1.htm HTTP/1.0" 404 311 "-" "Mozilla/5.0 (compatible; Yahoo! Slurp; http://help.yahoo.com/help/us/ysearch/slurp)"
202.160.179.85 - - [31/Dec/2010:06:27:20 -0500] "GET /robots.txt HTTP/1.0" 404 279 "-" "Mozilla/5.0 (compatible; Yahoo! Slurp China; http://misc.yahoo.com.cn/help.html)"
202.160.180.167 - - [31/Dec/2010:06:28:06 -0500] "GET / HTTP/1.0" 200 11305 "-" "Mozilla/5.0 (compatible; Yahoo! Slurp China; http://misc.yahoo.com.cn/help.html)"
207.46.204.232 - - [31/Dec/2010:06:32:54 -0500] "GET /robots.txt HTTP/1.1" 404 291 "-" "Mozilla/5.0 (compatible; bingbot/2.0; +http://www.bing.com/bingbot.htm)"
207.46.204.232 - - [31/Dec/2010:06:34:07 -0500] "GET /area-information-calendar.htm HTTP/1.1" 404 310 "-" "Mozilla/5.0 (compatible; bingbot/2.0; +http://www.bing.com/bingbot.htm)"
67.195.112.50 - - [31/Dec/2010:06:51:27 -0500] "GET /TheProcacciGroup/4450_botanical-bed2.jpg.LCK HTTP/1.0" 404 313 "-" "Mozilla/5.0 (compatible; Yahoo! Slurp; http://help.yahoo.com/help/us/ysearch/slurp)"
119.63.198.38 - - [31/Dec/2010:06:52:55 -0500] "GET /robots.txt HTTP/1.1" 404 291 "-" "Baiduspider+(+http://www.baidu.com/search/spider.htm)"
208.115.111.246 - - [31/Dec/2010:06:54:07 -0500] "GET /robots.txt HTTP/1.1" 404 291 "-" "Mozilla/5.0 (compatible; DotBot/1.1; http://www.dotnetdotcom.org/, crawler@dotnetdotcom.org)"
208.115.111.246 - - [31/Dec/2010:06:54:07 -0500] "GET /robots.txt HTTP/1.1" 404 291 "-" "Mozilla/5.0 (compatible; DotBot/1.1; http://www.dotnetdotcom.org/, crawler@dotnetdotcom.org)"
95.108.217.252 - - [31/Dec/2010:07:03:17 -0500] "GET /lost-birds.htm HTTP/1.1" 304 - "-" "Mozilla/5.0 (compatible; YandexBot/3.0; +http://yandex.com/bots)"
208.115.111.246 - - [31/Dec/2010:07:22:03 -0500] "GET /florida-homestead-exemption.htm HTTP/1.1" 200 14191 "-" "Mozilla/5.0 (compatible; DotBot/1.1; http://www.dotnetdotcom.org/, crawler@dotnetdotcom.org)"
208.115.111.246 - - [31/Dec/2010:07:22:07 -0500] "GET /hotels-in-naples.htm HTTP/1.1" 200 53713 "-" "Mozilla/5.0 (compatible; DotBot/1.1; http://www.dotnetdotcom.org/, crawler@dotnetdotcom.org)"
208.115.111.246 - - [31/Dec/2010:07:22:11 -0500] "GET /naples-boatcondos.htm HTTP/1.1" 200 11908 "-" "Mozilla/5.0 (compatible; DotBot/1.1; http://www.dotnetdotcom.org/, crawler@dotnetdotcom.org)"
208.115.111.246 - - [31/Dec/2010:07:22:16 -0500] "GET /naples-boatdocks.htm HTTP/1.1" 200 14892 "-" "Mozilla/5.0 (compatible; DotBot/1.1; http://www.dotnetdotcom.org/, crawler@dotnetdotcom.org)"
208.115.111.246 - - [31/Dec/2010:07:22:21 -0500] "GET /naples-boating.htm HTTP/1.1" 200 14280 "-" "Mozilla/5.0 (compatible; DotBot/1.1; http://www.dotnetdotcom.org/, crawler@dotnetdotcom.org)"
208.115.111.246 - - [31/Dec/2010:07:22:25 -0500] "GET /naples-florida-beachesandparks.htm HTTP/1.1" 200 10582 "-" "Mozilla/5.0 (compatible; DotBot/1.1; http://www.dotnetdotcom.org/, crawler@dotnetdotcom.org)"
208.115.111.246 - - [31/Dec/2010:07:22:31 -0500] "GET /naples-florida-facts.htm HTTP/1.1" 200 12073 "-" "Mozilla/5.0 (compatible; DotBot/1.1; http://www.dotnetdotcom.org/, crawler@dotnetdotcom.org)"
208.115.111.246 - - [31/Dec/2010:07:22:36 -0500] "GET /naples-florida-fishing.htm HTTP/1.1" 200 15147 "-" "Mozilla/5.0 (compatible; DotBot/1.1; http://www.dotnetdotcom.org/, crawler@dotnetdotcom.org)"
208.115.111.246 - - [31/Dec/2010:07:22:41 -0500] "GET /naples-florida-schools.htm HTTP/1.1" 200 27490 "-" "Mozilla/5.0 (compatible; DotBot/1.1; http://www.dotnetdotcom.org/, crawler@dotnetdotcom.org)"
208.115.111.246 - - [31/Dec/2010:07:22:46 -0500] "GET /recycling-info-naples-florida.htm HTTP/1.1" 200 13920 "-" "Mozilla/5.0 (compatible; DotBot/1.1; http://www.dotnetdotcom.org/, crawler@dotnetdotcom.org)"
67.195.112.50 - - [31/Dec/2010:07:46:36 -0500] "GET /robots.txt HTTP/1.0" 404 279 "-" "Mozilla/5.0 (compatible; Yahoo! Slurp; http://help.yahoo.com/help/us/ysearch/slurp)"
67.195.112.50 - - [31/Dec/2010:07:46:36 -0500] "GET /sanfilippo/ HTTP/1.0" 404 280 "-" "Mozilla/5.0 (compatible; Yahoo! Slurp; http://help.yahoo.com/help/us/ysearch/slurp)"
131.107.65.43 - - [31/Dec/2010:08:06:43 -0500] "GET / HTTP/1.1" 200 11305 "-" "Mozilla/4.0 (compatible; MSIE 7.0; Windows NT 6.1; WOW64; Trident/4.0; SLCC2; .NET CLR 2.0.50727)"
131.107.65.43 - - [31/Dec/2010:08:06:43 -0500] "GET /naples-usa.css HTTP/1.1" 200 714 "http://www.naples-usa.com/" "Mozilla/4.0 (compatible; MSIE 7.0; Windows NT 6.1; WOW64; Trident/4.0; SLCC2; .NET CLR 2.0.50727)"
131.107.65.43 - - [31/Dec/2010:08:06:43 -0500] "GET /images/border%20naples.gif HTTP/1.1" 200 358 "http://www.naples-usa.com/" "Mozilla/4.0 (compatible; MSIE 7.0; Windows NT 6.1; WOW64; Trident/4.0; SLCC2; .NET CLR 2.0.50727)"
131.107.65.43 - - [31/Dec/2010:08:06:43 -0500] "GET /images/welcome_usa.gif HTTP/1.1" 200 7890 "http://www.naples-usa.com/" "Mozilla/4.0 (compatible; MSIE 7.0; Windows NT 6.1; WOW64; Trident/4.0; SLCC2; .NET CLR 2.0.50727)"
131.107.65.43 - - [31/Dec/2010:08:06:43 -0500] "GET /images/A-INDE~1.jpg HTTP/1.1" 200 23069 "http://www.naples-usa.com/" "Mozilla/4.0 (compatible; MSIE 7.0; Windows NT 6.1; WOW64; Trident/4.0; SLCC2; .NET CLR 2.0.50727)"
67.195.112.50 - - [31/Dec/2010:08:21:59 -0500] "GET /molhoek.htm HTTP/1.0" 200 8161 "-" "Mozilla/5.0 (compatible; Yahoo! Slurp; http://help.yahoo.com/help/us/ysearch/slurp)"
67.195.112.50 - - [31/Dec/2010:08:28:08 -0500] "GET /TheProcacciGroup/11041_corsica-kitch.jpg.LCK HTTP/1.0" 404 313 "-" "Mozilla/5.0 (compatible; Yahoo! Slurp; http://help.yahoo.com/help/us/ysearch/slurp)"
67.195.112.50 - - [31/Dec/2010:08:28:09 -0500] "GET /Vendors/DF_instructions.htm HTTP/1.0" 200 3498 "-" "Mozilla/5.0 (compatible; Yahoo! Slurp; http://help.yahoo.com/help/us/ysearch/slurp)"
67.195.112.50 - - [31/Dec/2010:08:28:20 -0500] "GET /TheProcacciGroup/620_106th-lanai.jpg.LCK HTTP/1.0" 404 309 "-" "Mozilla/5.0 (compatible; Yahoo! Slurp; http://help.yahoo.com/help/us/ysearch/slurp)"
195.7.100.184 - - [31/Dec/2010:08:34:15 -0500] "GET / HTTP/1.1" 200 11305 "http://www.google.fr/search?q=NAPLE%20USA&spell=1&ie=UTF-8&hl=fr&source=hp&aq=f&aqi=g1g-s1g4g-s1g3&aql=&oq=&gs_rfai=&btnG=Rechercher" "Mozilla/4.0 (compatible; MSIE 5.5; Windows NT 5.0; .NET CLR 1.1.4322; .NET CLR 2.0.50727)"
195.7.100.184 - - [31/Dec/2010:08:34:16 -0500] "GET /naples-usa.css HTTP/1.1" 200 714 "http://www.naples-usa.com/" "Mozilla/4.0 (compatible; MSIE 5.5; Windows NT 5.0; .NET CLR 1.1.4322; .NET CLR 2.0.50727)"
195.7.100.184 - - [31/Dec/2010:08:34:16 -0500] "GET /images/A-INDE%7E1.jpg HTTP/1.1" 200 23069 "http://www.naples-usa.com/" "Mozilla/4.0 (compatible; MSIE 5.5; Windows NT 5.0; .NET CLR 1.1.4322; .NET CLR 2.0.50727)"
195.7.100.184 - - [31/Dec/2010:08:34:16 -0500] "GET /images/border%20naples.gif HTTP/1.1" 200 358 "http://www.naples-usa.com/" "Mozilla/4.0 (compatible; MSIE 5.5; Windows NT 5.0; .NET CLR 1.1.4322; .NET CLR 2.0.50727)"
195.7.100.184 - - [31/Dec/2010:08:34:16 -0500] "GET /images/welcome_usa.gif HTTP/1.1" 200 7890 "http://www.naples-usa.com/" "Mozilla/4.0 (compatible; MSIE 5.5; Windows NT 5.0; .NET CLR 1.1.4322; .NET CLR 2.0.50727)"
71.200.209.15 - - [31/Dec/2010:09:23:59 -0500] "GET /favicon.ico HTTP/1.1" 404 292 "-" "ee://aol/http"
71.200.209.15 - - [31/Dec/2010:09:24:11 -0500] "GET /favicon.ico HTTP/1.1" 404 292 "-" "ee://aol/http"
98.82.164.166 - - [31/Dec/2010:09:31:24 -0500] "GET /images/1_naples%20florida%20real%20estate_index.jpg HTTP/1.1" 200 24287 "http://search.mywebsearch.com/mywebsearch/GGimage.jhtml?searchFor=naples+florida&ptb=HK0M1.JAEkf8cdyb_cVJ5g&ptnrS=ZUxdm596YYUS&n=77cece3f&pg=GGmain&ss=sub&st=bar&redirect=GGmain.jhtml&ct=IS&action=0" "Mozilla/4.0 (compatible; MSIE 7.0; Windows NT 6.0; GTB6.3; FunWebProducts; SLCC1; .NET CLR 2.0.50727; Media Center PC 5.0; .NET CLR 3.5.30729; .NET CLR 3.0.30618; MS-RTC EA 2)"
92.241.169.9 - - [31/Dec/2010:09:31:53 -0500] "GET /TheProcacciGroup/naplesfloridarentals1.htm HTTP/1.0" 404 311 "http://www.naples-usa.com/TheProcacciGroup/naplesfloridarentals1.htm" "Mozilla/4.0 (compatible; MSIE 6.0; MSIE 5.5; Windows NT 5.0) Opera 7.02 Bork-edition [en]"
92.241.169.9 - - [31/Dec/2010:09:31:53 -0500] "GET / HTTP/1.0" 200 11305 "http://www.naples-usa.com/" "Mozilla/4.0 (compatible; MSIE 6.0; MSIE 5.5; Windows NT 5.0) Opera 7.02 Bork-edition [en]"
207.46.195.241 - - [31/Dec/2010:09:44:44 -0500] "GET /robots.txt HTTP/1.1" 404 291 "-" "Mozilla/5.0 (compatible; bingbot/2.0; +http://www.bing.com/bingbot.htm)"
207.46.195.241 - - [31/Dec/2010:09:51:44 -0500] "GET /walsh.htm HTTP/1.1" 404 290 "-" "Mozilla/5.0 (compatible; bingbot/2.0; +http://www.bing.com/bingbot.htm)"
76.101.2.190 - - [31/Dec/2010:09:56:24 -0500] "GET / HTTP/1.1" 200 11305 "-" "Mozilla/4.0 (compatible; MSIE 8.0; Windows NT 6.0; Trident/4.0; FunWebProducts; GTB6.6; SLCC1; .NET CLR 2.0.50727; Media Center PC 5.0; .NET CLR 3.5.30729; .NET CLR 3.0.30729; .NET4.0C; BRI/1)"
76.101.2.190 - - [31/Dec/2010:09:56:24 -0500] "GET /images/border%20naples.gif HTTP/1.1" 200 358 "http://naples-usa.com/" "Mozilla/4.0 (compatible; MSIE 8.0; Windows NT 6.0; Trident/4.0; FunWebProducts; GTB6.6; SLCC1; .NET CLR 2.0.50727; Media Center PC 5.0; .NET CLR 3.5.30729; .NET CLR 3.0.30729; .NET4.0C; BRI/1)"
76.101.2.190 - - [31/Dec/2010:09:56:24 -0500] "GET /images/welcome_usa.gif HTTP/1.1" 200 7890 "http://naples-usa.com/" "Mozilla/4.0 (compatible; MSIE 8.0; Windows NT 6.0; Trident/4.0; FunWebProducts; GTB6.6; SLCC1; .NET CLR 2.0.50727; Media Center PC 5.0; .NET CLR 3.5.30729; .NET CLR 3.0.30729; .NET4.0C; BRI/1)"
76.101.2.190 - - [31/Dec/2010:09:56:24 -0500] "GET /naples-usa.css HTTP/1.1" 200 714 "http://naples-usa.com/" "Mozilla/4.0 (compatible; MSIE 8.0; Windows NT 6.0; Trident/4.0; FunWebProducts; GTB6.6; SLCC1; .NET CLR 2.0.50727; Media Center PC 5.0; .NET CLR 3.5.30729; .NET CLR 3.0.30729; .NET4.0C; BRI/1)"
76.101.2.190 - - [31/Dec/2010:09:56:24 -0500] "GET /images/A-INDE~1.jpg HTTP/1.1" 200 23069 "http://naples-usa.com/" "Mozilla/4.0 (compatible; MSIE 8.0; Windows NT 6.0; Trident/4.0; FunWebProducts; GTB6.6; SLCC1; .NET CLR 2.0.50727; Media Center PC 5.0; .NET CLR 3.5.30729; .NET CLR 3.0.30729; .NET4.0C; BRI/1)"
95.108.217.252 - - [31/Dec/2010:10:02:49 -0500] "GET /lost-pets.html HTTP/1.1" 404 295 "-" "Mozilla/5.0 (compatible; YandexBot/3.0; +http://yandex.com/bots)"
86.12.167.6 - - [31/Dec/2010:10:08:50 -0500] "GET /weather.htm HTTP/1.0" 404 280 "http://uk.ask.com/web?q=what+is+the+temperature+in+naples%2C+usa&search=&qsrc=0&o=0&l=dir" "Mozilla/4.0 (compatible; MSIE 8.0; Windows NT 5.1; Trident/4.0)"
69.139.47.235 - - [31/Dec/2010:10:09:35 -0500] "GET /Vendors/DF_instructions.htm HTTP/1.1" 200 3498 "-" "Mozilla/5.0 (Macintosh; U; Intel Mac OS X 10_5_8; en-us) AppleWebKit/533.19.4 (KHTML, like Gecko) Version/5.0.3 Safari/533.19.4"
207.46.199.53 - - [31/Dec/2010:10:17:08 -0500] "GET /naples-florida-fishing.htm HTTP/1.1" 304 - "-" "Mozilla/5.0 (compatible; bingbot/2.0; +http://www.bing.com/bingbot.htm)"
67.195.112.50 - - [31/Dec/2010:10:26:59 -0500] "GET /communities.htm HTTP/1.0" 404 284 "-" "Mozilla/5.0 (compatible; Yahoo! Slurp; http://help.yahoo.com/help/us/ysearch/slurp)"
208.115.111.246 - - [31/Dec/2010:10:48:02 -0500] "GET /robots.txt HTTP/1.1" 404 291 "-" "Mozilla/5.0 (compatible; DotBot/1.1; http://www.dotnetdotcom.org/, crawler@dotnetdotcom.org)"
119.235.237.92 - - [31/Dec/2010:10:58:03 -0500] "GET /robots.txt HTTP/1.1" 404 291 "-" "Yeti/1.0 (NHN Corp.; http://help.naver.com/robots/)"
119.235.237.92 - - [31/Dec/2010:10:58:04 -0500] "GET / HTTP/1.1" 200 11305 "-" "Yeti/1.0 (NHN Corp.; http://help.naver.com/robots/)"
119.235.237.75 - - [31/Dec/2010:10:58:24 -0500] "GET /naples-usa.css HTTP/1.1" 200 714 "-" "Yeti/1.0 (NHN Corp.; http://help.naver.com/robots/)"
207.46.12.240 - - [31/Dec/2010:10:59:13 -0500] "GET /robots.txt HTTP/1.1" 404 291 "-" "Mozilla/5.0 (compatible; bingbot/2.0; +http://www.bing.com/bingbot.htm)"
207.46.12.240 - - [31/Dec/2010:11:02:37 -0500] "GET /naples-florida-schools.htm HTTP/1.1" 304 - "-" "Mozilla/5.0 (compatible; bingbot/2.0; +http://www.bing.com/bingbot.htm)"
67.195.112.50 - - [31/Dec/2010:11:05:21 -0500] "GET /TheProcacciGroup/394_tern-207038231.jpg.LCK HTTP/1.0" 404 312 "-" "Mozilla/5.0 (compatible; Yahoo! Slurp; http://help.yahoo.com/help/us/ysearch/slurp)"
67.195.112.50 - - [31/Dec/2010:11:14:36 -0500] "GET /sanfilippo/properties1.htm HTTP/1.0" 404 295 "-" "Mozilla/5.0 (compatible; Yahoo! Slurp; http://help.yahoo.com/help/us/ysearch/slurp)"
208.115.111.246 - - [31/Dec/2010:11:15:37 -0500] "GET /naples-arts.htm HTTP/1.1" 200 4976 "-" "Mozilla/5.0 (compatible; DotBot/1.1; http://www.dotnetdotcom.org/, crawler@dotnetdotcom.org)"
208.115.111.246 - - [31/Dec/2010:11:15:41 -0500] "GET /naples-history.htm HTTP/1.1" 200 22034 "-" "Mozilla/5.0 (compatible; DotBot/1.1; http://www.dotnetdotcom.org/, crawler@dotnetdotcom.org)"
208.115.111.246 - - [31/Dec/2010:11:15:45 -0500] "GET /naples-tennis.htm HTTP/1.1" 200 15285 "-" "Mozilla/5.0 (compatible; DotBot/1.1; http://www.dotnetdotcom.org/, crawler@dotnetdotcom.org)"
208.115.111.246 - - [31/Dec/2010:11:15:50 -0500] "GET /naples-tour.htm HTTP/1.1" 200 22351 "-" "Mozilla/5.0 (compatible; DotBot/1.1; http://www.dotnetdotcom.org/, crawler@dotnetdotcom.org)"
208.115.111.246 - - [31/Dec/2010:11:15:55 -0500] "GET /naples-weather.htm HTTP/1.1" 200 16725 "-" "Mozilla/5.0 (compatible; DotBot/1.1; http://www.dotnetdotcom.org/, crawler@dotnetdotcom.org)"
208.115.111.246 - - [31/Dec/2010:11:16:00 -0500] "GET /Naples-Florida-Important-Phone-Numbers.htm HTTP/1.1" 200 5215 "-" "Mozilla/5.0 (compatible; DotBot/1.1; http://www.dotnetdotcom.org/, crawler@dotnetdotcom.org)"
208.115.111.246 - - [31/Dec/2010:11:16:05 -0500] "GET /history.htm HTTP/1.1" 404 292 "-" "Mozilla/5.0 (compatible; DotBot/1.1; http://www.dotnetdotcom.org/, crawler@dotnetdotcom.org)"
208.115.111.246 - - [31/Dec/2010:11:16:10 -0500] "GET /homestead.htm HTTP/1.1" 404 294 "-" "Mozilla/5.0 (compatible; DotBot/1.1; http://www.dotnetdotcom.org/, crawler@dotnetdotcom.org)"
208.115.111.246 - - [31/Dec/2010:11:16:15 -0500] "GET /lostpets.html HTTP/1.1" 200 17013 "-" "Mozilla/5.0 (compatible; DotBot/1.1; http://www.dotnetdotcom.org/, crawler@dotnetdotcom.org)"
208.115.111.246 - - [31/Dec/2010:11:16:20 -0500] "GET /naples-florida-beachesandparks.htm HTTP/1.1" 200 10582 "-" "Mozilla/5.0 (compatible; DotBot/1.1; http://www.dotnetdotcom.org/, crawler@dotnetdotcom.org)"
65.52.109.60 - - [31/Dec/2010:11:17:08 -0500] "GET /naples-florida-facts.htm HTTP/1.1" 304 - "-" "Mozilla/5.0 (compatible; bingbot/2.0; +http://www.bing.com/bingbot.htm)"
67.195.112.50 - - [31/Dec/2010:11:23:12 -0500] "GET /TheProcacciGroup/4401_gulf-living.jpg.LCK HTTP/1.0" 404 310 "-" "Mozilla/5.0 (compatible; Yahoo! Slurp; http://help.yahoo.com/help/us/ysearch/slurp)"
216.237.72.147 - - [31/Dec/2010:11:40:15 -0500] "GET /images/1_naples%20florida%20real%20estate_index.jpg HTTP/1.1" 200 24287 "http://www.dolphinworld.net/wordpress/2008/02/19/naples-florida-dolphin-swim-tour/" "Mozilla/5.0 (iPod; U; CPU iPhone OS 3_1_3 like Mac OS X; en-us) AppleWebKit/528.18 (KHTML, like Gecko) Version/4.0 Mobile/7E18 Safari/528.16"
174.117.67.82 - - [31/Dec/2010:11:41:41 -0500] "GET /naples-weather.htm HTTP/1.1" 200 16725 "http://www.google.ca/search?sourceid=navclient&hl=en-GB&ie=UTF-8&rlz=1T4DACA_en-GBCA277CA277&q=historical+average+temperatures+for+naples+end+of+january" "Mozilla/4.0 (compatible; MSIE 8.0; Windows NT 6.0; Trident/4.0; GTB6.6; SLCC1; .NET CLR 2.0.50727; Media Center PC 5.0; .NET CLR 3.5.30729; .NET CLR 3.0.30729; .NET4.0C)"
174.117.67.82 - - [31/Dec/2010:11:41:41 -0500] "GET /images/welcome_usa.gif HTTP/1.1" 200 7890 "http://www.naples-usa.com/naples-weather.htm" "Mozilla/4.0 (compatible; MSIE 8.0; Windows NT 6.0; Trident/4.0; GTB6.6; SLCC1; .NET CLR 2.0.50727; Media Center PC 5.0; .NET CLR 3.5.30729; .NET CLR 3.0.30729; .NET4.0C)"
174.117.67.82 - - [31/Dec/2010:11:41:41 -0500] "GET /images/florida_logo.gif HTTP/1.1" 200 1024 "http://www.naples-usa.com/naples-weather.htm" "Mozilla/4.0 (compatible; MSIE 8.0; Windows NT 6.0; Trident/4.0; GTB6.6; SLCC1; .NET CLR 2.0.50727; Media Center PC 5.0; .NET CLR 3.5.30729; .NET CLR 3.0.30729; .NET4.0C)"
174.117.67.82 - - [31/Dec/2010:11:41:41 -0500] "GET /transparent.gif HTTP/1.1" 200 43 "http://www.naples-usa.com/naples-weather.htm" "Mozilla/4.0 (compatible; MSIE 8.0; Windows NT 6.0; Trident/4.0; GTB6.6; SLCC1; .NET CLR 2.0.50727; Media Center PC 5.0; .NET CLR 3.5.30729; .NET CLR 3.0.30729; .NET4.0C)"
174.117.67.82 - - [31/Dec/2010:11:41:42 -0500] "GET /favicon.ico HTTP/1.1" 404 292 "-" "Mozilla/4.0 (compatible; MSIE 8.0; Windows NT 6.0; Trident/4.0; GTB6.6; SLCC1; .NET CLR 2.0.50727; Media Center PC 5.0; .NET CLR 3.5.30729; .NET CLR 3.0.30729; .NET4.0C)"
