207.46.199.47 - - [03/Jan/2011:02:23:30 -0500] "GET /robots.txt HTTP/1.1" 404 291 "-" "Mozilla/5.0 (compatible; bingbot/2.0; +http://www.bing.com/bingbot.htm)"
207.46.199.47 - - [03/Jan/2011:02:29:13 -0500] "GET /Vendors/ HTTP/1.1" 304 - "-" "Mozilla/5.0 (compatible; bingbot/2.0; +http://www.bing.com/bingbot.htm)"
67.195.112.50 - - [03/Jan/2011:02:31:41 -0500] "GET /TheProcacciGroup/3399_gulf-208019311.jpg.LCK HTTP/1.0" 404 313 "-" "Mozilla/5.0 (compatible; Yahoo! Slurp; http://help.yahoo.com/help/us/ysearch/slurp)"
67.195.112.50 - - [03/Jan/2011:02:34:47 -0500] "GET /images_map/na23.htm HTTP/1.0" 404 288 "-" "Mozilla/5.0 (compatible; Yahoo! Slurp; http://help.yahoo.com/help/us/ysearch/slurp)"
67.195.112.50 - - [03/Jan/2011:02:35:25 -0500] "GET /TheProcacciGroup/7840_clemson-kitch.jpg.LCK HTTP/1.0" 404 312 "-" "Mozilla/5.0 (compatible; Yahoo! Slurp; http://help.yahoo.com/help/us/ysearch/slurp)"
88.131.106.22 - - [03/Jan/2011:02:36:04 -0500] "GET /robots.txt HTTP/1.0" 404 279 "-" "Mozilla/5.0 (Windows; U; Windows NT 5.1; en-US) Speedy Spider (http://www.entireweb.com/about/search_tech/speedy_spider/)"
88.131.106.22 - - [03/Jan/2011:02:36:05 -0500] "GET /naples_florida.htm HTTP/1.0" 404 287 "-" "Mozilla/5.0 (Windows; U; Windows NT 5.1; en-US) Speedy Spider (http://www.entireweb.com/about/search_tech/speedy_spider/)"
95.108.217.252 - - [03/Jan/2011:02:46:06 -0500] "GET /hotels-in-naples.htm HTTP/1.1" 200 53713 "-" "Mozilla/5.0 (compatible; YandexBot/3.0; +http://yandex.com/bots)"
207.46.199.48 - - [03/Jan/2011:03:12:13 -0500] "GET /romano.htm HTTP/1.1" 404 291 "-" "Mozilla/5.0 (compatible; bingbot/2.0; +http://www.bing.com/bingbot.htm)"
207.46.195.228 - - [03/Jan/2011:03:43:43 -0500] "GET /florida-homestead-exemption.htm HTTP/1.1" 304 - "-" "Mozilla/5.0 (compatible; bingbot/2.0; +http://www.bing.com/bingbot.htm)"
67.195.112.50 - - [03/Jan/2011:03:47:27 -0500] "GET /TheProcacciGroup/22911-sago-new-living2.jpg.LCK HTTP/1.0" 404 316 "-" "Mozilla/5.0 (compatible; Yahoo! Slurp; http://help.yahoo.com/help/us/ysearch/slurp)"
88.131.106.22 - - [03/Jan/2011:04:05:36 -0500] "GET /robots.txt HTTP/1.0" 404 279 "-" "Mozilla/5.0 (Windows; U; Windows NT 5.1; en-US) Speedy Spider (http://www.entireweb.com/about/search_tech/speedy_spider/)"
66.249.71.46 - - [03/Jan/2011:04:05:36 -0500] "GET /robots.txt HTTP/1.1" 404 291 "-" "Mozilla/5.0 (compatible; Googlebot/2.1; +http://www.google.com/bot.html)"
66.249.71.46 - - [03/Jan/2011:04:05:36 -0500] "GET /frengel-walsh HTTP/1.1" 404 294 "-" "Mozilla/5.0 (compatible; Googlebot/2.1; +http://www.google.com/bot.html)"
88.131.106.22 - - [03/Jan/2011:04:05:41 -0500] "GET /fuller/fuller_bio.htm HTTP/1.0" 404 290 "-" "Mozilla/5.0 (Windows; U; Windows NT 5.1; en-US) Speedy Spider (http://www.entireweb.com/about/search_tech/speedy_spider/)"
67.195.112.50 - - [03/Jan/2011:04:06:49 -0500] "GET /TheProcacciGroup/5912_three-living.jpg.LCK HTTP/1.0" 404 311 "-" "Mozilla/5.0 (compatible; Yahoo! Slurp; http://help.yahoo.com/help/us/ysearch/slurp)"
67.195.112.50 - - [03/Jan/2011:04:07:37 -0500] "GET /TheProcacciGroup/15683_marcello-view.jpg.LCK HTTP/1.0" 404 313 "-" "Mozilla/5.0 (compatible; Yahoo! Slurp; http://help.yahoo.com/help/us/ysearch/slurp)"
95.108.217.252 - - [03/Jan/2011:04:08:38 -0500] "GET /naples-weather.htm HTTP/1.1" 200 16725 "-" "Mozilla/5.0 (compatible; YandexBot/3.0; +http://yandex.com/bots)"
207.46.195.223 - - [03/Jan/2011:04:33:14 -0500] "GET /area-information-calendar.htm HTTP/1.1" 404 310 "-" "Mozilla/5.0 (compatible; bingbot/2.0; +http://www.bing.com/bingbot.htm)"
207.46.12.240 - - [03/Jan/2011:04:44:44 -0500] "GET /index.html HTTP/1.1" 304 - "-" "Mozilla/5.0 (compatible; bingbot/2.0; +http://www.bing.com/bingbot.htm)"
207.46.199.55 - - [03/Jan/2011:04:55:21 -0500] "GET /golf.htm HTTP/1.1" 404 289 "-" "Mozilla/5.0 (compatible; bingbot/2.0; +http://www.bing.com/bingbot.htm)"
67.195.112.50 - - [03/Jan/2011:05:24:30 -0500] "GET /TheProcacciGroup/4761_west-bath.jpg.LCK HTTP/1.0" 404 308 "-" "Mozilla/5.0 (compatible; Yahoo! Slurp; http://help.yahoo.com/help/us/ysearch/slurp)"
67.195.112.50 - - [03/Jan/2011:05:34:48 -0500] "GET /TheProcacciGroup/500_mooring-207047640.jpg.LCK HTTP/1.0" 404 315 "-" "Mozilla/5.0 (compatible; Yahoo! Slurp; http://help.yahoo.com/help/us/ysearch/slurp)"
67.195.112.50 - - [03/Jan/2011:05:41:07 -0500] "GET /calendar.htm HTTP/1.0" 200 71151 "-" "Mozilla/5.0 (compatible; Yahoo! Slurp; http://help.yahoo.com/help/us/ysearch/slurp)"
193.47.80.45 - - [03/Jan/2011:05:55:48 -0500] "GET /robots.txt HTTP/1.1" 404 291 "-" "Mozilla/5.0 (compatible; Exabot/3.0; +http://www.exabot.com/go/robot)"
193.47.80.45 - - [03/Jan/2011:05:55:48 -0500] "GET /images_map/na33.htm HTTP/1.1" 404 300 "-" "Mozilla/5.0 (compatible; Exabot/3.0; +http://www.exabot.com/go/robot)"
95.108.217.252 - - [03/Jan/2011:05:56:09 -0500] "GET /naples-florida-facts.htm HTTP/1.1" 200 12073 "-" "Mozilla/5.0 (compatible; YandexBot/3.0; +http://yandex.com/bots)"
67.195.112.50 - - [03/Jan/2011:06:08:29 -0500] "GET /naples-tennis.htm HTTP/1.0" 200 15285 "-" "Mozilla/5.0 (compatible; Yahoo! Slurp; http://help.yahoo.com/help/us/ysearch/slurp)"
184.154.7.186 - - [03/Jan/2011:06:15:08 -0500] "GET /robots.txt HTTP/1.0" 404 279 "-" "Mozilla/5.0 (compatible; MJ12bot/v1.3.3; http://www.majestic12.co.uk/bot.php?+)"
184.154.7.186 - - [03/Jan/2011:06:15:11 -0500] "GET /meek.htm HTTP/1.0" 404 277 "-" "Mozilla/5.0 (compatible; MJ12bot/v1.3.3; http://www.majestic12.co.uk/bot.php?+)"
119.63.198.40 - - [03/Jan/2011:06:34:18 -0500] "GET /robots.txt HTTP/1.1" 404 291 "-" "Baiduspider+(+http://www.baidu.com/search/spider.htm)"
207.46.204.178 - - [03/Jan/2011:06:38:39 -0500] "GET /robots.txt HTTP/1.1" 404 291 "-" "Mozilla/5.0 (compatible; bingbot/2.0; +http://www.bing.com/bingbot.htm)"
67.195.112.50 - - [03/Jan/2011:06:40:05 -0500] "GET /TheProcacciGroup/3150_binnacle-bed.jpg.LCK HTTP/1.0" 404 311 "-" "Mozilla/5.0 (compatible; Yahoo! Slurp; http://help.yahoo.com/help/us/ysearch/slurp)"
207.46.204.178 - - [03/Jan/2011:06:44:21 -0500] "GET /naples-arts.htm HTTP/1.1" 304 - "-" "Mozilla/5.0 (compatible; bingbot/2.0; +http://www.bing.com/bingbot.htm)"
188.226.43.31 - - [03/Jan/2011:06:54:09 -0500] "GET /meek.htm HTTP/1.1" 404 289 "-" "-"
67.195.112.50 - - [03/Jan/2011:07:46:44 -0500] "GET /TheProcacciGroup/1360_mariposa-kitch.jpg.LCK HTTP/1.0" 404 313 "-" "Mozilla/5.0 (compatible; Yahoo! Slurp; http://help.yahoo.com/help/us/ysearch/slurp)"
81.164.42.61 - - [03/Jan/2011:07:46:58 -0500] "GET /images/1_naples%20florida%20real%20estate_index.jpg HTTP/1.1" 200 24287 "http://www.google.be/imgres?imgurl=http://www.naples-usa.com/images/1_naples%2520florida%2520real%2520estate_index.jpg&imgrefurl=http://www.dolphinworld.net/wordpress/2008/02/19/naples-florida-dolphin-swim-tour/&usg=__qADXQoSKXq32YdNCGsSumn4G-8c=&h=256&w=375&sz=24&hl=nl&start=7&zoom=1&um=1&itbs=1&tbnid=xiSSaf0OQrPq8M:&tbnh=83&tbnw=122&prev=/images%3Fq%3Dnaples%2Bflorida%26um%3D1%26hl%3Dnl%26rlz%3D1R2GGLS_nlBE410%26tbs%3Disch:1" "Mozilla/4.0 (compatible; MSIE 7.0; Windows NT 6.0; GTB6.6; SLCC1; .NET CLR 2.0.50727; Media Center PC 5.0; .NET CLR 3.5.30729; .NET CLR 3.0.30618)"
81.164.42.61 - - [03/Jan/2011:07:46:58 -0500] "GET /favicon.ico HTTP/1.1" 404 292 "-" "Mozilla/4.0 (compatible; MSIE 7.0; Windows NT 6.0; GTB6.6; SLCC1; .NET CLR 2.0.50727; Media Center PC 5.0; .NET CLR 3.5.30729; .NET CLR 3.0.30618)"
131.107.65.43 - - [03/Jan/2011:07:59:35 -0500] "GET / HTTP/1.1" 200 11305 "-" "Mozilla/4.0 (compatible; MSIE 7.0; Windows NT 6.1; WOW64; Trident/4.0; SLCC2; .NET CLR 2.0.50727)"
131.107.65.43 - - [03/Jan/2011:07:59:35 -0500] "GET /naples-usa.css HTTP/1.1" 200 714 "http://www.naples-usa.com/" "Mozilla/4.0 (compatible; MSIE 7.0; Windows NT 6.1; WOW64; Trident/4.0; SLCC2; .NET CLR 2.0.50727)"
131.107.65.43 - - [03/Jan/2011:07:59:35 -0500] "GET /images/border%20naples.gif HTTP/1.1" 200 358 "http://www.naples-usa.com/" "Mozilla/4.0 (compatible; MSIE 7.0; Windows NT 6.1; WOW64; Trident/4.0; SLCC2; .NET CLR 2.0.50727)"
131.107.65.43 - - [03/Jan/2011:07:59:35 -0500] "GET /images/welcome_usa.gif HTTP/1.1" 200 7890 "http://www.naples-usa.com/" "Mozilla/4.0 (compatible; MSIE 7.0; Windows NT 6.1; WOW64; Trident/4.0; SLCC2; .NET CLR 2.0.50727)"
131.107.65.43 - - [03/Jan/2011:07:59:36 -0500] "GET /images/A-INDE~1.jpg HTTP/1.1" 200 23069 "http://www.naples-usa.com/" "Mozilla/4.0 (compatible; MSIE 7.0; Windows NT 6.1; WOW64; Trident/4.0; SLCC2; .NET CLR 2.0.50727)"
67.195.112.50 - - [03/Jan/2011:08:04:02 -0500] "GET /TheProcacciGroup/19685_san-lanai.jpg.LCK HTTP/1.0" 404 309 "-" "Mozilla/5.0 (compatible; Yahoo! Slurp; http://help.yahoo.com/help/us/ysearch/slurp)"
67.195.112.50 - - [03/Jan/2011:08:18:08 -0500] "GET /TheProcacciGroup/101_burnt-207032941.jpg.LCK HTTP/1.0" 404 313 "-" "Mozilla/5.0 (compatible; Yahoo! Slurp; http://help.yahoo.com/help/us/ysearch/slurp)"
190.194.219.227 - - [03/Jan/2011:08:19:13 -0500] "GET /images/1_naples%20florida%20real%20estate_index.jpg HTTP/1.1" 200 24287 "http://www.google.com.ar/imgres?imgurl=http://www.naples-usa.com/images/1_naples%2520florida%2520real%2520estate_index.jpg&imgrefurl=http://www.dolphinworld.net/wordpress/2008/02/19/naples-florida-dolphin-swim-tour/&usg=__qADXQoSKXq32YdNCGsSumn4G-8c=&h=256&w=375&sz=24&hl=es&start=0&zoom=1&tbnid=xiSSaf0OQrPq8M:&tbnh=107&tbnw=146&prev=/images%3Fq%3Dnaples%2Busa%26um%3D1%26hl%3Des%26lr%3Dlang_es%26sa%3DN%26rlz%3D1T4GGLR_esAR270AR270%26biw%3D1339%26bih%3D517%26tbs%3Disch:1,lr:lang_1es%26prmd%3Divnsm&um=1&itbs=1&iact=rc&dur=250&ei=McwhTbSzEoGClAePndXACw&oei=McwhTbSzEoGClAePndXACw&esq=1&page=1&ndsp=24&ved=1t:429,r:8,s:0&tx=89&ty=77" "Mozilla/4.0 (compatible; MSIE 8.0; Windows NT 5.1; Trident/4.0; GTB6.6; .NET CLR 2.0.50727; .NET CLR 1.1.4322; .NET CLR 3.0.4506.2152; .NET CLR 3.5.30729)"
67.195.112.50 - - [03/Jan/2011:08:24:44 -0500] "GET /TheProcacciGroup/213_monterey-dining.jpg.LCK HTTP/1.0" 404 313 "-" "Mozilla/5.0 (compatible; Yahoo! Slurp; http://help.yahoo.com/help/us/ysearch/slurp)"
90.189.200.210 - - [03/Jan/2011:08:27:17 -0500] "GET /images/1_naples%20florida%20real%20estate_index.jpg HTTP/1.1" 200 24287 "http://www.google.ru/imglanding?q=naples%20florida&imgurl=http://www.all-florida.com/southnaples/images/hammockpool.jpg&imgrefurl=http://www.all-florida.com/southnaples/sellers.htm&usg=__XU1gXOzw2gJyUIIdzhjHSqnqNvQ=&h=375&w=500&sz=65&hl=ru&zoom=1&um=1&itbs=1&tbnid=RijUUlPHaW-p0M:&tbnh=98&tbnw=130&prev=/images%3Fq%3Dnaples%2Bflorida%26um%3D1%26hl%3Dru%26newwindow%3D1%26client%3Dopera%26sa%3DN%26rls%3Dru%26tbs%3Disch:1&um=1&newwindow=1&client=opera&sa=N&rls=ru&tbs=isch:1&start=1" "Opera/9.80 (Windows NT 5.1; U; MRA 5.7 (build 03796); ru) Presto/2.6.30 Version/10.63"
62.221.168.92 - - [03/Jan/2011:08:33:08 -0500] "GET /images/1_naples%20florida%20real%20estate_index.jpg HTTP/1.1" 200 24287 "http://www.google.it/imgres?imgurl=http://www.naples-usa.com/images/1_naples%2520florida%2520real%2520estate_index.jpg&imgrefurl=http://www.dolphinworld.net/wordpress/2008/02/19/naples-florida-dolphin-swim-tour/&usg=__qADXQoSKXq32YdNCGsSumn4G-8c=&h=256&w=375&sz=24&hl=it&start=7&zoom=1&um=1&itbs=1&tbnid=xiSSaf0OQrPq8M:&tbnh=83&tbnw=122&prev=/images%3Fq%3DNAPLES%2BFLORIDA%26um%3D1%26hl%3Dit%26sa%3DX%26tbs%3Disch:1" "Mozilla/4.0 (compatible; MSIE 7.0; Windows NT 5.1; .NET CLR 1.1.4322; .NET CLR 2.0.50727; .NET CLR 3.0.4506.2152; .NET CLR 3.5.30729)"
62.221.168.92 - - [03/Jan/2011:08:33:09 -0500] "GET /favicon.ico HTTP/1.1" 404 292 "-" "Mozilla/4.0 (compatible; MSIE 7.0; Windows NT 5.1; .NET CLR 1.1.4322; .NET CLR 2.0.50727; .NET CLR 3.0.4506.2152; .NET CLR 3.5.30729)"
124.115.0.15 - - [03/Jan/2011:08:57:23 -0500] "GET / HTTP/1.1" 200 11305 "-" "Sosospider+(+http://help.soso.com/webspider.htm)"
218.186.10.250 - - [03/Jan/2011:09:07:40 -0500] "GET /robots.txt HTTP/1.0" 404 279 "-" "TemaSEEK/Nutch-1.1 (http://www.temaseek.com; crawler@temaseek.com)"
218.186.10.250 - - [03/Jan/2011:09:07:43 -0500] "GET /Naples-Florida-Important-Phone-Numbers.htm HTTP/1.0" 200 5215 "-" "TemaSEEK/Nutch-1.1 (http://www.temaseek.com; crawler@temaseek.com)"
173.193.219.168 - - [03/Jan/2011:09:12:01 -0500] "GET /robots.txt HTTP/1.1" 404 291 "-" "Mozilla/4.0 (compatible; MSIE 7.0; Windows NT 6.0; Mozilla/4.0 (compatible; MSIE 6.0; Windows NT 5.1; SV1) ; Media Center PC 5.0)"
173.193.219.168 - - [03/Jan/2011:09:12:01 -0500] "GET / HTTP/1.1" 200 11305 "-" "Mozilla/4.0 (compatible; MSIE 7.0; Windows NT 6.0; Mozilla/4.0 (compatible; MSIE 6.0; Windows NT 5.1; SV1) ; Media Center PC 5.0)"
173.193.219.168 - - [03/Jan/2011:09:12:01 -0500] "GET /area-information-calendar.htm HTTP/1.1" 404 310 "-" "Mozilla/4.0 (compatible; MSIE 7.0; Windows NT 6.0; Mozilla/4.0 (compatible; MSIE 6.0; Windows NT 5.1; SV1) ; Media Center PC 5.0)"
173.193.219.168 - - [03/Jan/2011:09:12:02 -0500] "GET /naples-calendarofevents.htm HTTP/1.1" 200 255135 "-" "Mozilla/4.0 (compatible; MSIE 7.0; Windows NT 6.0; Mozilla/4.0 (compatible; MSIE 6.0; Windows NT 5.1; SV1) ; Media Center PC 5.0)"
173.193.219.168 - - [03/Jan/2011:09:12:02 -0500] "GET /naples-florida-facts.htm HTTP/1.1" 200 12073 "-" "Mozilla/4.0 (compatible; MSIE 7.0; Windows NT 6.0; Mozilla/4.0 (compatible; MSIE 6.0; Windows NT 5.1; SV1) ; Media Center PC 5.0)"
173.193.219.168 - - [03/Jan/2011:09:12:03 -0500] "GET /golf.htm HTTP/1.1" 404 289 "-" "Mozilla/4.0 (compatible; MSIE 7.0; Windows NT 6.0; Mozilla/4.0 (compatible; MSIE 6.0; Windows NT 5.1; SV1) ; Media Center PC 5.0)"
173.193.219.168 - - [03/Jan/2011:09:12:03 -0500] "GET /naples-florida-schools.htm HTTP/1.1" 200 27490 "-" "Mozilla/4.0 (compatible; MSIE 7.0; Windows NT 6.0; Mozilla/4.0 (compatible; MSIE 6.0; Windows NT 5.1; SV1) ; Media Center PC 5.0)"
173.193.219.168 - - [03/Jan/2011:09:12:03 -0500] "GET /naples-florida-beachesandparks.htm HTTP/1.1" 200 10582 "-" "Mozilla/4.0 (compatible; MSIE 7.0; Windows NT 6.0; Mozilla/4.0 (compatible; MSIE 6.0; Windows NT 5.1; SV1) ; Media Center PC 5.0)"
173.193.219.168 - - [03/Jan/2011:09:12:03 -0500] "GET /recycling-info-naples-florida.htm HTTP/1.1" 200 13920 "-" "Mozilla/4.0 (compatible; MSIE 7.0; Windows NT 6.0; Mozilla/4.0 (compatible; MSIE 6.0; Windows NT 5.1; SV1) ; Media Center PC 5.0)"
173.193.219.168 - - [03/Jan/2011:09:12:03 -0500] "GET /naples-history.htm HTTP/1.1" 200 22034 "-" "Mozilla/4.0 (compatible; MSIE 7.0; Windows NT 6.0; Mozilla/4.0 (compatible; MSIE 6.0; Windows NT 5.1; SV1) ; Media Center PC 5.0)"
173.193.219.168 - - [03/Jan/2011:09:12:03 -0500] "GET /Naples-Florida-Important-Phone-Numbers.htm HTTP/1.1" 200 5215 "-" "Mozilla/4.0 (compatible; MSIE 7.0; Windows NT 6.0; Mozilla/4.0 (compatible; MSIE 6.0; Windows NT 5.1; SV1) ; Media Center PC 5.0)"
173.193.219.168 - - [03/Jan/2011:09:12:03 -0500] "GET /weather.htm HTTP/1.1" 404 292 "-" "Mozilla/4.0 (compatible; MSIE 7.0; Windows NT 6.0; Mozilla/4.0 (compatible; MSIE 6.0; Windows NT 5.1; SV1) ; Media Center PC 5.0)"
173.193.219.168 - - [03/Jan/2011:09:12:03 -0500] "GET /naples-weather.htm HTTP/1.1" 200 16725 "-" "Mozilla/4.0 (compatible; MSIE 7.0; Windows NT 6.0; Mozilla/4.0 (compatible; MSIE 6.0; Windows NT 5.1; SV1) ; Media Center PC 5.0)"
173.193.219.168 - - [03/Jan/2011:09:12:03 -0500] "GET /naples-tour.htm HTTP/1.1" 200 22351 "-" "Mozilla/4.0 (compatible; MSIE 7.0; Windows NT 6.0; Mozilla/4.0 (compatible; MSIE 6.0; Windows NT 5.1; SV1) ; Media Center PC 5.0)"
173.193.219.168 - - [03/Jan/2011:09:12:03 -0500] "GET /florida-homestead-exemption.htm HTTP/1.1" 200 14191 "-" "Mozilla/4.0 (compatible; MSIE 7.0; Windows NT 6.0; Mozilla/4.0 (compatible; MSIE 6.0; Windows NT 5.1; SV1) ; Media Center PC 5.0)"
173.193.219.168 - - [03/Jan/2011:09:12:03 -0500] "GET /naples-tennis.htm HTTP/1.1" 200 15285 "-" "Mozilla/4.0 (compatible; MSIE 7.0; Windows NT 6.0; Mozilla/4.0 (compatible; MSIE 6.0; Windows NT 5.1; SV1) ; Media Center PC 5.0)"
173.193.219.168 - - [03/Jan/2011:09:12:03 -0500] "GET /naples-boating.htm HTTP/1.1" 200 14280 "-" "Mozilla/4.0 (compatible; MSIE 7.0; Windows NT 6.0; Mozilla/4.0 (compatible; MSIE 6.0; Windows NT 5.1; SV1) ; Media Center PC 5.0)"
173.193.219.168 - - [03/Jan/2011:09:12:03 -0500] "GET /naples-boatdocks.htm HTTP/1.1" 200 14892 "-" "Mozilla/4.0 (compatible; MSIE 7.0; Windows NT 6.0; Mozilla/4.0 (compatible; MSIE 6.0; Windows NT 5.1; SV1) ; Media Center PC 5.0)"
173.193.219.168 - - [03/Jan/2011:09:12:03 -0500] "GET /naples-boatcondos.htm HTTP/1.1" 200 11908 "-" "Mozilla/4.0 (compatible; MSIE 7.0; Windows NT 6.0; Mozilla/4.0 (compatible; MSIE 6.0; Windows NT 5.1; SV1) ; Media Center PC 5.0)"
173.193.219.168 - - [03/Jan/2011:09:12:03 -0500] "GET /naples-florida-fishing.htm HTTP/1.1" 200 15147 "-" "Mozilla/4.0 (compatible; MSIE 7.0; Windows NT 6.0; Mozilla/4.0 (compatible; MSIE 6.0; Windows NT 5.1; SV1) ; Media Center PC 5.0)"
173.193.219.168 - - [03/Jan/2011:09:12:04 -0500] "GET /naples-arts.htm HTTP/1.1" 200 4976 "-" "Mozilla/4.0 (compatible; MSIE 7.0; Windows NT 6.0; Mozilla/4.0 (compatible; MSIE 6.0; Windows NT 5.1; SV1) ; Media Center PC 5.0)"
173.193.219.168 - - [03/Jan/2011:09:12:04 -0500] "GET /hotels-in-naples.htm HTTP/1.1" 200 53713 "-" "Mozilla/4.0 (compatible; MSIE 7.0; Windows NT 6.0; Mozilla/4.0 (compatible; MSIE 6.0; Windows NT 5.1; SV1) ; Media Center PC 5.0)"
173.193.219.168 - - [03/Jan/2011:09:12:04 -0500] "GET /index.html HTTP/1.1" 200 11305 "-" "Mozilla/4.0 (compatible; MSIE 7.0; Windows NT 6.0; Mozilla/4.0 (compatible; MSIE 6.0; Windows NT 5.1; SV1) ; Media Center PC 5.0)"
173.193.219.168 - - [03/Jan/2011:09:12:04 -0500] "GET /lost-pets.htm HTTP/1.1" 404 294 "-" "Mozilla/4.0 (compatible; MSIE 7.0; Windows NT 6.0; Mozilla/4.0 (compatible; MSIE 6.0; Windows NT 5.1; SV1) ; Media Center PC 5.0)"
173.193.219.168 - - [03/Jan/2011:09:12:04 -0500] "GET /calendar-clubs-and-orgs.htm HTTP/1.1" 200 27411 "-" "Mozilla/4.0 (compatible; MSIE 7.0; Windows NT 6.0; Mozilla/4.0 (compatible; MSIE 6.0; Windows NT 5.1; SV1) ; Media Center PC 5.0)"
173.193.219.168 - - [03/Jan/2011:09:12:04 -0500] "GET /javascripts/address.js HTTP/1.1" 404 303 "-" "Mozilla/4.0 (compatible; MSIE 7.0; Windows NT 6.0; Mozilla/4.0 (compatible; MSIE 6.0; Windows NT 5.1; SV1) ; Media Center PC 5.0)"
173.193.219.168 - - [03/Jan/2011:09:12:04 -0500] "GET /home-improvement-naples-florida.htm HTTP/1.1" 404 316 "-" "Mozilla/4.0 (compatible; MSIE 7.0; Windows NT 6.0; Mozilla/4.0 (compatible; MSIE 6.0; Windows NT 5.1; SV1) ; Media Center PC 5.0)"
173.193.219.168 - - [03/Jan/2011:09:12:04 -0500] "GET /mortgage-dictionary.htm HTTP/1.1" 404 304 "-" "Mozilla/4.0 (compatible; MSIE 7.0; Windows NT 6.0; Mozilla/4.0 (compatible; MSIE 6.0; Windows NT 5.1; SV1) ; Media Center PC 5.0)"
173.193.219.168 - - [03/Jan/2011:09:12:04 -0500] "GET /reports_for-buyers.htm HTTP/1.1" 404 303 "-" "Mozilla/4.0 (compatible; MSIE 7.0; Windows NT 6.0; Mozilla/4.0 (compatible; MSIE 6.0; Windows NT 5.1; SV1) ; Media Center PC 5.0)"
173.193.219.168 - - [03/Jan/2011:09:12:04 -0500] "GET /reports_for-sellers.htm HTTP/1.1" 404 304 "-" "Mozilla/4.0 (compatible; MSIE 7.0; Windows NT 6.0; Mozilla/4.0 (compatible; MSIE 6.0; Windows NT 5.1; SV1) ; Media Center PC 5.0)"
173.193.219.168 - - [03/Jan/2011:09:12:04 -0500] "GET /history.htm HTTP/1.1" 404 292 "-" "Mozilla/4.0 (compatible; MSIE 7.0; Windows NT 6.0; Mozilla/4.0 (compatible; MSIE 6.0; Windows NT 5.1; SV1) ; Media Center PC 5.0)"
173.193.219.168 - - [03/Jan/2011:09:12:04 -0500] "GET /lostpets.html HTTP/1.1" 200 17013 "-" "Mozilla/4.0 (compatible; MSIE 7.0; Windows NT 6.0; Mozilla/4.0 (compatible; MSIE 6.0; Windows NT 5.1; SV1) ; Media Center PC 5.0)"
173.193.219.168 - - [03/Jan/2011:09:12:04 -0500] "GET /boat_docks.htm HTTP/1.1" 404 295 "-" "Mozilla/4.0 (compatible; MSIE 7.0; Windows NT 6.0; Mozilla/4.0 (compatible; MSIE 6.0; Windows NT 5.1; SV1) ; Media Center PC 5.0)"
173.193.219.168 - - [03/Jan/2011:09:12:04 -0500] "GET /homestead.htm HTTP/1.1" 404 294 "-" "Mozilla/4.0 (compatible; MSIE 7.0; Windows NT 6.0; Mozilla/4.0 (compatible; MSIE 6.0; Windows NT 5.1; SV1) ; Media Center PC 5.0)"
173.193.219.168 - - [03/Jan/2011:09:12:04 -0500] "GET /naples-tennis-public.htm HTTP/1.1" 404 305 "-" "Mozilla/4.0 (compatible; MSIE 7.0; Windows NT 6.0; Mozilla/4.0 (compatible; MSIE 6.0; Windows NT 5.1; SV1) ; Media Center PC 5.0)"
173.193.219.168 - - [03/Jan/2011:09:12:04 -0500] "GET /tennis.htm HTTP/1.1" 404 291 "-" "Mozilla/4.0 (compatible; MSIE 7.0; Windows NT 6.0; Mozilla/4.0 (compatible; MSIE 6.0; Windows NT 5.1; SV1) ; Media Center PC 5.0)"
173.193.219.168 - - [03/Jan/2011:09:12:04 -0500] "GET /home.cfm HTTP/1.1" 404 289 "-" "Mozilla/4.0 (compatible; MSIE 7.0; Windows NT 6.0; Mozilla/4.0 (compatible; MSIE 6.0; Windows NT 5.1; SV1) ; Media Center PC 5.0)"
67.195.112.50 - - [03/Jan/2011:09:15:55 -0500] "GET /robots.txt HTTP/1.0" 404 279 "-" "Mozilla/5.0 (compatible; Yahoo! Slurp; http://help.yahoo.com/help/us/ysearch/slurp)"
67.195.112.50 - - [03/Jan/2011:09:15:55 -0500] "GET /romano.htm HTTP/1.0" 404 279 "-" "Mozilla/5.0 (compatible; Yahoo! Slurp; http://help.yahoo.com/help/us/ysearch/slurp)"
95.108.217.252 - - [03/Jan/2011:09:31:08 -0500] "GET /lost-pets.htm HTTP/1.1" 404 294 "-" "Mozilla/5.0 (compatible; YandexBot/3.0; +http://yandex.com/bots)"
98.238.66.62 - - [03/Jan/2011:09:36:54 -0500] "GET /Logos/1_df-72dpi-476x57pix-banner.jpg HTTP/1.1" 304 - "-" "Mozilla/4.0 (compatible; MSIE 7.0; Windows NT 5.1; Trident/4.0; .NET CLR 1.1.4322)"
98.238.66.62 - - [03/Jan/2011:09:36:54 -0500] "GET /Logos/winner_250.jpg HTTP/1.1" 304 - "-" "Mozilla/4.0 (compatible; MSIE 7.0; Windows NT 5.1; Trident/4.0; .NET CLR 1.1.4322)"
65.52.51.180 - - [03/Jan/2011:09:39:24 -0500] "GET /robots.txt HTTP/1.1" 404 291 "-" "Mozilla/5.0 (compatible; bingbot/2.0; +http://www.bing.com/bingbot.htm)"
81.112.65.202 - - [03/Jan/2011:09:47:49 -0500] "GET /images/1_naples%20florida%20real%20estate_index.jpg HTTP/1.1" 200 24287 "http://www.google.it/imgres?imgurl=http://www.naples-usa.com/images/1_naples%2520florida%2520real%2520estate_index.jpg&imgrefurl=http://www.dolphinworld.net/wordpress/2008/02/19/naples-florida-dolphin-swim-tour/&usg=__qADXQoSKXq32YdNCGsSumn4G-8c=&h=256&w=375&sz=24&hl=it&start=0&zoom=1&tbnid=xiSSaf0OQrPq8M:&tbnh=130&tbnw=172&prev=/images%3Fq%3Dnaples%2Bflorida%26um%3D1%26hl%3Dit%26biw%3D1362%26bih%3D574%26rlz%3D1W1ACAW_it___IT328%26tbs%3Disch:1&um=1&itbs=1&iact=hc&vpx=1048&vpy=114&dur=249&hovh=185&hovw=272&tx=199&ty=122&ei=guEhTcOcNY_tsgb-g5nbDA&oei=guEhTcOcNY_tsgb-g5nbDA&esq=1&page=1&ndsp=20&ved=1t:429,r:6,s:0" "Mozilla/4.0 (compatible; MSIE 8.0; Windows NT 6.0; Trident/4.0; GTB6.6; SLCC1; .NET CLR 2.0.50727; Media Center PC 5.0; eSobiSubscriber 2.0.4.16; .NET CLR 3.0.30618; .NET CLR 3.5.30729)"
67.195.112.50 - - [03/Jan/2011:09:51:24 -0500] "GET /TheProcacciGroup/1034_6th-bed4.jpg.LCK HTTP/1.0" 404 307 "-" "Mozilla/5.0 (compatible; Yahoo! Slurp; http://help.yahoo.com/help/us/ysearch/slurp)"
67.195.112.50 - - [03/Jan/2011:09:55:38 -0500] "GET /TheProcacciGroup/1140_little-kitch.jpg.LCK HTTP/1.0" 404 311 "-" "Mozilla/5.0 (compatible; Yahoo! Slurp; http://help.yahoo.com/help/us/ysearch/slurp)"
69.247.44.116 - - [03/Jan/2011:10:07:12 -0500] "GET /Logos/1_df-72dpi-476x57pix-banner.jpg HTTP/1.1" 200 9733 "http://by128w.bay128.mail.live.com/mail/InboxLight.aspx?FolderID=00000000-0000-0000-0000-000000000001&InboxSortAscending=False&InboxSortBy=Date&fav=True&n=564281897" "Mozilla/5.0 (Windows; U; Windows NT 5.1; en-US) AppleWebKit/534.10 (KHTML, like Gecko) Chrome/8.0.552.224 Safari/534.10"
69.247.44.116 - - [03/Jan/2011:10:07:12 -0500] "GET /Logos/winner_250.jpg HTTP/1.1" 200 6408 "http://by128w.bay128.mail.live.com/mail/InboxLight.aspx?FolderID=00000000-0000-0000-0000-000000000001&InboxSortAscending=False&InboxSortBy=Date&fav=True&n=564281897" "Mozilla/5.0 (Windows; U; Windows NT 5.1; en-US) AppleWebKit/534.10 (KHTML, like Gecko) Chrome/8.0.552.224 Safari/534.10"
193.47.80.45 - - [03/Jan/2011:10:08:03 -0500] "GET /images_map/na21.htm HTTP/1.1" 404 300 "-" "Mozilla/5.0 (compatible; Exabot/3.0; +http://www.exabot.com/go/robot)"
98.238.64.91 - - [03/Jan/2011:10:10:37 -0500] "GET /Logos/1_df-72dpi-476x57pix-banner.jpg HTTP/1.1" 200 9733 "http://bl159w.blu159.mail.live.com/mail/InboxLight.aspx?FolderID=00000000-0000-0000-0000-000000000001&InboxSortAscending=False&InboxSortBy=Date&fav=True&n=539313161" "Mozilla/4.0 (compatible; MSIE 8.0; Windows NT 6.1; WOW64; Trident/4.0; GTB6.6; FunWebProducts; SLCC2; .NET CLR 2.0.50727; .NET CLR 3.5.30729; .NET CLR 3.0.30729; Media Center PC 6.0; HPNTDF; .NET4.0C; .NET CLR 1.1.4322; InfoPath.1)"
98.238.64.91 - - [03/Jan/2011:10:10:37 -0500] "GET /Logos/winner_250.jpg HTTP/1.1" 200 6408 "http://bl159w.blu159.mail.live.com/mail/InboxLight.aspx?FolderID=00000000-0000-0000-0000-000000000001&InboxSortAscending=False&InboxSortBy=Date&fav=True&n=539313161" "Mozilla/4.0 (compatible; MSIE 8.0; Windows NT 6.1; WOW64; Trident/4.0; GTB6.6; FunWebProducts; SLCC2; .NET CLR 2.0.50727; .NET CLR 3.5.30729; .NET CLR 3.0.30729; Media Center PC 6.0; HPNTDF; .NET4.0C; .NET CLR 1.1.4322; InfoPath.1)"
208.83.75.114 - - [03/Jan/2011:10:21:08 -0500] "GET /Vendors/index.html HTTP/1.1" 200 456837 "http://www.google.com/search?sourceid=navclient&ie=UTF-8&rlz=1T4SUNA_enUS316US316&q=Naples+Moving+and+storage+Robert+Short" "Mozilla/4.0 (compatible; MSIE 8.0; Windows NT 5.1; Trident/4.0; GTB6.6; .NET CLR 1.1.4322; .NET CLR 2.0.50727; .NET CLR 3.0.04506.30; .NET CLR 3.0.4506.2152; .NET CLR 3.5.30729)"
208.83.75.114 - - [03/Jan/2011:10:21:09 -0500] "GET /favicon.ico HTTP/1.1" 404 292 "-" "Mozilla/4.0 (compatible; MSIE 8.0; Windows NT 5.1; Trident/4.0; GTB6.6; .NET CLR 1.1.4322; .NET CLR 2.0.50727; .NET CLR 3.0.04506.30; .NET CLR 3.0.4506.2152; .NET CLR 3.5.30729)"
208.83.75.114 - - [03/Jan/2011:10:21:13 -0500] "GET /Vendors/url(data:image/png;base64,iVBORw0KGgoAAAANSUhEUgAAADgAAAAOCAYAAAB6pd%2buAAAAAXNSR0IArs4c6QAAAAZiS0dEAP8A%2fwD%2foL2nkwAAAAlwSFlzAAALEwAACxMBAJqcGAAAAAd0SU1FB9oGAhENK17O5ogAAAAZdEVYdENvbW1lbnQAQ3JlYXRlZCB3aXRoIEdJTVBXgQ4XAAAD6UlEQVRIx82WXWxTdRjGf6fndO3adbZ0VLoP9gFMXZQFNgSWDEkEYtSQkNVg4o2JH9NGJTMk6k01vTIhXshFzTCKE5NFORoXXDBs4nTMZHMzSETHDKyQyb7Xbu36dc7p8aaQZm5GNzd8rk7evOf%2fz%2fM%2bz%2f99X4E1htcn68v5742mffVRJd19uucqH539lSq3yKuHtlDmkPj99aPYe39kfRoMOqgCJHSdJNRL3AEE%2fB7h3xZFgO6JuRQdl6PE8zfRPzlF71CEojoXFc%2b9SPy3KxjCc%2bgCpIE0IilB65YWHFQBfAbUZEIDQGPA7xngDsNgMpFUY0Q0ESHHhKbkM3A9yoFqDceGQpTijWjhXxCAtC6gCWk0BAwLzqkAQsC6TJVDGcKrZdeDXp%2fcvki8zeuTH8uO6ehYzRJumxEUBUkyMa%2baUDWBVDLNnJJgNE9ixGZiOlckaQAVAWmBdTqBzqxQJ%2fD2KgrTCDzq9clywO%2fxZMi1AgcBBbhNPhyJ47TlsGuzjaHRSRRdoKq8AF3XOdvZw1BMQneUMl9iZN4eo3AmRWVwFulvqusAngBOryLBY0AcaPD65LeAFPAk0BLwe57OTnz3i4sc3ruFx2s24MwzoWgaW4tNnPn0JLt37KJ2zwGMgk5X3zd8ONJOX7mGvcK5OEGvT94HNGcs2rjSzrhUUwn4PV1AV4bcm5nwkYDfc3xhbs%2bVWQZH%2btlekc%2fDtRupKrub1uYT7NhWw9bde%2fl2REUSRR56pJT0lxofhM8xaheXVPA1oDPg9zT%2bExmsDqF8hUqmlvi%2bDUs6RWhW5Ov%2bKaxmK5XFLkIzIe7f%2fiBtwypPVZqIRWJ8Ny6x09OEJJs5rrTxn4yJY00NwRU0mtaMLY9kyL3n9clVAb%2fnley8wnyBkkIHrgILm925JGPTJONRDHqaHDQmx2a4Ph4hpFkpcZqZmBhHtbI4wYDfs3%2bNhn5bpqG03LKl1ydXAS97fXJ%2b9jv0Hq6lyK5C%2fBJ6PEjyj2nW2VQGLw5gLKqn92YSxWgjbrRy89ogVosFoyT%2bZUzcurjD65M71oDjCeDzbCIZ5VqAk9mJm9w5zAdPkRx%2bB3H6Y3Kj7TxQMkzLqfe5V71GvttFiduOa3aQc58E6JseJJXSEVhjeH2yvpxN5qVnygj%2fdJQCWxjBAOm0gVRC5MLPdoZnt2F3rsdisTAV7MBlusT3oVK6TOriCv4fIZnsSDlu1IQRNWVGV83kYKFuZzX7PQ1MFOg0j53nh%2bg8qpLg2eogeyJ53JFddDkLtyiZ6%2b%2b674Vu5cZXiIkJdAEMjnvIqzjEjVCS7rmrhOwC0Vwn58fqkIIXeL72Mn8CJn6UfKGeNt4AAAAASUVORK5CYII%3d) HTTP/1.1" 404 1872 "http://www.naples-usa.com/Vendors/index.html" "Mozilla/4.0 (compatible; MSIE 8.0; Windows NT 5.1; Trident/4.0; GTB6.6; .NET CLR 1.1.4322; .NET CLR 2.0.50727; .NET CLR 3.0.04506.30; .NET CLR 3.0.4506.2152; .NET CLR 3.5.30729)"
217.156.36.41 - - [03/Jan/2011:10:23:27 -0500] "GET /images/1_naples%20florida%20real%20estate_index.jpg HTTP/1.0" 200 24287 "http://www.google.ro/imgres?imgurl=http://www.naples-usa.com/images/1_naples%2520florida%2520real%2520estate_index.jpg&imgrefurl=http://www.dolphinworld.net/wordpress/2008/02/19/naples-florida-dolphin-swim-tour/&usg=__qADXQoSKXq32YdNCGsSumn4G-8c=&h=256&w=375&sz=24&hl=ro&start=0&zoom=1&tbnid=xiSSaf0OQrPq8M:&tbnh=146&tbnw=206&prev=/images%3Fq%3Dnaples%2Bflorida%26um%3D1%26hl%3Dro%26biw%3D1004%26bih%3D583%26tbs%3Disch:1&um=1&itbs=1&iact=rc&dur=282&ei=zOkhTZfVNYis8gPG7NmHBw&oei=zOkhTZfVNYis8gPG7NmHBw&esq=1&page=1&ndsp=12&ved=1t:429,r:6,s:0&tx=126&ty=101" "Mozilla/4.0 (compatible; MSIE 8.0; Windows NT 5.1; Trident/4.0; .NET CLR 1.1.4322; .NET CLR 2.0.50727; MS-RTC LM 8)"
67.195.112.50 - - [03/Jan/2011:10:46:28 -0500] "GET /calendar-clubs-and-orgs.htm HTTP/1.0" 200 27411 "-" "Mozilla/5.0 (compatible; Yahoo! Slurp; http://help.yahoo.com/help/us/ysearch/slurp)"
67.195.112.50 - - [03/Jan/2011:10:46:28 -0500] "GET /design_styles.css HTTP/1.0" 404 286 "http://www.naples-usa.com/calendar-clubs-and-orgs.htm" "Mozilla/5.0 (compatible; Yahoo! Slurp; http://help.yahoo.com/help/us/ysearch/slurp)"
67.195.112.50 - - [03/Jan/2011:10:46:28 -0500] "GET /dynamic_styles.css HTTP/1.0" 404 287 "http://www.naples-usa.com/calendar-clubs-and-orgs.htm" "Mozilla/5.0 (compatible; Yahoo! Slurp; http://help.yahoo.com/help/us/ysearch/slurp)"
97.87.29.188 - - [03/Jan/2011:10:50:59 -0500] "GET /images/1_naples%20florida%20real%20estate_index.jpg HTTP/1.1" 200 17620 "http://www.sodahead.com/entertainment/geography-game/blog-45529/?feed=1038170&new=1&scroll=1" "Mozilla/4.0 (compatible; MSIE 7.0; Windows NT 5.1; Trident/4.0; .NET CLR 1.1.4322; InfoPath.2; .NET CLR 2.0.50727; .NET CLR 3.0.4506.2152; .NET CLR 3.5.30729)"
97.87.29.188 - - [03/Jan/2011:10:50:59 -0500] "GET /images/1_naples%20florida%20real%20estate_index.jpg HTTP/1.1" 200 17620 "http://www.sodahead.com/entertainment/geography-game/blog-45529/?feed=1038170&new=1&scroll=1" "Mozilla/4.0 (compatible; MSIE 7.0; Windows NT 5.1; Trident/4.0; .NET CLR 1.1.4322; InfoPath.2; .NET CLR 2.0.50727; .NET CLR 3.0.4506.2152; .NET CLR 3.5.30729)"
67.195.112.50 - - [03/Jan/2011:10:54:00 -0500] "GET /TheProcacciGroup/662_wiggins-kitch.jpg.LCK HTTP/1.0" 404 311 "-" "Mozilla/5.0 (compatible; Yahoo! Slurp; http://help.yahoo.com/help/us/ysearch/slurp)"
123.125.71.83 - - [03/Jan/2011:10:54:41 -0500] "GET / HTTP/1.1" 304 - "-" "Baiduspider+(+http://www.baidu.com/search/spider.htm)"
67.195.112.50 - - [03/Jan/2011:11:04:48 -0500] "GET /tennis_harder.htm HTTP/1.0" 200 20391 "-" "Mozilla/5.0 (compatible; Yahoo! Slurp; http://help.yahoo.com/help/us/ysearch/slurp)"
75.204.21.136 - - [03/Jan/2011:11:07:07 -0500] "GET /Logos/1_df-72dpi-250x30pix-banner.jpg HTTP/1.1" 200 4514 "-" "Mozilla/4.0 (compatible; MSIE 8.0; Windows NT 5.1; Trident/4.0; GTB6.6; Mozilla/4.0 (compatible; MSIE 6.0; Windows NT 5.1; SV1) ; IEMB3; .NET CLR 2.0.50727; .NET CLR 3.0.04506.648; .NET CLR 3.5.21022; .NET CLR 3.0.4506.2152; .NET CLR 3.5.30729; .NET4.0C; IEMB3)"
93.46.68.148 - - [03/Jan/2011:11:07:20 -0500] "GET /images/1_naples%20florida%20real%20estate_index.jpg HTTP/1.1" 200 24287 "http://www.google.it/imgres?imgurl=http://www.naples-usa.com/images/1_naples%2520florida%2520real%2520estate_index.jpg&imgrefurl=http://www.dolphinworld.net/wordpress/2008/02/19/naples-florida-dolphin-swim-tour/&usg=__qADXQoSKXq32YdNCGsSumn4G-8c=&h=256&w=375&sz=24&hl=it&start=0&zoom=1&tbnid=xiSSaf0OQrPq8M:&tbnh=160&tbnw=205&prev=/images%3Fq%3Dnaples%2Bflorida%26hl%3Dit%26biw%3D1280%26bih%3D685%26gbv%3D2%26tbs%3Disch:1&itbs=1&iact=hc&vpx=360&vpy=220&dur=364&hovh=160&hovw=234&tx=120&ty=47&ei=KvQhTfPpKYaG5Abf9M2EAg&oei=KvQhTfPpKYaG5Abf9M2EAg&esq=1&page=1&ndsp=15&ved=1t:429,r:6,s:0" "Mozilla/5.0 (Windows; U; Windows NT 5.1; en-US) AppleWebKit/534.10 (KHTML, like Gecko) Chrome/8.0.552.224 Safari/534.10"
195.127.173.170 - - [03/Jan/2011:11:10:06 -0500] "GET / HTTP/1.1" 200 11305 "-" "oBot"
195.127.173.170 - - [03/Jan/2011:11:10:07 -0500] "GET / HTTP/1.1" 200 11305 "-" "oBot"
74.235.117.168 - - [03/Jan/2011:11:11:13 -0500] "GET /images/1_naples%20florida%20real%20estate_index.jpg HTTP/1.1" 200 24287 "http://www.google.com/imgres?imgurl=http://www.naples-usa.com/images/1_naples%2520florida%2520real%2520estate_index.jpg&imgrefurl=http://www.dolphinworld.net/wordpress/2008/02/19/naples-florida-dolphin-swim-tour/&usg=__qADXQoSKXq32YdNCGsSumn4G-8c=&h=256&w=375&sz=24&hl=en&start=0&zoom=1&tbnid=xiSSaf0OQrPq8M:&tbnh=136&tbnw=177&prev=/images%3Fq%3Dnaples%2Bflorida%26hl%3Den%26client%3Dfirefox-a%26hs%3DMR8%26sa%3DX%26rls%3Dorg.mozilla:en-US:official%26biw%3D1144%26bih%3D610%26tbs%3Disch:1%26prmd%3Divnsblm&itbs=1&iact=hc&vpx=311&vpy=275&dur=30077&hovh=185&hovw=272&tx=184&ty=209&ei=x_QhTefZPIG8lQf2q4jCCw&oei=x_QhTefZPIG8lQf2q4jCCw&esq=1&page=1&ndsp=15&ved=1t:429,r:6,s:0" "Mozilla/5.0 (Windows; U; Windows NT 5.1; en-US; rv:1.9.1.16) Gecko/20101130 Firefox/3.5.16"
65.87.198.98 - - [03/Jan/2011:11:20:44 -0500] "GET /Logos/1_df-72dpi-476x57pix-banner.jpg HTTP/1.1" 200 9733 "-" "Mozilla/4.0 (compatible; Clever Internet Suite 7.0)"
65.87.198.98 - - [03/Jan/2011:11:20:44 -0500] "GET /Logos/winner_250.jpg HTTP/1.1" 200 6408 "-" "Mozilla/4.0 (compatible; Clever Internet Suite 7.0)"
65.87.198.98 - - [03/Jan/2011:11:20:50 -0500] "GET /Logos/1_df-72dpi-476x57pix-banner.jpg HTTP/1.1" 304 - "-" "Mozilla/4.0 (compatible; MSIE 7.0; Windows NT 5.1; Trident/4.0; .NET CLR 1.1.4322; .NET CLR 2.0.50727; .NET CLR 3.0.04506.30; .NET CLR 3.0.4506.2152; .NET CLR 3.5.30729)"
65.87.198.98 - - [03/Jan/2011:11:20:50 -0500] "GET /Logos/winner_250.jpg HTTP/1.1" 304 - "-" "Mozilla/4.0 (compatible; MSIE 7.0; Windows NT 5.1; Trident/4.0; .NET CLR 1.1.4322; .NET CLR 2.0.50727; .NET CLR 3.0.04506.30; .NET CLR 3.0.4506.2152; .NET CLR 3.5.30729)"
207.46.204.187 - - [03/Jan/2011:11:23:34 -0500] "GET /robots.txt HTTP/1.1" 404 291 "-" "Mozilla/5.0 (compatible; bingbot/2.0; +http://www.bing.com/bingbot.htm)"
207.46.204.187 - - [03/Jan/2011:11:25:23 -0500] "GET /naples-calendarofevents.htm HTTP/1.1" 304 - "-" "Mozilla/5.0 (compatible; bingbot/2.0; +http://www.bing.com/bingbot.htm)"
67.195.112.50 - - [03/Jan/2011:11:27:24 -0500] "GET /TheProcacciGroup/4670_st-pool.jpg.LCK HTTP/1.0" 404 306 "-" "Mozilla/5.0 (compatible; Yahoo! Slurp; http://help.yahoo.com/help/us/ysearch/slurp)"
65.87.198.98 - - [03/Jan/2011:11:29:49 -0500] "GET /Logos/1_df-72dpi-476x57pix-banner.jpg HTTP/1.1" 304 - "-" "Mozilla/4.0 (compatible; Clever Internet Suite 7.0)"
65.87.198.98 - - [03/Jan/2011:11:29:49 -0500] "GET /Logos/winner_250.jpg HTTP/1.1" 304 - "-" "Mozilla/4.0 (compatible; Clever Internet Suite 7.0)"
68.54.47.18 - - [03/Jan/2011:11:31:35 -0500] "GET /images/welcome_usa.gif HTTP/1.1" 200 7890 "http://www.naples-usa.com/naples-calendarofevents.htm" "Mozilla/4.0 (compatible; MSIE 8.0; Windows NT 5.1; Trident/4.0; FunWebProducts; .NET CLR 1.0.3705; .NET CLR 1.1.4322; Media Center PC 4.0; .NET CLR 2.0.50727; .NET CLR 3.0.4506.2152; .NET CLR 3.5.30729)"
68.54.47.18 - - [03/Jan/2011:11:31:36 -0500] "GET /images/images/z-bird-flamingo.gif HTTP/1.1" 200 890 "http://www.naples-usa.com/naples-calendarofevents.htm" "Mozilla/4.0 (compatible; MSIE 8.0; Windows NT 5.1; Trident/4.0; FunWebProducts; .NET CLR 1.0.3705; .NET CLR 1.1.4322; Media Center PC 4.0; .NET CLR 2.0.50727; .NET CLR 3.0.4506.2152; .NET CLR 3.5.30729)"
68.54.47.18 - - [03/Jan/2011:11:31:36 -0500] "GET /images/images/z-frog.jpg HTTP/1.1" 404 305 "http://www.naples-usa.com/naples-calendarofevents.htm" "Mozilla/4.0 (compatible; MSIE 8.0; Windows NT 5.1; Trident/4.0; FunWebProducts; .NET CLR 1.0.3705; .NET CLR 1.1.4322; Media Center PC 4.0; .NET CLR 2.0.50727; .NET CLR 3.0.4506.2152; .NET CLR 3.5.30729)"
68.54.47.18 - - [03/Jan/2011:11:31:36 -0500] "GET /images/florida_logo_sm.gif HTTP/1.1" 200 1933 "http://www.naples-usa.com/naples-calendarofevents.htm" "Mozilla/4.0 (compatible; MSIE 8.0; Windows NT 5.1; Trident/4.0; FunWebProducts; .NET CLR 1.0.3705; .NET CLR 1.1.4322; Media Center PC 4.0; .NET CLR 2.0.50727; .NET CLR 3.0.4506.2152; .NET CLR 3.5.30729)"
68.54.47.18 - - [03/Jan/2011:11:31:36 -0500] "GET /images/z-sailboat.jpg HTTP/1.1" 200 2182 "http://www.naples-usa.com/naples-calendarofevents.htm" "Mozilla/4.0 (compatible; MSIE 8.0; Windows NT 5.1; Trident/4.0; FunWebProducts; .NET CLR 1.0.3705; .NET CLR 1.1.4322; Media Center PC 4.0; .NET CLR 2.0.50727; .NET CLR 3.0.4506.2152; .NET CLR 3.5.30729)"
68.54.47.18 - - [03/Jan/2011:11:31:36 -0500] "GET /images/z_shell.gif HTTP/1.1" 200 1325 "http://www.naples-usa.com/naples-calendarofevents.htm" "Mozilla/4.0 (compatible; MSIE 8.0; Windows NT 5.1; Trident/4.0; FunWebProducts; .NET CLR 1.0.3705; .NET CLR 1.1.4322; Media Center PC 4.0; .NET CLR 2.0.50727; .NET CLR 3.0.4506.2152; .NET CLR 3.5.30729)"
68.54.47.18 - - [03/Jan/2011:11:31:36 -0500] "GET /images/images/z-stickfamily.gif HTTP/1.1" 404 312 "http://www.naples-usa.com/naples-calendarofevents.htm" "Mozilla/4.0 (compatible; MSIE 8.0; Windows NT 5.1; Trident/4.0; FunWebProducts; .NET CLR 1.0.3705; .NET CLR 1.1.4322; Media Center PC 4.0; .NET CLR 2.0.50727; .NET CLR 3.0.4506.2152; .NET CLR 3.5.30729)"
68.54.47.18 - - [03/Jan/2011:11:31:36 -0500] "GET /images/return_arrow.gif HTTP/1.1" 200 220 "http://www.naples-usa.com/naples-calendarofevents.htm" "Mozilla/4.0 (compatible; MSIE 8.0; Windows NT 5.1; Trident/4.0; FunWebProducts; .NET CLR 1.0.3705; .NET CLR 1.1.4322; Media Center PC 4.0; .NET CLR 2.0.50727; .NET CLR 3.0.4506.2152; .NET CLR 3.5.30729)"
68.54.47.18 - - [03/Jan/2011:11:31:36 -0500] "GET /images/images/z-greyhound4a.jpg HTTP/1.1" 404 312 "http://www.naples-usa.com/naples-calendarofevents.htm" "Mozilla/4.0 (compatible; MSIE 8.0; Windows NT 5.1; Trident/4.0; FunWebProducts; .NET CLR 1.0.3705; .NET CLR 1.1.4322; Media Center PC 4.0; .NET CLR 2.0.50727; .NET CLR 3.0.4506.2152; .NET CLR 3.5.30729)"
68.54.47.18 - - [03/Jan/2011:11:31:36 -0500] "GET /images/images/z-turtle-b.jpg HTTP/1.1" 404 309 "http://www.naples-usa.com/naples-calendarofevents.htm" "Mozilla/4.0 (compatible; MSIE 8.0; Windows NT 5.1; Trident/4.0; FunWebProducts; .NET CLR 1.0.3705; .NET CLR 1.1.4322; Media Center PC 4.0; .NET CLR 2.0.50727; .NET CLR 3.0.4506.2152; .NET CLR 3.5.30729)"
68.54.47.18 - - [03/Jan/2011:11:31:36 -0500] "GET /images/images/z-cockatiel.gif HTTP/1.1" 404 310 "http://www.naples-usa.com/naples-calendarofevents.htm" "Mozilla/4.0 (compatible; MSIE 8.0; Windows NT 5.1; Trident/4.0; FunWebProducts; .NET CLR 1.0.3705; .NET CLR 1.1.4322; Media Center PC 4.0; .NET CLR 2.0.50727; .NET CLR 3.0.4506.2152; .NET CLR 3.5.30729)"
68.54.47.18 - - [03/Jan/2011:11:31:36 -0500] "GET /images/images/z-theater.gif HTTP/1.1" 404 308 "http://www.naples-usa.com/naples-calendarofevents.htm" "Mozilla/4.0 (compatible; MSIE 8.0; Windows NT 5.1; Trident/4.0; FunWebProducts; .NET CLR 1.0.3705; .NET CLR 1.1.4322; Media Center PC 4.0; .NET CLR 2.0.50727; .NET CLR 3.0.4506.2152; .NET CLR 3.5.30729)"
68.54.47.18 - - [03/Jan/2011:11:31:36 -0500] "GET /images/z_teens.gif HTTP/1.1" 200 2660 "http://www.naples-usa.com/naples-calendarofevents.htm" "Mozilla/4.0 (compatible; MSIE 8.0; Windows NT 5.1; Trident/4.0; FunWebProducts; .NET CLR 1.0.3705; .NET CLR 1.1.4322; Media Center PC 4.0; .NET CLR 2.0.50727; .NET CLR 3.0.4506.2152; .NET CLR 3.5.30729)"
68.54.47.18 - - [03/Jan/2011:11:31:36 -0500] "GET /images/z_music.gif HTTP/1.1" 200 596 "http://www.naples-usa.com/naples-calendarofevents.htm" "Mozilla/4.0 (compatible; MSIE 8.0; Windows NT 5.1; Trident/4.0; FunWebProducts; .NET CLR 1.0.3705; .NET CLR 1.1.4322; Media Center PC 4.0; .NET CLR 2.0.50727; .NET CLR 3.0.4506.2152; .NET CLR 3.5.30729)"
68.54.47.18 - - [03/Jan/2011:11:31:36 -0500] "GET /images/z-bird-flamingo.gif HTTP/1.1" 200 890 "http://www.naples-usa.com/naples-calendarofevents.htm" "Mozilla/4.0 (compatible; MSIE 8.0; Windows NT 5.1; Trident/4.0; FunWebProducts; .NET CLR 1.0.3705; .NET CLR 1.1.4322; Media Center PC 4.0; .NET CLR 2.0.50727; .NET CLR 3.0.4506.2152; .NET CLR 3.5.30729)"
68.54.47.18 - - [03/Jan/2011:11:31:36 -0500] "GET /images/z-turtle-b.jpg HTTP/1.1" 200 1124 "http://www.naples-usa.com/naples-calendarofevents.htm" "Mozilla/4.0 (compatible; MSIE 8.0; Windows NT 5.1; Trident/4.0; FunWebProducts; .NET CLR 1.0.3705; .NET CLR 1.1.4322; Media Center PC 4.0; .NET CLR 2.0.50727; .NET CLR 3.0.4506.2152; .NET CLR 3.5.30729)"
68.54.47.18 - - [03/Jan/2011:11:31:36 -0500] "GET /images/z_rose.gif HTTP/1.1" 200 473 "http://www.naples-usa.com/naples-calendarofevents.htm" "Mozilla/4.0 (compatible; MSIE 8.0; Windows NT 5.1; Trident/4.0; FunWebProducts; .NET CLR 1.0.3705; .NET CLR 1.1.4322; Media Center PC 4.0; .NET CLR 2.0.50727; .NET CLR 3.0.4506.2152; .NET CLR 3.5.30729)"
68.54.47.18 - - [03/Jan/2011:11:31:36 -0500] "GET /naples-calendarofevents.htm HTTP/1.1" 200 255135 "http://search.mywebsearch.com/mywebsearch/GGmain.jhtml?searchfor=jebry+and+friends+florda&tpr=sbt&st=bar&ptnrS=ZUzeb004YYus_ZUxdm764YYca&ptb=BfoOX09HYoZer6aTr3StfQ&ss=sub&gcht=&n=77d00786&ps=jebry+and+friends+florda" "Mozilla/4.0 (compatible; MSIE 7.0; Windows NT 5.1; Trident/4.0; FunWebProducts; .NET CLR 1.0.3705; .NET CLR 1.1.4322; Media Center PC 4.0; .NET CLR 2.0.50727; .NET CLR 3.0.4506.2152; .NET CLR 3.5.30729)"
68.54.47.18 - - [03/Jan/2011:11:31:36 -0500] "GET /images/images/z-trombone.gif HTTP/1.1" 404 309 "http://www.naples-usa.com/naples-calendarofevents.htm" "Mozilla/4.0 (compatible; MSIE 8.0; Windows NT 5.1; Trident/4.0; FunWebProducts; .NET CLR 1.0.3705; .NET CLR 1.1.4322; Media Center PC 4.0; .NET CLR 2.0.50727; .NET CLR 3.0.4506.2152; .NET CLR 3.5.30729)"
68.54.47.18 - - [03/Jan/2011:11:31:36 -0500] "GET /images/images/z-butterfly-2.gif HTTP/1.1" 404 312 "http://www.naples-usa.com/naples-calendarofevents.htm" "Mozilla/4.0 (compatible; MSIE 8.0; Windows NT 5.1; Trident/4.0; FunWebProducts; .NET CLR 1.0.3705; .NET CLR 1.1.4322; Media Center PC 4.0; .NET CLR 2.0.50727; .NET CLR 3.0.4506.2152; .NET CLR 3.5.30729)"
68.54.47.18 - - [03/Jan/2011:11:31:36 -0500] "GET /images/z-fish2.jpg HTTP/1.1" 200 1142 "http://www.naples-usa.com/naples-calendarofevents.htm" "Mozilla/4.0 (compatible; MSIE 8.0; Windows NT 5.1; Trident/4.0; FunWebProducts; .NET CLR 1.0.3705; .NET CLR 1.1.4322; Media Center PC 4.0; .NET CLR 2.0.50727; .NET CLR 3.0.4506.2152; .NET CLR 3.5.30729)"
68.54.47.18 - - [03/Jan/2011:11:31:36 -0500] "GET /images/z-frog.jpg HTTP/1.1" 200 1615 "http://www.naples-usa.com/naples-calendarofevents.htm" "Mozilla/4.0 (compatible; MSIE 8.0; Windows NT 5.1; Trident/4.0; FunWebProducts; .NET CLR 1.0.3705; .NET CLR 1.1.4322; Media Center PC 4.0; .NET CLR 2.0.50727; .NET CLR 3.0.4506.2152; .NET CLR 3.5.30729)"
68.54.47.18 - - [03/Jan/2011:11:31:36 -0500] "GET /images/z-trombone.gif HTTP/1.1" 200 359 "http://www.naples-usa.com/naples-calendarofevents.htm" "Mozilla/4.0 (compatible; MSIE 8.0; Windows NT 5.1; Trident/4.0; FunWebProducts; .NET CLR 1.0.3705; .NET CLR 1.1.4322; Media Center PC 4.0; .NET CLR 2.0.50727; .NET CLR 3.0.4506.2152; .NET CLR 3.5.30729)"
68.54.47.18 - - [03/Jan/2011:11:31:36 -0500] "GET /images/z-butterfly-2.gif HTTP/1.1" 200 1025 "http://www.naples-usa.com/naples-calendarofevents.htm" "Mozilla/4.0 (compatible; MSIE 8.0; Windows NT 5.1; Trident/4.0; FunWebProducts; .NET CLR 1.0.3705; .NET CLR 1.1.4322; Media Center PC 4.0; .NET CLR 2.0.50727; .NET CLR 3.0.4506.2152; .NET CLR 3.5.30729)"
68.54.47.18 - - [03/Jan/2011:11:31:36 -0500] "GET /images/z-guitar.gif HTTP/1.1" 200 631 "http://www.naples-usa.com/naples-calendarofevents.htm" "Mozilla/4.0 (compatible; MSIE 8.0; Windows NT 5.1; Trident/4.0; FunWebProducts; .NET CLR 1.0.3705; .NET CLR 1.1.4322; Media Center PC 4.0; .NET CLR 2.0.50727; .NET CLR 3.0.4506.2152; .NET CLR 3.5.30729)"
68.54.47.18 - - [03/Jan/2011:11:31:36 -0500] "GET /images/z-juggler.jpg HTTP/1.1" 200 1486 "http://www.naples-usa.com/naples-calendarofevents.htm" "Mozilla/4.0 (compatible; MSIE 8.0; Windows NT 5.1; Trident/4.0; FunWebProducts; .NET CLR 1.0.3705; .NET CLR 1.1.4322; Media Center PC 4.0; .NET CLR 2.0.50727; .NET CLR 3.0.4506.2152; .NET CLR 3.5.30729)"
68.54.47.18 - - [03/Jan/2011:11:31:36 -0500] "GET /images/z-couple.gif HTTP/1.1" 200 1084 "http://www.naples-usa.com/naples-calendarofevents.htm" "Mozilla/4.0 (compatible; MSIE 8.0; Windows NT 5.1; Trident/4.0; FunWebProducts; .NET CLR 1.0.3705; .NET CLR 1.1.4322; Media Center PC 4.0; .NET CLR 2.0.50727; .NET CLR 3.0.4506.2152; .NET CLR 3.5.30729)"
68.54.47.18 - - [03/Jan/2011:11:31:36 -0500] "GET /images/z_books.gif HTTP/1.1" 200 837 "http://www.naples-usa.com/naples-calendarofevents.htm" "Mozilla/4.0 (compatible; MSIE 8.0; Windows NT 5.1; Trident/4.0; FunWebProducts; .NET CLR 1.0.3705; .NET CLR 1.1.4322; Media Center PC 4.0; .NET CLR 2.0.50727; .NET CLR 3.0.4506.2152; .NET CLR 3.5.30729)"
68.54.47.18 - - [03/Jan/2011:11:31:36 -0500] "GET /images/z_bird.gif HTTP/1.1" 200 730 "http://www.naples-usa.com/naples-calendarofevents.htm" "Mozilla/4.0 (compatible; MSIE 8.0; Windows NT 5.1; Trident/4.0; FunWebProducts; .NET CLR 1.0.3705; .NET CLR 1.1.4322; Media Center PC 4.0; .NET CLR 2.0.50727; .NET CLR 3.0.4506.2152; .NET CLR 3.5.30729)"
68.54.47.18 - - [03/Jan/2011:11:31:36 -0500] "GET /images/z-drums.jpg HTTP/1.1" 200 2464 "http://www.naples-usa.com/naples-calendarofevents.htm" "Mozilla/4.0 (compatible; MSIE 8.0; Windows NT 5.1; Trident/4.0; FunWebProducts; .NET CLR 1.0.3705; .NET CLR 1.1.4322; Media Center PC 4.0; .NET CLR 2.0.50727; .NET CLR 3.0.4506.2152; .NET CLR 3.5.30729)"
68.54.47.18 - - [03/Jan/2011:11:31:36 -0500] "GET /images/z_cock.gif HTTP/1.1" 200 571 "http://www.naples-usa.com/naples-calendarofevents.htm" "Mozilla/4.0 (compatible; MSIE 8.0; Windows NT 5.1; Trident/4.0; FunWebProducts; .NET CLR 1.0.3705; .NET CLR 1.1.4322; Media Center PC 4.0; .NET CLR 2.0.50727; .NET CLR 3.0.4506.2152; .NET CLR 3.5.30729)"
68.54.47.18 - - [03/Jan/2011:11:31:36 -0500] "GET /images/z_artst.gif HTTP/1.1" 200 1446 "http://www.naples-usa.com/naples-calendarofevents.htm" "Mozilla/4.0 (compatible; MSIE 8.0; Windows NT 5.1; Trident/4.0; FunWebProducts; .NET CLR 1.0.3705; .NET CLR 1.1.4322; Media Center PC 4.0; .NET CLR 2.0.50727; .NET CLR 3.0.4506.2152; .NET CLR 3.5.30729)"
68.54.47.18 - - [03/Jan/2011:11:31:36 -0500] "GET /images/1_cougar.jpg HTTP/1.1" 200 4514 "http://www.naples-usa.com/naples-calendarofevents.htm" "Mozilla/4.0 (compatible; MSIE 8.0; Windows NT 5.1; Trident/4.0; FunWebProducts; .NET CLR 1.0.3705; .NET CLR 1.1.4322; Media Center PC 4.0; .NET CLR 2.0.50727; .NET CLR 3.0.4506.2152; .NET CLR 3.5.30729)"
68.54.47.18 - - [03/Jan/2011:11:31:36 -0500] "GET /images/z-theater.gif HTTP/1.1" 200 960 "http://www.naples-usa.com/naples-calendarofevents.htm" "Mozilla/4.0 (compatible; MSIE 8.0; Windows NT 5.1; Trident/4.0; FunWebProducts; .NET CLR 1.0.3705; .NET CLR 1.1.4322; Media Center PC 4.0; .NET CLR 2.0.50727; .NET CLR 3.0.4506.2152; .NET CLR 3.5.30729)"
68.54.47.18 - - [03/Jan/2011:11:31:36 -0500] "GET /favicon.ico HTTP/1.1" 404 292 "-" "Mozilla/4.0 (compatible; MSIE 8.0; Windows NT 5.1; Trident/4.0; FunWebProducts; .NET CLR 1.0.3705; .NET CLR 1.1.4322; Media Center PC 4.0; .NET CLR 2.0.50727; .NET CLR 3.0.4506.2152; .NET CLR 3.5.30729)"
207.46.204.242 - - [03/Jan/2011:11:36:52 -0500] "GET /johnson-cox.htm HTTP/1.1" 404 296 "-" "Mozilla/5.0 (compatible; bingbot/2.0; +http://www.bing.com/bingbot.htm)"
207.46.199.39 - - [03/Jan/2011:11:49:23 -0500] "GET /robots.txt HTTP/1.1" 404 291 "-" "Mozilla/5.0 (compatible; bingbot/2.0; +http://www.bing.com/bingbot.htm)"
67.195.112.50 - - [03/Jan/2011:11:49:37 -0500] "GET /TheProcacciGroup/284_perignon-207006547.jpg.LCK HTTP/1.0" 404 316 "-" "Mozilla/5.0 (compatible; Yahoo! Slurp; http://help.yahoo.com/help/us/ysearch/slurp)"
207.46.199.39 - - [03/Jan/2011:11:51:52 -0500] "GET /naples-tennis-public.htm HTTP/1.1" 404 305 "-" "Mozilla/5.0 (compatible; bingbot/2.0; +http://www.bing.com/bingbot.htm)"
166.137.138.130 - - [03/Jan/2011:11:55:33 -0500] "GET /Logos/winner_250.jpg HTTP/1.1" 200 6408 "-" "Mozilla/5.0 (iPhone; U; CPU iPhone OS 4_1 like Mac OS X; en-us) AppleWebKit/532.9 (KHTML, like Gecko)"
166.137.138.130 - - [03/Jan/2011:11:55:33 -0500] "GET /Logos/1_df-72dpi-476x57pix-banner.jpg HTTP/1.1" 200 9733 "-" "Mozilla/5.0 (iPhone; U; CPU iPhone OS 4_1 like Mac OS X; en-us) AppleWebKit/532.9 (KHTML, like Gecko)"
67.195.112.50 - - [03/Jan/2011:11:59:22 -0500] "GET /naples-florida-important-phone-numbers.htm HTTP/1.0" 200 5449 "-" "Mozilla/5.0 (compatible; Yahoo! Slurp; http://help.yahoo.com/help/us/ysearch/slurp)"
67.195.112.50 - - [03/Jan/2011:12:06:55 -0500] "GET /TheProcacciGroup/7818_emerald-kitch.jpg.LCK HTTP/1.0" 404 312 "-" "Mozilla/5.0 (compatible; Yahoo! Slurp; http://help.yahoo.com/help/us/ysearch/slurp)"
67.195.112.50 - - [03/Jan/2011:12:09:22 -0500] "GET /images_map/na34.htm HTTP/1.0" 404 288 "-" "Mozilla/5.0 (compatible; Yahoo! Slurp; http://help.yahoo.com/help/us/ysearch/slurp)"
95.108.217.252 - - [03/Jan/2011:12:10:34 -0500] "GET /naples-florida-schools.htm HTTP/1.1" 200 27490 "-" "Mozilla/5.0 (compatible; YandexBot/3.0; +http://yandex.com/bots)"
208.76.137.82 - - [03/Jan/2011:12:14:10 -0500] "GET /Vendors/index.html HTTP/1.1" 200 456837 "http://www.google.com/search?hl=en&source=hp&q=PHONE+BOB+FRYE+ESTERO+FLORIDA&aq=f&aqi=&aql=&oq=&gs_rfai=" "Mozilla/4.0 (compatible; MSIE 6.0; Windows NT 5.1; SV1; .NET CLR 1.1.4322)"
205.188.116.130 - - [03/Jan/2011:12:15:24 -0500] "GET /lost-birds.htm HTTP/1.1" 200 39667 "http://www.google.com/search?hl=en&safe=off&q=lost+ring+neck+bird+fl&btnG=Search&aq=f&aqi=m1&aql=&oq=&gs_rfai=" "Mozilla/4.0 (compatible; MSIE 7.0; AOL 9.1; AOLBuild 4334.5006; Windows NT 6.0; WOW64; SLCC1; .NET CLR 2.0.50727; .NET CLR 3.0.04506; Media Center PC 5.0)"
67.195.112.50 - - [03/Jan/2011:12:21:32 -0500] "GET /TheProcacciGroup/3072_sand-dining.jpg.LCK HTTP/1.0" 404 310 "-" "Mozilla/5.0 (compatible; Yahoo! Slurp; http://help.yahoo.com/help/us/ysearch/slurp)"
67.195.112.50 - - [03/Jan/2011:12:36:01 -0500] "GET /TheProcacciGroup/12978_bryn-living3.jpg.LCK HTTP/1.0" 404 312 "-" "Mozilla/5.0 (compatible; Yahoo! Slurp; http://help.yahoo.com/help/us/ysearch/slurp)"
67.195.112.50 - - [03/Jan/2011:12:46:44 -0500] "GET /TheProcacciGroup/2754_medal-209025473.jpg.LCK HTTP/1.0" 404 314 "-" "Mozilla/5.0 (compatible; Yahoo! Slurp; http://help.yahoo.com/help/us/ysearch/slurp)"
