188.138.81.40 - - [16/Jan/2011:13:55:21 -0500] "GET /naples-calendarofevents.htm HTTP/1.1" 200 255135 "-" "Linguee Bot (http://www.linguee.com/bot; bot@linguee.com)"
188.138.81.40 - - [16/Jan/2011:13:55:22 -0500] "GET /naples-florida-facts.htm HTTP/1.1" 200 12073 "-" "Linguee Bot (http://www.linguee.com/bot; bot@linguee.com)"
188.138.81.40 - - [16/Jan/2011:13:55:24 -0500] "GET /golf.htm HTTP/1.1" 404 289 "-" "Linguee Bot (http://www.linguee.com/bot; bot@linguee.com)"
188.138.81.40 - - [16/Jan/2011:13:55:25 -0500] "GET /naples-florida-schools.htm HTTP/1.1" 200 27490 "-" "Linguee Bot (http://www.linguee.com/bot; bot@linguee.com)"
188.138.81.40 - - [16/Jan/2011:13:55:26 -0500] "GET /naples-florida-beachesandparks.htm HTTP/1.1" 200 10582 "-" "Linguee Bot (http://www.linguee.com/bot; bot@linguee.com)"
188.138.81.40 - - [16/Jan/2011:13:55:27 -0500] "GET /recycling-info-naples-florida.htm HTTP/1.1" 200 13920 "-" "Linguee Bot (http://www.linguee.com/bot; bot@linguee.com)"
188.138.81.40 - - [16/Jan/2011:13:55:29 -0500] "GET /naples-history.htm HTTP/1.1" 200 22034 "-" "Linguee Bot (http://www.linguee.com/bot; bot@linguee.com)"
188.138.81.40 - - [16/Jan/2011:13:55:30 -0500] "GET /file:/D|/Web%20Folder-teljean/Naples-USA/client_services_and_links.htm HTTP/1.1" 404 349 "-" "Linguee Bot (http://www.linguee.com/bot; bot@linguee.com)"
188.138.81.40 - - [16/Jan/2011:13:55:31 -0500] "GET /Naples-Florida-Important-Phone-Numbers.htm HTTP/1.1" 200 5215 "-" "Linguee Bot (http://www.linguee.com/bot; bot@linguee.com)"
188.138.81.40 - - [16/Jan/2011:13:55:32 -0500] "GET /weather.htm HTTP/1.1" 404 292 "-" "Linguee Bot (http://www.linguee.com/bot; bot@linguee.com)"
188.138.81.40 - - [16/Jan/2011:13:55:34 -0500] "GET /naples-weather.htm HTTP/1.1" 200 16725 "-" "Linguee Bot (http://www.linguee.com/bot; bot@linguee.com)"
188.138.81.40 - - [16/Jan/2011:13:55:35 -0500] "GET /naples-tour.htm HTTP/1.1" 200 22351 "-" "Linguee Bot (http://www.linguee.com/bot; bot@linguee.com)"
188.138.81.40 - - [16/Jan/2011:13:55:37 -0500] "GET /florida-homestead-exemption.htm HTTP/1.1" 200 14191 "-" "Linguee Bot (http://www.linguee.com/bot; bot@linguee.com)"
188.138.81.40 - - [16/Jan/2011:13:55:37 -0500] "GET /naples-tennis.htm HTTP/1.1" 200 15285 "-" "Linguee Bot (http://www.linguee.com/bot; bot@linguee.com)"
188.138.81.40 - - [16/Jan/2011:13:55:39 -0500] "GET /naples-boating.htm HTTP/1.1" 200 14280 "-" "Linguee Bot (http://www.linguee.com/bot; bot@linguee.com)"
188.138.81.40 - - [16/Jan/2011:13:55:40 -0500] "GET /naples-boatdocks.htm HTTP/1.1" 200 14892 "-" "Linguee Bot (http://www.linguee.com/bot; bot@linguee.com)"
188.138.81.40 - - [16/Jan/2011:13:55:42 -0500] "GET /naples-boatcondos.htm HTTP/1.1" 200 11908 "-" "Linguee Bot (http://www.linguee.com/bot; bot@linguee.com)"
188.138.81.40 - - [16/Jan/2011:13:55:43 -0500] "GET /naples-florida-fishing.htm HTTP/1.1" 200 15147 "-" "Linguee Bot (http://www.linguee.com/bot; bot@linguee.com)"
188.138.81.40 - - [16/Jan/2011:13:55:44 -0500] "GET /naples-arts.htm HTTP/1.1" 200 4976 "-" "Linguee Bot (http://www.linguee.com/bot; bot@linguee.com)"
188.138.81.40 - - [16/Jan/2011:13:55:45 -0500] "GET /hotels-in-naples.htm HTTP/1.1" 200 53713 "-" "Linguee Bot (http://www.linguee.com/bot; bot@linguee.com)"
188.138.81.40 - - [16/Jan/2011:13:55:47 -0500] "GET /index.html HTTP/1.1" 200 11305 "-" "Linguee Bot (http://www.linguee.com/bot; bot@linguee.com)"
188.138.81.40 - - [16/Jan/2011:13:55:48 -0500] "GET /lost-pets.htm HTTP/1.1" 404 294 "-" "Linguee Bot (http://www.linguee.com/bot; bot@linguee.com)"
188.138.81.40 - - [16/Jan/2011:13:55:49 -0500] "GET /file:/D|/Web%20Folder-teljean/DNFR/calendar.htm HTTP/1.1" 404 326 "-" "Linguee Bot (http://www.linguee.com/bot; bot@linguee.com)"
188.138.81.40 - - [16/Jan/2011:13:55:50 -0500] "GET /calendar-clubs-and-orgs.htm HTTP/1.1" 200 27411 "-" "Linguee Bot (http://www.linguee.com/bot; bot@linguee.com)"
188.138.81.40 - - [16/Jan/2011:13:55:51 -0500] "GET /home-improvement-naples-florida.htm HTTP/1.1" 404 316 "-" "Linguee Bot (http://www.linguee.com/bot; bot@linguee.com)"
188.138.81.40 - - [16/Jan/2011:13:55:53 -0500] "GET /file:/D|/Web%20Folder-teljean/Naples-USA/tennis.htm HTTP/1.1" 404 330 "-" "Linguee Bot (http://www.linguee.com/bot; bot@linguee.com)"
188.138.81.40 - - [16/Jan/2011:13:55:54 -0500] "GET /mortgage-dictionary.htm HTTP/1.1" 404 304 "-" "Linguee Bot (http://www.linguee.com/bot; bot@linguee.com)"
188.138.81.40 - - [16/Jan/2011:13:55:55 -0500] "GET /reports_for-buyers.htm HTTP/1.1" 404 303 "-" "Linguee Bot (http://www.linguee.com/bot; bot@linguee.com)"
188.138.81.40 - - [16/Jan/2011:13:55:56 -0500] "GET /reports_for-sellers.htm HTTP/1.1" 404 304 "-" "Linguee Bot (http://www.linguee.com/bot; bot@linguee.com)"
188.138.81.40 - - [16/Jan/2011:13:55:57 -0500] "GET /file:/D|/Web%20Folder-teljean/DNFR/www.colliergov.net/index.aspx?page=119 HTTP/1.1" 404 343 "-" "Linguee Bot (http://www.linguee.com/bot; bot@linguee.com)"
188.138.81.40 - - [16/Jan/2011:13:55:58 -0500] "GET /history.htm HTTP/1.1" 404 292 "-" "Linguee Bot (http://www.linguee.com/bot; bot@linguee.com)"
188.138.81.40 - - [16/Jan/2011:13:56:00 -0500] "GET /lostpets.html HTTP/1.1" 200 17013 "-" "Linguee Bot (http://www.linguee.com/bot; bot@linguee.com)"
188.138.81.40 - - [16/Jan/2011:13:56:01 -0500] "GET /boat_docks.htm HTTP/1.1" 404 295 "-" "Linguee Bot (http://www.linguee.com/bot; bot@linguee.com)"
188.138.81.40 - - [16/Jan/2011:13:56:02 -0500] "GET /homestead.htm HTTP/1.1" 404 294 "-" "Linguee Bot (http://www.linguee.com/bot; bot@linguee.com)"
188.138.81.40 - - [16/Jan/2011:13:56:03 -0500] "GET /file:/D|/Web%20Folder-teljean/DNFR/homestead.htm HTTP/1.1" 404 327 "-" "Linguee Bot (http://www.linguee.com/bot; bot@linguee.com)"
188.138.81.40 - - [16/Jan/2011:13:56:05 -0500] "GET /naples-tennis-public.htm HTTP/1.1" 404 305 "-" "Linguee Bot (http://www.linguee.com/bot; bot@linguee.com)"
188.138.81.40 - - [16/Jan/2011:13:56:05 -0500] "GET /tennis.htm HTTP/1.1" 404 291 "-" "Linguee Bot (http://www.linguee.com/bot; bot@linguee.com)"
188.138.81.40 - - [16/Jan/2011:13:56:07 -0500] "GET /file:/D|/Web%20Folder-teljean/DNFR/fishing.htm HTTP/1.1" 404 325 "-" "Linguee Bot (http://www.linguee.com/bot; bot@linguee.com)"
188.138.81.40 - - [16/Jan/2011:13:56:08 -0500] "GET /file:/D|/Web%20Folder-teljean/DNFR/properties-test-bullets-regularfont.htm HTTP/1.1" 404 353 "-" "Linguee Bot (http://www.linguee.com/bot; bot@linguee.com)"
188.138.81.40 - - [16/Jan/2011:13:56:09 -0500] "GET /home.cfm HTTP/1.1" 404 289 "-" "Linguee Bot (http://www.linguee.com/bot; bot@linguee.com)"
38.108.67.12 - - [16/Jan/2011:13:59:04 -0500] "GET /haas.htm HTTP/1.0" 404 277 "-" "SBIder/Nutch-1.0-dev (http://www.sitesell.com/sbider.html)"
66.249.71.46 - - [16/Jan/2011:14:04:52 -0500] "GET /robots.txt HTTP/1.1" 404 291 "-" "Mozilla/5.0 (compatible; Googlebot/2.1; +http://www.google.com/bot.html)"
66.249.71.46 - - [16/Jan/2011:14:04:52 -0500] "GET / HTTP/1.1" 304 - "-" "Mozilla/5.0 (compatible; Googlebot/2.1; +http://www.google.com/bot.html)"
62.145.79.62 - - [16/Jan/2011:14:05:40 -0500] "GET /Vendors/index.html HTTP/1.1" 200 322396 "http://www.google.com/url?sa=t&source=web&cd=3&ved=0CCEQFjAC&url=http%3A%2F%2Fwww.naples-usa.com%2FVendors%2Findex.html&rct=j&q=cameras%20VendorList%20%40earthlink.net&ei=RUEzTa6qIILBswauhZiqCg&usg=AFQjCNGHJ1f1c5lyrg9yXr2ugzZj4PmYrg&sig2=sLfPpJ67pqH_RNlRq6Y5VA&cad=rja" "Mozilla/5.0 (Windows; U; Windows NT 5.1; en-GB; rv:1.9.0.16) Gecko/2010021003 Firefox/3.0.16 Flock/2.5.6"
71.3.76.27 - - [16/Jan/2011:14:06:13 -0500] "GET /Vendors/ HTTP/1.1" 200 202128 "-" "Mozilla/4.0 (compatible; MSIE 7.0; Windows NT 5.1; .NET CLR 2.0.50727; .NET CLR 3.0.04506.30; .NET CLR 3.0.04506.648; .NET CLR 3.5.21022; .NET CLR 3.0.4506.2152; .NET CLR 3.5.30729; WinNT-PAI 13.09.2009)"
38.108.67.12 - - [16/Jan/2011:14:23:24 -0500] "GET /romano/testimonials.htm HTTP/1.0" 404 292 "-" "SBIder/Nutch-1.0-dev (http://www.sitesell.com/sbider.html)"
98.238.19.114 - - [16/Jan/2011:14:30:18 -0500] "GET /naples-history.htm HTTP/1.1" 200 22034 "http://www.google.com/url?sa=t&source=web&cd=9&ved=0CFsQFjAI&url=http%3A%2F%2Fwww.naples-usa.com%2Fnaples-history.htm&rct=j&q=fleishman%20family%20history%20naples%2C%20fl&ei=LEczTdqqNYO0lQfF_rn5Cw&usg=AFQjCNFlsxxoq2M-wTyxAvSp0A52KMql0w" "Mozilla/4.0 (compatible; MSIE 7.0; Windows NT 6.0; Trident/4.0; SLCC1; .NET CLR 2.0.50727; InfoPath.2; .NET CLR 3.5.30729; .NET CLR 3.0.30729; .NET4.0C; OfficeLiveConnector.1.5; OfficeLivePatch.1.3; msn OptimizedIE8;ENUS; AskTbBCPA/5.9.1.14019)"
98.238.19.114 - - [16/Jan/2011:14:30:18 -0500] "GET /images/welcome_usa.gif HTTP/1.1" 200 7890 "http://www.naples-usa.com/naples-history.htm" "Mozilla/4.0 (compatible; MSIE 7.0; Windows NT 6.0; Trident/4.0; SLCC1; .NET CLR 2.0.50727; InfoPath.2; .NET CLR 3.5.30729; .NET CLR 3.0.30729; .NET4.0C; OfficeLiveConnector.1.5; OfficeLivePatch.1.3; msn OptimizedIE8;ENUS; AskTbBCPA/5.9.1.14019)"
98.238.19.114 - - [16/Jan/2011:14:30:18 -0500] "GET /images/florida_logo.gif HTTP/1.1" 200 1024 "http://www.naples-usa.com/naples-history.htm" "Mozilla/4.0 (compatible; MSIE 7.0; Windows NT 6.0; Trident/4.0; SLCC1; .NET CLR 2.0.50727; InfoPath.2; .NET CLR 3.5.30729; .NET CLR 3.0.30729; .NET4.0C; OfficeLiveConnector.1.5; OfficeLivePatch.1.3; msn OptimizedIE8;ENUS; AskTbBCPA/5.9.1.14019)"
98.238.19.114 - - [16/Jan/2011:14:30:18 -0500] "GET /images/history_hotel1.jpg HTTP/1.1" 200 9608 "http://www.naples-usa.com/naples-history.htm" "Mozilla/4.0 (compatible; MSIE 7.0; Windows NT 6.0; Trident/4.0; SLCC1; .NET CLR 2.0.50727; InfoPath.2; .NET CLR 3.5.30729; .NET CLR 3.0.30729; .NET4.0C; OfficeLiveConnector.1.5; OfficeLivePatch.1.3; msn OptimizedIE8;ENUS; AskTbBCPA/5.9.1.14019)"
98.238.19.114 - - [16/Jan/2011:14:30:18 -0500] "GET /transparent.gif HTTP/1.1" 200 43 "http://www.naples-usa.com/naples-history.htm" "Mozilla/4.0 (compatible; MSIE 7.0; Windows NT 6.0; Trident/4.0; SLCC1; .NET CLR 2.0.50727; InfoPath.2; .NET CLR 3.5.30729; .NET CLR 3.0.30729; .NET4.0C; OfficeLiveConnector.1.5; OfficeLivePatch.1.3; msn OptimizedIE8;ENUS; AskTbBCPA/5.9.1.14019)"
98.238.19.114 - - [16/Jan/2011:14:30:18 -0500] "GET /images/history_indian.jpg HTTP/1.1" 200 10403 "http://www.naples-usa.com/naples-history.htm" "Mozilla/4.0 (compatible; MSIE 7.0; Windows NT 6.0; Trident/4.0; SLCC1; .NET CLR 2.0.50727; InfoPath.2; .NET CLR 3.5.30729; .NET CLR 3.0.30729; .NET4.0C; OfficeLiveConnector.1.5; OfficeLivePatch.1.3; msn OptimizedIE8;ENUS; AskTbBCPA/5.9.1.14019)"
98.238.19.114 - - [16/Jan/2011:14:30:18 -0500] "GET /images/history_collier.jpg HTTP/1.1" 200 7977 "http://www.naples-usa.com/naples-history.htm" "Mozilla/4.0 (compatible; MSIE 7.0; Windows NT 6.0; Trident/4.0; SLCC1; .NET CLR 2.0.50727; InfoPath.2; .NET CLR 3.5.30729; .NET CLR 3.0.30729; .NET4.0C; OfficeLiveConnector.1.5; OfficeLivePatch.1.3; msn OptimizedIE8;ENUS; AskTbBCPA/5.9.1.14019)"
98.238.19.114 - - [16/Jan/2011:14:30:18 -0500] "GET /images/history_army.jpg HTTP/1.1" 200 11146 "http://www.naples-usa.com/naples-history.htm" "Mozilla/4.0 (compatible; MSIE 7.0; Windows NT 6.0; Trident/4.0; SLCC1; .NET CLR 2.0.50727; InfoPath.2; .NET CLR 3.5.30729; .NET CLR 3.0.30729; .NET4.0C; OfficeLiveConnector.1.5; OfficeLivePatch.1.3; msn OptimizedIE8;ENUS; AskTbBCPA/5.9.1.14019)"
98.238.19.114 - - [16/Jan/2011:14:30:18 -0500] "GET /images/history_city.gif HTTP/1.1" 200 40057 "http://www.naples-usa.com/naples-history.htm" "Mozilla/4.0 (compatible; MSIE 7.0; Windows NT 6.0; Trident/4.0; SLCC1; .NET CLR 2.0.50727; InfoPath.2; .NET CLR 3.5.30729; .NET CLR 3.0.30729; .NET4.0C; OfficeLiveConnector.1.5; OfficeLivePatch.1.3; msn OptimizedIE8;ENUS; AskTbBCPA/5.9.1.14019)"
98.238.19.114 - - [16/Jan/2011:14:30:38 -0500] "GET /favicon.ico HTTP/1.1" 404 292 "-" "Mozilla/4.0 (compatible; MSIE 8.0; Windows NT 6.0; Trident/4.0; SLCC1; .NET CLR 2.0.50727; InfoPath.2; .NET CLR 3.5.30729; .NET CLR 3.0.30729; .NET4.0C; OfficeLiveConnector.1.5; OfficeLivePatch.1.3; msn OptimizedIE8;ENUS; AskTbBCPA/5.9.1.14019)"
67.195.111.190 - - [16/Jan/2011:14:30:44 -0500] "GET /Vendors/logos_highdef.htm HTTP/1.0" 200 2492 "-" "Mozilla/5.0 (compatible; Yahoo! Slurp; http://help.yahoo.com/help/us/ysearch/slurp)"
67.195.111.190 - - [16/Jan/2011:14:31:02 -0500] "GET /beatty/naples-florida-listings.htm HTTP/1.0" 404 303 "-" "Mozilla/5.0 (compatible; Yahoo! Slurp; http://help.yahoo.com/help/us/ysearch/slurp)"
38.108.67.12 - - [16/Jan/2011:14:32:28 -0500] "GET /boat_docks.htm HTTP/1.0" 404 283 "-" "SBIder/Nutch-1.0-dev (http://www.sitesell.com/sbider.html)"
38.108.67.12 - - [16/Jan/2011:14:41:43 -0500] "GET /homestead.htm HTTP/1.0" 404 282 "-" "SBIder/Nutch-1.0-dev (http://www.sitesell.com/sbider.html)"
38.108.67.12 - - [16/Jan/2011:14:42:45 -0500] "GET /reports_for-sellers.htm HTTP/1.0" 404 292 "-" "SBIder/Nutch-1.0-dev (http://www.sitesell.com/sbider.html)"
65.52.110.54 - - [16/Jan/2011:14:59:54 -0500] "GET /robots.txt HTTP/1.1" 404 291 "-" "Mozilla/5.0 (compatible; bingbot/2.0; +http://www.bing.com/bingbot.htm)"
65.52.110.54 - - [16/Jan/2011:15:01:19 -0500] "GET /calendar-clubs-and-orgs.htm HTTP/1.1" 304 - "-" "Mozilla/5.0 (compatible; bingbot/2.0; +http://www.bing.com/bingbot.htm)"
67.195.111.190 - - [16/Jan/2011:15:08:13 -0500] "GET /images_map/bn11.htm HTTP/1.0" 404 288 "-" "Mozilla/5.0 (compatible; Yahoo! Slurp; http://help.yahoo.com/help/us/ysearch/slurp)"
69.247.53.197 - - [16/Jan/2011:15:43:41 -0500] "GET /Vendors/index.html HTTP/1.1" 200 47368 "http://www.google.com/url?sa=t&source=web&cd=1&sqi=2&ved=0CBgQFjAA&url=http%3A%2F%2Fwww.naples-usa.com%2FVendors%2Findex.html&rct=j&q=allen%20hendy%20decorator&ei=blgzTb7eMIGclgeFl7GICg&usg=AFQjCNGHJ1f1c5lyrg9yXr2ugzZj4PmYrg" "Mozilla/5.0 (Windows; U; Windows NT 6.0; en-US; rv:1.9.2.13) Gecko/20101203 Firefox/3.6.13 (.NET CLR 3.5.30729)"
69.247.53.197 - - [16/Jan/2011:15:43:41 -0500] "GET /favicon.ico HTTP/1.1" 404 292 "-" "Mozilla/5.0 (Windows; U; Windows NT 6.0; en-US; rv:1.9.2.13) Gecko/20101203 Firefox/3.6.13 (.NET CLR 3.5.30729)"
69.247.53.197 - - [16/Jan/2011:15:43:42 -0500] "GET /Vendors/index.html HTTP/1.1" 206 441098 "http://www.google.com/url?sa=t&source=web&cd=1&sqi=2&ved=0CBgQFjAA&url=http%3A%2F%2Fwww.naples-usa.com%2FVendors%2Findex.html&rct=j&q=allen%20hendy%20decorator&ei=blgzTb7eMIGclgeFl7GICg&usg=AFQjCNGHJ1f1c5lyrg9yXr2ugzZj4PmYrg" "Mozilla/5.0 (Windows; U; Windows NT 6.0; en-US; rv:1.9.2.13) Gecko/20101203 Firefox/3.6.13 (.NET CLR 3.5.30729)"
69.247.53.197 - - [16/Jan/2011:15:43:42 -0500] "GET /favicon.ico HTTP/1.1" 404 292 "-" "Mozilla/5.0 (Windows; U; Windows NT 6.0; en-US; rv:1.9.2.13) Gecko/20101203 Firefox/3.6.13 (.NET CLR 3.5.30729)"
69.247.53.197 - - [16/Jan/2011:15:43:44 -0500] "GET /favicon.ico HTTP/1.1" 404 292 "-" "Mozilla/5.0 (Windows; U; Windows NT 6.0; en-US; rv:1.9.2.13) Gecko/20101203 Firefox/3.6.13 (.NET CLR 3.5.30729)"
69.247.53.197 - - [16/Jan/2011:15:43:44 -0500] "GET /favicon.ico HTTP/1.1" 404 292 "-" "Mozilla/5.0 (Windows; U; Windows NT 6.0; en-US; rv:1.9.2.13) Gecko/20101203 Firefox/3.6.13 (.NET CLR 3.5.30729)"
221.212.116.8 - - [16/Jan/2011:15:59:11 -0500] "GET / HTTP/1.1" 200 11305 "-" "Java/1.6.0_13"
221.212.116.8 - - [16/Jan/2011:15:59:12 -0500] "GET /calendar-clubs-and-orgs.htm HTTP/1.1" 200 27411 "-" "Java/1.6.0_13"
221.212.116.8 - - [16/Jan/2011:15:59:13 -0500] "GET /lost-birds.htm HTTP/1.1" 200 39667 "-" "Java/1.6.0_13"
38.108.67.12 - - [16/Jan/2011:16:03:26 -0500] "GET /golf.htm HTTP/1.0" 404 277 "-" "SBIder/Nutch-1.0-dev (http://www.sitesell.com/sbider.html)"
95.108.217.252 - - [16/Jan/2011:16:08:22 -0500] "GET / HTTP/1.1" 200 11305 "-" "Mozilla/5.0 (compatible; YandexBot/3.0; +http://yandex.com/bots)"
76.101.140.8 - - [16/Jan/2011:16:24:23 -0500] "GET /images/welcome_usa.gif HTTP/1.1" 200 7890 "http://www.naples-usa.com/naples-calendarofevents.htm" "Mozilla/4.0 (compatible; MSIE 8.0; Windows NT 6.0; Trident/4.0; Comcast Install 1.0; GTB6.6; SLCC1; .NET CLR 2.0.50727; Media Center PC 5.0; .NET CLR 1.1.4322; .NET CLR 3.5.30729; .NET CLR 3.0.30729; Zune 4.7)"
76.101.140.8 - - [16/Jan/2011:16:24:23 -0500] "GET /images/florida_logo_sm.gif HTTP/1.1" 200 1933 "http://www.naples-usa.com/naples-calendarofevents.htm" "Mozilla/4.0 (compatible; MSIE 8.0; Windows NT 6.0; Trident/4.0; Comcast Install 1.0; GTB6.6; SLCC1; .NET CLR 2.0.50727; Media Center PC 5.0; .NET CLR 1.1.4322; .NET CLR 3.5.30729; .NET CLR 3.0.30729; Zune 4.7)"
76.101.140.8 - - [16/Jan/2011:16:24:23 -0500] "GET /images/return_arrow.gif HTTP/1.1" 200 220 "http://www.naples-usa.com/naples-calendarofevents.htm" "Mozilla/4.0 (compatible; MSIE 8.0; Windows NT 6.0; Trident/4.0; Comcast Install 1.0; GTB6.6; SLCC1; .NET CLR 2.0.50727; Media Center PC 5.0; .NET CLR 1.1.4322; .NET CLR 3.5.30729; .NET CLR 3.0.30729; Zune 4.7)"
76.101.140.8 - - [16/Jan/2011:16:24:23 -0500] "GET /images/images/z-bird-flamingo.gif HTTP/1.1" 200 890 "http://www.naples-usa.com/naples-calendarofevents.htm" "Mozilla/4.0 (compatible; MSIE 8.0; Windows NT 6.0; Trident/4.0; Comcast Install 1.0; GTB6.6; SLCC1; .NET CLR 2.0.50727; Media Center PC 5.0; .NET CLR 1.1.4322; .NET CLR 3.5.30729; .NET CLR 3.0.30729; Zune 4.7)"
76.101.140.8 - - [16/Jan/2011:16:24:23 -0500] "GET /images/images/z-stickfamily.gif HTTP/1.1" 404 312 "http://www.naples-usa.com/naples-calendarofevents.htm" "Mozilla/4.0 (compatible; MSIE 8.0; Windows NT 6.0; Trident/4.0; Comcast Install 1.0; GTB6.6; SLCC1; .NET CLR 2.0.50727; Media Center PC 5.0; .NET CLR 1.1.4322; .NET CLR 3.5.30729; .NET CLR 3.0.30729; Zune 4.7)"
76.101.140.8 - - [16/Jan/2011:16:24:23 -0500] "GET /images/images/z-frog.jpg HTTP/1.1" 404 305 "http://www.naples-usa.com/naples-calendarofevents.htm" "Mozilla/4.0 (compatible; MSIE 8.0; Windows NT 6.0; Trident/4.0; Comcast Install 1.0; GTB6.6; SLCC1; .NET CLR 2.0.50727; Media Center PC 5.0; .NET CLR 1.1.4322; .NET CLR 3.5.30729; .NET CLR 3.0.30729; Zune 4.7)"
76.101.140.8 - - [16/Jan/2011:16:24:23 -0500] "GET /images/z-sailboat.jpg HTTP/1.1" 200 2182 "http://www.naples-usa.com/naples-calendarofevents.htm" "Mozilla/4.0 (compatible; MSIE 8.0; Windows NT 6.0; Trident/4.0; Comcast Install 1.0; GTB6.6; SLCC1; .NET CLR 2.0.50727; Media Center PC 5.0; .NET CLR 1.1.4322; .NET CLR 3.5.30729; .NET CLR 3.0.30729; Zune 4.7)"
76.101.140.8 - - [16/Jan/2011:16:24:23 -0500] "GET /images/z_shell.gif HTTP/1.1" 200 1325 "http://www.naples-usa.com/naples-calendarofevents.htm" "Mozilla/4.0 (compatible; MSIE 8.0; Windows NT 6.0; Trident/4.0; Comcast Install 1.0; GTB6.6; SLCC1; .NET CLR 2.0.50727; Media Center PC 5.0; .NET CLR 1.1.4322; .NET CLR 3.5.30729; .NET CLR 3.0.30729; Zune 4.7)"
76.101.140.8 - - [16/Jan/2011:16:24:23 -0500] "GET /images/images/z-theater.gif HTTP/1.1" 404 308 "http://www.naples-usa.com/naples-calendarofevents.htm" "Mozilla/4.0 (compatible; MSIE 8.0; Windows NT 6.0; Trident/4.0; Comcast Install 1.0; GTB6.6; SLCC1; .NET CLR 2.0.50727; Media Center PC 5.0; .NET CLR 1.1.4322; .NET CLR 3.5.30729; .NET CLR 3.0.30729; Zune 4.7)"
76.101.140.8 - - [16/Jan/2011:16:24:23 -0500] "GET /images/z_rose.gif HTTP/1.1" 200 473 "http://www.naples-usa.com/naples-calendarofevents.htm" "Mozilla/4.0 (compatible; MSIE 8.0; Windows NT 6.0; Trident/4.0; Comcast Install 1.0; GTB6.6; SLCC1; .NET CLR 2.0.50727; Media Center PC 5.0; .NET CLR 1.1.4322; .NET CLR 3.5.30729; .NET CLR 3.0.30729; Zune 4.7)"
76.101.140.8 - - [16/Jan/2011:16:24:23 -0500] "GET /images/images/z-greyhound4a.jpg HTTP/1.1" 404 312 "http://www.naples-usa.com/naples-calendarofevents.htm" "Mozilla/4.0 (compatible; MSIE 8.0; Windows NT 6.0; Trident/4.0; Comcast Install 1.0; GTB6.6; SLCC1; .NET CLR 2.0.50727; Media Center PC 5.0; .NET CLR 1.1.4322; .NET CLR 3.5.30729; .NET CLR 3.0.30729; Zune 4.7)"
76.101.140.8 - - [16/Jan/2011:16:24:23 -0500] "GET /images/images/z-trombone.gif HTTP/1.1" 404 309 "http://www.naples-usa.com/naples-calendarofevents.htm" "Mozilla/4.0 (compatible; MSIE 8.0; Windows NT 6.0; Trident/4.0; Comcast Install 1.0; GTB6.6; SLCC1; .NET CLR 2.0.50727; Media Center PC 5.0; .NET CLR 1.1.4322; .NET CLR 3.5.30729; .NET CLR 3.0.30729; Zune 4.7)"
76.101.140.8 - - [16/Jan/2011:16:24:23 -0500] "GET /images/images/z-cockatiel.gif HTTP/1.1" 404 310 "http://www.naples-usa.com/naples-calendarofevents.htm" "Mozilla/4.0 (compatible; MSIE 8.0; Windows NT 6.0; Trident/4.0; Comcast Install 1.0; GTB6.6; SLCC1; .NET CLR 2.0.50727; Media Center PC 5.0; .NET CLR 1.1.4322; .NET CLR 3.5.30729; .NET CLR 3.0.30729; Zune 4.7)"
76.101.140.8 - - [16/Jan/2011:16:24:23 -0500] "GET /images/z_teens.gif HTTP/1.1" 200 2660 "http://www.naples-usa.com/naples-calendarofevents.htm" "Mozilla/4.0 (compatible; MSIE 8.0; Windows NT 6.0; Trident/4.0; Comcast Install 1.0; GTB6.6; SLCC1; .NET CLR 2.0.50727; Media Center PC 5.0; .NET CLR 1.1.4322; .NET CLR 3.5.30729; .NET CLR 3.0.30729; Zune 4.7)"
76.101.140.8 - - [16/Jan/2011:16:24:23 -0500] "GET /images/images/z-butterfly-2.gif HTTP/1.1" 404 312 "http://www.naples-usa.com/naples-calendarofevents.htm" "Mozilla/4.0 (compatible; MSIE 8.0; Windows NT 6.0; Trident/4.0; Comcast Install 1.0; GTB6.6; SLCC1; .NET CLR 2.0.50727; Media Center PC 5.0; .NET CLR 1.1.4322; .NET CLR 3.5.30729; .NET CLR 3.0.30729; Zune 4.7)"
76.101.140.8 - - [16/Jan/2011:16:24:23 -0500] "GET /images/images/z-turtle-b.jpg HTTP/1.1" 404 309 "http://www.naples-usa.com/naples-calendarofevents.htm" "Mozilla/4.0 (compatible; MSIE 8.0; Windows NT 6.0; Trident/4.0; Comcast Install 1.0; GTB6.6; SLCC1; .NET CLR 2.0.50727; Media Center PC 5.0; .NET CLR 1.1.4322; .NET CLR 3.5.30729; .NET CLR 3.0.30729; Zune 4.7)"
76.101.140.8 - - [16/Jan/2011:16:24:23 -0500] "GET /images/z_music.gif HTTP/1.1" 200 596 "http://www.naples-usa.com/naples-calendarofevents.htm" "Mozilla/4.0 (compatible; MSIE 8.0; Windows NT 6.0; Trident/4.0; Comcast Install 1.0; GTB6.6; SLCC1; .NET CLR 2.0.50727; Media Center PC 5.0; .NET CLR 1.1.4322; .NET CLR 3.5.30729; .NET CLR 3.0.30729; Zune 4.7)"
76.101.140.8 - - [16/Jan/2011:16:24:23 -0500] "GET /images/z-bird-flamingo.gif HTTP/1.1" 200 890 "http://www.naples-usa.com/naples-calendarofevents.htm" "Mozilla/4.0 (compatible; MSIE 8.0; Windows NT 6.0; Trident/4.0; Comcast Install 1.0; GTB6.6; SLCC1; .NET CLR 2.0.50727; Media Center PC 5.0; .NET CLR 1.1.4322; .NET CLR 3.5.30729; .NET CLR 3.0.30729; Zune 4.7)"
76.101.140.8 - - [16/Jan/2011:16:24:23 -0500] "GET /images/z-butterfly-2.gif HTTP/1.1" 200 1025 "http://www.naples-usa.com/naples-calendarofevents.htm" "Mozilla/4.0 (compatible; MSIE 8.0; Windows NT 6.0; Trident/4.0; Comcast Install 1.0; GTB6.6; SLCC1; .NET CLR 2.0.50727; Media Center PC 5.0; .NET CLR 1.1.4322; .NET CLR 3.5.30729; .NET CLR 3.0.30729; Zune 4.7)"
76.101.140.8 - - [16/Jan/2011:16:24:23 -0500] "GET /images/z-fish2.jpg HTTP/1.1" 200 1142 "http://www.naples-usa.com/naples-calendarofevents.htm" "Mozilla/4.0 (compatible; MSIE 8.0; Windows NT 6.0; Trident/4.0; Comcast Install 1.0; GTB6.6; SLCC1; .NET CLR 2.0.50727; Media Center PC 5.0; .NET CLR 1.1.4322; .NET CLR 3.5.30729; .NET CLR 3.0.30729; Zune 4.7)"
76.101.140.8 - - [16/Jan/2011:16:24:23 -0500] "GET /images/z-turtle-b.jpg HTTP/1.1" 200 1124 "http://www.naples-usa.com/naples-calendarofevents.htm" "Mozilla/4.0 (compatible; MSIE 8.0; Windows NT 6.0; Trident/4.0; Comcast Install 1.0; GTB6.6; SLCC1; .NET CLR 2.0.50727; Media Center PC 5.0; .NET CLR 1.1.4322; .NET CLR 3.5.30729; .NET CLR 3.0.30729; Zune 4.7)"
76.101.140.8 - - [16/Jan/2011:16:24:23 -0500] "GET /images/z_books.gif HTTP/1.1" 200 837 "http://www.naples-usa.com/naples-calendarofevents.htm" "Mozilla/4.0 (compatible; MSIE 8.0; Windows NT 6.0; Trident/4.0; Comcast Install 1.0; GTB6.6; SLCC1; .NET CLR 2.0.50727; Media Center PC 5.0; .NET CLR 1.1.4322; .NET CLR 3.5.30729; .NET CLR 3.0.30729; Zune 4.7)"
76.101.140.8 - - [16/Jan/2011:16:24:23 -0500] "GET /images/z-frog.jpg HTTP/1.1" 200 1615 "http://www.naples-usa.com/naples-calendarofevents.htm" "Mozilla/4.0 (compatible; MSIE 8.0; Windows NT 6.0; Trident/4.0; Comcast Install 1.0; GTB6.6; SLCC1; .NET CLR 2.0.50727; Media Center PC 5.0; .NET CLR 1.1.4322; .NET CLR 3.5.30729; .NET CLR 3.0.30729; Zune 4.7)"
76.101.140.8 - - [16/Jan/2011:16:24:23 -0500] "GET /images/z-trombone.gif HTTP/1.1" 200 359 "http://www.naples-usa.com/naples-calendarofevents.htm" "Mozilla/4.0 (compatible; MSIE 8.0; Windows NT 6.0; Trident/4.0; Comcast Install 1.0; GTB6.6; SLCC1; .NET CLR 2.0.50727; Media Center PC 5.0; .NET CLR 1.1.4322; .NET CLR 3.5.30729; .NET CLR 3.0.30729; Zune 4.7)"
76.101.140.8 - - [16/Jan/2011:16:24:23 -0500] "GET /images/z-guitar.gif HTTP/1.1" 200 631 "http://www.naples-usa.com/naples-calendarofevents.htm" "Mozilla/4.0 (compatible; MSIE 8.0; Windows NT 6.0; Trident/4.0; Comcast Install 1.0; GTB6.6; SLCC1; .NET CLR 2.0.50727; Media Center PC 5.0; .NET CLR 1.1.4322; .NET CLR 3.5.30729; .NET CLR 3.0.30729; Zune 4.7)"
76.101.140.8 - - [16/Jan/2011:16:24:23 -0500] "GET /images/z-juggler.jpg HTTP/1.1" 200 1486 "http://www.naples-usa.com/naples-calendarofevents.htm" "Mozilla/4.0 (compatible; MSIE 8.0; Windows NT 6.0; Trident/4.0; Comcast Install 1.0; GTB6.6; SLCC1; .NET CLR 2.0.50727; Media Center PC 5.0; .NET CLR 1.1.4322; .NET CLR 3.5.30729; .NET CLR 3.0.30729; Zune 4.7)"
76.101.140.8 - - [16/Jan/2011:16:24:23 -0500] "GET /naples-calendarofevents.htm HTTP/1.1" 200 255135 "http://www.google.com/search?q=Monique+%2BKrist+Naples&rls=com.microsoft:en-us:IE-SearchBox&ie=UTF-8&oe=UTF-8&sourceid=ie7&rlz=1I7GGLL_en" "Mozilla/4.0 (compatible; MSIE 8.0; Windows NT 6.0; Trident/4.0; Comcast Install 1.0; GTB6.6; SLCC1; .NET CLR 2.0.50727; Media Center PC 5.0; .NET CLR 1.1.4322; .NET CLR 3.5.30729; .NET CLR 3.0.30729; Zune 4.7)"
76.101.140.8 - - [16/Jan/2011:16:24:23 -0500] "GET /images/z-couple.gif HTTP/1.1" 200 1084 "http://www.naples-usa.com/naples-calendarofevents.htm" "Mozilla/4.0 (compatible; MSIE 8.0; Windows NT 6.0; Trident/4.0; Comcast Install 1.0; GTB6.6; SLCC1; .NET CLR 2.0.50727; Media Center PC 5.0; .NET CLR 1.1.4322; .NET CLR 3.5.30729; .NET CLR 3.0.30729; Zune 4.7)"
76.101.140.8 - - [16/Jan/2011:16:24:23 -0500] "GET /images/z-drums.jpg HTTP/1.1" 200 2464 "http://www.naples-usa.com/naples-calendarofevents.htm" "Mozilla/4.0 (compatible; MSIE 8.0; Windows NT 6.0; Trident/4.0; Comcast Install 1.0; GTB6.6; SLCC1; .NET CLR 2.0.50727; Media Center PC 5.0; .NET CLR 1.1.4322; .NET CLR 3.5.30729; .NET CLR 3.0.30729; Zune 4.7)"
76.101.140.8 - - [16/Jan/2011:16:24:23 -0500] "GET /images/z_cock.gif HTTP/1.1" 200 571 "http://www.naples-usa.com/naples-calendarofevents.htm" "Mozilla/4.0 (compatible; MSIE 8.0; Windows NT 6.0; Trident/4.0; Comcast Install 1.0; GTB6.6; SLCC1; .NET CLR 2.0.50727; Media Center PC 5.0; .NET CLR 1.1.4322; .NET CLR 3.5.30729; .NET CLR 3.0.30729; Zune 4.7)"
76.101.140.8 - - [16/Jan/2011:16:24:23 -0500] "GET /images/1_cougar.jpg HTTP/1.1" 200 4514 "http://www.naples-usa.com/naples-calendarofevents.htm" "Mozilla/4.0 (compatible; MSIE 8.0; Windows NT 6.0; Trident/4.0; Comcast Install 1.0; GTB6.6; SLCC1; .NET CLR 2.0.50727; Media Center PC 5.0; .NET CLR 1.1.4322; .NET CLR 3.5.30729; .NET CLR 3.0.30729; Zune 4.7)"
76.101.140.8 - - [16/Jan/2011:16:24:23 -0500] "GET /images/z-theater.gif HTTP/1.1" 200 960 "http://www.naples-usa.com/naples-calendarofevents.htm" "Mozilla/4.0 (compatible; MSIE 8.0; Windows NT 6.0; Trident/4.0; Comcast Install 1.0; GTB6.6; SLCC1; .NET CLR 2.0.50727; Media Center PC 5.0; .NET CLR 1.1.4322; .NET CLR 3.5.30729; .NET CLR 3.0.30729; Zune 4.7)"
76.101.140.8 - - [16/Jan/2011:16:24:23 -0500] "GET /images/z_artst.gif HTTP/1.1" 200 1446 "http://www.naples-usa.com/naples-calendarofevents.htm" "Mozilla/4.0 (compatible; MSIE 8.0; Windows NT 6.0; Trident/4.0; Comcast Install 1.0; GTB6.6; SLCC1; .NET CLR 2.0.50727; Media Center PC 5.0; .NET CLR 1.1.4322; .NET CLR 3.5.30729; .NET CLR 3.0.30729; Zune 4.7)"
76.101.140.8 - - [16/Jan/2011:16:24:23 -0500] "GET /images/z_bird.gif HTTP/1.1" 200 730 "http://www.naples-usa.com/naples-calendarofevents.htm" "Mozilla/4.0 (compatible; MSIE 8.0; Windows NT 6.0; Trident/4.0; Comcast Install 1.0; GTB6.6; SLCC1; .NET CLR 2.0.50727; Media Center PC 5.0; .NET CLR 1.1.4322; .NET CLR 3.5.30729; .NET CLR 3.0.30729; Zune 4.7)"
76.101.140.8 - - [16/Jan/2011:16:24:23 -0500] "GET /favicon.ico HTTP/1.1" 404 292 "-" "Mozilla/4.0 (compatible; MSIE 8.0; Windows NT 6.0; Trident/4.0; Comcast Install 1.0; GTB6.6; SLCC1; .NET CLR 2.0.50727; Media Center PC 5.0; .NET CLR 1.1.4322; .NET CLR 3.5.30729; .NET CLR 3.0.30729; Zune 4.7)"
38.108.67.12 - - [16/Jan/2011:16:24:29 -0500] "GET /weather.htm HTTP/1.0" 404 280 "-" "SBIder/Nutch-1.0-dev (http://www.sitesell.com/sbider.html)"
38.108.67.12 - - [16/Jan/2011:16:28:45 -0500] "GET /lost-pets.htm HTTP/1.0" 404 282 "-" "SBIder/Nutch-1.0-dev (http://www.sitesell.com/sbider.html)"
98.238.66.62 - - [16/Jan/2011:16:29:20 -0500] "GET /Logos/1_df-72dpi-476x57pix-banner.jpg HTTP/1.1" 200 9733 "-" "Mozilla/4.0 (compatible; MSIE 7.0; Windows NT 5.1; Trident/4.0; GTB6.6; .NET CLR 1.1.4322)"
98.238.66.62 - - [16/Jan/2011:16:29:20 -0500] "GET /Logos/winner_250.jpg HTTP/1.1" 200 6408 "-" "Mozilla/4.0 (compatible; MSIE 7.0; Windows NT 5.1; Trident/4.0; GTB6.6; .NET CLR 1.1.4322)"
207.46.13.136 - - [16/Jan/2011:16:30:05 -0500] "GET /robots.txt HTTP/1.1" 404 291 "-" "Mozilla/5.0 (compatible; bingbot/2.0; +http://www.bing.com/bingbot.htm)"
38.108.67.12 - - [16/Jan/2011:16:33:23 -0500] "GET /blaine/naples-rentals.htm HTTP/1.0" 404 294 "-" "SBIder/Nutch-1.0-dev (http://www.sitesell.com/sbider.html)"
66.249.71.46 - - [16/Jan/2011:16:38:01 -0500] "GET /naples-arts.htm HTTP/1.1" 200 4976 "-" "Mozilla/5.0 (compatible; Googlebot/2.1; +http://www.google.com/bot.html)"
98.208.157.194 - - [16/Jan/2011:16:38:43 -0500] "GET /Logos/winner_250.jpg HTTP/1.1" 200 6408 "-" "Mozilla/5.0 (Macintosh; U; Intel Mac OS X 10_6_6; en-us) AppleWebKit/533.19.4 (KHTML, like Gecko)"
98.208.157.194 - - [16/Jan/2011:16:38:43 -0500] "GET /Logos/1_df-72dpi-476x57pix-banner.jpg HTTP/1.1" 200 9733 "-" "Mozilla/5.0 (Macintosh; U; Intel Mac OS X 10_6_6; en-us) AppleWebKit/533.19.4 (KHTML, like Gecko)"
66.249.71.46 - - [16/Jan/2011:17:12:02 -0500] "GET /naples-florida-beachesandparks.htm HTTP/1.1" 200 10582 "-" "Mozilla/5.0 (compatible; Googlebot/2.1; +http://www.google.com/bot.html)"
38.108.67.12 - - [16/Jan/2011:17:13:47 -0500] "GET /home-improvement-naples-florida.htm HTTP/1.0" 404 304 "-" "SBIder/Nutch-1.0-dev (http://www.sitesell.com/sbider.html)"
207.46.13.136 - - [16/Jan/2011:17:18:19 -0500] "GET /area-information-calendar.htm HTTP/1.1" 404 310 "-" "Mozilla/5.0 (compatible; bingbot/2.0; +http://www.bing.com/bingbot.htm)"
76.101.107.145 - - [16/Jan/2011:17:26:00 -0500] "GET /Vendors/index.html HTTP/1.1" 200 456837 "http://www.google.com/search?client=safari&rls=en&q=dr.+patel+retina+eye+specialist+bonita+springs+w.terry&ie=UTF-8&oe=UTF-8" "Mozilla/5.0 (Macintosh; U; Intel Mac OS X 10_5_8; en-us) AppleWebKit/531.22.7 (KHTML, like Gecko) Version/4.0.5 Safari/531.22.7"
76.101.107.145 - - [16/Jan/2011:17:26:01 -0500] "GET /favicon.ico HTTP/1.1" 404 292 "http://www.naples-usa.com/Vendors/index.html" "Mozilla/5.0 (Macintosh; U; Intel Mac OS X 10_5_8; en-us) AppleWebKit/531.22.7 (KHTML, like Gecko) Version/4.0.5 Safari/531.22.7"
207.46.13.98 - - [16/Jan/2011:17:33:39 -0500] "GET /robots.txt HTTP/1.1" 404 291 "-" "Mozilla/5.0 (compatible; bingbot/2.0; +http://www.bing.com/bingbot.htm)"
207.46.13.98 - - [16/Jan/2011:17:35:19 -0500] "GET /area-information-calendar.htm HTTP/1.1" 404 310 "-" "Mozilla/5.0 (compatible; bingbot/2.0; +http://www.bing.com/bingbot.htm)"
207.46.204.188 - - [16/Jan/2011:17:43:09 -0500] "GET /robots.txt HTTP/1.1" 404 291 "-" "Mozilla/5.0 (compatible; bingbot/2.0; +http://www.bing.com/bingbot.htm)"
66.249.71.46 - - [16/Jan/2011:17:45:54 -0500] "GET /holden/1065_borghese-view.jpg HTTP/1.1" 404 310 "-" "Googlebot-Image/1.0"
207.46.204.188 - - [16/Jan/2011:17:51:19 -0500] "GET /naples-florida-facts.htm HTTP/1.1" 304 - "-" "Mozilla/5.0 (compatible; bingbot/2.0; +http://www.bing.com/bingbot.htm)"
64.12.117.15 - - [16/Jan/2011:17:56:21 -0500] "GET /florida-homestead-exemption.htm HTTP/1.1" 200 14191 "http://www.google.com/url?sa=t&source=web&cd=2&ved=0CBwQFjAB&url=http%3A%2F%2Fwww.naples-usa.com%2Fflorida-homestead-exemption.htm&rct=j&q=locations%20of%20where%20to%20file%20homestead%20in%20naples%20florida&ei=jHczTYRRgseAB6LckbYL&usg=AFQjCNGedoR9wovm61FfOnSZ0hUBMHUz5g" "Mozilla/4.0 (compatible; MSIE 7.0; AOL 9.0; Windows NT 5.1; Trident/4.0)"
64.12.117.8 - - [16/Jan/2011:17:56:21 -0500] "GET /images/welcome_usa.gif HTTP/1.1" 200 7890 "http://www.naples-usa.com/florida-homestead-exemption.htm" "Mozilla/4.0 (compatible; MSIE 7.0; AOL 9.0; Windows NT 5.1; Trident/4.0)"
64.12.117.5 - - [16/Jan/2011:17:56:21 -0500] "GET /images/florida_logo.gif HTTP/1.1" 200 1024 "http://www.naples-usa.com/florida-homestead-exemption.htm" "Mozilla/4.0 (compatible; MSIE 7.0; AOL 9.0; Windows NT 5.1; Trident/4.0)"
64.12.117.74 - - [16/Jan/2011:17:56:21 -0500] "GET /images/z_spacer_20.gif HTTP/1.1" 200 56 "http://www.naples-usa.com/florida-homestead-exemption.htm" "Mozilla/4.0 (compatible; MSIE 7.0; AOL 9.0; Windows NT 5.1; Trident/4.0)"
64.12.117.77 - - [16/Jan/2011:17:56:21 -0500] "GET /transparent.gif HTTP/1.1" 200 43 "http://www.naples-usa.com/florida-homestead-exemption.htm" "Mozilla/4.0 (compatible; MSIE 7.0; AOL 9.0; Windows NT 5.1; Trident/4.0)"
67.195.111.190 - - [16/Jan/2011:17:59:17 -0500] "GET /robots.txt HTTP/1.0" 404 279 "-" "Mozilla/5.0 (compatible; Yahoo! Slurp; http://help.yahoo.com/help/us/ysearch/slurp)"
67.195.111.190 - - [16/Jan/2011:17:59:17 -0500] "GET /TheProcacciGroup/rentals2-old-b.htm HTTP/1.0" 404 304 "-" "Mozilla/5.0 (compatible; Yahoo! Slurp; http://help.yahoo.com/help/us/ysearch/slurp)"
67.195.111.190 - - [16/Jan/2011:18:00:16 -0500] "GET /carrier.htm HTTP/1.0" 404 280 "-" "Mozilla/5.0 (compatible; Yahoo! Slurp; http://help.yahoo.com/help/us/ysearch/slurp)"
95.108.158.234 - - [16/Jan/2011:18:25:27 -0500] "GET /robots.txt HTTP/1.1" 404 291 "-" "Mozilla/5.0 (compatible; YandexImages/3.0; +http://yandex.com/bots)"
38.108.67.12 - - [16/Jan/2011:18:38:38 -0500] "GET /tennis.htm HTTP/1.0" 404 279 "-" "SBIder/Nutch-1.0-dev (http://www.sitesell.com/sbider.html)"
38.108.67.12 - - [16/Jan/2011:18:44:18 -0500] "GET /naples-tennis-public.htm HTTP/1.0" 404 293 "-" "SBIder/Nutch-1.0-dev (http://www.sitesell.com/sbider.html)"
67.195.111.190 - - [16/Jan/2011:18:47:32 -0500] "GET /history.htm HTTP/1.0" 404 280 "-" "Mozilla/5.0 (compatible; Yahoo! Slurp; http://help.yahoo.com/help/us/ysearch/slurp)"
69.143.188.223 - - [16/Jan/2011:18:47:46 -0500] "GET /lost-birds.htm HTTP/1.1" 200 39667 "http://www.google.com/url?sa=t&source=web&cd=9&ved=0CDgQFjAI&url=http%3A%2F%2Fwww.naples-usa.com%2Flost-birds.htm&rct=j&q=michelle%20305-926-0670&ei=VIMzTZT_GIOB8gaJq6GKCQ&usg=AFQjCNEuTt3kb2_66X_f8PYbiIhYjevTMw" "Mozilla/4.0 (compatible; MSIE 8.0; Windows NT 6.0; Trident/4.0; SLCC1; .NET CLR 2.0.50727; Media Center PC 5.0; .NET CLR 3.5.30729; .NET CLR 3.0.30729; .NET4.0C)"
69.143.188.223 - - [16/Jan/2011:18:47:46 -0500] "GET /favicon.ico HTTP/1.1" 404 292 "-" "Mozilla/4.0 (compatible; MSIE 8.0; Windows NT 6.0; Trident/4.0; SLCC1; .NET CLR 2.0.50727; Media Center PC 5.0; .NET CLR 3.5.30729; .NET CLR 3.0.30729; .NET4.0C)"
207.46.13.142 - - [16/Jan/2011:19:05:16 -0500] "GET /robots.txt HTTP/1.1" 404 291 "-" "Mozilla/5.0 (compatible; bingbot/2.0; +http://www.bing.com/bingbot.htm)"
123.125.71.104 - - [16/Jan/2011:19:05:28 -0500] "GET / HTTP/1.1" 304 - "-" "Baiduspider+(+http://www.baidu.com/search/spider.htm)"
67.195.111.190 - - [16/Jan/2011:19:08:03 -0500] "GET /TheProcacciGroup/28491_altessa-living.jpg.LCK HTTP/1.0" 404 314 "-" "Mozilla/5.0 (compatible; Yahoo! Slurp; http://help.yahoo.com/help/us/ysearch/slurp)"
66.249.71.46 - - [16/Jan/2011:19:15:36 -0500] "GET /images/slider.gif HTTP/1.1" 200 3503 "-" "Googlebot-Image/1.0"
66.249.71.46 - - [16/Jan/2011:19:15:37 -0500] "GET /images/bike.gif HTTP/1.1" 200 4731 "-" "Googlebot-Image/1.0"
66.249.71.46 - - [16/Jan/2011:19:15:37 -0500] "GET /images/shellis.gif HTTP/1.1" 200 1331 "-" "Googlebot-Image/1.0"
66.249.71.46 - - [16/Jan/2011:19:15:38 -0500] "GET /images/kids.gif HTTP/1.1" 200 3769 "-" "Googlebot-Image/1.0"
66.249.71.46 - - [16/Jan/2011:19:15:38 -0500] "GET /images/swimming.gif HTTP/1.1" 200 4871 "-" "Googlebot-Image/1.0"
207.46.13.142 - - [16/Jan/2011:19:15:49 -0500] "GET /walsh.htm HTTP/1.1" 404 290 "-" "Mozilla/5.0 (compatible; bingbot/2.0; +http://www.bing.com/bingbot.htm)"
184.57.150.32 - - [16/Jan/2011:19:16:50 -0500] "GET /Vendors/?N=A HTTP/1.1" 200 456837 "http://search.yahoo.com/search;_ylt=AuWFqEZ3ivwzNH62iggX7JGbvZx4?p=Jaree+O%27connor&toggle=1&cop=mss&ei=UTF-8&fr=yfp-t-348" "Mozilla/4.0 (compatible; MSIE 8.0; Windows NT 5.1; Trident/4.0; GTB6.6)"
184.57.150.32 - - [16/Jan/2011:19:16:51 -0500] "GET /favicon.ico HTTP/1.1" 404 292 "-" "Mozilla/4.0 (compatible; MSIE 8.0; Windows NT 5.1; Trident/4.0; GTB6.6)"
124.115.0.15 - - [16/Jan/2011:19:22:08 -0500] "GET / HTTP/1.1" 200 11305 "-" "Sosospider+(+http://help.soso.com/webspider.htm)"
66.249.71.46 - - [16/Jan/2011:19:22:59 -0500] "GET /images/tennis.gif HTTP/1.1" 200 3120 "-" "Googlebot-Image/1.0"
38.108.67.12 - - [16/Jan/2011:19:26:42 -0500] "GET /history.htm HTTP/1.0" 404 280 "-" "SBIder/Nutch-1.0-dev (http://www.sitesell.com/sbider.html)"
72.73.115.85 - - [16/Jan/2011:19:30:56 -0500] "GET /Logos/1_df-72dpi-250x30pix-banner.jpg HTTP/1.1" 304 - "-" "Mozilla/4.0 (compatible; MSIE 7.0; Windows NT 6.0; Trident/4.0; SLCC1; .NET CLR 2.0.50727; Media Center PC 5.0; .NET CLR 3.5.30729; .NET CLR 3.0.30618; .NET4.0C; MSOffice 12)"
66.249.71.46 - - [16/Jan/2011:19:31:00 -0500] "GET /images/sailboat.gif HTTP/1.1" 200 3602 "-" "Googlebot-Image/1.0"
72.73.115.85 - - [16/Jan/2011:19:31:01 -0500] "GET /Logos/1_df-72dpi-250x30pix-banner.jpg HTTP/1.1" 304 - "-" "Mozilla/4.0 (compatible; MSIE 7.0; Windows NT 6.0; Trident/4.0; SLCC1; .NET CLR 2.0.50727; Media Center PC 5.0; .NET CLR 3.5.30729; .NET CLR 3.0.30618; .NET4.0C; MSOffice 12)"
67.195.111.190 - - [16/Jan/2011:19:34:19 -0500] "GET /fuller/fuller_properties2.htm HTTP/1.0" 404 298 "-" "Mozilla/5.0 (compatible; Yahoo! Slurp; http://help.yahoo.com/help/us/ysearch/slurp)"
66.249.71.46 - - [16/Jan/2011:19:39:05 -0500] "GET /images/florida_logo.gif HTTP/1.1" 200 1024 "-" "Googlebot-Image/1.0"
207.46.195.230 - - [16/Jan/2011:19:49:08 -0500] "GET /robots.txt HTTP/1.1" 404 291 "-" "Mozilla/5.0 (compatible; bingbot/2.0; +http://www.bing.com/bingbot.htm)"
38.108.67.12 - - [16/Jan/2011:19:49:11 -0500] "GET /mortgage-dictionary.htm HTTP/1.0" 404 292 "-" "SBIder/Nutch-1.0-dev (http://www.sitesell.com/sbider.html)"
207.46.195.230 - - [16/Jan/2011:19:51:20 -0500] "GET /fuller/fuller_properties2.htm HTTP/1.1" 404 310 "-" "Mozilla/5.0 (compatible; bingbot/2.0; +http://www.bing.com/bingbot.htm)"
216.80.106.195 - - [16/Jan/2011:19:58:27 -0500] "GET /Logos/1_df-72dpi-250x30pix-banner.jpg HTTP/1.1" 200 4514 "-" "Mozilla/5.0 (iPad; U; CPU OS 4_2_1 like Mac OS X; en-us) AppleWebKit/533.17.9 (KHTML, like Gecko)"
216.80.106.195 - - [16/Jan/2011:19:58:27 -0500] "GET /Logos/1_df-72dpi-250x30pix-banner.jpg HTTP/1.1" 200 4514 "-" "Mozilla/5.0 (iPad; U; CPU OS 4_2_1 like Mac OS X; en-us) AppleWebKit/533.17.9 (KHTML, like Gecko)"
216.80.106.195 - - [16/Jan/2011:19:58:33 -0500] "GET /Logos/1_df-72dpi-250x30pix-banner.jpg HTTP/1.1" 200 4514 "-" "Mozilla/5.0 (iPad; U; CPU OS 4_2_1 like Mac OS X; en-us) AppleWebKit/533.17.9 (KHTML, like Gecko)"
216.80.106.195 - - [16/Jan/2011:20:01:51 -0500] "GET /Logos/1_df-72dpi-250x30pix-banner.jpg HTTP/1.1" 200 4514 "-" "Mozilla/5.0 (iPad; U; CPU OS 4_2_1 like Mac OS X; en-us) AppleWebKit/533.17.9 (KHTML, like Gecko)"
216.80.106.195 - - [16/Jan/2011:20:01:59 -0500] "GET /Logos/1_df-72dpi-250x30pix-banner.jpg HTTP/1.1" 200 4514 "-" "Mozilla/5.0 (iPad; U; CPU OS 4_2_1 like Mac OS X; en-us) AppleWebKit/533.17.9 (KHTML, like Gecko)"
216.80.106.195 - - [16/Jan/2011:20:01:59 -0500] "GET /Logos/1_df-72dpi-250x30pix-banner.jpg HTTP/1.1" 200 4514 "-" "Mozilla/5.0 (iPad; U; CPU OS 4_2_1 like Mac OS X; en-us) AppleWebKit/533.17.9 (KHTML, like Gecko)"
95.108.150.235 - - [16/Jan/2011:20:13:21 -0500] "GET /robots.txt HTTP/1.1" 404 291 "-" "Mozilla/5.0 (compatible; YandexBot/3.0; MirrorDetector; +http://yandex.com/bots)"
95.108.150.235 - - [16/Jan/2011:20:13:22 -0500] "GET /robots.txt HTTP/1.1" 404 291 "-" "Mozilla/5.0 (compatible; YandexBot/3.0; MirrorDetector; +http://yandex.com/bots)"
95.108.150.235 - - [16/Jan/2011:20:13:22 -0500] "GET / HTTP/1.1" 200 11305 "-" "Mozilla/5.0 (compatible; YandexBot/3.0; MirrorDetector; +http://yandex.com/bots)"
95.108.150.235 - - [16/Jan/2011:20:13:22 -0500] "GET / HTTP/1.1" 200 11305 "-" "Mozilla/5.0 (compatible; YandexBot/3.0; MirrorDetector; +http://yandex.com/bots)"
95.108.150.235 - - [16/Jan/2011:20:13:23 -0500] "GET / HTTP/1.1" 200 11305 "-" "Mozilla/5.0 (compatible; YandexBot/3.0; MirrorDetector; +http://yandex.com/bots)"
95.108.150.235 - - [16/Jan/2011:20:13:23 -0500] "GET / HTTP/1.1" 200 11305 "-" "Mozilla/5.0 (compatible; YandexBot/3.0; MirrorDetector; +http://yandex.com/bots)"
72.73.115.85 - - [16/Jan/2011:20:15:13 -0500] "GET /Logos/1_df-72dpi-250x30pix-banner.jpg HTTP/1.1" 304 - "-" "Mozilla/4.0 (compatible; MSIE 7.0; Windows NT 6.0; Trident/4.0; SLCC1; .NET CLR 2.0.50727; Media Center PC 5.0; .NET CLR 3.5.30729; .NET CLR 3.0.30618; .NET4.0C; MSOffice 12)"
95.108.217.252 - - [16/Jan/2011:20:22:19 -0500] "GET /index.html HTTP/1.1" 200 11305 "-" "Mozilla/5.0 (compatible; YandexBot/3.0; +http://yandex.com/bots)"
68.36.183.179 - - [16/Jan/2011:20:32:12 -0500] "GET /naples-boatcondos.htm HTTP/1.1" 200 11908 "http://www.google.com/url?sa=t&source=web&cd=4&ved=0CCsQFjAD&url=http%3A%2F%2Fwww.naples-usa.com%2Fnaples-boatcondos.htm&rct=j&q=how%20much%20cost%20boat%20docking%20in%20naples&ei=VpszTejVMYP98AaP8PyfCQ&usg=AFQjCNHUodZwuTlwZO1UeKyq2mzDW6g2kA" "Mozilla/4.0 (compatible; MSIE 8.0; Windows NT 5.1; Trident/4.0; GTB6.6; .NET CLR 2.0.50727; .NET CLR 3.0.4506.2152; .NET CLR 3.5.30729)"
68.36.183.179 - - [16/Jan/2011:20:32:12 -0500] "GET /images/welcome_usa.gif HTTP/1.1" 200 7890 "http://www.naples-usa.com/naples-boatcondos.htm" "Mozilla/4.0 (compatible; MSIE 8.0; Windows NT 5.1; Trident/4.0; GTB6.6; .NET CLR 2.0.50727; .NET CLR 3.0.4506.2152; .NET CLR 3.5.30729)"
68.36.183.179 - - [16/Jan/2011:20:32:12 -0500] "GET /images/florida_logo.gif HTTP/1.1" 200 1024 "http://www.naples-usa.com/naples-boatcondos.htm" "Mozilla/4.0 (compatible; MSIE 8.0; Windows NT 5.1; Trident/4.0; GTB6.6; .NET CLR 2.0.50727; .NET CLR 3.0.4506.2152; .NET CLR 3.5.30729)"
68.36.183.179 - - [16/Jan/2011:20:32:12 -0500] "GET /transparent.gif HTTP/1.1" 200 43 "http://www.naples-usa.com/naples-boatcondos.htm" "Mozilla/4.0 (compatible; MSIE 8.0; Windows NT 5.1; Trident/4.0; GTB6.6; .NET CLR 2.0.50727; .NET CLR 3.0.4506.2152; .NET CLR 3.5.30729)"
68.36.183.179 - - [16/Jan/2011:20:32:12 -0500] "GET /images/fish.gif HTTP/1.1" 200 1968 "http://www.naples-usa.com/naples-boatcondos.htm" "Mozilla/4.0 (compatible; MSIE 8.0; Windows NT 5.1; Trident/4.0; GTB6.6; .NET CLR 2.0.50727; .NET CLR 3.0.4506.2152; .NET CLR 3.5.30729)"
68.36.183.179 - - [16/Jan/2011:20:32:13 -0500] "GET /favicon.ico HTTP/1.1" 404 292 "-" "Mozilla/4.0 (compatible; MSIE 8.0; Windows NT 5.1; Trident/4.0; GTB6.6; .NET CLR 2.0.50727; .NET CLR 3.0.4506.2152; .NET CLR 3.5.30729)"
76.101.1.68 - - [16/Jan/2011:20:37:32 -0500] "GET /Logos/1_df-72dpi-250x30pix-banner.jpg HTTP/1.1" 200 4514 "-" "Mozilla/5.0 (iPad; U; CPU OS 3_2_2 like Mac OS X; en-us) AppleWebKit/531.21.10 (KHTML, like Gecko)"
67.16.94.2 - - [16/Jan/2011:20:54:00 -0500] "GET /robots.txt HTTP/1.0" 404 279 "-" "Gigabot/3.0 (http://www.gigablast.com/spider.html)"
67.16.94.2 - - [16/Jan/2011:20:54:01 -0500] "GET /hotels-in-naples.htm HTTP/1.0" 200 53713 "-" "Gigabot/3.0 (http://www.gigablast.com/spider.html)"
95.108.158.234 - - [16/Jan/2011:21:08:58 -0500] "GET /transparent.gif HTTP/1.1" 304 - "-" "Mozilla/5.0 (compatible; YandexImages/3.0; +http://yandex.com/bots)"
66.249.71.46 - - [16/Jan/2011:21:10:17 -0500] "GET /florida-homestead-exemption.htm HTTP/1.1" 200 14191 "-" "Mozilla/5.0 (compatible; Googlebot/2.1; +http://www.google.com/bot.html)"
68.51.252.29 - - [16/Jan/2011:21:59:38 -0500] "GET /Logos/1_df-72dpi-250x30pix-banner.jpg HTTP/1.1" 200 4514 "-" "Mozilla/5.0 (Macintosh; U; Intel Mac OS X 10_5_8; en-us) AppleWebKit/533.19.4 (KHTML, like Gecko)"
66.249.71.46 - - [16/Jan/2011:22:01:24 -0500] "GET /naples-boating.htm HTTP/1.1" 200 14280 "-" "Mozilla/5.0 (compatible; Googlebot/2.1; +http://www.google.com/bot.html)"
98.208.142.201 - - [16/Jan/2011:22:03:35 -0500] "GET /Logos/1_df-72dpi-250x30pix-banner.jpg HTTP/1.1" 200 4514 "http://sz0167.wc.mail.comcast.net/zimbra/mail" "Mozilla/4.0 (compatible; MSIE 7.0; Windows NT 6.0; Trident/4.0; GTB6.6; SLCC1; .NET CLR 2.0.50727; Media Center PC 5.0; .NET CLR 3.5.21022; .NET CLR 3.5.30729; .NET CLR 1.1.4322; .NET4.0C; .NET CLR 3.0.30729)"
69.139.32.167 - - [16/Jan/2011:22:06:01 -0500] "GET /Logos/1_df-72dpi-250x30pix-banner.jpg HTTP/1.1" 200 4514 "-" "Mozilla/4.0 (compatible; MSIE 7.0; Windows NT 6.1; WOW64; Trident/4.0; GTB6.6; SLCC2; .NET CLR 2.0.50727; .NET CLR 3.5.30729; .NET CLR 3.0.30729; Media Center PC 6.0; .NET4.0C; MSOffice 12)"
166.137.8.124 - - [16/Jan/2011:22:12:26 -0500] "GET /Logos/1_df-72dpi-250x30pix-banner.jpg HTTP/1.1" 200 4514 "-" "Mozilla/5.0 (iPhone; U; CPU iPhone OS 4_2_1 like Mac OS X; en-us) AppleWebKit/533.17.9 (KHTML, like Gecko)"
98.238.51.125 - - [16/Jan/2011:22:18:18 -0500] "GET /Logos/1_df-72dpi-250x30pix-banner.jpg HTTP/1.1" 200 4514 "http://webmail.earthlink.net/wam/msg.jsp?msgid=14404&folder=INBOX&isSeen=false&x=-1543131566" "Mozilla/4.0 (compatible; MSIE 8.0; Windows NT 6.0; WOW64; Trident/4.0; GTB6.6; SLCC1; .NET CLR 2.0.50727; Media Center PC 5.0; .NET CLR 3.5.21022; .NET CLR 3.5.30729; .NET4.0C; .NET CLR 3.0.30729)"
67.195.111.190 - - [16/Jan/2011:22:20:22 -0500] "GET /sloboda.htm HTTP/1.0" 404 280 "-" "Mozilla/5.0 (compatible; Yahoo! Slurp; http://help.yahoo.com/help/us/ysearch/slurp)"
166.137.10.173 - - [16/Jan/2011:22:22:44 -0500] "GET /Logos/1_df-72dpi-250x30pix-banner.jpg HTTP/1.1" 200 4514 "-" "Mozilla/5.0 (iPhone; U; CPU iPhone OS 4_2_1 like Mac OS X; en-us) AppleWebKit/533.17.9 (KHTML, like Gecko)"
67.195.111.190 - - [16/Jan/2011:22:23:45 -0500] "GET /TheProcacciGroup/naplesfloridarentals2b.htm HTTP/1.0" 404 312 "-" "Mozilla/5.0 (compatible; Yahoo! Slurp; http://help.yahoo.com/help/us/ysearch/slurp)"
184.210.34.213 - - [16/Jan/2011:22:25:20 -0500] "GET /Logos/1_df-72dpi-250x30pix-banner.jpg HTTP/1.1" 200 4514 "-" "Mozilla/5.0 (Linux; U; Android 2.2; en-us; PC36100 Build/FRF91) AppleWebKit/533.1 (KHTML, like Gecko) Version/4.0 Mobile Safari/533.1"
69.247.42.26 - - [16/Jan/2011:22:26:53 -0500] "GET /Logos/1_df-72dpi-250x30pix-banner.jpg HTTP/1.1" 200 4514 "-" "Mozilla/4.0 (compatible; MSIE 7.0; Windows NT 6.1; WOW64; Trident/4.0; SLCC2; .NET CLR 2.0.50727; .NET CLR 3.5.30729; .NET CLR 3.0.30729; Media Center PC 6.0; MDDC; .NET4.0C; MSOffice 12)"
98.238.79.197 - - [16/Jan/2011:22:27:14 -0500] "GET /Logos/1_df-72dpi-250x30pix-banner.jpg HTTP/1.1" 200 4514 "-" "Mozilla/5.0 (Macintosh; U; Intel Mac OS X 10_6_6; en-us) AppleWebKit/533.19.4 (KHTML, like Gecko)"
98.238.66.60 - - [16/Jan/2011:22:29:47 -0500] "GET /Logos/1_df-72dpi-250x30pix-banner.jpg HTTP/1.1" 200 4514 "-" "Mozilla/4.0 (compatible; MSIE 7.0; Windows NT 6.1; WOW64; Trident/4.0; GTB6.6; SLCC2; .NET CLR 2.0.50727; .NET CLR 3.5.30729; .NET CLR 3.0.30729; Media Center PC 6.0; HPNTDF; .NET4.0C; .NET CLR 1.1.4322; AskTbARS/5.9.1.14019; MSOffice 12)"
98.238.127.38 - - [16/Jan/2011:22:31:03 -0500] "GET /Logos/1_df-72dpi-250x30pix-banner.jpg HTTP/1.1" 200 4514 "-" "Mozilla/5.0 (iPad; U; CPU OS 4_2_1 like Mac OS X; en-us) AppleWebKit/533.17.9 (KHTML, like Gecko)"
207.46.195.241 - - [16/Jan/2011:22:33:33 -0500] "GET /robots.txt HTTP/1.1" 404 291 "-" "Mozilla/5.0 (compatible; bingbot/2.0; +http://www.bing.com/bingbot.htm)"
67.195.111.190 - - [16/Jan/2011:22:33:45 -0500] "GET /TheProcacciGroup/?M=D HTTP/1.0" 404 286 "-" "Mozilla/5.0 (compatible; Yahoo! Slurp; http://help.yahoo.com/help/us/ysearch/slurp)"
71.54.11.248 - - [16/Jan/2011:22:36:30 -0500] "GET /Logos/1_df-72dpi-250x30pix-banner.jpg HTTP/1.1" 200 4514 "-" "Mozilla/4.0 (compatible; MSIE 7.0; Windows NT 6.1; WOW64; Trident/4.0; SLCC2; .NET CLR 2.0.50727; .NET CLR 3.5.30729; .NET CLR 3.0.30729; Media Center PC 6.0; MDDC; .NET4.0C; MS-RTC LM 8; ms-office; MSOffice 14)"
207.46.195.241 - - [16/Jan/2011:22:38:20 -0500] "GET / HTTP/1.1" 304 - "-" "Mozilla/5.0 (compatible; bingbot/2.0; +http://www.bing.com/bingbot.htm)"
67.195.111.190 - - [16/Jan/2011:22:40:43 -0500] "GET /communities.htm HTTP/1.0" 404 284 "-" "Mozilla/5.0 (compatible; Yahoo! Slurp; http://help.yahoo.com/help/us/ysearch/slurp)"
76.101.228.40 - - [16/Jan/2011:22:51:27 -0500] "GET /Logos/1_df-72dpi-250x30pix-banner.jpg HTTP/1.1" 200 4514 "-" "Mozilla/5.0 (Macintosh; U; Intel Mac OS X 10_6_6; en-us) AppleWebKit/533.19.4 (KHTML, like Gecko)"
75.202.131.205 - - [16/Jan/2011:22:59:51 -0500] "GET /Logos/1_df-72dpi-250x30pix-banner.jpg HTTP/1.1" 200 4514 "http://us.mg2.mail.yahoo.com/dc/launch?.gx=1&.rand=2ge9tn1lvu18c" "Mozilla/4.0 (compatible; MSIE 8.0; Windows NT 6.1; WOW64; Trident/4.0; GTB6.6; SLCC2; .NET CLR 2.0.50727; .NET CLR 3.5.30729; .NET CLR 3.0.30729; Media Center PC 6.0; CPNTDF)"
98.208.189.12 - - [16/Jan/2011:23:00:04 -0500] "GET /Logos/1_df-72dpi-250x30pix-banner.jpg HTTP/1.1" 200 4514 "-" "Mozilla/5.0 (iPhone; U; CPU iPhone OS 4_2_1 like Mac OS X; en-us) AppleWebKit/533.17.9 (KHTML, like Gecko)"
98.208.184.186 - - [16/Jan/2011:23:02:38 -0500] "GET /Logos/1_df-72dpi-250x30pix-banner.jpg HTTP/1.1" 200 4514 "-" "Mozilla/4.0 (compatible; MSIE 7.0; Windows NT 6.1; WOW64; Trident/4.0; GTB6.6; .NET CLR 2.0.50727; .NET CLR 3.0.30729; .NET CLR 3.5.30729; .NET4.0C; Media Center PC 6.0; SLCC2; ms-office; MSOffice 14)"
