67.195.112.50 - - [27/Dec/2010:17:15:22 -0500] "GET /zettel/properties2.htm HTTP/1.0" 404 291 "-" "Mozilla/5.0 (compatible; Yahoo! Slurp; http://help.yahoo.com/help/us/ysearch/slurp)"
88.131.106.2 - - [27/Dec/2010:17:16:58 -0500] "GET /robots.txt HTTP/1.0" 404 279 "-" "Mozilla/5.0 (Windows; U; Windows NT 5.1; en-US) Speedy Spider (http://www.entireweb.com/about/search_tech/speedy_spider/)"
88.131.106.4 - - [27/Dec/2010:17:16:59 -0500] "GET /greenstein/naples-florida-properties1.htm HTTP/1.0" 404 310 "-" "Mozilla/5.0 (Windows; U; Windows NT 5.1; en-US) Speedy Spider (http://www.entireweb.com/about/search_tech/speedy_spider/)"
67.195.112.50 - - [27/Dec/2010:17:23:51 -0500] "GET /TheProcacciGroup/975_sand-dining.jpg.LCK HTTP/1.0" 404 309 "-" "Mozilla/5.0 (compatible; Yahoo! Slurp; http://help.yahoo.com/help/us/ysearch/slurp)"
96.22.8.225 - - [27/Dec/2010:17:28:09 -0500] "GET /images/1_naples%20florida%20real%20estate_index.jpg HTTP/1.1" 200 24287 "http://www.google.ca/imgres?imgurl=http://www.naples-usa.com/images/1_naples%2520florida%2520real%2520estate_index.jpg&imgrefurl=http://www.dolphinworld.net/wordpress/2008/02/19/naples-florida-dolphin-swim-tour/&usg=__qADXQoSKXq32YdNCGsSumn4G-8c=&h=256&w=375&sz=24&hl=fr&start=0&zoom=1&tbnid=xiSSaf0OQrPq8M:&tbnh=133&tbnw=200&prev=/images%3Fq%3DNaples,%2BFloride,%2B%25C3%2589tats-Unis%26hl%3Dfr%26sa%3DN%26biw%3D1362%26bih%3D560%26tbs%3Disch:1&itbs=1&iact=hc&vpx=130&vpy=225&dur=16&hovh=185&hovw=272&tx=122&ty=102&ei=8BAZTZTXDcX_lgfE_9W7Cw&oei=8BAZTZTXDcX_lgfE_9W7Cw&esq=1&page=1&ndsp=18&ved=1t:429,r:6,s:0" "Mozilla/4.0 (compatible; MSIE 8.0; Windows NT 6.1; Trident/4.0; GTB6.6; SLCC2; .NET CLR 2.0.50727; .NET CLR 3.5.30729; .NET CLR 3.0.30729; Media Center PC 6.0; VER#X9#80837684486745484870484850; OfficeLiveConnector.1.5; OfficeLivePatch.1.3; .NET4.0C)"
67.195.112.50 - - [27/Dec/2010:17:33:27 -0500] "GET /reports_for-buyers.htm HTTP/1.0" 404 291 "-" "Mozilla/5.0 (compatible; Yahoo! Slurp; http://help.yahoo.com/help/us/ysearch/slurp)"
71.3.67.81 - - [27/Dec/2010:17:33:51 -0500] "GET /dynamic_styles.css HTTP/1.1" 404 299 "http://www.naples-usa.com/calendar-clubs-and-orgs.htm" "Mozilla/5.0 (Macintosh; U; Intel Mac OS X 10_6_5; en-us) AppleWebKit/533.19.4 (KHTML, like Gecko) Version/5.0.3 Safari/533.19.4"
71.3.67.81 - - [27/Dec/2010:17:33:51 -0500] "GET /images/spacer.gif HTTP/1.1" 200 43 "http://www.naples-usa.com/calendar-clubs-and-orgs.htm" "Mozilla/5.0 (Macintosh; U; Intel Mac OS X 10_6_5; en-us) AppleWebKit/533.19.4 (KHTML, like Gecko) Version/5.0.3 Safari/533.19.4"
71.3.67.81 - - [27/Dec/2010:17:33:51 -0500] "GET /design_styles.css HTTP/1.1" 404 298 "http://www.naples-usa.com/calendar-clubs-and-orgs.htm" "Mozilla/5.0 (Macintosh; U; Intel Mac OS X 10_6_5; en-us) AppleWebKit/533.19.4 (KHTML, like Gecko) Version/5.0.3 Safari/533.19.4"
71.3.67.81 - - [27/Dec/2010:17:33:51 -0500] "GET /calendar-clubs-and-orgs.htm HTTP/1.1" 200 27411 "http://www.google.com/search?client=safari&rls=en&q=singles+clubs+55+naples+dancers&ie=UTF-8&oe=UTF-8" "Mozilla/5.0 (Macintosh; U; Intel Mac OS X 10_6_5; en-us) AppleWebKit/533.19.4 (KHTML, like Gecko) Version/5.0.3 Safari/533.19.4"
71.3.67.81 - - [27/Dec/2010:17:33:51 -0500] "GET /javascripts/address.js HTTP/1.1" 404 303 "http://www.naples-usa.com/calendar-clubs-and-orgs.htm" "Mozilla/5.0 (Macintosh; U; Intel Mac OS X 10_6_5; en-us) AppleWebKit/533.19.4 (KHTML, like Gecko) Version/5.0.3 Safari/533.19.4"
71.3.67.81 - - [27/Dec/2010:17:33:51 -0500] "GET /favicon.ico HTTP/1.1" 404 292 "http://www.naples-usa.com/calendar-clubs-and-orgs.htm" "Mozilla/5.0 (Macintosh; U; Intel Mac OS X 10_6_5; en-us) AppleWebKit/533.19.4 (KHTML, like Gecko) Version/5.0.3 Safari/533.19.4"
76.5.27.123 - - [27/Dec/2010:17:34:50 -0500] "GET /florida-homestead-exemption.htm HTTP/1.1" 200 14191 "http://www.google.com/search?source=ig&hl=en&rlz=1G1SNNT_ENUS398&q=www.homestead+exemption+naples+florida&btnG=Google+Search&aq=f&oq=" "Mozilla/5.0 (Windows; U; Windows NT 6.1; en-US) AppleWebKit/534.10 (KHTML, like Gecko) Chrome/8.0.552.224 Safari/534.10"
76.5.27.123 - - [27/Dec/2010:17:34:50 -0500] "GET /images/welcome_usa.gif HTTP/1.1" 200 7890 "http://www.naples-usa.com/florida-homestead-exemption.htm" "Mozilla/5.0 (Windows; U; Windows NT 6.1; en-US) AppleWebKit/534.10 (KHTML, like Gecko) Chrome/8.0.552.224 Safari/534.10"
76.5.27.123 - - [27/Dec/2010:17:34:50 -0500] "GET /images/florida_logo.gif HTTP/1.1" 200 1024 "http://www.naples-usa.com/florida-homestead-exemption.htm" "Mozilla/5.0 (Windows; U; Windows NT 6.1; en-US) AppleWebKit/534.10 (KHTML, like Gecko) Chrome/8.0.552.224 Safari/534.10"
76.5.27.123 - - [27/Dec/2010:17:34:50 -0500] "GET /images/z_spacer_20.gif HTTP/1.1" 200 56 "http://www.naples-usa.com/florida-homestead-exemption.htm" "Mozilla/5.0 (Windows; U; Windows NT 6.1; en-US) AppleWebKit/534.10 (KHTML, like Gecko) Chrome/8.0.552.224 Safari/534.10"
76.5.27.123 - - [27/Dec/2010:17:34:50 -0500] "GET /transparent.gif HTTP/1.1" 200 43 "http://www.naples-usa.com/florida-homestead-exemption.htm" "Mozilla/5.0 (Windows; U; Windows NT 6.1; en-US) AppleWebKit/534.10 (KHTML, like Gecko) Chrome/8.0.552.224 Safari/534.10"
76.5.27.123 - - [27/Dec/2010:17:34:50 -0500] "GET /favicon.ico HTTP/1.1" 404 292 "-" "Mozilla/5.0 (Windows; U; Windows NT 6.1; en-US) AppleWebKit/534.10 (KHTML, like Gecko) Chrome/8.0.552.224 Safari/534.10"
207.46.13.53 - - [27/Dec/2010:17:43:22 -0500] "GET /robots.txt HTTP/1.1" 404 291 "-" "Mozilla/5.0 (compatible; bingbot/2.0; +http://www.bing.com/bingbot.htm)"
207.46.13.53 - - [27/Dec/2010:17:49:26 -0500] "GET /naples-boatdocks.htm HTTP/1.1" 304 - "-" "Mozilla/5.0 (compatible; bingbot/2.0; +http://www.bing.com/bingbot.htm)"
69.247.248.109 - - [27/Dec/2010:17:50:35 -0500] "GET /images/1_naples%20florida%20real%20estate_index.jpg HTTP/1.1" 200 24287 "http://www.google.com/imgres?imgurl=http://www.naples-usa.com/images/1_naples%2520florida%2520real%2520estate_index.jpg&imgrefurl=http://www.dolphinworld.net/wordpress/2008/02/19/naples-florida-dolphin-swim-tour/&usg=__qADXQoSKXq32YdNCGsSumn4G-8c=&h=256&w=375&sz=24&hl=en&start=0&zoom=1&tbnid=xiSSaf0OQrPq8M:&tbnh=146&tbnw=202&prev=/images%3Fq%3Dnaples%2Bflorida%26um%3D1%26hl%3Den%26client%3Dsafari%26rls%3Den%26biw%3D1267%26bih%3D643%26tbs%3Disch:1&um=1&itbs=1&iact=hc&vpx=341&vpy=291&dur=143&hovh=185&hovw=272&tx=126&ty=132&ei=_xUZTYuRL8OC8gbQmtiJCg&oei=_xUZTYuRL8OC8gbQmtiJCg&esq=1&page=1&ndsp=15&ved=1t:429,r:6,s:0" "Mozilla/5.0 (Macintosh; U; Intel Mac OS X 10_5_8; en-us) AppleWebKit/531.9 (KHTML, like Gecko) Version/4.0.3 Safari/531.9"
95.108.217.252 - - [27/Dec/2010:17:53:33 -0500] "GET /index.html HTTP/1.1" 200 11305 "-" "Mozilla/5.0 (compatible; YandexBot/3.0; +http://yandex.com/bots)"
173.14.80.62 - - [27/Dec/2010:18:02:32 -0500] "GET /Vendors/ HTTP/1.1" 200 456837 "-" "Mozilla/4.0 (compatible; MSIE 8.0; Windows NT 5.1; Trident/4.0; FunWebProducts; GTB6.6; .NET CLR 1.1.4322; ZangoToolbar 4.8.3; .NET CLR 2.0.50727; .NET CLR 3.0.4506.2152; .NET CLR 3.5.30729)"
173.14.80.62 - - [27/Dec/2010:18:02:32 -0500] "GET /favicon.ico HTTP/1.1" 404 292 "-" "Mozilla/4.0 (compatible; MSIE 8.0; Windows NT 5.1; Trident/4.0; FunWebProducts; GTB6.6; .NET CLR 1.1.4322; ZangoToolbar 4.8.3; .NET CLR 2.0.50727; .NET CLR 3.0.4506.2152; .NET CLR 3.5.30729)"
67.195.112.50 - - [27/Dec/2010:18:07:27 -0500] "GET /beatty/?S=A HTTP/1.0" 404 276 "-" "Mozilla/5.0 (compatible; Yahoo! Slurp; http://help.yahoo.com/help/us/ysearch/slurp)"
65.52.108.14 - - [27/Dec/2010:18:24:56 -0500] "GET /area-information-calendar.htm HTTP/1.1" 404 310 "-" "Mozilla/5.0 (compatible; bingbot/2.0; +http://www.bing.com/bingbot.htm)"
70.88.34.154 - - [27/Dec/2010:18:25:01 -0500] "GET /Logos/1_df-72dpi-250x30pix-banner.jpg HTTP/1.1" 200 4514 "-" "Mozilla/4.0 (compatible; MSIE 7.0; Windows NT 6.1; Trident/4.0; SLCC2; .NET CLR 2.0.50727; .NET CLR 3.5.30729; .NET CLR 3.0.30729; Media Center PC 6.0; .NET4.0C; OfficeLiveConnector.1.5; OfficeLivePatch.1.3; .NET CLR 1.1.4322; InfoPath.3; ms-office; MSOffice 14)"
207.46.204.100 - - [27/Dec/2010:18:55:42 -0500] "GET / HTTP/1.1" 200 11305 "-" "Mozilla/4.0 (compatible; MSIE 8.0; Windows NT 6.1; Trident/4.0; GTB6.6; SLCC2; .NET CLR 2.0.50727; .NET CLR 3.5.30729; .NET CLR 3.0.30729; Media Center PC 6.0; .NET4.0C)"
12.187.227.130 - - [27/Dec/2010:18:55:45 -0500] "GET /images/border%20naples.gif HTTP/1.1" 200 358 "http://207.46.192.232/proxy.ashx?a=http%3A%2F%2Fnaples-usa.com%2F" "Mozilla/4.0 (compatible; MSIE 8.0; Windows NT 6.1; Trident/4.0; GTB6.6; SLCC2; .NET CLR 2.0.50727; .NET CLR 3.5.30729; .NET CLR 3.0.30729; Media Center PC 6.0; .NET4.0C)"
12.187.227.130 - - [27/Dec/2010:18:55:45 -0500] "GET /naples-usa.css HTTP/1.1" 200 714 "http://207.46.192.232/proxy.ashx?a=http%3A%2F%2Fnaples-usa.com%2F" "Mozilla/4.0 (compatible; MSIE 8.0; Windows NT 6.1; Trident/4.0; GTB6.6; SLCC2; .NET CLR 2.0.50727; .NET CLR 3.5.30729; .NET CLR 3.0.30729; Media Center PC 6.0; .NET4.0C)"
12.187.227.130 - - [27/Dec/2010:18:55:45 -0500] "GET /images/welcome_usa.gif HTTP/1.1" 200 7890 "http://207.46.192.232/proxy.ashx?a=http%3A%2F%2Fnaples-usa.com%2F" "Mozilla/4.0 (compatible; MSIE 8.0; Windows NT 6.1; Trident/4.0; GTB6.6; SLCC2; .NET CLR 2.0.50727; .NET CLR 3.5.30729; .NET CLR 3.0.30729; Media Center PC 6.0; .NET4.0C)"
12.187.227.130 - - [27/Dec/2010:18:55:45 -0500] "GET /images/A-INDE~1.jpg HTTP/1.1" 200 23069 "http://207.46.192.232/proxy.ashx?a=http%3A%2F%2Fnaples-usa.com%2F" "Mozilla/4.0 (compatible; MSIE 8.0; Windows NT 6.1; Trident/4.0; GTB6.6; SLCC2; .NET CLR 2.0.50727; .NET CLR 3.5.30729; .NET CLR 3.0.30729; Media Center PC 6.0; .NET4.0C)"
124.115.0.156 - - [27/Dec/2010:18:56:38 -0500] "GET / HTTP/1.1" 200 11305 "-" "Sosospider+(+http://help.soso.com/webspider.htm)"
207.46.204.96 - - [27/Dec/2010:18:56:56 -0500] "GET /hotels-in-naples.htm HTTP/1.1" 200 53713 "-" "Mozilla/4.0 (compatible; MSIE 8.0; Windows NT 6.1; Trident/4.0; GTB6.6; SLCC2; .NET CLR 2.0.50727; .NET CLR 3.5.30729; .NET CLR 3.0.30729; Media Center PC 6.0; .NET4.0C)"
81.149.13.26 - - [27/Dec/2010:18:57:31 -0500] "GET /robots.txt HTTP/1.1" 404 291 "-" "Mozilla/5.0 (compatible; MojeekBot/0.2; http://www.mojeek.com/bot.html#relaunch)"
81.149.13.26 - - [27/Dec/2010:18:57:32 -0500] "GET /area-information-calendar.htm HTTP/1.1" 404 310 "-" "Mozilla/5.0 (compatible; MojeekBot/0.2; http://www.mojeek.com/bot.html#relaunch)"
207.46.204.96 - - [27/Dec/2010:18:57:41 -0500] "GET / HTTP/1.1" 200 11305 "-" "Mozilla/4.0 (compatible; MSIE 8.0; Windows NT 6.1; Trident/4.0; GTB6.6; SLCC2; .NET CLR 2.0.50727; .NET CLR 3.5.30729; .NET CLR 3.0.30729; Media Center PC 6.0; .NET4.0C)"
207.46.204.96 - - [27/Dec/2010:18:57:42 -0500] "GET / HTTP/1.1" 200 11305 "-" "Mozilla/4.0 (compatible; MSIE 8.0; Windows NT 6.1; Trident/4.0; GTB6.6; SLCC2; .NET CLR 2.0.50727; .NET CLR 3.5.30729; .NET CLR 3.0.30729; Media Center PC 6.0; .NET4.0C)"
81.149.13.26 - - [27/Dec/2010:18:57:42 -0500] "GET /naples-calendarofevents.htm HTTP/1.1" 200 255135 "-" "Mozilla/5.0 (compatible; MojeekBot/0.2; http://www.mojeek.com/bot.html#relaunch)"
81.149.13.26 - - [27/Dec/2010:18:57:48 -0500] "GET /naples-florida-facts.htm HTTP/1.1" 200 12073 "-" "Mozilla/5.0 (compatible; MojeekBot/0.2; http://www.mojeek.com/bot.html#relaunch)"
207.46.204.53 - - [27/Dec/2010:18:57:49 -0500] "GET /naples-florida-facts.htm HTTP/1.1" 200 12073 "-" "Mozilla/4.0 (compatible; MSIE 8.0; Windows NT 6.1; Trident/4.0; GTB6.6; SLCC2; .NET CLR 2.0.50727; .NET CLR 3.5.30729; .NET CLR 3.0.30729; Media Center PC 6.0; .NET4.0C)"
12.187.227.130 - - [27/Dec/2010:18:57:50 -0500] "GET /images/1_pier.jpg HTTP/1.1" 200 1278 "http://207.46.192.232/proxy.ashx?a=http%3A%2F%2Fnaples-usa.com%2Fnaples-florida-facts.htm" "Mozilla/4.0 (compatible; MSIE 8.0; Windows NT 6.1; Trident/4.0; GTB6.6; SLCC2; .NET CLR 2.0.50727; .NET CLR 3.5.30729; .NET CLR 3.0.30729; Media Center PC 6.0; .NET4.0C)"
12.187.227.130 - - [27/Dec/2010:18:57:50 -0500] "GET /images/1_boats.jpg HTTP/1.1" 200 1755 "http://207.46.192.232/proxy.ashx?a=http%3A%2F%2Fnaples-usa.com%2Fnaples-florida-facts.htm" "Mozilla/4.0 (compatible; MSIE 8.0; Windows NT 6.1; Trident/4.0; GTB6.6; SLCC2; .NET CLR 2.0.50727; .NET CLR 3.5.30729; .NET CLR 3.0.30729; Media Center PC 6.0; .NET4.0C)"
12.187.227.130 - - [27/Dec/2010:18:57:50 -0500] "GET /images/1-venetian.jpg HTTP/1.1" 200 1768 "http://207.46.192.232/proxy.ashx?a=http%3A%2F%2Fnaples-usa.com%2Fnaples-florida-facts.htm" "Mozilla/4.0 (compatible; MSIE 8.0; Windows NT 6.1; Trident/4.0; GTB6.6; SLCC2; .NET CLR 2.0.50727; .NET CLR 3.5.30729; .NET CLR 3.0.30729; Media Center PC 6.0; .NET4.0C)"
12.187.227.130 - - [27/Dec/2010:18:57:50 -0500] "GET /images/1_beach_108.jpg HTTP/1.1" 200 1681 "http://207.46.192.232/proxy.ashx?a=http%3A%2F%2Fnaples-usa.com%2Fnaples-florida-facts.htm" "Mozilla/4.0 (compatible; MSIE 8.0; Windows NT 6.1; Trident/4.0; GTB6.6; SLCC2; .NET CLR 2.0.50727; .NET CLR 3.5.30729; .NET CLR 3.0.30729; Media Center PC 6.0; .NET4.0C)"
81.149.13.26 - - [27/Dec/2010:18:57:56 -0500] "GET /golf.htm HTTP/1.1" 404 289 "-" "Mozilla/5.0 (compatible; MojeekBot/0.2; http://www.mojeek.com/bot.html#relaunch)"
81.149.13.26 - - [27/Dec/2010:18:58:04 -0500] "GET /naples-florida-schools.htm HTTP/1.1" 200 27490 "-" "Mozilla/5.0 (compatible; MojeekBot/0.2; http://www.mojeek.com/bot.html#relaunch)"
81.149.13.26 - - [27/Dec/2010:18:58:12 -0500] "GET /naples-florida-beachesandparks.htm HTTP/1.1" 200 10582 "-" "Mozilla/5.0 (compatible; MojeekBot/0.2; http://www.mojeek.com/bot.html#relaunch)"
81.149.13.26 - - [27/Dec/2010:18:58:20 -0500] "GET /recycling-info-naples-florida.htm HTTP/1.1" 200 13920 "-" "Mozilla/5.0 (compatible; MojeekBot/0.2; http://www.mojeek.com/bot.html#relaunch)"
81.149.13.26 - - [27/Dec/2010:18:58:28 -0500] "GET /naples-history.htm HTTP/1.1" 200 22034 "-" "Mozilla/5.0 (compatible; MojeekBot/0.2; http://www.mojeek.com/bot.html#relaunch)"
81.149.13.26 - - [27/Dec/2010:18:58:36 -0500] "GET /Naples-Florida-Important-Phone-Numbers.htm HTTP/1.1" 200 5215 "-" "Mozilla/5.0 (compatible; MojeekBot/0.2; http://www.mojeek.com/bot.html#relaunch)"
81.149.13.26 - - [27/Dec/2010:18:58:43 -0500] "GET /weather.htm HTTP/1.1" 404 292 "-" "Mozilla/5.0 (compatible; MojeekBot/0.2; http://www.mojeek.com/bot.html#relaunch)"
81.149.13.26 - - [27/Dec/2010:18:58:58 -0500] "GET /naples-weather.htm HTTP/1.1" 200 16725 "-" "Mozilla/5.0 (compatible; MojeekBot/0.2; http://www.mojeek.com/bot.html#relaunch)"
81.149.13.26 - - [27/Dec/2010:18:59:06 -0500] "GET /naples-tour.htm HTTP/1.1" 200 22351 "-" "Mozilla/5.0 (compatible; MojeekBot/0.2; http://www.mojeek.com/bot.html#relaunch)"
81.149.13.26 - - [27/Dec/2010:18:59:09 -0500] "GET /florida-homestead-exemption.htm HTTP/1.1" 200 14191 "-" "Mozilla/5.0 (compatible; MojeekBot/0.2; http://www.mojeek.com/bot.html#relaunch)"
81.149.13.26 - - [27/Dec/2010:18:59:17 -0500] "GET /naples-tennis.htm HTTP/1.1" 200 15285 "-" "Mozilla/5.0 (compatible; MojeekBot/0.2; http://www.mojeek.com/bot.html#relaunch)"
81.149.13.26 - - [27/Dec/2010:18:59:24 -0500] "GET /naples-boating.htm HTTP/1.1" 200 14280 "-" "Mozilla/5.0 (compatible; MojeekBot/0.2; http://www.mojeek.com/bot.html#relaunch)"
81.149.13.26 - - [27/Dec/2010:18:59:32 -0500] "GET /naples-boatdocks.htm HTTP/1.1" 200 14892 "-" "Mozilla/5.0 (compatible; MojeekBot/0.2; http://www.mojeek.com/bot.html#relaunch)"
81.149.13.26 - - [27/Dec/2010:18:59:40 -0500] "GET /naples-boatcondos.htm HTTP/1.1" 200 11908 "-" "Mozilla/5.0 (compatible; MojeekBot/0.2; http://www.mojeek.com/bot.html#relaunch)"
81.149.13.26 - - [27/Dec/2010:18:59:48 -0500] "GET /naples-florida-fishing.htm HTTP/1.1" 200 15147 "-" "Mozilla/5.0 (compatible; MojeekBot/0.2; http://www.mojeek.com/bot.html#relaunch)"
81.149.13.26 - - [27/Dec/2010:18:59:56 -0500] "GET /naples-arts.htm HTTP/1.1" 200 4976 "-" "Mozilla/5.0 (compatible; MojeekBot/0.2; http://www.mojeek.com/bot.html#relaunch)"
81.149.13.26 - - [27/Dec/2010:19:00:06 -0500] "GET /hotels-in-naples.htm HTTP/1.1" 200 53713 "-" "Mozilla/5.0 (compatible; MojeekBot/0.2; http://www.mojeek.com/bot.html#relaunch)"
108.17.12.122 - - [27/Dec/2010:19:07:37 -0500] "GET /naples-weather.htm HTTP/1.1" 200 16725 "http://search.yahoo.com/search?p=southwest+florida+temperatures+in+february&ei=UTF-8&fr=hp-pvnb" "Mozilla/4.0 (compatible; MSIE 8.0; Windows NT 6.0; Trident/4.0; SLCC1; .NET CLR 2.0.50727; Media Center PC 5.0; InfoPath.2; .NET CLR 3.5.30729; WinNT-PAI 26.07.2009; WinTSI 07.10.2009; .NET CLR 3.0.30729; .NET4.0C; AskTbFWV5/5.8.0.12304)"
108.17.12.122 - - [27/Dec/2010:19:07:37 -0500] "GET /images/florida_logo.gif HTTP/1.1" 200 1024 "http://naples-usa.com/naples-weather.htm" "Mozilla/4.0 (compatible; MSIE 8.0; Windows NT 6.0; Trident/4.0; SLCC1; .NET CLR 2.0.50727; Media Center PC 5.0; InfoPath.2; .NET CLR 3.5.30729; WinNT-PAI 26.07.2009; WinTSI 07.10.2009; .NET CLR 3.0.30729; .NET4.0C; AskTbFWV5/5.8.0.12304)"
108.17.12.122 - - [27/Dec/2010:19:07:37 -0500] "GET /images/welcome_usa.gif HTTP/1.1" 200 7890 "http://naples-usa.com/naples-weather.htm" "Mozilla/4.0 (compatible; MSIE 8.0; Windows NT 6.0; Trident/4.0; SLCC1; .NET CLR 2.0.50727; Media Center PC 5.0; InfoPath.2; .NET CLR 3.5.30729; WinNT-PAI 26.07.2009; WinTSI 07.10.2009; .NET CLR 3.0.30729; .NET4.0C; AskTbFWV5/5.8.0.12304)"
108.17.12.122 - - [27/Dec/2010:19:07:38 -0500] "GET /transparent.gif HTTP/1.1" 200 43 "http://naples-usa.com/naples-weather.htm" "Mozilla/4.0 (compatible; MSIE 8.0; Windows NT 6.0; Trident/4.0; SLCC1; .NET CLR 2.0.50727; Media Center PC 5.0; InfoPath.2; .NET CLR 3.5.30729; WinNT-PAI 26.07.2009; WinTSI 07.10.2009; .NET CLR 3.0.30729; .NET4.0C; AskTbFWV5/5.8.0.12304)"
108.17.12.122 - - [27/Dec/2010:19:07:38 -0500] "GET /favicon.ico HTTP/1.1" 404 292 "-" "Mozilla/4.0 (compatible; MSIE 8.0; Windows NT 6.0; Trident/4.0; SLCC1; .NET CLR 2.0.50727; Media Center PC 5.0; InfoPath.2; .NET CLR 3.5.30729; WinNT-PAI 26.07.2009; WinTSI 07.10.2009; .NET CLR 3.0.30729; .NET4.0C; AskTbFWV5/5.8.0.12304)"
67.195.112.50 - - [27/Dec/2010:19:15:38 -0500] "GET /robots.txt HTTP/1.0" 404 279 "-" "Mozilla/5.0 (compatible; Yahoo! Slurp; http://help.yahoo.com/help/us/ysearch/slurp)"
67.195.112.50 - - [27/Dec/2010:19:15:38 -0500] "GET /burgess.htm HTTP/1.0" 404 280 "-" "Mozilla/5.0 (compatible; Yahoo! Slurp; http://help.yahoo.com/help/us/ysearch/slurp)"
188.165.226.104 - - [27/Dec/2010:19:39:36 -0500] "GET /robots.txt HTTP/1.0" 404 279 "-" "Mozilla/5.0 (compatible; MJ12bot/v1.3.3; http://www.majestic12.co.uk/bot.php?+)"
188.165.226.104 - - [27/Dec/2010:19:39:37 -0500] "GET /hofstetter.htm HTTP/1.0" 404 283 "-" "Mozilla/5.0 (compatible; MJ12bot/v1.3.3; http://www.majestic12.co.uk/bot.php?+)"
188.165.226.104 - - [27/Dec/2010:19:39:39 -0500] "GET /kepp.htm HTTP/1.0" 404 277 "-" "Mozilla/5.0 (compatible; MJ12bot/v1.3.3; http://www.majestic12.co.uk/bot.php?+)"
188.165.226.104 - - [27/Dec/2010:19:39:43 -0500] "GET /kukeas.htm HTTP/1.0" 404 279 "-" "Mozilla/5.0 (compatible; MJ12bot/v1.3.3; http://www.majestic12.co.uk/bot.php?+)"
188.165.226.104 - - [27/Dec/2010:19:39:45 -0500] "GET /lee.htm HTTP/1.0" 404 276 "-" "Mozilla/5.0 (compatible; MJ12bot/v1.3.3; http://www.majestic12.co.uk/bot.php?+)"
188.165.226.104 - - [27/Dec/2010:19:39:46 -0500] "GET /molhoek.htm HTTP/1.0" 200 8161 "-" "Mozilla/5.0 (compatible; MJ12bot/v1.3.3; http://www.majestic12.co.uk/bot.php?+)"
188.165.226.104 - - [27/Dec/2010:19:39:48 -0500] "GET /stevens.htm HTTP/1.0" 404 280 "-" "Mozilla/5.0 (compatible; MJ12bot/v1.3.3; http://www.majestic12.co.uk/bot.php?+)"
68.82.56.87 - - [27/Dec/2010:20:00:37 -0500] "GET /naples-weather.htm HTTP/1.1" 200 16725 "http://www.google.com/url?sa=t&source=web&cd=7&ved=0CEIQFjAG&url=http%3A%2F%2Fwww.naples-usa.com%2Fnaples-weather.htm&rct=j&q=naples%2C%20fl%20%20yearly%20weather&ei=GzQZTdu2CYK88gavkJnGDQ&usg=AFQjCNFlok03h0MAowO-qA4JNhDVbk-NQw" "Mozilla/4.0 (compatible; MSIE 8.0; Windows NT 6.1; WOW64; Trident/4.0; SLCC2; .NET CLR 2.0.50727; .NET CLR 3.5.30729; .NET CLR 3.0.30729; Media Center PC 6.0; HPNTDF; .NET4.0C)"
68.82.56.87 - - [27/Dec/2010:20:00:37 -0500] "GET /images/welcome_usa.gif HTTP/1.1" 200 7890 "http://www.naples-usa.com/naples-weather.htm" "Mozilla/4.0 (compatible; MSIE 8.0; Windows NT 6.1; WOW64; Trident/4.0; SLCC2; .NET CLR 2.0.50727; .NET CLR 3.5.30729; .NET CLR 3.0.30729; Media Center PC 6.0; HPNTDF; .NET4.0C)"
68.82.56.87 - - [27/Dec/2010:20:00:37 -0500] "GET /images/florida_logo.gif HTTP/1.1" 200 1024 "http://www.naples-usa.com/naples-weather.htm" "Mozilla/4.0 (compatible; MSIE 8.0; Windows NT 6.1; WOW64; Trident/4.0; SLCC2; .NET CLR 2.0.50727; .NET CLR 3.5.30729; .NET CLR 3.0.30729; Media Center PC 6.0; HPNTDF; .NET4.0C)"
68.82.56.87 - - [27/Dec/2010:20:00:37 -0500] "GET /transparent.gif HTTP/1.1" 200 43 "http://www.naples-usa.com/naples-weather.htm" "Mozilla/4.0 (compatible; MSIE 8.0; Windows NT 6.1; WOW64; Trident/4.0; SLCC2; .NET CLR 2.0.50727; .NET CLR 3.5.30729; .NET CLR 3.0.30729; Media Center PC 6.0; HPNTDF; .NET4.0C)"
68.82.56.87 - - [27/Dec/2010:20:00:37 -0500] "GET /favicon.ico HTTP/1.1" 404 292 "-" "Mozilla/4.0 (compatible; MSIE 8.0; Windows NT 6.1; WOW64; Trident/4.0; SLCC2; .NET CLR 2.0.50727; .NET CLR 3.5.30729; .NET CLR 3.0.30729; Media Center PC 6.0; HPNTDF; .NET4.0C)"
67.195.112.50 - - [27/Dec/2010:20:24:00 -0500] "GET /TheProcacciGroup/2384_ravenna-kitch.jpg.LCK HTTP/1.0" 404 312 "-" "Mozilla/5.0 (compatible; Yahoo! Slurp; http://help.yahoo.com/help/us/ysearch/slurp)"
67.195.112.50 - - [27/Dec/2010:20:33:50 -0500] "GET /TheProcacciGroup/1425_mariposa-kitch.jpg.LCK HTTP/1.0" 404 313 "-" "Mozilla/5.0 (compatible; Yahoo! Slurp; http://help.yahoo.com/help/us/ysearch/slurp)"
67.195.112.50 - - [27/Dec/2010:20:53:07 -0500] "GET /TheProcacciGroup/834_gulf-207000133.jpg.LCK HTTP/1.0" 404 312 "-" "Mozilla/5.0 (compatible; Yahoo! Slurp; http://help.yahoo.com/help/us/ysearch/slurp)"
67.195.112.50 - - [27/Dec/2010:20:54:55 -0500] "GET /mortgage-dictionary.htm HTTP/1.0" 404 292 "-" "Mozilla/5.0 (compatible; Yahoo! Slurp; http://help.yahoo.com/help/us/ysearch/slurp)"
67.195.112.50 - - [27/Dec/2010:21:07:50 -0500] "GET /TheProcacciGroup/7815_regal-kitch.jpg.LCK HTTP/1.0" 404 310 "-" "Mozilla/5.0 (compatible; Yahoo! Slurp; http://help.yahoo.com/help/us/ysearch/slurp)"
207.46.195.233 - - [27/Dec/2010:21:22:04 -0500] "GET /robots.txt HTTP/1.1" 404 291 "-" "Mozilla/5.0 (compatible; bingbot/2.0; +http://www.bing.com/bingbot.htm)"
109.120.144.247 - - [27/Dec/2010:21:26:38 -0500] "GET /plugins/editors/tinymce/jscripts/tiny_mce/plugins/tinybrowser/tinybrowser.php?type=file&folder= HTTP/1.0" 404 346 "http://www.naples-usa.com/plugins/editors/tinymce/jscripts/tiny_mce/plugins/tinybrowser/tinybrowser.php?type=file&folder=" "Mozilla/4.0 (compatible; MSIE 6.0; Windows 98; Win 9x 4.90)"
207.46.195.233 - - [27/Dec/2010:21:30:58 -0500] "GET /hotels-in-naples.htm HTTP/1.1" 304 - "-" "Mozilla/5.0 (compatible; bingbot/2.0; +http://www.bing.com/bingbot.htm)"
95.108.217.252 - - [27/Dec/2010:21:38:44 -0500] "GET / HTTP/1.1" 200 11305 "-" "Mozilla/5.0 (compatible; YandexBot/3.0; +http://yandex.com/bots)"
67.195.112.50 - - [27/Dec/2010:21:46:54 -0500] "GET /lost-pets.htm HTTP/1.0" 404 282 "-" "Mozilla/5.0 (compatible; Yahoo! Slurp; http://help.yahoo.com/help/us/ysearch/slurp)"
67.195.112.50 - - [27/Dec/2010:21:51:59 -0500] "GET /kepp.htm HTTP/1.0" 404 277 "-" "Mozilla/5.0 (compatible; Yahoo! Slurp; http://help.yahoo.com/help/us/ysearch/slurp)"
70.179.176.210 - - [27/Dec/2010:21:57:10 -0500] "GET /images/1_naples%20florida%20real%20estate_index.jpg HTTP/1.1" 200 24287 "http://www.dolphinworld.net/wordpress/2008/02/19/naples-florida-dolphin-swim-tour/" "Mozilla/5.0 (Windows; U; Windows NT 6.0; en-US) AppleWebKit/534.10 (KHTML, like Gecko) Chrome/8.0.552.224 Safari/534.10"
67.195.112.50 - - [27/Dec/2010:22:04:50 -0500] "GET /TheProcacciGroup/2840_cypress-view.jpg.LCK HTTP/1.0" 404 311 "-" "Mozilla/5.0 (compatible; Yahoo! Slurp; http://help.yahoo.com/help/us/ysearch/slurp)"
174.96.98.143 - - [27/Dec/2010:22:04:52 -0500] "GET /images/1_naples%20florida%20real%20estate_index.jpg HTTP/1.1" 200 24287 "http://arcticboy.arcticboy.com/pictures-naples-florida" "Mozilla/5.0 (Linux; U; Android 2.2; en-us; Sprint APA9292KT Build/FRF91) AppleWebKit/533.1 (KHTML, like Gecko) Version/4.0 Mobile Safari/533.1"
207.46.13.40 - - [27/Dec/2010:22:31:35 -0500] "GET /robots.txt HTTP/1.1" 404 291 "-" "Mozilla/5.0 (compatible; bingbot/2.0; +http://www.bing.com/bingbot.htm)"
67.11.195.35 - - [27/Dec/2010:22:31:56 -0500] "GET /images/1_naples%20florida%20real%20estate_new1.jpg HTTP/1.1" 404 325 "http://www.beepworld.de/members13/schosshund/usa2.htm" "Mozilla/4.0 (compatible; MSIE 8.0; Windows NT 5.1; Trident/4.0; FunWebProducts; SearchToolbar 1.1; MySpace;; eMusic DLM/4; MySpace;)"
207.46.13.40 - - [27/Dec/2010:22:41:57 -0500] "GET /weather.htm HTTP/1.1" 404 292 "-" "Mozilla/5.0 (compatible; bingbot/2.0; +http://www.bing.com/bingbot.htm)"
67.195.112.50 - - [27/Dec/2010:22:42:11 -0500] "GET /TheProcacciGroup/4944_shaker-pool.jpg.LCK HTTP/1.0" 404 310 "-" "Mozilla/5.0 (compatible; Yahoo! Slurp; http://help.yahoo.com/help/us/ysearch/slurp)"
188.165.226.104 - - [27/Dec/2010:22:46:38 -0500] "GET /robots.txt HTTP/1.0" 404 279 "-" "Mozilla/5.0 (compatible; MJ12bot/v1.3.3; http://www.majestic12.co.uk/bot.php?+)"
188.165.226.104 - - [27/Dec/2010:22:46:38 -0500] "GET / HTTP/1.0" 200 11305 "-" "Mozilla/5.0 (compatible; MJ12bot/v1.3.3; http://www.majestic12.co.uk/bot.php?+)"
67.195.112.50 - - [27/Dec/2010:22:49:23 -0500] "GET /TheProcacciGroup/naplesfloridarentals6.htm.LCK HTTP/1.0" 404 315 "-" "Mozilla/5.0 (compatible; Yahoo! Slurp; http://help.yahoo.com/help/us/ysearch/slurp)"
207.46.13.131 - - [27/Dec/2010:22:53:58 -0500] "GET /zettel HTTP/1.1" 404 287 "-" "Mozilla/5.0 (compatible; bingbot/2.0; +http://www.bing.com/bingbot.htm)"
72.100.29.236 - - [27/Dec/2010:23:05:47 -0500] "GET /images/1_naples%20florida%20real%20estate_index.jpg HTTP/1.1" 200 24287 "http://www.google.com/imgres?imgurl=http://www.naples-usa.com/images/1_naples%2520florida%2520real%2520estate_index.jpg&imgrefurl=http://www.dolphinworld.net/wordpress/2008/02/19/naples-florida-dolphin-swim-tour/&usg=__qADXQoSKXq32YdNCGsSumn4G-8c=&h=256&w=375&sz=24&hl=en&start=0&zoom=1&tbnid=xiSSaf0OQrPq8M:&tbnh=108&tbnw=139&prev=/images%3Fq%3Dnaples%2Bflorida%26um%3D1%26hl%3Den%26rlz%3D1T4ADFA_enUS399US399%26biw%3D1074%26bih%3D382%26tbs%3Disch:1&um=1&itbs=1&iact=hc&vpx=99&vpy=82&dur=1810&hovh=185&hovw=272&tx=199&ty=211&ei=C2AZTfmQIIGclgeQt83LCw&oei=C2AZTfmQIIGclgeQt83LCw&esq=1&page=1&ndsp=12&ved=1t:429,r:6,s:0" "Mozilla/4.0 (compatible; MSIE 8.0; Windows NT 6.1; WOW64; Trident/4.0; GTB6.6; SLCC2; .NET CLR 2.0.50727; .NET CLR 3.5.30729; .NET CLR 3.0.30729; Media Center PC 6.0; MAAU; .NET4.0C)"
178.139.64.53 - - [27/Dec/2010:23:13:45 -0500] "GET / HTTP/1.1" 200 11305 "-" "Java/1.6.0_04"
178.139.64.53 - - [27/Dec/2010:23:13:46 -0500] "GET /Naples-Florida-Important-Phone-Numbers.htm HTTP/1.1" 200 5215 "-" "Java/1.6.0_04"
178.139.64.53 - - [27/Dec/2010:23:13:47 -0500] "GET /area-information-calendar.htm HTTP/1.1" 404 310 "-" "Java/1.6.0_04"
178.139.64.53 - - [27/Dec/2010:23:13:48 -0500] "GET /florida-homestead-exemption.htm HTTP/1.1" 200 14191 "-" "Java/1.6.0_04"
178.139.64.53 - - [27/Dec/2010:23:13:49 -0500] "GET /golf.htm HTTP/1.1" 404 289 "-" "Java/1.6.0_04"
178.139.64.53 - - [27/Dec/2010:23:13:51 -0500] "GET /hotels-in-naples.htm HTTP/1.1" 200 53713 "-" "Java/1.6.0_04"
178.139.64.53 - - [27/Dec/2010:23:13:51 -0500] "GET /naples-arts.htm HTTP/1.1" 200 4976 "-" "Java/1.6.0_04"
178.139.64.53 - - [27/Dec/2010:23:13:52 -0500] "GET /naples-boatcondos.htm HTTP/1.1" 200 11908 "-" "Java/1.6.0_04"
178.139.64.53 - - [27/Dec/2010:23:13:52 -0500] "GET /naples-boatdocks.htm HTTP/1.1" 200 14892 "-" "Java/1.6.0_04"
178.139.64.53 - - [27/Dec/2010:23:13:52 -0500] "GET /naples-boating.htm HTTP/1.1" 200 14280 "-" "Java/1.6.0_04"
178.139.64.53 - - [27/Dec/2010:23:13:55 -0500] "GET /naples-calendarofevents.htm HTTP/1.1" 200 255135 "-" "Java/1.6.0_04"
178.139.64.53 - - [27/Dec/2010:23:13:56 -0500] "GET /naples-florida-beachesandparks.htm HTTP/1.1" 200 10582 "-" "Java/1.6.0_04"
178.139.64.53 - - [27/Dec/2010:23:13:57 -0500] "GET /naples-florida-facts.htm HTTP/1.1" 200 12073 "-" "Java/1.6.0_04"
178.139.64.53 - - [27/Dec/2010:23:13:57 -0500] "GET /naples-florida-fishing.htm HTTP/1.1" 200 15147 "-" "Java/1.6.0_04"
178.139.64.53 - - [27/Dec/2010:23:13:58 -0500] "GET /naples-florida-schools.htm HTTP/1.1" 200 27490 "-" "Java/1.6.0_04"
178.139.64.53 - - [27/Dec/2010:23:13:58 -0500] "GET /naples-history.htm HTTP/1.1" 200 22034 "-" "Java/1.6.0_04"
178.139.64.53 - - [27/Dec/2010:23:14:00 -0500] "GET /naples-tennis.htm HTTP/1.1" 200 15285 "-" "Java/1.6.0_04"
178.139.64.53 - - [27/Dec/2010:23:14:00 -0500] "GET /naples-tour.htm HTTP/1.1" 200 22351 "-" "Java/1.6.0_04"
178.139.64.53 - - [27/Dec/2010:23:14:01 -0500] "GET /naples-weather.htm HTTP/1.1" 200 16725 "-" "Java/1.6.0_04"
178.139.64.53 - - [27/Dec/2010:23:14:01 -0500] "GET /recycling-info-naples-florida.htm HTTP/1.1" 200 13920 "-" "Java/1.6.0_04"
178.139.64.53 - - [27/Dec/2010:23:14:02 -0500] "GET /weather.htm HTTP/1.1" 404 292 "-" "Java/1.6.0_04"
178.139.64.53 - - [27/Dec/2010:23:14:02 -0500] "GET /boat_docks.htm HTTP/1.1" 404 295 "-" "Java/1.6.0_04"
178.139.64.53 - - [27/Dec/2010:23:14:03 -0500] "GET /index.html HTTP/1.1" 200 11305 "-" "Java/1.6.0_04"
178.139.64.53 - - [27/Dec/2010:23:14:04 -0500] "GET /lostpets.html HTTP/1.1" 200 17013 "-" "Java/1.6.0_04"
178.139.64.53 - - [27/Dec/2010:23:14:05 -0500] "GET /homestead.htm HTTP/1.1" 404 294 "-" "Java/1.6.0_04"
178.139.64.53 - - [27/Dec/2010:23:14:06 -0500] "GET /calendar-clubs-and-orgs.htm HTTP/1.1" 200 27411 "-" "Java/1.6.0_04"
178.139.64.53 - - [27/Dec/2010:23:14:07 -0500] "GET /lost-pets.htm HTTP/1.1" 404 294 "-" "Java/1.6.0_04"
178.139.64.53 - - [27/Dec/2010:23:14:08 -0500] "GET /home-improvement-naples-florida.htm HTTP/1.1" 404 316 "-" "Java/1.6.0_04"
178.139.64.53 - - [27/Dec/2010:23:14:09 -0500] "GET /mortgage-dictionary.htm HTTP/1.1" 404 304 "-" "Java/1.6.0_04"
178.139.64.53 - - [27/Dec/2010:23:14:09 -0500] "GET /reports_for-buyers.htm HTTP/1.1" 404 303 "-" "Java/1.6.0_04"
178.139.64.53 - - [27/Dec/2010:23:14:10 -0500] "GET /reports_for-sellers.htm HTTP/1.1" 404 304 "-" "Java/1.6.0_04"
178.139.64.53 - - [27/Dec/2010:23:14:10 -0500] "GET /history.htm HTTP/1.1" 404 292 "-" "Java/1.6.0_04"
178.139.64.53 - - [27/Dec/2010:23:14:11 -0500] "GET /naples-tennis-public.htm HTTP/1.1" 404 305 "-" "Java/1.6.0_04"
178.139.64.53 - - [27/Dec/2010:23:14:12 -0500] "GET /tennis.htm HTTP/1.1" 404 291 "-" "Java/1.6.0_04"
178.139.64.53 - - [27/Dec/2010:23:14:12 -0500] "GET /home.cfm HTTP/1.1" 404 289 "-" "Java/1.6.0_04"
178.139.64.53 - - [27/Dec/2010:23:14:13 -0500] "GET /TARGET= HTTP/1.1" 404 288 "-" "Java/1.6.0_04"
178.139.64.53 - - [27/Dec/2010:23:14:13 -0500] "GET /javascripts/address.js HTTP/1.1" 404 303 "-" "Java/1.6.0_04"
178.139.64.53 - - [27/Dec/2010:23:14:14 -0500] "GET /file:///D|/Web%20Folder-teljean/Naples-USA/client_services_and_links.htm HTTP/1.1" 404 351 "-" "Java/1.6.0_04"
178.139.64.53 - - [27/Dec/2010:23:14:14 -0500] "GET /file:///D|/Web%20Folder-teljean/DNFR/homestead.htm HTTP/1.1" 404 329 "-" "Java/1.6.0_04"
178.139.64.53 - - [27/Dec/2010:23:14:15 -0500] "GET /file:///D|/Web%20Folder-teljean/DNFR/calendar.htm HTTP/1.1" 404 328 "-" "Java/1.6.0_04"
178.139.64.53 - - [27/Dec/2010:23:14:15 -0500] "GET /file:///D|/Web%20Folder-teljean/Naples-USA/tennis.htm HTTP/1.1" 404 332 "-" "Java/1.6.0_04"
178.139.64.53 - - [27/Dec/2010:23:14:16 -0500] "GET /file:///D|/Web%20Folder-teljean/DNFR/fishing.htm HTTP/1.1" 404 327 "-" "Java/1.6.0_04"
178.139.64.53 - - [27/Dec/2010:23:14:16 -0500] "GET /file:///D|/Web%20Folder-teljean/DNFR/properties-test-bullets-regularfont.htm HTTP/1.1" 404 355 "-" "Java/1.6.0_04"
178.139.64.53 - - [27/Dec/2010:23:14:17 -0500] "GET /file:///D|/Web%20Folder-teljean/DNFR/animalsandpets.htm HTTP/1.1" 404 334 "-" "Java/1.6.0_04"
178.139.64.53 - - [27/Dec/2010:23:14:17 -0500] "GET /file:///D|/Web%20Folder-teljean/DNFR/naples-events.htm HTTP/1.1" 404 333 "-" "Java/1.6.0_04"
38.101.148.124 - - [27/Dec/2010:23:27:29 -0500] "GET /robots.txt HTTP/1.1" 404 291 "-" "Mozilla/5.0 (compatible; discobot/1.1; +http://discoveryengine.com/discobot.html"
38.101.148.124 - - [27/Dec/2010:23:27:36 -0500] "GET /images/1_naples%20florida%20real%20estate_index.jpg HTTP/1.1" 200 24287 "-" "Mozilla/5.0 (compatible; discobot/1.1; +http://discoveryengine.com/discobot.html"
24.44.112.135 - - [27/Dec/2010:23:46:36 -0500] "GET /realtors%20portraits/suarez_portrait-new.jpg HTTP/1.1" 404 323 "http://www.123people.com/s/marlene+suarez" "Mozilla/5.0 (Windows; U; Windows NT 6.1; en-US) AppleWebKit/534.10 (KHTML, like Gecko) Chrome/8.0.552.224 Safari/534.10"
95.108.217.252 - - [27/Dec/2010:23:47:00 -0500] "GET /robots.txt HTTP/1.1" 404 291 "-" "Mozilla/5.0 (compatible; YandexBot/3.0; +http://yandex.com/bots)"
67.195.112.50 - - [28/Dec/2010:00:02:20 -0500] "GET /TheProcacciGroup/rentals-new-old-a.htm HTTP/1.0" 404 307 "-" "Mozilla/5.0 (compatible; Yahoo! Slurp; http://help.yahoo.com/help/us/ysearch/slurp)"
67.195.112.50 - - [28/Dec/2010:00:02:47 -0500] "GET /TheProcacciGroup/7711_cotte-living.jpg.LCK HTTP/1.0" 404 311 "-" "Mozilla/5.0 (compatible; Yahoo! Slurp; http://help.yahoo.com/help/us/ysearch/slurp)"
24.196.200.90 - - [28/Dec/2010:00:40:02 -0500] "GET /images/welcome_usa.gif HTTP/1.1" 200 7890 "http://www.naples-usa.com/naples-calendarofevents.htm" "Mozilla/5.0 (Windows; U; Windows NT 5.1; en-US; rv:1.9.0.19) Gecko/2010031422 Firefox/3.0.19"
24.196.200.90 - - [28/Dec/2010:00:40:02 -0500] "GET /images/florida_logo_sm.gif HTTP/1.1" 200 1933 "http://www.naples-usa.com/naples-calendarofevents.htm" "Mozilla/5.0 (Windows; U; Windows NT 5.1; en-US; rv:1.9.0.19) Gecko/2010031422 Firefox/3.0.19"
24.196.200.90 - - [28/Dec/2010:00:40:02 -0500] "GET /images/images/z-bird-flamingo.gif HTTP/1.1" 200 890 "http://www.naples-usa.com/naples-calendarofevents.htm" "Mozilla/5.0 (Windows; U; Windows NT 5.1; en-US; rv:1.9.0.19) Gecko/2010031422 Firefox/3.0.19"
24.196.200.90 - - [28/Dec/2010:00:40:02 -0500] "GET /images/images/z-stickfamily.gif HTTP/1.1" 404 312 "http://www.naples-usa.com/naples-calendarofevents.htm" "Mozilla/5.0 (Windows; U; Windows NT 5.1; en-US; rv:1.9.0.19) Gecko/2010031422 Firefox/3.0.19"
24.196.200.90 - - [28/Dec/2010:00:40:02 -0500] "GET /images/z-sailboat.jpg HTTP/1.1" 200 2182 "http://www.naples-usa.com/naples-calendarofevents.htm" "Mozilla/5.0 (Windows; U; Windows NT 5.1; en-US; rv:1.9.0.19) Gecko/2010031422 Firefox/3.0.19"
24.196.200.90 - - [28/Dec/2010:00:40:02 -0500] "GET /images/images/z-frog.jpg HTTP/1.1" 404 305 "http://www.naples-usa.com/naples-calendarofevents.htm" "Mozilla/5.0 (Windows; U; Windows NT 5.1; en-US; rv:1.9.0.19) Gecko/2010031422 Firefox/3.0.19"
24.196.200.90 - - [28/Dec/2010:00:40:02 -0500] "GET /images/z_shell.gif HTTP/1.1" 200 1325 "http://www.naples-usa.com/naples-calendarofevents.htm" "Mozilla/5.0 (Windows; U; Windows NT 5.1; en-US; rv:1.9.0.19) Gecko/2010031422 Firefox/3.0.19"
24.196.200.90 - - [28/Dec/2010:00:40:02 -0500] "GET /images/return_arrow.gif HTTP/1.1" 200 220 "http://www.naples-usa.com/naples-calendarofevents.htm" "Mozilla/5.0 (Windows; U; Windows NT 5.1; en-US; rv:1.9.0.19) Gecko/2010031422 Firefox/3.0.19"
24.196.200.90 - - [28/Dec/2010:00:40:03 -0500] "GET /images/images/z-theater.gif HTTP/1.1" 404 308 "http://www.naples-usa.com/naples-calendarofevents.htm" "Mozilla/5.0 (Windows; U; Windows NT 5.1; en-US; rv:1.9.0.19) Gecko/2010031422 Firefox/3.0.19"
24.196.200.90 - - [28/Dec/2010:00:40:03 -0500] "GET /images/images/z-greyhound4a.jpg HTTP/1.1" 404 312 "http://www.naples-usa.com/naples-calendarofevents.htm" "Mozilla/5.0 (Windows; U; Windows NT 5.1; en-US; rv:1.9.0.19) Gecko/2010031422 Firefox/3.0.19"
24.196.200.90 - - [28/Dec/2010:00:40:03 -0500] "GET /images/z_rose.gif HTTP/1.1" 200 473 "http://www.naples-usa.com/naples-calendarofevents.htm" "Mozilla/5.0 (Windows; U; Windows NT 5.1; en-US; rv:1.9.0.19) Gecko/2010031422 Firefox/3.0.19"
24.196.200.90 - - [28/Dec/2010:00:40:03 -0500] "GET /images/images/z-turtle-b.jpg HTTP/1.1" 404 309 "http://www.naples-usa.com/naples-calendarofevents.htm" "Mozilla/5.0 (Windows; U; Windows NT 5.1; en-US; rv:1.9.0.19) Gecko/2010031422 Firefox/3.0.19"
24.196.200.90 - - [28/Dec/2010:00:40:03 -0500] "GET /images/images/z-trombone.gif HTTP/1.1" 404 309 "http://www.naples-usa.com/naples-calendarofevents.htm" "Mozilla/5.0 (Windows; U; Windows NT 5.1; en-US; rv:1.9.0.19) Gecko/2010031422 Firefox/3.0.19"
24.196.200.90 - - [28/Dec/2010:00:40:03 -0500] "GET /images/images/z-cockatiel.gif HTTP/1.1" 404 310 "http://www.naples-usa.com/naples-calendarofevents.htm" "Mozilla/5.0 (Windows; U; Windows NT 5.1; en-US; rv:1.9.0.19) Gecko/2010031422 Firefox/3.0.19"
24.196.200.90 - - [28/Dec/2010:00:40:03 -0500] "GET /images/z_teens.gif HTTP/1.1" 200 2660 "http://www.naples-usa.com/naples-calendarofevents.htm" "Mozilla/5.0 (Windows; U; Windows NT 5.1; en-US; rv:1.9.0.19) Gecko/2010031422 Firefox/3.0.19"
24.196.200.90 - - [28/Dec/2010:00:40:03 -0500] "GET /images/images/z-butterfly-2.gif HTTP/1.1" 404 312 "http://www.naples-usa.com/naples-calendarofevents.htm" "Mozilla/5.0 (Windows; U; Windows NT 5.1; en-US; rv:1.9.0.19) Gecko/2010031422 Firefox/3.0.19"
24.196.200.90 - - [28/Dec/2010:00:40:03 -0500] "GET /images/z_music.gif HTTP/1.1" 200 596 "http://www.naples-usa.com/naples-calendarofevents.htm" "Mozilla/5.0 (Windows; U; Windows NT 5.1; en-US; rv:1.9.0.19) Gecko/2010031422 Firefox/3.0.19"
24.196.200.90 - - [28/Dec/2010:00:40:03 -0500] "GET /images/z-bird-flamingo.gif HTTP/1.1" 200 890 "http://www.naples-usa.com/naples-calendarofevents.htm" "Mozilla/5.0 (Windows; U; Windows NT 5.1; en-US; rv:1.9.0.19) Gecko/2010031422 Firefox/3.0.19"
24.196.200.90 - - [28/Dec/2010:00:40:03 -0500] "GET /images/z-butterfly-2.gif HTTP/1.1" 200 1025 "http://www.naples-usa.com/naples-calendarofevents.htm" "Mozilla/5.0 (Windows; U; Windows NT 5.1; en-US; rv:1.9.0.19) Gecko/2010031422 Firefox/3.0.19"
24.196.200.90 - - [28/Dec/2010:00:40:03 -0500] "GET /images/z-turtle-b.jpg HTTP/1.1" 200 1124 "http://www.naples-usa.com/naples-calendarofevents.htm" "Mozilla/5.0 (Windows; U; Windows NT 5.1; en-US; rv:1.9.0.19) Gecko/2010031422 Firefox/3.0.19"
24.196.200.90 - - [28/Dec/2010:00:40:03 -0500] "GET /images/z-fish2.jpg HTTP/1.1" 200 1142 "http://www.naples-usa.com/naples-calendarofevents.htm" "Mozilla/5.0 (Windows; U; Windows NT 5.1; en-US; rv:1.9.0.19) Gecko/2010031422 Firefox/3.0.19"
24.196.200.90 - - [28/Dec/2010:00:40:03 -0500] "GET /images/z_books.gif HTTP/1.1" 200 837 "http://www.naples-usa.com/naples-calendarofevents.htm" "Mozilla/5.0 (Windows; U; Windows NT 5.1; en-US; rv:1.9.0.19) Gecko/2010031422 Firefox/3.0.19"
24.196.200.90 - - [28/Dec/2010:00:40:03 -0500] "GET /images/z-frog.jpg HTTP/1.1" 200 1615 "http://www.naples-usa.com/naples-calendarofevents.htm" "Mozilla/5.0 (Windows; U; Windows NT 5.1; en-US; rv:1.9.0.19) Gecko/2010031422 Firefox/3.0.19"
24.196.200.90 - - [28/Dec/2010:00:40:03 -0500] "GET /images/z-trombone.gif HTTP/1.1" 200 359 "http://www.naples-usa.com/naples-calendarofevents.htm" "Mozilla/5.0 (Windows; U; Windows NT 5.1; en-US; rv:1.9.0.19) Gecko/2010031422 Firefox/3.0.19"
24.196.200.90 - - [28/Dec/2010:00:40:03 -0500] "GET /naples-calendarofevents.htm HTTP/1.1" 200 255135 "http://www.google.com/url?sa=t&source=web&cd=4&sqi=2&ved=0CCgQFjAD&url=http%3A%2F%2Fwww.naples-usa.com%2Fnaples-calendarofevents.htm&rct=j&q=dancing%20in%20bonita%20springs%20florida%20sunday%20nights&ei=LnUZTeCnGMT6lwf655SQDA&usg=AFQjCNFXD2L3YOrrb5OGEtCxTcdqvoQZzQ" "Mozilla/5.0 (Windows; U; Windows NT 5.1; en-US; rv:1.9.0.19) Gecko/2010031422 Firefox/3.0.19"
24.196.200.90 - - [28/Dec/2010:00:40:03 -0500] "GET /images/z_cock.gif HTTP/1.1" 200 571 "http://www.naples-usa.com/naples-calendarofevents.htm" "Mozilla/5.0 (Windows; U; Windows NT 5.1; en-US; rv:1.9.0.19) Gecko/2010031422 Firefox/3.0.19"
24.196.200.90 - - [28/Dec/2010:00:40:03 -0500] "GET /images/z-juggler.jpg HTTP/1.1" 200 1486 "http://www.naples-usa.com/naples-calendarofevents.htm" "Mozilla/5.0 (Windows; U; Windows NT 5.1; en-US; rv:1.9.0.19) Gecko/2010031422 Firefox/3.0.19"
24.196.200.90 - - [28/Dec/2010:00:40:03 -0500] "GET /images/z-couple.gif HTTP/1.1" 200 1084 "http://www.naples-usa.com/naples-calendarofevents.htm" "Mozilla/5.0 (Windows; U; Windows NT 5.1; en-US; rv:1.9.0.19) Gecko/2010031422 Firefox/3.0.19"
24.196.200.90 - - [28/Dec/2010:00:40:03 -0500] "GET /images/z-guitar.gif HTTP/1.1" 200 631 "http://www.naples-usa.com/naples-calendarofevents.htm" "Mozilla/5.0 (Windows; U; Windows NT 5.1; en-US; rv:1.9.0.19) Gecko/2010031422 Firefox/3.0.19"
24.196.200.90 - - [28/Dec/2010:00:40:03 -0500] "GET /images/1_cougar.jpg HTTP/1.1" 200 4514 "http://www.naples-usa.com/naples-calendarofevents.htm" "Mozilla/5.0 (Windows; U; Windows NT 5.1; en-US; rv:1.9.0.19) Gecko/2010031422 Firefox/3.0.19"
24.196.200.90 - - [28/Dec/2010:00:40:03 -0500] "GET /images/z-drums.jpg HTTP/1.1" 200 2464 "http://www.naples-usa.com/naples-calendarofevents.htm" "Mozilla/5.0 (Windows; U; Windows NT 5.1; en-US; rv:1.9.0.19) Gecko/2010031422 Firefox/3.0.19"
24.196.200.90 - - [28/Dec/2010:00:40:03 -0500] "GET /images/z-theater.gif HTTP/1.1" 200 960 "http://www.naples-usa.com/naples-calendarofevents.htm" "Mozilla/5.0 (Windows; U; Windows NT 5.1; en-US; rv:1.9.0.19) Gecko/2010031422 Firefox/3.0.19"
24.196.200.90 - - [28/Dec/2010:00:40:03 -0500] "GET /images/z_artst.gif HTTP/1.1" 200 1446 "http://www.naples-usa.com/naples-calendarofevents.htm" "Mozilla/5.0 (Windows; U; Windows NT 5.1; en-US; rv:1.9.0.19) Gecko/2010031422 Firefox/3.0.19"
24.196.200.90 - - [28/Dec/2010:00:40:03 -0500] "GET /images/z_bird.gif HTTP/1.1" 200 730 "http://www.naples-usa.com/naples-calendarofevents.htm" "Mozilla/5.0 (Windows; U; Windows NT 5.1; en-US; rv:1.9.0.19) Gecko/2010031422 Firefox/3.0.19"
24.196.200.90 - - [28/Dec/2010:00:40:03 -0500] "GET /favicon.ico HTTP/1.1" 404 292 "-" "Mozilla/5.0 (Windows; U; Windows NT 5.1; en-US; rv:1.9.0.19) Gecko/2010031422 Firefox/3.0.19"
24.196.200.90 - - [28/Dec/2010:00:40:05 -0500] "GET /favicon.ico HTTP/1.1" 404 292 "-" "Mozilla/5.0 (Windows; U; Windows NT 5.1; en-US; rv:1.9.0.19) Gecko/2010031422 Firefox/3.0.19"
67.195.112.50 - - [28/Dec/2010:00:42:00 -0500] "GET /lost-birds.htm HTTP/1.0" 200 39667 "-" "Mozilla/5.0 (compatible; Yahoo! Slurp; http://help.yahoo.com/help/us/ysearch/slurp)"
207.46.12.237 - - [28/Dec/2010:00:52:56 -0500] "GET /robots.txt HTTP/1.1" 404 291 "-" "Mozilla/5.0 (compatible; bingbot/2.0; +http://www.bing.com/bingbot.htm)"
207.46.12.237 - - [28/Dec/2010:01:00:28 -0500] "GET /florida-homestead-exemption.htm HTTP/1.1" 304 - "-" "Mozilla/5.0 (compatible; bingbot/2.0; +http://www.bing.com/bingbot.htm)"
95.108.217.252 - - [28/Dec/2010:01:29:50 -0500] "GET /weather.htm HTTP/1.1" 404 292 "-" "Mozilla/5.0 (compatible; YandexBot/3.0; +http://yandex.com/bots)"
123.125.71.39 - - [28/Dec/2010:01:30:57 -0500] "GET /images/1_naples%20florida%20real%20estate_index.jpg HTTP/1.1" 200 24287 "-" "Baiduspider-image+(+http://www.baidu.com/search/spider.htm)"
67.195.112.50 - - [28/Dec/2010:01:31:32 -0500] "GET /blaine.htm HTTP/1.0" 404 279 "-" "Mozilla/5.0 (compatible; Yahoo! Slurp; http://help.yahoo.com/help/us/ysearch/slurp)"
207.46.13.133 - - [28/Dec/2010:01:50:43 -0500] "GET /robots.txt HTTP/1.1" 404 291 "-" "Mozilla/5.0 (compatible; bingbot/2.0; +http://www.bing.com/bingbot.htm)"
207.46.13.133 - - [28/Dec/2010:01:54:58 -0500] "GET /TheProcacciGroup/naplesfloridarentals3a-old.htm HTTP/1.1" 404 328 "-" "Mozilla/5.0 (compatible; bingbot/2.0; +http://www.bing.com/bingbot.htm)"
67.195.112.50 - - [28/Dec/2010:02:09:30 -0500] "GET /TheProcacciGroup/4450_botanical-bed1.jpg.LCK HTTP/1.0" 404 313 "-" "Mozilla/5.0 (compatible; Yahoo! Slurp; http://help.yahoo.com/help/us/ysearch/slurp)"
124.115.0.15 - - [28/Dec/2010:02:09:55 -0500] "GET / HTTP/1.1" 200 11305 "-" "Sosospider+(+http://help.soso.com/webspider.htm)"
67.195.112.50 - - [28/Dec/2010:02:10:17 -0500] "GET /greenstein/?N=D HTTP/1.0" 404 280 "-" "Mozilla/5.0 (compatible; Yahoo! Slurp; http://help.yahoo.com/help/us/ysearch/slurp)"
207.46.12.236 - - [28/Dec/2010:02:10:28 -0500] "GET / HTTP/1.1" 304 - "-" "Mozilla/5.0 (compatible; bingbot/2.0; +http://www.bing.com/bingbot.htm)"
67.195.112.50 - - [28/Dec/2010:02:11:13 -0500] "GET /TheProcacciGroup/3352_cayman-kitch.jpg.LCK HTTP/1.0" 404 311 "-" "Mozilla/5.0 (compatible; Yahoo! Slurp; http://help.yahoo.com/help/us/ysearch/slurp)"
67.195.112.50 - - [28/Dec/2010:02:12:11 -0500] "GET /volmer.htm HTTP/1.0" 404 279 "-" "Mozilla/5.0 (compatible; Yahoo! Slurp; http://help.yahoo.com/help/us/ysearch/slurp)"
207.46.199.50 - - [28/Dec/2010:02:16:58 -0500] "GET /naples-weather.htm HTTP/1.1" 304 - "-" "Mozilla/5.0 (compatible; bingbot/2.0; +http://www.bing.com/bingbot.htm)"
95.108.217.252 - - [28/Dec/2010:03:16:51 -0500] "GET /Vendors/Logos.htm HTTP/1.1" 200 6053 "-" "Mozilla/5.0 (compatible; YandexBot/3.0; +http://yandex.com/bots)"
208.80.194.36 - - [28/Dec/2010:03:30:29 -0500] "GET / HTTP/1.0" 200 11305 "-" "Mozilla/4.0 (compatible; MSIE 7.0; Windows NT 5.1; {45994451-3E67-EC5F-7200-DDEB5B7070C3}; .NET CLR 1.0.3705)"
208.80.194.36 - - [28/Dec/2010:03:30:29 -0500] "GET / HTTP/1.0" 200 11305 "-" "Mozilla/4.0 (compatible; MSIE 7.0; Windows NT 5.1; YPC 3.2.0; FunWebProducts; .NET CLR 1.1.4322; InfoPath.1; .NET CLR 2.0.50727; yplus 5.1.04b)"
93.41.189.223 - - [28/Dec/2010:03:53:58 -0500] "GET /images/1_naples%20florida%20real%20estate_index.jpg HTTP/1.1" 200 24287 "http://www.google.it/imgres?imgurl=http://www.naples-usa.com/images/1_naples%2520florida%2520real%2520estate_index.jpg&imgrefurl=http://www.dolphinworld.net/wordpress/2008/02/19/naples-florida-dolphin-swim-tour/&usg=__qADXQoSKXq32YdNCGsSumn4G-8c=&h=256&w=375&sz=24&hl=it&start=15&zoom=1&um=1&itbs=1&tbnid=xiSSaf0OQrPq8M:&tbnh=83&tbnw=122&prev=/images%3Fq%3Dnaples%2Bmiami%26um%3D1%26hl%3Dit%26sa%3DX%26rlz%3D1R2SUNA_itIT353%26tbs%3Disch:1" "Mozilla/4.0 (compatible; MSIE 7.0; Windows NT 5.1; GTB6.6; .NET CLR 1.1.4322; InfoPath.1)"
93.41.189.223 - - [28/Dec/2010:03:53:58 -0500] "GET /favicon.ico HTTP/1.1" 404 292 "-" "Mozilla/4.0 (compatible; MSIE 7.0; Windows NT 5.1; GTB6.6; .NET CLR 1.1.4322; InfoPath.1)"
207.46.204.227 - - [28/Dec/2010:03:59:11 -0500] "GET /robots.txt HTTP/1.1" 404 291 "-" "Mozilla/5.0 (compatible; bingbot/2.0; +http://www.bing.com/bingbot.htm)"
207.46.204.227 - - [28/Dec/2010:04:11:59 -0500] "GET /zettel HTTP/1.1" 404 287 "-" "Mozilla/5.0 (compatible; bingbot/2.0; +http://www.bing.com/bingbot.htm)"
38.108.67.20 - - [28/Dec/2010:04:23:09 -0500] "GET /robots.txt HTTP/1.0" 404 279 "-" "SBIder/Nutch-1.0-dev (http://www.sitesell.com/sbider.html)"
38.108.67.20 - - [28/Dec/2010:04:23:09 -0500] "GET /reports_for-buyers.htm HTTP/1.0" 404 291 "-" "SBIder/Nutch-1.0-dev (http://www.sitesell.com/sbider.html)"
38.108.67.20 - - [28/Dec/2010:04:38:33 -0500] "GET /haas.htm HTTP/1.0" 404 277 "-" "SBIder/Nutch-1.0-dev (http://www.sitesell.com/sbider.html)"
67.195.112.50 - - [28/Dec/2010:04:52:09 -0500] "GET /TheProcacciGroup/1500_pelican-canal.jpg.LCK HTTP/1.0" 404 312 "-" "Mozilla/5.0 (compatible; Yahoo! Slurp; http://help.yahoo.com/help/us/ysearch/slurp)"
38.108.67.20 - - [28/Dec/2010:05:03:35 -0500] "GET /romano/testimonials.htm HTTP/1.0" 404 292 "-" "SBIder/Nutch-1.0-dev (http://www.sitesell.com/sbider.html)"
38.108.67.20 - - [28/Dec/2010:05:14:27 -0500] "GET /boat_docks.htm HTTP/1.0" 404 283 "-" "SBIder/Nutch-1.0-dev (http://www.sitesell.com/sbider.html)"
65.52.110.51 - - [28/Dec/2010:05:15:20 -0500] "GET /robots.txt HTTP/1.1" 404 291 "-" "Mozilla/5.0 (compatible; bingbot/2.0; +http://www.bing.com/bingbot.htm)"
95.108.217.252 - - [28/Dec/2010:05:17:34 -0500] "GET /lost-pets.html HTTP/1.1" 404 295 "-" "Mozilla/5.0 (compatible; YandexBot/3.0; +http://yandex.com/bots)"
38.108.67.20 - - [28/Dec/2010:05:25:42 -0500] "GET /homestead.htm HTTP/1.0" 404 282 "-" "SBIder/Nutch-1.0-dev (http://www.sitesell.com/sbider.html)"
65.52.110.51 - - [28/Dec/2010:05:26:28 -0500] "GET /fishing.htm HTTP/1.1" 404 292 "-" "Mozilla/5.0 (compatible; bingbot/2.0; +http://www.bing.com/bingbot.htm)"
38.108.67.20 - - [28/Dec/2010:05:26:40 -0500] "GET /reports_for-sellers.htm HTTP/1.0" 404 292 "-" "SBIder/Nutch-1.0-dev (http://www.sitesell.com/sbider.html)"
67.195.112.50 - - [28/Dec/2010:05:35:12 -0500] "GET /images_map/na18.htm HTTP/1.0" 404 288 "-" "Mozilla/5.0 (compatible; Yahoo! Slurp; http://help.yahoo.com/help/us/ysearch/slurp)"
207.46.13.54 - - [28/Dec/2010:05:39:58 -0500] "GET /naples-florida-beachesandparks.htm HTTP/1.1" 304 - "-" "Mozilla/5.0 (compatible; bingbot/2.0; +http://www.bing.com/bingbot.htm)"
66.249.71.46 - - [28/Dec/2010:05:41:10 -0500] "GET /robots.txt HTTP/1.1" 404 291 "-" "Mozilla/5.0 (compatible; Googlebot/2.1; +http://www.google.com/bot.html)"
66.249.71.46 - - [28/Dec/2010:05:41:10 -0500] "GET /dynamic_styles.css HTTP/1.1" 404 299 "-" "Mozilla/5.0 (compatible; Googlebot/2.1; +http://www.google.com/bot.html)"
66.249.71.46 - - [28/Dec/2010:05:47:19 -0500] "GET /design_styles.css HTTP/1.1" 404 298 "-" "Mozilla/5.0 (compatible; Googlebot/2.1; +http://www.google.com/bot.html)"
64.233.172.1 - - [28/Dec/2010:05:57:26 -0500] "GET /dynamic_styles.css HTTP/1.1" 404 299 "http://www.naples-usa.com/calendar-clubs-and-orgs.htm" "Mozilla/5.0 (Windows; U; Windows NT 5.1; en-US; rv:1.8.0.7) Gecko/20060909 Firefox/1.5.0.7"
64.233.172.1 - - [28/Dec/2010:06:04:24 -0500] "GET /design_styles.css HTTP/1.1" 404 298 "http://www.naples-usa.com/calendar-clubs-and-orgs.htm" "Mozilla/5.0 (Windows; U; Windows NT 5.1; en-US; rv:1.8.0.7) Gecko/20060909 Firefox/1.5.0.7"
83.77.84.165 - - [28/Dec/2010:06:05:04 -0500] "GET /images/1_naples%20florida%20real%20estate_index.jpg HTTP/1.1" 200 24287 "http://arcticboy.arcticboy.com/pictures-naples-florida" "Mozilla/5.0 (iPod; U; CPU iPhone OS 2_2_1 like Mac OS X; fr-fr) AppleWebKit/525.18.1 (KHTML, like Gecko) Version/3.1.1 Mobile/5H11 Safari/525.20"
