98.238.98.153 - - [06/Jan/2011:09:29:45 -0500] "GET /design_styles.css HTTP/1.1" 404 298 "http://www.naples-usa.com/calendar-clubs-and-orgs.htm" "Mozilla/5.0 (Macintosh; U; Intel Mac OS X 10.6; en-US; rv:1.9.2.13) Gecko/20101203 Firefox/3.6.13"
98.238.98.153 - - [06/Jan/2011:09:29:45 -0500] "GET /dynamic_styles.css HTTP/1.1" 404 299 "http://www.naples-usa.com/calendar-clubs-and-orgs.htm" "Mozilla/5.0 (Macintosh; U; Intel Mac OS X 10.6; en-US; rv:1.9.2.13) Gecko/20101203 Firefox/3.6.13"
98.238.98.153 - - [06/Jan/2011:09:29:45 -0500] "GET /images/spacer.gif HTTP/1.1" 200 43 "http://www.naples-usa.com/calendar-clubs-and-orgs.htm" "Mozilla/5.0 (Macintosh; U; Intel Mac OS X 10.6; en-US; rv:1.9.2.13) Gecko/20101203 Firefox/3.6.13"
98.238.98.153 - - [06/Jan/2011:09:29:45 -0500] "GET /calendar-clubs-and-orgs.htm HTTP/1.1" 200 27411 "http://www.google.com/url?sa=t&source=web&cd=2&ved=0CB4QFjAB&url=http%3A%2F%2Fwww.naples-usa.com%2Fcalendar-clubs-and-orgs.htm&rct=j&q=fifth%20avenue%20naples%20fl%20first%20thursdays&ei=1NElTeSZE4T58AbrtvTTAQ&usg=AFQjCNF5hj0VDtbQBKLLe18gbK8kW0wNOA" "Mozilla/5.0 (Macintosh; U; Intel Mac OS X 10.6; en-US; rv:1.9.2.13) Gecko/20101203 Firefox/3.6.13"
98.238.98.153 - - [06/Jan/2011:09:29:45 -0500] "GET /javascripts/address.js HTTP/1.1" 404 303 "http://www.naples-usa.com/calendar-clubs-and-orgs.htm" "Mozilla/5.0 (Macintosh; U; Intel Mac OS X 10.6; en-US; rv:1.9.2.13) Gecko/20101203 Firefox/3.6.13"
98.238.98.153 - - [06/Jan/2011:09:29:45 -0500] "GET /favicon.ico HTTP/1.1" 404 292 "-" "Mozilla/5.0 (Macintosh; U; Intel Mac OS X 10.6; en-US; rv:1.9.2.13) Gecko/20101203 Firefox/3.6.13"
98.238.98.153 - - [06/Jan/2011:09:29:48 -0500] "GET /favicon.ico HTTP/1.1" 404 292 "-" "Mozilla/5.0 (Macintosh; U; Intel Mac OS X 10.6; en-US; rv:1.9.2.13) Gecko/20101203 Firefox/3.6.13"
98.238.98.153 - - [06/Jan/2011:09:31:47 -0500] "GET /calendar-clubs-and-orgs.htm HTTP/1.1" 304 - "http://www.google.com/url?sa=t&source=web&cd=2&ved=0CB4QFjAB&url=http%3A%2F%2Fwww.naples-usa.com%2Fcalendar-clubs-and-orgs.htm&rct=j&q=fifth%20avenue%20naples%20fl%20first%20thursdays&ei=1NElTeSZE4T58AbrtvTTAQ&usg=AFQjCNF5hj0VDtbQBKLLe18gbK8kW0wNOA" "Mozilla/5.0 (Macintosh; U; Intel Mac OS X 10.6; en-US; rv:1.9.2.13) Gecko/20101203 Firefox/3.6.13"
98.238.98.153 - - [06/Jan/2011:09:31:47 -0500] "GET /design_styles.css HTTP/1.1" 404 298 "http://www.naples-usa.com/calendar-clubs-and-orgs.htm" "Mozilla/5.0 (Macintosh; U; Intel Mac OS X 10.6; en-US; rv:1.9.2.13) Gecko/20101203 Firefox/3.6.13"
98.238.98.153 - - [06/Jan/2011:09:31:47 -0500] "GET /dynamic_styles.css HTTP/1.1" 404 299 "http://www.naples-usa.com/calendar-clubs-and-orgs.htm" "Mozilla/5.0 (Macintosh; U; Intel Mac OS X 10.6; en-US; rv:1.9.2.13) Gecko/20101203 Firefox/3.6.13"
98.238.98.153 - - [06/Jan/2011:09:31:47 -0500] "GET /javascripts/address.js HTTP/1.1" 404 303 "http://www.naples-usa.com/calendar-clubs-and-orgs.htm" "Mozilla/5.0 (Macintosh; U; Intel Mac OS X 10.6; en-US; rv:1.9.2.13) Gecko/20101203 Firefox/3.6.13"
98.238.98.153 - - [06/Jan/2011:09:31:47 -0500] "GET /images/spacer.gif HTTP/1.1" 304 - "http://www.naples-usa.com/calendar-clubs-and-orgs.htm" "Mozilla/5.0 (Macintosh; U; Intel Mac OS X 10.6; en-US; rv:1.9.2.13) Gecko/20101203 Firefox/3.6.13"
95.108.217.252 - - [06/Jan/2011:09:47:52 -0500] "GET /blaine/properties-naples-real-estate-3.htm HTTP/1.1" 404 323 "-" "Mozilla/5.0 (compatible; YandexBot/3.0; +http://yandex.com/bots)"
67.195.112.50 - - [06/Jan/2011:09:55:53 -0500] "GET /TheProcacciGroup/15801_marcello-living4.jpg.LCK HTTP/1.0" 404 316 "-" "Mozilla/5.0 (compatible; Yahoo! Slurp; http://help.yahoo.com/help/us/ysearch/slurp)"
184.154.7.186 - - [06/Jan/2011:09:58:56 -0500] "GET /robots.txt HTTP/1.0" 404 279 "-" "Mozilla/5.0 (compatible; MJ12bot/v1.3.3; http://www.majestic12.co.uk/bot.php?+)"
184.154.7.186 - - [06/Jan/2011:09:58:59 -0500] "GET /meek.htm HTTP/1.0" 404 277 "-" "Mozilla/5.0 (compatible; MJ12bot/v1.3.3; http://www.majestic12.co.uk/bot.php?+)"
67.195.112.50 - - [06/Jan/2011:10:00:56 -0500] "GET /TheProcacciGroup/26760_rose-living.jpg.LCK HTTP/1.0" 404 311 "-" "Mozilla/5.0 (compatible; Yahoo! Slurp; http://help.yahoo.com/help/us/ysearch/slurp)"
67.195.112.50 - - [06/Jan/2011:10:01:43 -0500] "GET /TheProcacciGroup/12835_carrington-kitch.jpg.LCK HTTP/1.0" 404 316 "-" "Mozilla/5.0 (compatible; Yahoo! Slurp; http://help.yahoo.com/help/us/ysearch/slurp)"
69.247.241.130 - - [06/Jan/2011:10:14:13 -0500] "GET /calendar.htm HTTP/1.1" 200 71151 "http://www.google.com/search?client=safari&rls=en&q=norris+community+center+naples+fl,+winter+11+events&ie=UTF-8&oe=UTF-8" "Mozilla/5.0 (Macintosh; U; Intel Mac OS X 10_6_6; en-us) AppleWebKit/533.19.4 (KHTML, like Gecko) Version/5.0.3 Safari/533.19.4"
69.247.241.130 - - [06/Jan/2011:10:14:13 -0500] "GET /images/spacer.gif HTTP/1.1" 200 43 "http://www.naples-usa.com/calendar.htm" "Mozilla/5.0 (Macintosh; U; Intel Mac OS X 10_6_6; en-us) AppleWebKit/533.19.4 (KHTML, like Gecko) Version/5.0.3 Safari/533.19.4"
69.247.241.130 - - [06/Jan/2011:10:14:13 -0500] "GET /javascripts/address.js HTTP/1.1" 404 303 "http://www.naples-usa.com/calendar.htm" "Mozilla/5.0 (Macintosh; U; Intel Mac OS X 10_6_6; en-us) AppleWebKit/533.19.4 (KHTML, like Gecko) Version/5.0.3 Safari/533.19.4"
69.247.241.130 - - [06/Jan/2011:10:14:13 -0500] "GET /favicon.ico HTTP/1.1" 404 292 "http://www.naples-usa.com/calendar.htm" "Mozilla/5.0 (Macintosh; U; Intel Mac OS X 10_6_6; en-us) AppleWebKit/533.19.4 (KHTML, like Gecko) Version/5.0.3 Safari/533.19.4"
174.58.53.179 - - [06/Jan/2011:10:29:22 -0500] "GET /florida-homestead-exemption.htm HTTP/1.1" 200 14191 "http://search.yahoo.com/search;_ylt=A0oG7ktS3yVNOgsBoP9XNyoA?p=florida+homestead+exemption&ei=UTF-8&fr=fp-yie8&fr2=sp-top&xargs=12KPjg1oBvy5a3vOHvKvjFRfXBhg9O0JC1%2D90uXsYsfIwUpX9sUfY%5FP%5FSU5YAlH7kl4wzx%5FcI%2E&pstart=13&b=21" "Mozilla/4.0 (compatible; MSIE 7.0; Windows NT 5.1; Trident/4.0; GTB6.6; .NET CLR 1.1.4322; WinTSI 05.02.2010; yie8)"
174.58.53.179 - - [06/Jan/2011:10:29:22 -0500] "GET /images/welcome_usa.gif HTTP/1.1" 200 7890 "http://naples-usa.com/florida-homestead-exemption.htm" "Mozilla/4.0 (compatible; MSIE 8.0; Windows NT 5.1; Trident/4.0; GTB6.6; .NET CLR 1.1.4322; WinTSI 05.02.2010; yie8)"
174.58.53.179 - - [06/Jan/2011:10:29:22 -0500] "GET /images/florida_logo.gif HTTP/1.1" 200 1024 "http://naples-usa.com/florida-homestead-exemption.htm" "Mozilla/4.0 (compatible; MSIE 8.0; Windows NT 5.1; Trident/4.0; GTB6.6; .NET CLR 1.1.4322; WinTSI 05.02.2010; yie8)"
174.58.53.179 - - [06/Jan/2011:10:29:22 -0500] "GET /images/z_spacer_20.gif HTTP/1.1" 200 56 "http://naples-usa.com/florida-homestead-exemption.htm" "Mozilla/4.0 (compatible; MSIE 8.0; Windows NT 5.1; Trident/4.0; GTB6.6; .NET CLR 1.1.4322; WinTSI 05.02.2010; yie8)"
174.58.53.179 - - [06/Jan/2011:10:29:22 -0500] "GET /transparent.gif HTTP/1.1" 200 43 "http://naples-usa.com/florida-homestead-exemption.htm" "Mozilla/4.0 (compatible; MSIE 8.0; Windows NT 5.1; Trident/4.0; GTB6.6; .NET CLR 1.1.4322; WinTSI 05.02.2010; yie8)"
174.58.53.179 - - [06/Jan/2011:10:29:22 -0500] "GET /favicon.ico HTTP/1.1" 404 292 "-" "Mozilla/4.0 (compatible; MSIE 8.0; Windows NT 5.1; Trident/4.0; GTB6.6; .NET CLR 1.1.4322; WinTSI 05.02.2010; yie8)"
67.195.112.50 - - [06/Jan/2011:10:36:27 -0500] "GET /TheProcacciGroup/15560_marcello-kitch2.jpg.LCK HTTP/1.0" 404 315 "-" "Mozilla/5.0 (compatible; Yahoo! Slurp; http://help.yahoo.com/help/us/ysearch/slurp)"
67.195.112.50 - - [06/Jan/2011:10:49:44 -0500] "GET /wilson-cipolla/testimonials.htm HTTP/1.0" 404 300 "-" "Mozilla/5.0 (compatible; Yahoo! Slurp; http://help.yahoo.com/help/us/ysearch/slurp)"
119.63.198.77 - - [06/Jan/2011:10:52:37 -0500] "GET /recycling-info-naples-florida.htm HTTP/1.1" 200 13920 "-" "Baiduspider+(+http://www.baidu.jp/spider/)"
98.238.66.62 - - [06/Jan/2011:10:59:48 -0500] "GET /Logos/winner_250.jpg HTTP/1.1" 200 6408 "-" "Mozilla/4.0 (compatible; MSIE 7.0; Windows NT 5.1; Trident/4.0; .NET CLR 1.1.4322)"
98.238.66.62 - - [06/Jan/2011:10:59:48 -0500] "GET /Logos/1_df-72dpi-476x57pix-banner.jpg HTTP/1.1" 200 9733 "-" "Mozilla/4.0 (compatible; MSIE 7.0; Windows NT 5.1; Trident/4.0; .NET CLR 1.1.4322)"
207.46.13.41 - - [06/Jan/2011:11:06:38 -0500] "GET /robots.txt HTTP/1.1" 404 291 "-" "Mozilla/5.0 (compatible; bingbot/2.0; +http://www.bing.com/bingbot.htm)"
207.46.13.41 - - [06/Jan/2011:11:10:14 -0500] "GET /calendar-clubs-and-orgs.htm HTTP/1.1" 304 - "-" "Mozilla/5.0 (compatible; bingbot/2.0; +http://www.bing.com/bingbot.htm)"
119.63.198.85 - - [06/Jan/2011:11:47:57 -0500] "GET /naples-weather.htm HTTP/1.1" 200 16725 "-" "Baiduspider+(+http://www.baidu.jp/spider/)"
75.204.14.210 - - [06/Jan/2011:11:56:24 -0500] "GET /Logos/1_df-72dpi-146x55pix-inverse.jpg HTTP/1.1" 200 3353 "-" "Mozilla/4.0 (compatible; MSIE 7.0; Windows NT 5.1; Trident/4.0; GTB6.6; Mozilla/4.0 (compatible; MSIE 6.0; Windows NT 5.1; SV1) ; IEMB3; .NET CLR 2.0.50727; .NET CLR 3.0.04506.648; .NET CLR 3.5.21022; .NET CLR 3.0.4506.2152; .NET CLR 3.5.30729; .NET4.0C; IEMB3)"
75.204.14.210 - - [06/Jan/2011:11:56:24 -0500] "GET /Logos/1_df-72dpi-146x55pix-inverse.jpg HTTP/1.1" 200 3353 "-" "Mozilla/4.0 (compatible; MSIE 7.0; Windows NT 5.1; Trident/4.0; GTB6.6; Mozilla/4.0 (compatible; MSIE 6.0; Windows NT 5.1; SV1) ; IEMB3; .NET CLR 2.0.50727; .NET CLR 3.0.04506.648; .NET CLR 3.5.21022; .NET CLR 3.0.4506.2152; .NET CLR 3.5.30729; .NET4.0C; IEMB3)"
207.46.193.40 - - [06/Jan/2011:12:12:00 -0500] "GET /calendar.htm HTTP/1.1" 200 71151 "-" "Mozilla/4.0 (compatible; MSIE 6.0; Windows NT 5.2; SLCC1; .NET CLR 1.1.4325; .NET CLR 2.0.50727; .NET CLR 3.0.30729)"
207.46.193.40 - - [06/Jan/2011:12:12:02 -0500] "GET /javascripts/address.js HTTP/1.1" 404 303 "http://www.naples-usa.com/calendar.htm" "Mozilla/4.0 (compatible; MSIE 6.0; Windows NT 5.2; SLCC1; .NET CLR 1.1.4325; .NET CLR 2.0.50727; .NET CLR 3.0.30729)"
67.195.112.50 - - [06/Jan/2011:12:16:40 -0500] "GET /TheProcacciGroup/506_avellino-101-living.jpg.LCK HTTP/1.0" 404 317 "-" "Mozilla/5.0 (compatible; Yahoo! Slurp; http://help.yahoo.com/help/us/ysearch/slurp)"
67.195.112.50 - - [06/Jan/2011:12:27:44 -0500] "GET /mortgage-dictionary.htm HTTP/1.0" 404 292 "-" "Mozilla/5.0 (compatible; Yahoo! Slurp; http://help.yahoo.com/help/us/ysearch/slurp)"
66.249.71.46 - - [06/Jan/2011:12:29:04 -0500] "GET /Vendors/frequently_called.htm HTTP/1.1" 200 24650 "-" "Mozilla/5.0 (compatible; Googlebot/2.1; +http://www.google.com/bot.html)"
119.63.198.120 - - [06/Jan/2011:12:43:18 -0500] "GET /naples-tour.htm HTTP/1.1" 200 22351 "-" "Baiduspider+(+http://www.baidu.jp/spider/)"
67.195.112.50 - - [06/Jan/2011:13:01:07 -0500] "GET /TheProcacciGroup/4242_long-living.jpg.LCK HTTP/1.0" 404 310 "-" "Mozilla/5.0 (compatible; Yahoo! Slurp; http://help.yahoo.com/help/us/ysearch/slurp)"
67.195.112.50 - - [06/Jan/2011:13:07:13 -0500] "GET /TheProcacciGroup/1140_little-living2.jpg.LCK HTTP/1.0" 404 313 "-" "Mozilla/5.0 (compatible; Yahoo! Slurp; http://help.yahoo.com/help/us/ysearch/slurp)"
65.52.51.180 - - [06/Jan/2011:13:07:17 -0500] "GET /robots.txt HTTP/1.1" 404 291 "-" "Mozilla/5.0 (compatible; bingbot/2.0; +http://www.bing.com/bingbot.htm)"
166.137.9.250 - - [06/Jan/2011:13:11:57 -0500] "GET /Logos/1_df-72dpi-250x30pix-banner.jpg HTTP/1.1" 200 4514 "-" "Mozilla/5.0 (iPhone; U; CPU iPhone OS 4_1 like Mac OS X; en-us) AppleWebKit/532.9 (KHTML, like Gecko)"
67.195.112.50 - - [06/Jan/2011:13:14:28 -0500] "GET /naples-florida-beachesandparks.htm HTTP/1.0" 200 10582 "-" "Mozilla/5.0 (compatible; Yahoo! Slurp; http://help.yahoo.com/help/us/ysearch/slurp)"
207.46.195.234 - - [06/Jan/2011:13:21:14 -0500] "GET /robots.txt HTTP/1.1" 404 291 "-" "Mozilla/5.0 (compatible; bingbot/2.0; +http://www.bing.com/bingbot.htm)"
124.115.0.156 - - [06/Jan/2011:13:24:56 -0500] "GET / HTTP/1.1" 200 11305 "-" "Sosospider+(+http://help.soso.com/webspider.htm)"
124.115.0.156 - - [06/Jan/2011:13:25:08 -0500] "GET /naples-usa.css HTTP/1.1" 200 714 "http://www.naples-usa.com/" "Sosospider+(+http://help.soso.com/webspider.htm)"
207.46.13.135 - - [06/Jan/2011:13:25:16 -0500] "GET /naples-tennis.htm HTTP/1.1" 304 - "-" "Mozilla/5.0 (compatible; bingbot/2.0; +http://www.bing.com/bingbot.htm)"
125.64.33.80 - - [06/Jan/2011:13:28:53 -0500] "GET / HTTP/1.1" 200 11305 "-" "Mozilla/4.0 (compatible; MSIE 6.0; Windows NT 5.0; SV1; .NET CLR 1.1.4322; InfoPath.2; .NET CLR 2.0.50727; .NET CLR 3.0.04506.648; .NET CLR 3.5.21022)"
207.46.195.234 - - [06/Jan/2011:13:29:15 -0500] "GET /naples-boatcondos.htm HTTP/1.1" 304 - "-" "Mozilla/5.0 (compatible; bingbot/2.0; +http://www.bing.com/bingbot.htm)"
122.172.6.43 - - [06/Jan/2011:13:35:32 -0500] "GET /Vendors/ HTTP/1.1" 200 456837 "http://www.google.co.in/url?sa=t&source=web&cd=31&ved=0CBsQFjAAOB4&url=http%3A%2F%2Fwww.naples-usa.com%2FVendors%2F&rct=j&q=vendors%20list%20usa&ei=agsmTZejFIynrAesl73qDA&usg=AFQjCNHp-t1BkUhRfcRcutPlmE_RyCb41g&cad=rja" "Mozilla/5.0 (Windows NT 5.1; rv:2.0b8) Gecko/20100101 Firefox/4.0b8"
122.172.6.43 - - [06/Jan/2011:13:35:32 -0500] "GET /favicon.ico HTTP/1.1" 404 292 "-" "Mozilla/5.0 (Windows NT 5.1; rv:2.0b8) Gecko/20100101 Firefox/4.0b8"
122.172.6.43 - - [06/Jan/2011:13:35:32 -0500] "GET /favicon.ico HTTP/1.1" 404 292 "-" "Mozilla/5.0 (Windows NT 5.1; rv:2.0b8) Gecko/20100101 Firefox/4.0b8"
119.63.198.108 - - [06/Jan/2011:13:38:36 -0500] "GET /naples-history.htm HTTP/1.1" 200 22034 "-" "Baiduspider+(+http://www.baidu.jp/spider/)"
67.195.112.50 - - [06/Jan/2011:14:02:34 -0500] "GET /naples-florida-schools.htm HTTP/1.0" 200 27490 "-" "Mozilla/5.0 (compatible; Yahoo! Slurp; http://help.yahoo.com/help/us/ysearch/slurp)"
67.195.112.50 - - [06/Jan/2011:14:03:57 -0500] "GET /TheProcacciGroup/28050_palmas-208029109.jpg.LCK HTTP/1.0" 404 316 "-" "Mozilla/5.0 (compatible; Yahoo! Slurp; http://help.yahoo.com/help/us/ysearch/slurp)"
67.195.112.50 - - [06/Jan/2011:14:06:16 -0500] "GET /TheProcacciGroup/7815_regal-lanai.jpg.LCK HTTP/1.0" 404 310 "-" "Mozilla/5.0 (compatible; Yahoo! Slurp; http://help.yahoo.com/help/us/ysearch/slurp)"
207.46.199.46 - - [06/Jan/2011:14:08:23 -0500] "GET /robots.txt HTTP/1.1" 404 291 "-" "Mozilla/5.0 (compatible; bingbot/2.0; +http://www.bing.com/bingbot.htm)"
67.195.112.50 - - [06/Jan/2011:14:09:00 -0500] "GET /TheProcacciGroup/5909_almaden-209013411.jpg.LCK HTTP/1.0" 404 316 "-" "Mozilla/5.0 (compatible; Yahoo! Slurp; http://help.yahoo.com/help/us/ysearch/slurp)"
67.195.112.50 - - [06/Jan/2011:14:10:47 -0500] "GET /TheProcacciGroup/2185_out-208038678.jpg.LCK HTTP/1.0" 404 312 "-" "Mozilla/5.0 (compatible; Yahoo! Slurp; http://help.yahoo.com/help/us/ysearch/slurp)"
207.46.199.46 - - [06/Jan/2011:14:17:15 -0500] "GET /recycling-info-naples-florida.htm HTTP/1.1" 304 - "-" "Mozilla/5.0 (compatible; bingbot/2.0; +http://www.bing.com/bingbot.htm)"
87.6.61.84 - - [06/Jan/2011:14:25:23 -0500] "GET /images/1_naples%20florida%20real%20estate_index.jpg HTTP/1.1" 200 24287 "http://www.google.it/imgres?imgurl=http://www.naples-usa.com/images/1_naples%2520florida%2520real%2520estate_index.jpg&imgrefurl=http://www.dolphinworld.net/wordpress/2008/02/19/naples-florida-dolphin-swim-tour/&usg=__qADXQoSKXq32YdNCGsSumn4G-8c=&h=256&w=375&sz=24&hl=it&start=0&zoom=1&tbnid=xiSSaf0OQrPq8M:&tbnh=140&tbnw=206&prev=/images%3Fq%3Dnaples%2Bflorida%26hl%3Dit%26sa%3DN%26biw%3D1280%26bih%3D620%26tbs%3Disch:1&itbs=1&iact=rc&dur=365&ei=AxcmTd24I47tOcP2hPAI&oei=AxcmTd24I47tOcP2hPAI&esq=1&page=1&ndsp=17&ved=1t:429,r:6,s:0&tx=47&ty=100" "Mozilla/5.0 (Windows; U; Windows NT 6.0; it; rv:1.9.2.13) Gecko/20101203 Firefox/3.6.13 ( .NET CLR 3.5.30729; .NET4.0C)"
67.195.112.50 - - [06/Jan/2011:14:29:04 -0500] "GET /TheProcacciGroup/4885_least-208006646.jpg.LCK HTTP/1.0" 404 314 "-" "Mozilla/5.0 (compatible; Yahoo! Slurp; http://help.yahoo.com/help/us/ysearch/slurp)"
119.63.198.81 - - [06/Jan/2011:14:33:56 -0500] "GET /naples-florida-schools.htm HTTP/1.1" 200 27490 "-" "Baiduspider+(+http://www.baidu.jp/spider/)"
67.195.112.50 - - [06/Jan/2011:14:34:22 -0500] "GET /TheProcacciGroup/774_wiggins-lanai.jpg.LCK HTTP/1.0" 404 311 "-" "Mozilla/5.0 (compatible; Yahoo! Slurp; http://help.yahoo.com/help/us/ysearch/slurp)"
98.238.22.94 - - [06/Jan/2011:14:43:36 -0500] "GET /calendar-clubs-and-orgs.htm HTTP/1.1" 200 27411 "http://www.google.ca/search?sourceid=navclient&ie=UTF-8&rlz=1T4SUNA_enCA383CA383&q=SINGLES+NAPLES+GOLF" "Mozilla/4.0 (compatible; MSIE 7.0; Windows NT 5.1; FunWebProducts; GTB6.6; .NET CLR 1.1.4322; .NET CLR 2.0.50727; .NET CLR 3.0.4506.2152; .NET CLR 3.5.30729)"
98.238.22.94 - - [06/Jan/2011:14:43:36 -0500] "GET /design_styles.css HTTP/1.1" 404 298 "http://www.naples-usa.com/calendar-clubs-and-orgs.htm" "Mozilla/4.0 (compatible; MSIE 7.0; Windows NT 5.1; FunWebProducts; GTB6.6; .NET CLR 1.1.4322; .NET CLR 2.0.50727; .NET CLR 3.0.4506.2152; .NET CLR 3.5.30729)"
98.238.22.94 - - [06/Jan/2011:14:43:36 -0500] "GET /dynamic_styles.css HTTP/1.1" 404 299 "http://www.naples-usa.com/calendar-clubs-and-orgs.htm" "Mozilla/4.0 (compatible; MSIE 7.0; Windows NT 5.1; FunWebProducts; GTB6.6; .NET CLR 1.1.4322; .NET CLR 2.0.50727; .NET CLR 3.0.4506.2152; .NET CLR 3.5.30729)"
98.238.22.94 - - [06/Jan/2011:14:43:36 -0500] "GET /images/spacer.gif HTTP/1.1" 200 43 "http://www.naples-usa.com/calendar-clubs-and-orgs.htm" "Mozilla/4.0 (compatible; MSIE 7.0; Windows NT 5.1; FunWebProducts; GTB6.6; .NET CLR 1.1.4322; .NET CLR 2.0.50727; .NET CLR 3.0.4506.2152; .NET CLR 3.5.30729)"
98.238.22.94 - - [06/Jan/2011:14:43:36 -0500] "GET /javascripts/address.js HTTP/1.1" 404 303 "http://www.naples-usa.com/calendar-clubs-and-orgs.htm" "Mozilla/4.0 (compatible; MSIE 7.0; Windows NT 5.1; FunWebProducts; GTB6.6; .NET CLR 1.1.4322; .NET CLR 2.0.50727; .NET CLR 3.0.4506.2152; .NET CLR 3.5.30729)"
98.238.22.94 - - [06/Jan/2011:14:43:36 -0500] "GET /favicon.ico HTTP/1.1" 404 292 "-" "Mozilla/4.0 (compatible; MSIE 7.0; Windows NT 5.1; FunWebProducts; GTB6.6; .NET CLR 1.1.4322; .NET CLR 2.0.50727; .NET CLR 3.0.4506.2152; .NET CLR 3.5.30729)"
98.238.22.94 - - [06/Jan/2011:14:43:38 -0500] "GET /url(res://C:/Program%20Files/Google/Google%20Toolbar/Component/GoogleToolbarDynamic_mui_en_E11712C84EA7E12B.dll/findy_buttons.png) HTTP/1.1" 404 407 "http://www.naples-usa.com/calendar-clubs-and-orgs.htm" "Mozilla/4.0 (compatible; MSIE 7.0; Windows NT 5.1; FunWebProducts; GTB6.6; .NET CLR 1.1.4322; .NET CLR 2.0.50727; .NET CLR 3.0.4506.2152; .NET CLR 3.5.30729)"
67.195.112.50 - - [06/Jan/2011:14:44:01 -0500] "GET /TheProcacciGroup/23580_walden-dining.jpg.LCK HTTP/1.0" 404 313 "-" "Mozilla/5.0 (compatible; Yahoo! Slurp; http://help.yahoo.com/help/us/ysearch/slurp)"
98.238.22.94 - - [06/Jan/2011:14:44:03 -0500] "GET /design_styles.css HTTP/1.1" 404 298 "http://www.naples-usa.com/calendar-clubs-and-orgs.htm" "Mozilla/4.0 (compatible; MSIE 7.0; Windows NT 5.1; FunWebProducts; GTB6.6; .NET CLR 1.1.4322; .NET CLR 2.0.50727; .NET CLR 3.0.4506.2152; .NET CLR 3.5.30729)"
98.238.22.94 - - [06/Jan/2011:14:44:03 -0500] "GET /dynamic_styles.css HTTP/1.1" 404 299 "http://www.naples-usa.com/calendar-clubs-and-orgs.htm" "Mozilla/4.0 (compatible; MSIE 7.0; Windows NT 5.1; FunWebProducts; GTB6.6; .NET CLR 1.1.4322; .NET CLR 2.0.50727; .NET CLR 3.0.4506.2152; .NET CLR 3.5.30729)"
98.238.22.94 - - [06/Jan/2011:14:44:03 -0500] "GET /javascripts/address.js HTTP/1.1" 404 303 "http://www.naples-usa.com/calendar-clubs-and-orgs.htm" "Mozilla/4.0 (compatible; MSIE 7.0; Windows NT 5.1; FunWebProducts; GTB6.6; .NET CLR 1.1.4322; .NET CLR 2.0.50727; .NET CLR 3.0.4506.2152; .NET CLR 3.5.30729)"
98.238.22.94 - - [06/Jan/2011:14:44:05 -0500] "GET /url(res://C:/Program%20Files/Google/Google%20Toolbar/Component/GoogleToolbarDynamic_mui_en_E11712C84EA7E12B.dll/findy_buttons.png) HTTP/1.1" 404 407 "http://www.naples-usa.com/calendar-clubs-and-orgs.htm" "Mozilla/4.0 (compatible; MSIE 7.0; Windows NT 5.1; FunWebProducts; GTB6.6; .NET CLR 1.1.4322; .NET CLR 2.0.50727; .NET CLR 3.0.4506.2152; .NET CLR 3.5.30729)"
65.52.110.54 - - [06/Jan/2011:14:49:06 -0500] "GET /robots.txt HTTP/1.1" 404 291 "-" "Mozilla/5.0 (compatible; bingbot/2.0; +http://www.bing.com/bingbot.htm)"
68.68.212.74 - - [06/Jan/2011:14:53:00 -0500] "GET /recycling-info-naples-florida.htm HTTP/1.1" 200 13920 "http://www.google.com/search?q=recycle+lead+acid+batteries+in+Naples+florida&ie=utf-8&oe=utf-8&aq=t&rls=org.mozilla:en-US:official&client=firefox-a" "Mozilla/5.0 (Windows; U; Windows NT 5.1; en-US; rv:1.9.2.13) Gecko/20101203 Firefox/3.6.13 (.NET CLR 3.5.30729)"
68.68.212.74 - - [06/Jan/2011:14:53:00 -0500] "GET /images/welcome_usa.gif HTTP/1.1" 200 7890 "http://www.naples-usa.com/recycling-info-naples-florida.htm" "Mozilla/5.0 (Windows; U; Windows NT 5.1; en-US; rv:1.9.2.13) Gecko/20101203 Firefox/3.6.13 (.NET CLR 3.5.30729)"
68.68.212.74 - - [06/Jan/2011:14:53:00 -0500] "GET /favicon.ico HTTP/1.1" 404 292 "-" "Mozilla/5.0 (Windows; U; Windows NT 5.1; en-US; rv:1.9.2.13) Gecko/20101203 Firefox/3.6.13 (.NET CLR 3.5.30729)"
68.68.212.74 - - [06/Jan/2011:14:53:03 -0500] "GET /favicon.ico HTTP/1.1" 404 292 "-" "Mozilla/5.0 (Windows; U; Windows NT 5.1; en-US; rv:1.9.2.13) Gecko/20101203 Firefox/3.6.13 (.NET CLR 3.5.30729)"
76.101.214.41 - - [06/Jan/2011:14:53:42 -0500] "GET / HTTP/1.1" 200 11305 "http://search.incredimail.com/?q=downing+frye&lang=english&source=012051022&p=4" "Mozilla/4.0 (compatible; MSIE 8.0; Windows NT 6.1; WOW64; Trident/4.0; SLCC2; .NET CLR 2.0.50727; .NET CLR 3.5.30729; .NET CLR 3.0.30729; Media Center PC 6.0; MDDC)"
76.101.214.41 - - [06/Jan/2011:14:53:42 -0500] "GET /naples-usa.css HTTP/1.1" 200 714 "http://www.naples-usa.com/" "Mozilla/4.0 (compatible; MSIE 8.0; Windows NT 6.1; WOW64; Trident/4.0; SLCC2; .NET CLR 2.0.50727; .NET CLR 3.5.30729; .NET CLR 3.0.30729; Media Center PC 6.0; MDDC)"
76.101.214.41 - - [06/Jan/2011:14:53:42 -0500] "GET /images/border%20naples.gif HTTP/1.1" 200 358 "http://www.naples-usa.com/" "Mozilla/4.0 (compatible; MSIE 8.0; Windows NT 6.1; WOW64; Trident/4.0; SLCC2; .NET CLR 2.0.50727; .NET CLR 3.5.30729; .NET CLR 3.0.30729; Media Center PC 6.0; MDDC)"
76.101.214.41 - - [06/Jan/2011:14:53:42 -0500] "GET /images/welcome_usa.gif HTTP/1.1" 200 7890 "http://www.naples-usa.com/" "Mozilla/4.0 (compatible; MSIE 8.0; Windows NT 6.1; WOW64; Trident/4.0; SLCC2; .NET CLR 2.0.50727; .NET CLR 3.5.30729; .NET CLR 3.0.30729; Media Center PC 6.0; MDDC)"
76.101.214.41 - - [06/Jan/2011:14:53:42 -0500] "GET /images/A-INDE~1.jpg HTTP/1.1" 200 23069 "http://www.naples-usa.com/" "Mozilla/4.0 (compatible; MSIE 8.0; Windows NT 6.1; WOW64; Trident/4.0; SLCC2; .NET CLR 2.0.50727; .NET CLR 3.5.30729; .NET CLR 3.0.30729; Media Center PC 6.0; MDDC)"
76.101.214.41 - - [06/Jan/2011:14:53:42 -0500] "GET /favicon.ico HTTP/1.1" 404 292 "-" "Mozilla/4.0 (compatible; MSIE 8.0; Windows NT 6.1; WOW64; Trident/4.0; SLCC2; .NET CLR 2.0.50727; .NET CLR 3.5.30729; .NET CLR 3.0.30729; Media Center PC 6.0; MDDC)"
76.101.214.41 - - [06/Jan/2011:14:54:01 -0500] "GET /favicon.ico HTTP/1.1" 404 292 "-" "Mozilla/4.0 (compatible; MSIE 8.0; Windows NT 6.1; WOW64; Trident/4.0; SLCC2; .NET CLR 2.0.50727; .NET CLR 3.5.30729; .NET CLR 3.0.30729; Media Center PC 6.0; MDDC)"
65.52.110.54 - - [06/Jan/2011:15:00:15 -0500] "GET /naples-boatdocks.htm HTTP/1.1" 304 - "-" "Mozilla/5.0 (compatible; bingbot/2.0; +http://www.bing.com/bingbot.htm)"
67.195.112.50 - - [06/Jan/2011:15:01:03 -0500] "GET /TheProcacciGroup/394_tern-bed.jpg.LCK HTTP/1.0" 404 306 "-" "Mozilla/5.0 (compatible; Yahoo! Slurp; http://help.yahoo.com/help/us/ysearch/slurp)"
67.195.112.50 - - [06/Jan/2011:15:16:00 -0500] "GET /frengel-walsh/?S=D HTTP/1.0" 404 283 "-" "Mozilla/5.0 (compatible; Yahoo! Slurp; http://help.yahoo.com/help/us/ysearch/slurp)"
67.195.112.50 - - [06/Jan/2011:15:24:14 -0500] "GET /suarez.htm HTTP/1.0" 404 279 "-" "Mozilla/5.0 (compatible; Yahoo! Slurp; http://help.yahoo.com/help/us/ysearch/slurp)"
67.195.112.50 - - [06/Jan/2011:15:28:09 -0500] "GET /TheProcacciGroup/3352_cayman-kitch2.jpg.LCK HTTP/1.0" 404 312 "-" "Mozilla/5.0 (compatible; Yahoo! Slurp; http://help.yahoo.com/help/us/ysearch/slurp)"
119.63.198.126 - - [06/Jan/2011:15:29:15 -0500] "GET /naples-florida-facts.htm HTTP/1.1" 200 12073 "-" "Baiduspider+(+http://www.baidu.jp/spider/)"
67.195.112.59 - - [06/Jan/2011:15:34:13 -0500] "GET /robots.txt HTTP/1.0" 404 279 "-" "Mozilla/5.0 (compatible; Yahoo! Slurp; http://help.yahoo.com/help/us/ysearch/slurp)"
67.195.112.59 - - [06/Jan/2011:15:34:14 -0500] "GET /naples-history.htm HTTP/1.0" 200 22034 "-" "Mozilla/5.0 (compatible; Yahoo! Slurp; http://help.yahoo.com/help/us/ysearch/slurp)"
207.46.13.143 - - [06/Jan/2011:15:36:55 -0500] "GET /robots.txt HTTP/1.1" 404 291 "-" "Mozilla/5.0 (compatible; bingbot/2.0; +http://www.bing.com/bingbot.htm)"
66.235.124.1 - - [06/Jan/2011:15:37:22 -0500] "GET /robots.txt HTTP/1.1" 404 291 "-" "Mozilla/5.0 (compatible; Ask Jeeves/Teoma; +http://about.ask.com/en/docs/about/webmasters.shtml)"
66.235.124.1 - - [06/Jan/2011:15:37:22 -0500] "GET / HTTP/1.1" 200 11305 "-" "Mozilla/5.0 (compatible; Ask Jeeves/Teoma; +http://about.ask.com/en/docs/about/webmasters.shtml)"
67.195.112.50 - - [06/Jan/2011:15:39:47 -0500] "GET /TheProcacciGroup/455_cove-living-new.jpg.LCK HTTP/1.0" 404 313 "-" "Mozilla/5.0 (compatible; Yahoo! Slurp; http://help.yahoo.com/help/us/ysearch/slurp)"
76.5.14.16 - - [06/Jan/2011:15:42:03 -0500] "GET /Vendors/DF_instructions.htm HTTP/1.1" 200 3498 "http://www.google.com/search?sourceid=navclient&ie=UTF-8&rlz=1T4GGLL_enUS397US398&q=dnfr+vendor+list" "Mozilla/5.0 (compatible; MSIE 9.0; Windows NT 6.1; Trident/5.0)"
76.5.14.16 - - [06/Jan/2011:15:42:03 -0500] "GET /favicon.ico HTTP/1.1" 404 292 "-" "Mozilla/5.0 (compatible; MSIE 9.0; Windows NT 6.1; Trident/5.0)"
76.5.14.16 - - [06/Jan/2011:15:42:03 -0500] "GET /favicon.ico HTTP/1.1" 404 292 "-" "Mozilla/5.0 (compatible; MSIE 9.0; Windows NT 6.1; Trident/5.0)"
76.5.14.16 - - [06/Jan/2011:15:42:11 -0500] "GET /Vendors/index.html HTTP/1.1" 200 456837 "http://www.google.com/search?sourceid=navclient&ie=UTF-8&rlz=1T4GGLL_enUS397US398&q=dnfr+vendor+list" "Mozilla/5.0 (compatible; MSIE 9.0; Windows NT 6.1; Trident/5.0)"
76.5.14.16 - - [06/Jan/2011:15:42:11 -0500] "GET /favicon.ico HTTP/1.1" 404 292 "-" "Mozilla/5.0 (compatible; MSIE 9.0; Windows NT 6.1; Trident/5.0)"
76.5.14.16 - - [06/Jan/2011:15:42:11 -0500] "GET /favicon.ico HTTP/1.1" 404 292 "-" "Mozilla/5.0 (compatible; MSIE 9.0; Windows NT 6.1; Trident/5.0)"
76.5.14.16 - - [06/Jan/2011:15:42:13 -0500] "GET /Vendors/url(data:image/png;base64,iVBORw0KGgoAAAANSUhEUgAAADgAAAAOCAYAAAB6pd%2buAAAAAXNSR0IArs4c6QAAAAZiS0dEAP8A%2fwD%2foL2nkwAAAAlwSFlzAAALEwAACxMBAJqcGAAAAAd0SU1FB9oGAhENK17O5ogAAAAZdEVYdENvbW1lbnQAQ3JlYXRlZCB3aXRoIEdJTVBXgQ4XAAAD6UlEQVRIx82WXWxTdRjGf6fndO3adbZ0VLoP9gFMXZQFNgSWDEkEYtSQkNVg4o2JH9NGJTMk6k01vTIhXshFzTCKE5NFORoXXDBs4nTMZHMzSETHDKyQyb7Xbu36dc7p8aaQZm5GNzd8rk7evOf%2fz%2fM%2bz%2f99X4E1htcn68v5742mffVRJd19uucqH539lSq3yKuHtlDmkPj99aPYe39kfRoMOqgCJHSdJNRL3AEE%2fB7h3xZFgO6JuRQdl6PE8zfRPzlF71CEojoXFc%2b9SPy3KxjCc%2bgCpIE0IilB65YWHFQBfAbUZEIDQGPA7xngDsNgMpFUY0Q0ESHHhKbkM3A9yoFqDceGQpTijWjhXxCAtC6gCWk0BAwLzqkAQsC6TJVDGcKrZdeDXp%2fcvki8zeuTH8uO6ehYzRJumxEUBUkyMa%2baUDWBVDLNnJJgNE9ixGZiOlckaQAVAWmBdTqBzqxQJ%2fD2KgrTCDzq9clywO%2fxZMi1AgcBBbhNPhyJ47TlsGuzjaHRSRRdoKq8AF3XOdvZw1BMQneUMl9iZN4eo3AmRWVwFulvqusAngBOryLBY0AcaPD65LeAFPAk0BLwe57OTnz3i4sc3ruFx2s24MwzoWgaW4tNnPn0JLt37KJ2zwGMgk5X3zd8ONJOX7mGvcK5OEGvT94HNGcs2rjSzrhUUwn4PV1AV4bcm5nwkYDfc3xhbs%2bVWQZH%2btlekc%2fDtRupKrub1uYT7NhWw9bde%2fl2REUSRR56pJT0lxofhM8xaheXVPA1oDPg9zT%2bExmsDqF8hUqmlvi%2bDUs6RWhW5Ov%2bKaxmK5XFLkIzIe7f%2fiBtwypPVZqIRWJ8Ny6x09OEJJs5rrTxn4yJY00NwRU0mtaMLY9kyL3n9clVAb%2fnley8wnyBkkIHrgILm925JGPTJONRDHqaHDQmx2a4Ph4hpFkpcZqZmBhHtbI4wYDfs3%2bNhn5bpqG03LKl1ydXAS97fXJ%2b9jv0Hq6lyK5C%2fBJ6PEjyj2nW2VQGLw5gLKqn92YSxWgjbrRy89ogVosFoyT%2bZUzcurjD65M71oDjCeDzbCIZ5VqAk9mJm9w5zAdPkRx%2bB3H6Y3Kj7TxQMkzLqfe5V71GvttFiduOa3aQc58E6JseJJXSEVhjeH2yvpxN5qVnygj%2fdJQCWxjBAOm0gVRC5MLPdoZnt2F3rsdisTAV7MBlusT3oVK6TOriCv4fIZnsSDlu1IQRNWVGV83kYKFuZzX7PQ1MFOg0j53nh%2bg8qpLg2eogeyJ53JFddDkLtyiZ6%2b%2b674Vu5cZXiIkJdAEMjnvIqzjEjVCS7rmrhOwC0Vwn58fqkIIXeL72Mn8CJn6UfKGeNt4AAAAASUVORK5CYII%3d) HTTP/1.1" 404 1872 "http://www.naples-usa.com/Vendors/index.html" "Mozilla/5.0 (compatible; MSIE 9.0; Windows NT 6.1; Trident/5.0)"
171.159.64.10 - - [06/Jan/2011:15:47:39 -0500] "GET /images/welcome_usa.gif HTTP/1.1" 200 7890 "-" "Mozilla/4.0 (compatible;)"
171.159.64.10 - - [06/Jan/2011:15:47:39 -0500] "GET /images/florida_logo_sm.gif HTTP/1.1" 200 1933 "-" "Mozilla/4.0 (compatible;)"
171.159.64.10 - - [06/Jan/2011:15:47:39 -0500] "GET /images/images/z-stickfamily.gif HTTP/1.1" 404 312 "-" "Mozilla/4.0 (compatible;)"
171.159.64.10 - - [06/Jan/2011:15:47:39 -0500] "GET /images/images/z-bird-flamingo.gif HTTP/1.1" 200 890 "-" "Mozilla/4.0 (compatible;)"
171.159.64.10 - - [06/Jan/2011:15:47:39 -0500] "GET /images/images/z-frog.jpg HTTP/1.1" 404 305 "-" "Mozilla/4.0 (compatible;)"
171.159.64.10 - - [06/Jan/2011:15:47:39 -0500] "GET /naples-calendarofevents.htm HTTP/1.1" 200 255135 "http://www.google.com/search?hl=en&q=townsmen+big+band+orchestra+naples+fl&aq=f&aqi=&aql=&oq=&gs_rfai=" "Mozilla/4.0 (compatible; MSIE 7.0; Windows NT 5.1; .NET CLR 1.1.4322; .NET CLR 1.0.3705; .NET CLR 2.0.50727; .NET CLR 3.0.04506.30; MS-RTC S; InfoPath.2; SRC 2.7.1 E1; MS-RTC LM 8; .NET CLR 3.0.4506.2152; .NET CLR 3.5.30729)"
171.159.64.10 - - [06/Jan/2011:15:47:40 -0500] "GET /images/z_shell.gif HTTP/1.1" 200 1325 "-" "Mozilla/4.0 (compatible;)"
171.159.64.10 - - [06/Jan/2011:15:47:40 -0500] "GET /images/z-sailboat.jpg HTTP/1.1" 200 2182 "-" "Mozilla/4.0 (compatible;)"
171.159.64.10 - - [06/Jan/2011:15:47:41 -0500] "GET /images/images/z-frog.jpg HTTP/1.1" 404 305 "http://www.naples-usa.com/naples-calendarofevents.htm" "Mozilla/4.0 (compatible; MSIE 7.0; Windows NT 5.1; .NET CLR 1.1.4322; .NET CLR 1.0.3705; .NET CLR 2.0.50727; .NET CLR 3.0.04506.30; MS-RTC S; InfoPath.2; SRC 2.7.1 E1; MS-RTC LM 8; .NET CLR 3.0.4506.2152; .NET CLR 3.5.30729)"
171.159.64.10 - - [06/Jan/2011:15:47:41 -0500] "GET /images/return_arrow.gif HTTP/1.1" 200 220 "-" "Mozilla/4.0 (compatible;)"
171.159.64.10 - - [06/Jan/2011:15:47:41 -0500] "GET /images/images/z-theater.gif HTTP/1.1" 404 308 "-" "Mozilla/4.0 (compatible;)"
171.159.64.10 - - [06/Jan/2011:15:47:41 -0500] "GET /images/images/z-turtle-b.jpg HTTP/1.1" 404 309 "-" "Mozilla/4.0 (compatible;)"
171.159.64.10 - - [06/Jan/2011:15:47:41 -0500] "GET /images/z_rose.gif HTTP/1.1" 200 473 "-" "Mozilla/4.0 (compatible;)"
171.159.64.10 - - [06/Jan/2011:15:47:41 -0500] "GET /images/images/z-theater.gif HTTP/1.1" 404 308 "http://www.naples-usa.com/naples-calendarofevents.htm" "Mozilla/4.0 (compatible; MSIE 7.0; Windows NT 5.1; .NET CLR 1.1.4322; .NET CLR 1.0.3705; .NET CLR 2.0.50727; .NET CLR 3.0.04506.30; MS-RTC S; InfoPath.2; SRC 2.7.1 E1; MS-RTC LM 8; .NET CLR 3.0.4506.2152; .NET CLR 3.5.30729)"
171.159.64.10 - - [06/Jan/2011:15:47:42 -0500] "GET /images/images/z-greyhound4a.jpg HTTP/1.1" 404 312 "-" "Mozilla/4.0 (compatible;)"
171.159.64.10 - - [06/Jan/2011:15:47:42 -0500] "GET /images/images/z-trombone.gif HTTP/1.1" 404 309 "-" "Mozilla/4.0 (compatible;)"
171.159.64.10 - - [06/Jan/2011:15:47:42 -0500] "GET /images/images/z-cockatiel.gif HTTP/1.1" 404 310 "-" "Mozilla/4.0 (compatible;)"
171.159.64.10 - - [06/Jan/2011:15:47:42 -0500] "GET /images/z_teens.gif HTTP/1.1" 200 2660 "-" "Mozilla/4.0 (compatible;)"
171.159.64.10 - - [06/Jan/2011:15:47:42 -0500] "GET /images/images/z-butterfly-2.gif HTTP/1.1" 404 312 "-" "Mozilla/4.0 (compatible;)"
171.159.64.10 - - [06/Jan/2011:15:47:42 -0500] "GET /images/z-bird-flamingo.gif HTTP/1.1" 200 890 "-" "Mozilla/4.0 (compatible;)"
171.159.64.10 - - [06/Jan/2011:15:47:42 -0500] "GET /images/z_music.gif HTTP/1.1" 200 596 "-" "Mozilla/4.0 (compatible;)"
171.159.64.10 - - [06/Jan/2011:15:47:42 -0500] "GET /images/z-turtle-b.jpg HTTP/1.1" 200 1124 "-" "Mozilla/4.0 (compatible;)"
171.159.64.10 - - [06/Jan/2011:15:47:42 -0500] "GET /images/images/z-greyhound4a.jpg HTTP/1.1" 404 312 "http://www.naples-usa.com/naples-calendarofevents.htm" "Mozilla/4.0 (compatible; MSIE 7.0; Windows NT 5.1; .NET CLR 1.1.4322; .NET CLR 1.0.3705; .NET CLR 2.0.50727; .NET CLR 3.0.04506.30; MS-RTC S; InfoPath.2; SRC 2.7.1 E1; MS-RTC LM 8; .NET CLR 3.0.4506.2152; .NET CLR 3.5.30729)"
171.159.64.10 - - [06/Jan/2011:15:47:42 -0500] "GET /images/images/z-turtle-b.jpg HTTP/1.1" 404 309 "http://www.naples-usa.com/naples-calendarofevents.htm" "Mozilla/4.0 (compatible; MSIE 7.0; Windows NT 5.1; .NET CLR 1.1.4322; .NET CLR 1.0.3705; .NET CLR 2.0.50727; .NET CLR 3.0.04506.30; MS-RTC S; InfoPath.2; SRC 2.7.1 E1; MS-RTC LM 8; .NET CLR 3.0.4506.2152; .NET CLR 3.5.30729)"
171.159.64.10 - - [06/Jan/2011:15:47:42 -0500] "GET /images/images/z-trombone.gif HTTP/1.1" 404 309 "http://www.naples-usa.com/naples-calendarofevents.htm" "Mozilla/4.0 (compatible; MSIE 7.0; Windows NT 5.1; .NET CLR 1.1.4322; .NET CLR 1.0.3705; .NET CLR 2.0.50727; .NET CLR 3.0.04506.30; MS-RTC S; InfoPath.2; SRC 2.7.1 E1; MS-RTC LM 8; .NET CLR 3.0.4506.2152; .NET CLR 3.5.30729)"
171.159.64.10 - - [06/Jan/2011:15:47:43 -0500] "GET /images/images/z-cockatiel.gif HTTP/1.1" 404 310 "http://www.naples-usa.com/naples-calendarofevents.htm" "Mozilla/4.0 (compatible; MSIE 7.0; Windows NT 5.1; .NET CLR 1.1.4322; .NET CLR 1.0.3705; .NET CLR 2.0.50727; .NET CLR 3.0.04506.30; MS-RTC S; InfoPath.2; SRC 2.7.1 E1; MS-RTC LM 8; .NET CLR 3.0.4506.2152; .NET CLR 3.5.30729)"
171.159.64.10 - - [06/Jan/2011:15:47:43 -0500] "GET /images/images/z-butterfly-2.gif HTTP/1.1" 404 312 "http://www.naples-usa.com/naples-calendarofevents.htm" "Mozilla/4.0 (compatible; MSIE 7.0; Windows NT 5.1; .NET CLR 1.1.4322; .NET CLR 1.0.3705; .NET CLR 2.0.50727; .NET CLR 3.0.04506.30; MS-RTC S; InfoPath.2; SRC 2.7.1 E1; MS-RTC LM 8; .NET CLR 3.0.4506.2152; .NET CLR 3.5.30729)"
171.159.64.10 - - [06/Jan/2011:15:47:43 -0500] "GET /images/z-butterfly-2.gif HTTP/1.1" 200 1025 "-" "Mozilla/4.0 (compatible;)"
171.159.64.10 - - [06/Jan/2011:15:47:43 -0500] "GET /images/z_books.gif HTTP/1.1" 200 837 "-" "Mozilla/4.0 (compatible;)"
171.159.64.10 - - [06/Jan/2011:15:47:43 -0500] "GET /images/z-frog.jpg HTTP/1.1" 200 1615 "-" "Mozilla/4.0 (compatible;)"
171.159.64.10 - - [06/Jan/2011:15:47:43 -0500] "GET /images/z-fish2.jpg HTTP/1.1" 200 1142 "-" "Mozilla/4.0 (compatible;)"
171.159.64.10 - - [06/Jan/2011:15:47:43 -0500] "GET /images/z-trombone.gif HTTP/1.1" 200 359 "-" "Mozilla/4.0 (compatible;)"
171.159.64.10 - - [06/Jan/2011:15:47:43 -0500] "GET /images/z-guitar.gif HTTP/1.1" 200 631 "-" "Mozilla/4.0 (compatible;)"
171.159.64.10 - - [06/Jan/2011:15:47:43 -0500] "GET /images/z-juggler.jpg HTTP/1.1" 200 1486 "-" "Mozilla/4.0 (compatible;)"
171.159.64.10 - - [06/Jan/2011:15:47:43 -0500] "GET /images/z-couple.gif HTTP/1.1" 200 1084 "-" "Mozilla/4.0 (compatible;)"
171.159.64.10 - - [06/Jan/2011:15:47:43 -0500] "GET /images/z_cock.gif HTTP/1.1" 200 571 "-" "Mozilla/4.0 (compatible;)"
171.159.64.10 - - [06/Jan/2011:15:47:43 -0500] "GET /images/z-drums.jpg HTTP/1.1" 200 2464 "-" "Mozilla/4.0 (compatible;)"
171.159.64.10 - - [06/Jan/2011:15:47:43 -0500] "GET /images/z_bird.gif HTTP/1.1" 200 730 "-" "Mozilla/4.0 (compatible;)"
171.159.64.10 - - [06/Jan/2011:15:47:43 -0500] "GET /images/images/z-stickfamily.gif HTTP/1.1" 404 312 "http://www.naples-usa.com/naples-calendarofevents.htm" "Mozilla/4.0 (compatible; MSIE 7.0; Windows NT 5.1; .NET CLR 1.1.4322; .NET CLR 1.0.3705; .NET CLR 2.0.50727; .NET CLR 3.0.04506.30; MS-RTC S; InfoPath.2; SRC 2.7.1 E1; MS-RTC LM 8; .NET CLR 3.0.4506.2152; .NET CLR 3.5.30729)"
171.159.64.10 - - [06/Jan/2011:15:47:43 -0500] "GET /images/z_artst.gif HTTP/1.1" 200 1446 "-" "Mozilla/4.0 (compatible;)"
171.159.64.10 - - [06/Jan/2011:15:47:43 -0500] "GET /images/1_cougar.jpg HTTP/1.1" 200 4514 "-" "Mozilla/4.0 (compatible;)"
171.159.64.10 - - [06/Jan/2011:15:47:43 -0500] "GET /images/z-theater.gif HTTP/1.1" 200 960 "-" "Mozilla/4.0 (compatible;)"
207.46.13.143 - - [06/Jan/2011:15:49:52 -0500] "GET /naples-history.htm HTTP/1.1" 304 - "-" "Mozilla/5.0 (compatible; bingbot/2.0; +http://www.bing.com/bingbot.htm)"
95.108.217.252 - - [06/Jan/2011:16:07:18 -0500] "GET /robots.txt HTTP/1.1" 404 291 "-" "Mozilla/5.0 (compatible; YandexBot/3.0; +http://yandex.com/bots)"
67.195.112.50 - - [06/Jan/2011:16:14:13 -0500] "GET /TheProcacciGroup/8730_ibis-208038679.jpg.LCK HTTP/1.0" 404 313 "-" "Mozilla/5.0 (compatible; Yahoo! Slurp; http://help.yahoo.com/help/us/ysearch/slurp)"
76.73.20.202 - - [06/Jan/2011:16:15:57 -0500] "GET / HTTP/1.1" 200 11305 "http://www.friendrocket.com/cgi-bin/topsecret.cgi?676910643" "Mozilla/4.0 (compatible; MSIE 7.0; Windows NT 5.1; Mozilla/4.0 (compatible; MSIE 6.0; Windows NT 5.1; SV1) ; .NET CLR 2.0.50727; .NET CLR 3.0.4506.2152; .NET CLR 3.5.30729)"
67.195.112.50 - - [06/Jan/2011:16:16:41 -0500] "GET /TheProcacciGroup/4296_long-living.jpg.LCK HTTP/1.0" 404 310 "-" "Mozilla/5.0 (compatible; Yahoo! Slurp; http://help.yahoo.com/help/us/ysearch/slurp)"
119.63.198.101 - - [06/Jan/2011:16:24:35 -0500] "GET /naples-calendarofevents.htm HTTP/1.1" 200 255135 "-" "Baiduspider+(+http://www.baidu.jp/spider/)"
67.195.112.50 - - [06/Jan/2011:16:52:55 -0500] "GET /TheProcacciGroup/15375_queen-kitch.jpg.LCK HTTP/1.0" 404 311 "-" "Mozilla/5.0 (compatible; Yahoo! Slurp; http://help.yahoo.com/help/us/ysearch/slurp)"
66.249.71.46 - - [06/Jan/2011:17:05:58 -0500] "GET / HTTP/1.1" 304 - "-" "Mozilla/5.0 (compatible; Googlebot/2.1; +http://www.google.com/bot.html)"
119.63.198.98 - - [06/Jan/2011:17:19:54 -0500] "GET /naples-boatcondos.htm HTTP/1.1" 200 11908 "-" "Baiduspider+(+http://www.baidu.jp/spider/)"
66.249.71.46 - - [06/Jan/2011:17:25:53 -0500] "GET /images/A-INDE~1.jpg HTTP/1.1" 200 23069 "-" "Mozilla/5.0 (compatible; Googlebot/2.1; +http://www.google.com/bot.html)"
65.52.110.68 - - [06/Jan/2011:17:28:03 -0500] "GET /robots.txt HTTP/1.1" 404 291 "-" "Mozilla/5.0 (compatible; bingbot/2.0; +http://www.bing.com/bingbot.htm)"
65.52.110.68 - - [06/Jan/2011:17:35:17 -0500] "GET /careers-downing-frye.htm HTTP/1.1" 404 305 "-" "Mozilla/5.0 (compatible; bingbot/2.0; +http://www.bing.com/bingbot.htm)"
67.195.112.50 - - [06/Jan/2011:17:38:11 -0500] "GET /fuller/fuller_properties1.htm HTTP/1.0" 404 298 "-" "Mozilla/5.0 (compatible; Yahoo! Slurp; http://help.yahoo.com/help/us/ysearch/slurp)"
38.108.67.15 - - [06/Jan/2011:17:39:01 -0500] "GET /robots.txt HTTP/1.0" 404 279 "-" "SBIder/Nutch-1.0-dev (http://www.sitesell.com/sbider.html)"
38.108.67.15 - - [06/Jan/2011:17:39:02 -0500] "GET /reports_for-buyers.htm HTTP/1.0" 404 291 "-" "SBIder/Nutch-1.0-dev (http://www.sitesell.com/sbider.html)"
207.46.13.98 - - [06/Jan/2011:17:47:16 -0500] "GET /recycling-info-naples-florida.htm HTTP/1.1" 304 - "-" "Mozilla/5.0 (compatible; bingbot/2.0; +http://www.bing.com/bingbot.htm)"
38.108.67.15 - - [06/Jan/2011:17:49:19 -0500] "GET /haas.htm HTTP/1.0" 404 277 "-" "SBIder/Nutch-1.0-dev (http://www.sitesell.com/sbider.html)"
208.80.194.29 - - [06/Jan/2011:18:02:21 -0500] "GET /meek.htm HTTP/1.0" 404 277 "-" "Mozilla/4.0 (compatible; MSIE 7.0; Windows NT 5.1; {8FC5ADB1-4493-C7F3-0DCE-29A04F22882B}; FunWebProducts)"
208.77.41.70 - - [06/Jan/2011:18:10:42 -0500] "GET /robots.txt HTTP/1.0" 404 279 "-" "Mozilla/5.0 (compatible; MJ12bot/v1.3.3; http://www.majestic12.co.uk/bot.php?+)"
208.77.41.70 - - [06/Jan/2011:18:10:44 -0500] "GET /haas1.htm HTTP/1.0" 404 278 "-" "Mozilla/5.0 (compatible; MJ12bot/v1.3.3; http://www.majestic12.co.uk/bot.php?+)"
38.108.67.15 - - [06/Jan/2011:18:12:34 -0500] "GET /romano/testimonials.htm HTTP/1.0" 404 292 "-" "SBIder/Nutch-1.0-dev (http://www.sitesell.com/sbider.html)"
38.108.67.15 - - [06/Jan/2011:18:22:21 -0500] "GET /boat_docks.htm HTTP/1.0" 404 283 "-" "SBIder/Nutch-1.0-dev (http://www.sitesell.com/sbider.html)"
67.195.112.50 - - [06/Jan/2011:18:24:21 -0500] "GET /TheProcacciGroup/14887_sterling-oaks-bed.jpg.LCK HTTP/1.0" 404 317 "-" "Mozilla/5.0 (compatible; Yahoo! Slurp; http://help.yahoo.com/help/us/ysearch/slurp)"
38.108.67.15 - - [06/Jan/2011:18:32:17 -0500] "GET /homestead.htm HTTP/1.0" 404 282 "-" "SBIder/Nutch-1.0-dev (http://www.sitesell.com/sbider.html)"
38.108.67.15 - - [06/Jan/2011:18:33:05 -0500] "GET /reports_for-sellers.htm HTTP/1.0" 404 292 "-" "SBIder/Nutch-1.0-dev (http://www.sitesell.com/sbider.html)"
207.46.195.233 - - [06/Jan/2011:18:43:26 -0500] "GET /robots.txt HTTP/1.1" 404 291 "-" "Mozilla/5.0 (compatible; bingbot/2.0; +http://www.bing.com/bingbot.htm)"
207.46.195.233 - - [06/Jan/2011:18:48:19 -0500] "GET /lost-pets.html HTTP/1.1" 404 295 "-" "Mozilla/5.0 (compatible; bingbot/2.0; +http://www.bing.com/bingbot.htm)"
67.195.112.50 - - [06/Jan/2011:18:55:13 -0500] "GET /TheProcacciGroup/naplesfloridarentals4a.htm HTTP/1.0" 404 312 "-" "Mozilla/5.0 (compatible; Yahoo! Slurp; http://help.yahoo.com/help/us/ysearch/slurp)"
123.125.71.72 - - [06/Jan/2011:18:59:40 -0500] "GET / HTTP/1.1" 304 - "-" "Baiduspider+(+http://www.baidu.com/search/spider.htm)"
67.195.112.50 - - [06/Jan/2011:19:10:13 -0500] "GET /robots.txt HTTP/1.0" 404 279 "-" "Mozilla/5.0 (compatible; Yahoo! Slurp; http://help.yahoo.com/help/us/ysearch/slurp)"
67.195.112.50 - - [06/Jan/2011:19:10:14 -0500] "GET /naples_florida.htm HTTP/1.0" 404 287 "-" "Mozilla/5.0 (compatible; Yahoo! Slurp; http://help.yahoo.com/help/us/ysearch/slurp)"
119.63.198.94 - - [06/Jan/2011:19:10:33 -0500] "GET /naples-arts.htm HTTP/1.1" 200 4976 "-" "Baiduspider+(+http://www.baidu.jp/spider/)"
67.195.112.50 - - [06/Jan/2011:19:11:41 -0500] "GET /TheProcacciGroup/28050_palmas-bed.jpg.LCK HTTP/1.0" 404 310 "-" "Mozilla/5.0 (compatible; Yahoo! Slurp; http://help.yahoo.com/help/us/ysearch/slurp)"
207.46.199.38 - - [06/Jan/2011:19:38:39 -0500] "GET /robots.txt HTTP/1.1" 404 291 "-" "Mozilla/5.0 (compatible; bingbot/2.0; +http://www.bing.com/bingbot.htm)"
95.108.217.252 - - [06/Jan/2011:19:41:40 -0500] "GET /index.html HTTP/1.1" 200 11305 "-" "Mozilla/5.0 (compatible; YandexBot/3.0; +http://yandex.com/bots)"
207.46.199.38 - - [06/Jan/2011:19:43:46 -0500] "GET /naples-florida-important-phone-numbers.htm HTTP/1.1" 304 - "-" "Mozilla/5.0 (compatible; bingbot/2.0; +http://www.bing.com/bingbot.htm)"
70.178.169.219 - - [06/Jan/2011:19:47:26 -0500] "GET /naples-weather.htm HTTP/1.1" 200 16725 "http://search.earthlink.net/search?q=average+temperature+for+southwest+florida&area=earthlink-ws&channel=sbt_sgin&abtcgid=87&abtli=1" "Mozilla/4.0 (compatible; MSIE 8.0; Windows NT 5.1; Trident/4.0; .NET CLR 1.1.4322; .NET CLR 2.0.50727; .NET CLR 3.0.4506.2152; .NET CLR 3.5.30729; .NET4.0C)"
70.178.169.219 - - [06/Jan/2011:19:47:27 -0500] "GET /images/welcome_usa.gif HTTP/1.1" 200 7890 "http://www.naples-usa.com/naples-weather.htm" "Mozilla/4.0 (compatible; MSIE 8.0; Windows NT 5.1; Trident/4.0; .NET CLR 1.1.4322; .NET CLR 2.0.50727; .NET CLR 3.0.4506.2152; .NET CLR 3.5.30729; .NET4.0C)"
70.178.169.219 - - [06/Jan/2011:19:47:27 -0500] "GET /images/florida_logo.gif HTTP/1.1" 200 1024 "http://www.naples-usa.com/naples-weather.htm" "Mozilla/4.0 (compatible; MSIE 8.0; Windows NT 5.1; Trident/4.0; .NET CLR 1.1.4322; .NET CLR 2.0.50727; .NET CLR 3.0.4506.2152; .NET CLR 3.5.30729; .NET4.0C)"
70.178.169.219 - - [06/Jan/2011:19:47:27 -0500] "GET /transparent.gif HTTP/1.1" 200 43 "http://www.naples-usa.com/naples-weather.htm" "Mozilla/4.0 (compatible; MSIE 8.0; Windows NT 5.1; Trident/4.0; .NET CLR 1.1.4322; .NET CLR 2.0.50727; .NET CLR 3.0.4506.2152; .NET CLR 3.5.30729; .NET4.0C)"
70.178.169.219 - - [06/Jan/2011:19:47:27 -0500] "GET /favicon.ico HTTP/1.1" 404 292 "-" "Mozilla/4.0 (compatible; MSIE 8.0; Windows NT 5.1; Trident/4.0; .NET CLR 1.1.4322; .NET CLR 2.0.50727; .NET CLR 3.0.4506.2152; .NET CLR 3.5.30729; .NET4.0C)"
207.46.204.203 - - [06/Jan/2011:19:50:44 -0500] "GET /naples-tennis.htm HTTP/1.1" 200 15285 "-" "Mozilla/4.0 (compatible; MSIE 6.0; Windows NT 5.2; SLCC1; .NET CLR 1.1.4325; .NET CLR 2.0.50727; .NET CLR 3.0.30729)"
38.108.67.15 - - [06/Jan/2011:19:52:50 -0500] "GET /golf.htm HTTP/1.0" 404 277 "-" "SBIder/Nutch-1.0-dev (http://www.sitesell.com/sbider.html)"
67.195.112.50 - - [06/Jan/2011:19:52:57 -0500] "GET /vail.htm HTTP/1.0" 404 277 "-" "Mozilla/5.0 (compatible; Yahoo! Slurp; http://help.yahoo.com/help/us/ysearch/slurp)"
124.115.0.15 - - [06/Jan/2011:20:03:26 -0500] "GET / HTTP/1.1" 200 11305 "-" "Sosospider+(+http://help.soso.com/webspider.htm)"
98.208.247.140 - - [06/Jan/2011:20:04:59 -0500] "GET /naples-weather.htm HTTP/1.1" 200 16725 "http://www.google.ca/url?sa=t&source=web&cd=4&sqi=2&ved=0CDEQFjAD&url=http%3A%2F%2Fwww.naples-usa.com%2Fnaples-weather.htm&rct=j&q=average%20winter%20temperatures%20in%20naples%20florida%20&ei=rGYmTZH-DsL38Aamp_CDAg&usg=AFQjCNFlok03h0MAowO-qA4JNhDVbk-NQw" "Mozilla/4.0 (compatible; MSIE 8.0; Windows NT 5.1; Trident/4.0; GTB6.6; Tablet PC 1.7; .NET CLR 1.0.3705; .NET CLR 1.1.4322; .NET CLR 2.0.50727; .NET CLR 3.0.4506.2152; .NET CLR 3.5.30729)"
98.208.247.140 - - [06/Jan/2011:20:04:59 -0500] "GET /images/welcome_usa.gif HTTP/1.1" 200 7890 "http://www.naples-usa.com/naples-weather.htm" "Mozilla/4.0 (compatible; MSIE 8.0; Windows NT 5.1; Trident/4.0; GTB6.6; Tablet PC 1.7; .NET CLR 1.0.3705; .NET CLR 1.1.4322; .NET CLR 2.0.50727; .NET CLR 3.0.4506.2152; .NET CLR 3.5.30729)"
98.208.247.140 - - [06/Jan/2011:20:04:59 -0500] "GET /images/florida_logo.gif HTTP/1.1" 200 1024 "http://www.naples-usa.com/naples-weather.htm" "Mozilla/4.0 (compatible; MSIE 8.0; Windows NT 5.1; Trident/4.0; GTB6.6; Tablet PC 1.7; .NET CLR 1.0.3705; .NET CLR 1.1.4322; .NET CLR 2.0.50727; .NET CLR 3.0.4506.2152; .NET CLR 3.5.30729)"
98.208.247.140 - - [06/Jan/2011:20:04:59 -0500] "GET /transparent.gif HTTP/1.1" 200 43 "http://www.naples-usa.com/naples-weather.htm" "Mozilla/4.0 (compatible; MSIE 8.0; Windows NT 5.1; Trident/4.0; GTB6.6; Tablet PC 1.7; .NET CLR 1.0.3705; .NET CLR 1.1.4322; .NET CLR 2.0.50727; .NET CLR 3.0.4506.2152; .NET CLR 3.5.30729)"
98.208.247.140 - - [06/Jan/2011:20:04:59 -0500] "GET /favicon.ico HTTP/1.1" 404 292 "-" "Mozilla/4.0 (compatible; MSIE 8.0; Windows NT 5.1; Trident/4.0; GTB6.6; Tablet PC 1.7; .NET CLR 1.0.3705; .NET CLR 1.1.4322; .NET CLR 2.0.50727; .NET CLR 3.0.4506.2152; .NET CLR 3.5.30729)"
119.63.198.107 - - [06/Jan/2011:20:05:53 -0500] "GET /florida-homestead-exemption.htm HTTP/1.1" 200 14191 "-" "Baiduspider+(+http://www.baidu.jp/spider/)"
64.254.191.96 - - [06/Jan/2011:20:09:04 -0500] "GET /images/1_naples%20florida%20real%20estate_index.jpg HTTP/1.1" 200 24287 "http://www.google.com/imgres?imgurl=http://www.naples-usa.com/images/1_naples%2520florida%2520real%2520estate_index.jpg&imgrefurl=http://www.dolphinworld.net/wordpress/2008/02/19/naples-florida-dolphin-swim-tour/&usg=__qADXQoSKXq32YdNCGsSumn4G-8c=&h=256&w=375&sz=24&hl=en&start=0&zoom=1&tbnid=xiSSaf0OQrPq8M:&tbnh=138&tbnw=175&prev=/images%3Fq%3Dnaples%2Bflorida%26um%3D1%26hl%3Den%26sa%3DX%26biw%3D1280%26bih%3D610%26tbs%3Disch:1&um=1&itbs=1&iact=rc&dur=382&ei=o2cmTe2JOsGinAesvPDeDQ&oei=o2cmTe2JOsGinAesvPDeDQ&esq=1&page=1&ndsp=18&ved=1t:429,r:6,s:0&tx=130&ty=62" "Mozilla/5.0 (Windows; U; Windows NT 5.1; en-US; rv:1.9.2.13) Gecko/20101203 Firefox/3.6.13 ( .NET CLR 3.5.30729)"
95.108.150.235 - - [06/Jan/2011:20:12:31 -0500] "GET /robots.txt HTTP/1.1" 404 291 "-" "Mozilla/5.0 (compatible; YandexBot/3.0; MirrorDetector; +http://yandex.com/bots)"
95.108.150.235 - - [06/Jan/2011:20:12:31 -0500] "GET /robots.txt HTTP/1.1" 404 291 "-" "Mozilla/5.0 (compatible; YandexBot/3.0; MirrorDetector; +http://yandex.com/bots)"
95.108.150.235 - - [06/Jan/2011:20:12:31 -0500] "GET / HTTP/1.1" 200 11305 "-" "Mozilla/5.0 (compatible; YandexBot/3.0; MirrorDetector; +http://yandex.com/bots)"
95.108.150.235 - - [06/Jan/2011:20:12:31 -0500] "GET / HTTP/1.1" 200 11305 "-" "Mozilla/5.0 (compatible; YandexBot/3.0; MirrorDetector; +http://yandex.com/bots)"
95.108.150.235 - - [06/Jan/2011:20:12:32 -0500] "GET / HTTP/1.1" 200 11305 "-" "Mozilla/5.0 (compatible; YandexBot/3.0; MirrorDetector; +http://yandex.com/bots)"
95.108.150.235 - - [06/Jan/2011:20:12:32 -0500] "GET / HTTP/1.1" 200 11305 "-" "Mozilla/5.0 (compatible; YandexBot/3.0; MirrorDetector; +http://yandex.com/bots)"
38.108.67.15 - - [06/Jan/2011:20:14:01 -0500] "GET /weather.htm HTTP/1.0" 404 280 "-" "SBIder/Nutch-1.0-dev (http://www.sitesell.com/sbider.html)"
38.108.67.15 - - [06/Jan/2011:20:18:05 -0500] "GET /lost-pets.htm HTTP/1.0" 404 282 "-" "SBIder/Nutch-1.0-dev (http://www.sitesell.com/sbider.html)"
38.108.67.15 - - [06/Jan/2011:20:22:28 -0500] "GET /blaine/naples-rentals.htm HTTP/1.0" 404 294 "-" "SBIder/Nutch-1.0-dev (http://www.sitesell.com/sbider.html)"
67.195.112.50 - - [06/Jan/2011:20:28:58 -0500] "GET /blaine.htm HTTP/1.0" 404 279 "-" "Mozilla/5.0 (compatible; Yahoo! Slurp; http://help.yahoo.com/help/us/ysearch/slurp)"
119.63.198.102 - - [06/Jan/2011:21:01:13 -0500] "GET /naples-usa.css HTTP/1.1" 200 714 "-" "Baiduspider+(+http://www.baidu.jp/spider/)"
38.108.67.15 - - [06/Jan/2011:21:03:52 -0500] "GET /home-improvement-naples-florida.htm HTTP/1.0" 404 304 "-" "SBIder/Nutch-1.0-dev (http://www.sitesell.com/sbider.html)"
184.72.25.241 - - [06/Jan/2011:21:16:35 -0500] "GET / HTTP/1.0" 200 11305 "-" "Mozilla/5.0 (Macintosh; U; Intel Mac OS X 10.7; en-US; rv:13.37) Gecko/20121221 Firefox/4.7"
