75.203.56.154 - - [29/Dec/2010:19:00:51 -0500] "GET /florida-homestead-exemption.htm HTTP/1.1" 200 14191 "http://www.naples-usa.com/index.html" "Mozilla/4.0 (compatible; MSIE 8.0; Windows NT 6.0; Trident/4.0; SLCC1; .NET CLR 2.0.50727; Media Center PC 5.0; InfoPath.2; .NET CLR 3.5.30729; .NET CLR 3.0.30729; .NET CLR 1.1.4322; .NET4.0C)"
75.203.56.154 - - [29/Dec/2010:19:00:51 -0500] "GET /images/welcome_usa.gif HTTP/1.1" 304 - "http://www.naples-usa.com/florida-homestead-exemption.htm" "Mozilla/4.0 (compatible; MSIE 8.0; Windows NT 6.0; Trident/4.0; SLCC1; .NET CLR 2.0.50727; Media Center PC 5.0; InfoPath.2; .NET CLR 3.5.30729; .NET CLR 3.0.30729; .NET CLR 1.1.4322; .NET4.0C)"
75.203.56.154 - - [29/Dec/2010:19:00:51 -0500] "GET /images/florida_logo.gif HTTP/1.1" 304 - "http://www.naples-usa.com/florida-homestead-exemption.htm" "Mozilla/4.0 (compatible; MSIE 8.0; Windows NT 6.0; Trident/4.0; SLCC1; .NET CLR 2.0.50727; Media Center PC 5.0; InfoPath.2; .NET CLR 3.5.30729; .NET CLR 3.0.30729; .NET CLR 1.1.4322; .NET4.0C)"
75.203.56.154 - - [29/Dec/2010:19:00:51 -0500] "GET /images/z_spacer_20.gif HTTP/1.1" 200 56 "http://www.naples-usa.com/florida-homestead-exemption.htm" "Mozilla/4.0 (compatible; MSIE 8.0; Windows NT 6.0; Trident/4.0; SLCC1; .NET CLR 2.0.50727; Media Center PC 5.0; InfoPath.2; .NET CLR 3.5.30729; .NET CLR 3.0.30729; .NET CLR 1.1.4322; .NET4.0C)"
75.203.56.154 - - [29/Dec/2010:19:00:52 -0500] "GET /transparent.gif HTTP/1.1" 304 - "http://www.naples-usa.com/florida-homestead-exemption.htm" "Mozilla/4.0 (compatible; MSIE 8.0; Windows NT 6.0; Trident/4.0; SLCC1; .NET CLR 2.0.50727; Media Center PC 5.0; InfoPath.2; .NET CLR 3.5.30729; .NET CLR 3.0.30729; .NET CLR 1.1.4322; .NET4.0C)"
67.195.112.50 - - [29/Dec/2010:19:04:56 -0500] "GET /florida-homestead-exemption.htm HTTP/1.0" 200 14191 "-" "Mozilla/5.0 (compatible; Yahoo! Slurp; http://help.yahoo.com/help/us/ysearch/slurp)"
69.28.58.26 - - [29/Dec/2010:19:08:08 -0500] "GET /robots.txt HTTP/1.0" 404 279 "-" "Mozilla/4.0 (compatible; MSIE 6.0; Windows NT 5.0) (larbin2.6.3@unspecified.mail)"
69.28.58.26 - - [29/Dec/2010:19:08:33 -0500] "GET / HTTP/1.0" 200 11305 "-" "Mozilla/4.0 (compatible; MSIE 6.0; Windows NT 5.0) larbin2.6.3@unspecified.mail"
68.54.44.197 - - [29/Dec/2010:19:16:03 -0500] "GET /design_styles.css HTTP/1.1" 404 298 "http://www.naples-usa.com/calendar-clubs-and-orgs.htm" "Mozilla/5.0 (Macintosh; U; Intel Mac OS X 10.6; en-US; rv:1.9.2.13) Gecko/20101203 Firefox/3.6.13"
68.54.44.197 - - [29/Dec/2010:19:16:03 -0500] "GET /calendar-clubs-and-orgs.htm HTTP/1.1" 200 27411 "http://www.google.com/url?sa=t&source=web&cd=5&ved=0CDEQFjAE&url=http%3A%2F%2Fwww.naples-usa.com%2Fcalendar-clubs-and-orgs.htm&rct=j&q=6062%20janes%20lane%2C%20naples%2C%20fl&ei=Hs0bTZeeC4G88gb4xcygDg&usg=AFQjCNF5hj0VDtbQBKLLe18gbK8kW0wNOA&sig2=4ax9tkgvBjSmX5VThTFUZQ" "Mozilla/5.0 (Macintosh; U; Intel Mac OS X 10.6; en-US; rv:1.9.2.13) Gecko/20101203 Firefox/3.6.13"
68.54.44.197 - - [29/Dec/2010:19:16:03 -0500] "GET /dynamic_styles.css HTTP/1.1" 404 299 "http://www.naples-usa.com/calendar-clubs-and-orgs.htm" "Mozilla/5.0 (Macintosh; U; Intel Mac OS X 10.6; en-US; rv:1.9.2.13) Gecko/20101203 Firefox/3.6.13"
68.54.44.197 - - [29/Dec/2010:19:16:03 -0500] "GET /images/spacer.gif HTTP/1.1" 200 43 "http://www.naples-usa.com/calendar-clubs-and-orgs.htm" "Mozilla/5.0 (Macintosh; U; Intel Mac OS X 10.6; en-US; rv:1.9.2.13) Gecko/20101203 Firefox/3.6.13"
68.54.44.197 - - [29/Dec/2010:19:16:03 -0500] "GET /javascripts/address.js HTTP/1.1" 404 303 "http://www.naples-usa.com/calendar-clubs-and-orgs.htm" "Mozilla/5.0 (Macintosh; U; Intel Mac OS X 10.6; en-US; rv:1.9.2.13) Gecko/20101203 Firefox/3.6.13"
68.54.44.197 - - [29/Dec/2010:19:16:03 -0500] "GET /favicon.ico HTTP/1.1" 404 292 "-" "Mozilla/5.0 (Macintosh; U; Intel Mac OS X 10.6; en-US; rv:1.9.2.13) Gecko/20101203 Firefox/3.6.13"
68.54.44.197 - - [29/Dec/2010:19:16:06 -0500] "GET /favicon.ico HTTP/1.1" 404 292 "-" "Mozilla/5.0 (Macintosh; U; Intel Mac OS X 10.6; en-US; rv:1.9.2.13) Gecko/20101203 Firefox/3.6.13"
68.54.44.197 - - [29/Dec/2010:19:19:09 -0500] "GET /design_styles.css HTTP/1.1" 404 298 "http://www.naples-usa.com/calendar-clubs-and-orgs.htm" "Mozilla/5.0 (Macintosh; U; Intel Mac OS X 10.6; en-US; rv:1.9.2.13) Gecko/20101203 Firefox/3.6.13"
68.54.44.197 - - [29/Dec/2010:19:19:09 -0500] "GET /dynamic_styles.css HTTP/1.1" 404 299 "http://www.naples-usa.com/calendar-clubs-and-orgs.htm" "Mozilla/5.0 (Macintosh; U; Intel Mac OS X 10.6; en-US; rv:1.9.2.13) Gecko/20101203 Firefox/3.6.13"
68.54.44.197 - - [29/Dec/2010:19:19:09 -0500] "GET /javascripts/address.js HTTP/1.1" 404 303 "http://www.naples-usa.com/calendar-clubs-and-orgs.htm" "Mozilla/5.0 (Macintosh; U; Intel Mac OS X 10.6; en-US; rv:1.9.2.13) Gecko/20101203 Firefox/3.6.13"
119.63.198.82 - - [29/Dec/2010:19:23:36 -0500] "GET / HTTP/1.1" 304 - "-" "Baiduspider+(+http://www.baidu.jp/spider/)"
208.115.111.246 - - [29/Dec/2010:19:24:36 -0500] "GET /robots.txt HTTP/1.1" 404 291 "-" "Mozilla/5.0 (compatible; DotBot/1.1; http://www.dotnetdotcom.org/, crawler@dotnetdotcom.org)"
208.115.111.246 - - [29/Dec/2010:19:24:36 -0500] "GET /robots.txt HTTP/1.1" 404 291 "-" "Mozilla/5.0 (compatible; DotBot/1.1; http://www.dotnetdotcom.org/, crawler@dotnetdotcom.org)"
65.52.108.13 - - [29/Dec/2010:19:32:00 -0500] "GET /naples-tennis.htm HTTP/1.1" 304 - "-" "Mozilla/5.0 (compatible; bingbot/2.0; +http://www.bing.com/bingbot.htm)"
166.137.140.142 - - [29/Dec/2010:19:34:07 -0500] "GET /transparent.gif HTTP/1.1" 200 43 "http://www.naples-usa.com/naples-weather.htm" "Mozilla/5.0 (iPad; U; CPU OS 3_2 like Mac OS X; en-us) AppleWebKit/531.21.10 (KHTML, like Gecko) Version/4.0.4 Mobile/7B367 Safari/531.21.10"
166.137.140.142 - - [29/Dec/2010:19:34:08 -0500] "GET /images/florida_logo.gif HTTP/1.1" 200 1024 "http://www.naples-usa.com/naples-weather.htm" "Mozilla/5.0 (iPad; U; CPU OS 3_2 like Mac OS X; en-us) AppleWebKit/531.21.10 (KHTML, like Gecko) Version/4.0.4 Mobile/7B367 Safari/531.21.10"
166.137.140.142 - - [29/Dec/2010:19:34:08 -0500] "GET /images/welcome_usa.gif HTTP/1.1" 200 7890 "http://www.naples-usa.com/naples-weather.htm" "Mozilla/5.0 (iPad; U; CPU OS 3_2 like Mac OS X; en-us) AppleWebKit/531.21.10 (KHTML, like Gecko) Version/4.0.4 Mobile/7B367 Safari/531.21.10"
208.115.111.246 - - [29/Dec/2010:19:49:03 -0500] "GET /DNFR_Forms/Change_of_Status.htm HTTP/1.1" 404 312 "-" "Mozilla/5.0 (compatible; DotBot/1.1; http://www.dotnetdotcom.org/, crawler@dotnetdotcom.org)"
208.115.111.246 - - [29/Dec/2010:19:49:07 -0500] "GET /TheProcacciGroup/rentals-new.htm HTTP/1.1" 404 313 "-" "Mozilla/5.0 (compatible; DotBot/1.1; http://www.dotnetdotcom.org/, crawler@dotnetdotcom.org)"
208.115.111.246 - - [29/Dec/2010:19:49:11 -0500] "GET /doonan/naples-real-estate1.htm HTTP/1.1" 404 311 "-" "Mozilla/5.0 (compatible; DotBot/1.1; http://www.dotnetdotcom.org/, crawler@dotnetdotcom.org)"
208.115.111.246 - - [29/Dec/2010:19:49:16 -0500] "GET /doonan/naples-real-estate2.htm HTTP/1.1" 404 311 "-" "Mozilla/5.0 (compatible; DotBot/1.1; http://www.dotnetdotcom.org/, crawler@dotnetdotcom.org)"
208.115.111.246 - - [29/Dec/2010:19:49:21 -0500] "GET /miller/naples-real-estate1.htm HTTP/1.1" 404 311 "-" "Mozilla/5.0 (compatible; DotBot/1.1; http://www.dotnetdotcom.org/, crawler@dotnetdotcom.org)"
208.115.111.246 - - [29/Dec/2010:19:49:26 -0500] "GET /roster_dnfr/realtor_roster.htm HTTP/1.1" 404 311 "-" "Mozilla/5.0 (compatible; DotBot/1.1; http://www.dotnetdotcom.org/, crawler@dotnetdotcom.org)"
208.115.111.246 - - [29/Dec/2010:19:49:31 -0500] "GET /stevens/stevens_properties1.htm HTTP/1.1" 404 312 "-" "Mozilla/5.0 (compatible; DotBot/1.1; http://www.dotnetdotcom.org/, crawler@dotnetdotcom.org)"
208.115.111.246 - - [29/Dec/2010:19:49:36 -0500] "GET /stevens/stevens_properties2.htm HTTP/1.1" 404 312 "-" "Mozilla/5.0 (compatible; DotBot/1.1; http://www.dotnetdotcom.org/, crawler@dotnetdotcom.org)"
208.115.111.246 - - [29/Dec/2010:19:49:41 -0500] "GET /stevens/stevens_properties3.htm HTTP/1.1" 404 312 "-" "Mozilla/5.0 (compatible; DotBot/1.1; http://www.dotnetdotcom.org/, crawler@dotnetdotcom.org)"
208.115.111.246 - - [29/Dec/2010:19:49:46 -0500] "GET /wilson-cipolla/testimonials.htm HTTP/1.1" 404 312 "-" "Mozilla/5.0 (compatible; DotBot/1.1; http://www.dotnetdotcom.org/, crawler@dotnetdotcom.org)"
67.195.112.50 - - [29/Dec/2010:20:23:36 -0500] "GET /TheProcacciGroup/naplesfloridarentals1a.htm HTTP/1.0" 404 312 "-" "Mozilla/5.0 (compatible; Yahoo! Slurp; http://help.yahoo.com/help/us/ysearch/slurp)"
67.195.112.50 - - [29/Dec/2010:20:42:30 -0500] "GET /TheProcacciGroup/23520_wisteria-living.jpg.LCK HTTP/1.0" 404 315 "-" "Mozilla/5.0 (compatible; Yahoo! Slurp; http://help.yahoo.com/help/us/ysearch/slurp)"
76.21.230.8 - - [29/Dec/2010:20:44:32 -0500] "GET /images/1_naples%20florida%20real%20estate_index.jpg HTTP/1.1" 200 24287 "http://www.google.com/imgres?imgurl=http://www.naples-usa.com/images/1_naples%2520florida%2520real%2520estate_index.jpg&imgrefurl=http://www.dolphinworld.net/wordpress/2008/02/19/naples-florida-dolphin-swim-tour/&usg=__qADXQoSKXq32YdNCGsSumn4G-8c=&h=256&w=375&sz=24&hl=en&start=0&zoom=1&tbnid=xiSSaf0OQrPq8M:&tbnh=117&tbnw=155&prev=/images%3Fq%3Dnaples%2Bflorida%26um%3D1%26hl%3Den%26sa%3DX%26rlz%3D1T4DKUS_enUS346US346%26biw%3D1256%26bih%3D534%26tbs%3Disch:1&um=1&itbs=1&iact=hc&vpx=958&vpy=107&dur=281&hovh=185&hovw=272&tx=162&ty=87&ei=6-EbTaTnCcKB8gbbtPnODQ&oei=6-EbTaTnCcKB8gbbtPnODQ&esq=1&page=1&ndsp=21&ved=1t:429,r:6,s:0" "Mozilla/4.0 (compatible; MSIE 8.0; Windows NT 6.0; Trident/4.0; GTB6.6; SLCC1; .NET CLR 2.0.50727; Media Center PC 5.0; .NET CLR 3.5.21022; .NET CLR 3.5.30729; .NET CLR 1.1.4322; .NET CLR 3.0.30729; .NET4.0C)"
67.195.112.50 - - [29/Dec/2010:20:47:07 -0500] "GET /images_map/na32.htm HTTP/1.0" 404 288 "-" "Mozilla/5.0 (compatible; Yahoo! Slurp; http://help.yahoo.com/help/us/ysearch/slurp)"
67.185.161.120 - - [29/Dec/2010:20:59:22 -0500] "GET /robots.txt HTTP/1.1" 404 291 "-" "Mozilla/5.0 (compatible; 008/0.83; http://www.80legs.com/webcrawler.html;) Gecko/2008032620"
67.185.161.120 - - [29/Dec/2010:20:59:22 -0500] "GET / HTTP/1.1" 200 11305 "-" "Mozilla/5.0 (compatible; 008/0.83; http://www.80legs.com/webcrawler.html) Gecko/2008032620"
97.95.145.240 - - [29/Dec/2010:21:01:21 -0500] "GET /images/1_naples%20florida%20real%20estate_index.jpg HTTP/1.1" 200 24287 "http://www.google.com/imgres?imgurl=http://www.naples-usa.com/images/1_naples%2520florida%2520real%2520estate_index.jpg&imgrefurl=http://www.dolphinworld.net/wordpress/2008/02/19/naples-florida-dolphin-swim-tour/&usg=__qADXQoSKXq32YdNCGsSumn4G-8c=&h=256&w=375&sz=24&hl=en&start=0&zoom=1&tbnid=xiSSaf0OQrPq8M:&tbnh=130&tbnw=163&prev=/images%3Fq%3Dnaples%2Bflorida%26um%3D1%26hl%3Den%26sa%3DN%26biw%3D1073%26bih%3D446%26tbs%3Disch:1&um=1&itbs=1&iact=rc&dur=296&ei=rOUbTd20LIKC8ga0le23BQ&oei=rOUbTd20LIKC8ga0le23BQ&esq=1&page=1&ndsp=10&ved=1t:429,r:6,s:0&tx=23&ty=48" "Mozilla/4.0 (compatible; MSIE 8.0; Windows NT 6.1; Trident/4.0; SLCC2; .NET CLR 2.0.50727; .NET CLR 3.5.30729; .NET CLR 3.0.30729; Media Center PC 6.0; MDDC; Tablet PC 2.0; BRI/1; .NET4.0C)"
97.95.145.240 - - [29/Dec/2010:21:01:25 -0500] "GET /favicon.ico HTTP/1.1" 404 292 "-" "Mozilla/4.0 (compatible; MSIE 8.0; Windows NT 6.1; Trident/4.0; SLCC2; .NET CLR 2.0.50727; .NET CLR 3.5.30729; .NET CLR 3.0.30729; Media Center PC 6.0; MDDC; Tablet PC 2.0; BRI/1; .NET4.0C)"
95.108.217.252 - - [29/Dec/2010:21:05:51 -0500] "GET /boat_docks.htm HTTP/1.1" 404 295 "-" "Mozilla/5.0 (compatible; YandexBot/3.0; +http://yandex.com/bots)"
207.46.204.229 - - [29/Dec/2010:21:07:10 -0500] "GET /robots.txt HTTP/1.1" 404 291 "-" "Mozilla/5.0 (compatible; bingbot/2.0; +http://www.bing.com/bingbot.htm)"
207.46.204.229 - - [29/Dec/2010:21:10:00 -0500] "GET /TheProcacciGroup/naplesfloridarentals6.htm HTTP/1.1" 404 323 "-" "Mozilla/5.0 (compatible; bingbot/2.0; +http://www.bing.com/bingbot.htm)"
74.74.88.71 - - [29/Dec/2010:21:17:50 -0500] "GET /images/1_naples%20florida%20real%20estate_index.jpg HTTP/1.1" 200 24287 "http://www.google.com/imgres?imgurl=http://www.naples-usa.com/images/1_naples%2520florida%2520real%2520estate_index.jpg&imgrefurl=http://www.dolphinworld.net/wordpress/2008/02/19/naples-florida-dolphin-swim-tour/&usg=__qADXQoSKXq32YdNCGsSumn4G-8c=&h=256&w=375&sz=24&hl=en&start=0&zoom=1&tbnid=xiSSaf0OQrPq8M:&tbnh=167&tbnw=210&prev=/images%3Fq%3Dnaples%2Bflorida%26um%3D1%26hl%3Den%26safe%3Doff%26rlz%3D1R2ADFA_enUS408%26biw%3D1007%26bih%3D681%26tbs%3Disch:1&um=1&itbs=1&iact=hc&vpx=502&vpy=305&dur=1186&hovh=185&hovw=272&tx=160&ty=91&ei=sukbTebfN4P7lwfzv83JCw&oei=sukbTebfN4P7lwfzv83JCw&esq=1&page=1&ndsp=12&ved=1t:429,r:6,s:0" "Mozilla/4.0 (compatible; MSIE 8.0; Windows NT 6.0; Trident/4.0; GTB6.5; SLCC1; .NET CLR 2.0.50727; Media Center PC 5.0; .NET CLR 3.5.21022; .NET CLR 3.5.30729; .NET4.0C; .NET CLR 3.0.30729)"
99.116.102.8 - - [29/Dec/2010:21:27:45 -0500] "GET / HTTP/1.1" 200 11305 "http://search.yahoo.com/search;_ylt=AgT9GFrxCRjzHirVFnTtZ3CbvZx4?fr=yfp-t-978-s&toggle=1&cop=mss&ei=UTF8&p=downing%20frye%20naples" "Mozilla/5.0 (Windows; U; Windows NT 5.1; en-US; rv:1.9.2.13) Gecko/20101203 Firefox/3.6.13"
99.116.102.8 - - [29/Dec/2010:21:27:45 -0500] "GET /naples-usa.css HTTP/1.1" 200 714 "http://naples-usa.com/" "Mozilla/5.0 (Windows; U; Windows NT 5.1; en-US; rv:1.9.2.13) Gecko/20101203 Firefox/3.6.13"
99.116.102.8 - - [29/Dec/2010:21:27:45 -0500] "GET /images/welcome_usa.gif HTTP/1.1" 200 7890 "http://naples-usa.com/" "Mozilla/5.0 (Windows; U; Windows NT 5.1; en-US; rv:1.9.2.13) Gecko/20101203 Firefox/3.6.13"
99.116.102.8 - - [29/Dec/2010:21:27:45 -0500] "GET /images/border%20naples.gif HTTP/1.1" 200 358 "http://naples-usa.com/" "Mozilla/5.0 (Windows; U; Windows NT 5.1; en-US; rv:1.9.2.13) Gecko/20101203 Firefox/3.6.13"
99.116.102.8 - - [29/Dec/2010:21:27:45 -0500] "GET /images/A-INDE%7E1.jpg HTTP/1.1" 200 23069 "http://naples-usa.com/" "Mozilla/5.0 (Windows; U; Windows NT 5.1; en-US; rv:1.9.2.13) Gecko/20101203 Firefox/3.6.13"
99.116.102.8 - - [29/Dec/2010:21:27:45 -0500] "GET /favicon.ico HTTP/1.1" 404 292 "-" "Mozilla/5.0 (Windows; U; Windows NT 5.1; en-US; rv:1.9.2.13) Gecko/20101203 Firefox/3.6.13"
99.116.102.8 - - [29/Dec/2010:21:27:48 -0500] "GET /favicon.ico HTTP/1.1" 404 292 "-" "Mozilla/5.0 (Windows; U; Windows NT 5.1; en-US; rv:1.9.2.13) Gecko/20101203 Firefox/3.6.13"
207.46.204.189 - - [29/Dec/2010:21:34:37 -0500] "GET /robots.txt HTTP/1.1" 404 291 "-" "Mozilla/5.0 (compatible; bingbot/2.0; +http://www.bing.com/bingbot.htm)"
74.89.183.89 - - [29/Dec/2010:21:37:18 -0500] "GET /images/1_naples%20florida%20real%20estate_index.jpg HTTP/1.1" 200 24287 "http://www.google.com/imgres?imgurl=http://www.naples-usa.com/images/1_naples%2520florida%2520real%2520estate_index.jpg&imgrefurl=http://www.dolphinworld.net/wordpress/2008/02/19/naples-florida-dolphin-swim-tour/&usg=__qADXQoSKXq32YdNCGsSumn4G-8c=&h=256&w=375&sz=24&hl=en&start=0&zoom=1&tbnid=xiSSaf0OQrPq8M:&tbnh=115&tbnw=161&prev=/images%3Fq%3Dnaples%2Bflorida%26um%3D1%26hl%3Den%26client%3Dsafari%26sa%3DX%26rls%3Den%26biw%3D1172%26bih%3D646%26tbs%3Disch:10%2C135&um=1&itbs=1&iact=rc&dur=2366&ei=Q-4bTZ-FBIOKlwfZguzMCw&oei=Q-4bTZ-FBIOKlwfZguzMCw&esq=1&page=1&ndsp=18&ved=1t:429,r:6,s:0&tx=111&ty=34&biw=1172&bih=646" "Mozilla/5.0 (Macintosh; U; Intel Mac OS X 10_5_8; en-us) AppleWebKit/533.18.1 (KHTML, like Gecko) Version/5.0.2 Safari/533.18.5"
207.46.204.203 - - [29/Dec/2010:21:43:03 -0500] "GET /naples-boating.htm HTTP/1.1" 200 14280 "-" "Mozilla/4.0 (compatible; MSIE 6.0; Windows NT 5.2; SLCC1; .NET CLR 1.1.4325; .NET CLR 2.0.50727; .NET CLR 3.0.30729)"
207.46.204.189 - - [29/Dec/2010:21:43:59 -0500] "GET /naples-boatcondos.htm HTTP/1.1" 304 - "-" "Mozilla/5.0 (compatible; bingbot/2.0; +http://www.bing.com/bingbot.htm)"
124.115.4.190 - - [29/Dec/2010:22:05:36 -0500] "GET / HTTP/1.1" 200 11305 "-" "Sosospider+(+http://help.soso.com/webspider.htm)"
95.108.158.234 - - [29/Dec/2010:22:23:10 -0500] "GET /robots.txt HTTP/1.1" 404 291 "-" "Mozilla/5.0 (compatible; YandexImages/3.0; +http://yandex.com/bots)"
188.143.232.26 - - [29/Dec/2010:22:27:51 -0500] "GET /meek.htm/admin/fckeditor/editor/images/anchor.gif HTTP/1.1" 404 330 "" "Mozilla/5.0 (Windows; U; Windows NT 6.0; en; rv:1.9.0.8) Gecko/2009032609 Firefox/3.0.8 (.NET CLR 3.5.30729)"
88.131.106.22 - - [29/Dec/2010:22:28:59 -0500] "GET /robots.txt HTTP/1.0" 404 279 "-" "Mozilla/5.0 (Windows; U; Windows NT 5.1; en-US) Speedy Spider (http://www.entireweb.com/about/search_tech/speedy_spider/)"
88.131.106.22 - - [29/Dec/2010:22:29:03 -0500] "GET /romano/testimonials.htm HTTP/1.0" 404 292 "-" "Mozilla/5.0 (Windows; U; Windows NT 5.1; en-US) Speedy Spider (http://www.entireweb.com/about/search_tech/speedy_spider/)"
207.46.13.135 - - [29/Dec/2010:22:32:03 -0500] "GET /robots.txt HTTP/1.1" 404 291 "-" "Mozilla/5.0 (compatible; bingbot/2.0; +http://www.bing.com/bingbot.htm)"
207.46.13.135 - - [29/Dec/2010:22:34:00 -0500] "GET /burgess.htm HTTP/1.1" 404 292 "-" "Mozilla/5.0 (compatible; bingbot/2.0; +http://www.bing.com/bingbot.htm)"
193.47.80.45 - - [29/Dec/2010:22:43:53 -0500] "GET /robots.txt HTTP/1.1" 404 291 "-" "Mozilla/5.0 (compatible; Exabot/3.0; +http://www.exabot.com/go/robot)"
193.47.80.45 - - [29/Dec/2010:22:43:54 -0500] "GET /naples-tour.htm HTTP/1.1" 200 22351 "-" "Mozilla/5.0 (compatible; Exabot/3.0; +http://www.exabot.com/go/robot)"
207.46.13.49 - - [29/Dec/2010:22:49:30 -0500] "GET /home-improvement-naples-florida.htm HTTP/1.1" 404 316 "-" "Mozilla/5.0 (compatible; bingbot/2.0; +http://www.bing.com/bingbot.htm)"
67.195.112.50 - - [29/Dec/2010:22:51:47 -0500] "GET /homepage_links.htm HTTP/1.0" 404 287 "-" "Mozilla/5.0 (compatible; Yahoo! Slurp; http://help.yahoo.com/help/us/ysearch/slurp)"
67.195.112.50 - - [29/Dec/2010:23:07:19 -0500] "GET /tennis_harder.htm HTTP/1.0" 200 20391 "-" "Mozilla/5.0 (compatible; Yahoo! Slurp; http://help.yahoo.com/help/us/ysearch/slurp)"
65.52.49.76 - - [29/Dec/2010:23:13:38 -0500] "GET /robots.txt HTTP/1.1" 404 291 "-" "Mozilla/5.0 (compatible; bingbot/2.0; +http://www.bing.com/bingbot.htm)"
208.115.111.246 - - [29/Dec/2010:23:16:46 -0500] "GET /robots.txt HTTP/1.1" 404 291 "-" "Mozilla/5.0 (compatible; DotBot/1.1; http://www.dotnetdotcom.org/, crawler@dotnetdotcom.org)"
67.195.112.50 - - [29/Dec/2010:23:21:18 -0500] "GET /TheProcacciGroup/522_avellino-new-kitch3.jpg.LCK HTTP/1.0" 404 317 "-" "Mozilla/5.0 (compatible; Yahoo! Slurp; http://help.yahoo.com/help/us/ysearch/slurp)"
207.46.13.45 - - [29/Dec/2010:23:25:46 -0500] "GET /robots.txt HTTP/1.1" 404 291 "-" "Mozilla/5.0 (compatible; bingbot/2.0; +http://www.bing.com/bingbot.htm)"
207.46.13.45 - - [29/Dec/2010:23:28:00 -0500] "GET /recycling-info-naples-florida.htm HTTP/1.1" 304 - "-" "Mozilla/5.0 (compatible; bingbot/2.0; +http://www.bing.com/bingbot.htm)"
208.115.111.246 - - [29/Dec/2010:23:43:09 -0500] "GET /Vendors/Frequently_called.htm HTTP/1.1" 404 310 "-" "Mozilla/5.0 (compatible; DotBot/1.1; http://www.dotnetdotcom.org/, crawler@dotnetdotcom.org)"
208.115.111.246 - - [29/Dec/2010:23:43:13 -0500] "GET /Vendors/Vendors_list.htm HTTP/1.1" 404 305 "-" "Mozilla/5.0 (compatible; DotBot/1.1; http://www.dotnetdotcom.org/, crawler@dotnetdotcom.org)"
208.115.111.246 - - [29/Dec/2010:23:43:17 -0500] "GET /atherholt/properties1.htm HTTP/1.1" 404 306 "-" "Mozilla/5.0 (compatible; DotBot/1.1; http://www.dotnetdotcom.org/, crawler@dotnetdotcom.org)"
208.115.111.246 - - [29/Dec/2010:23:43:22 -0500] "GET /bauer/carrier_prop_intro.htm HTTP/1.1" 404 309 "-" "Mozilla/5.0 (compatible; DotBot/1.1; http://www.dotnetdotcom.org/, crawler@dotnetdotcom.org)"
208.115.111.246 - - [29/Dec/2010:23:43:27 -0500] "GET /fuller/fuller_properties1.htm HTTP/1.1" 404 310 "-" "Mozilla/5.0 (compatible; DotBot/1.1; http://www.dotnetdotcom.org/, crawler@dotnetdotcom.org)"
208.115.111.246 - - [29/Dec/2010:23:43:32 -0500] "GET /fuller/fuller_properties2.htm HTTP/1.1" 404 310 "-" "Mozilla/5.0 (compatible; DotBot/1.1; http://www.dotnetdotcom.org/, crawler@dotnetdotcom.org)"
208.115.111.246 - - [29/Dec/2010:23:43:37 -0500] "GET /harrison/properties1.htm HTTP/1.1" 404 305 "-" "Mozilla/5.0 (compatible; DotBot/1.1; http://www.dotnetdotcom.org/, crawler@dotnetdotcom.org)"
208.115.111.246 - - [29/Dec/2010:23:43:42 -0500] "GET /sanfilippo/properties1.htm HTTP/1.1" 404 307 "-" "Mozilla/5.0 (compatible; DotBot/1.1; http://www.dotnetdotcom.org/, crawler@dotnetdotcom.org)"
208.115.111.246 - - [29/Dec/2010:23:43:47 -0500] "GET /stevens/stevens_bio_slogan.htm HTTP/1.1" 404 311 "-" "Mozilla/5.0 (compatible; DotBot/1.1; http://www.dotnetdotcom.org/, crawler@dotnetdotcom.org)"
208.115.111.246 - - [29/Dec/2010:23:43:52 -0500] "GET /roster_dnfr/realtor_roster.htm HTTP/1.1" 404 311 "-" "Mozilla/5.0 (compatible; DotBot/1.1; http://www.dotnetdotcom.org/, crawler@dotnetdotcom.org)"
67.195.112.50 - - [29/Dec/2010:23:46:50 -0500] "GET /robots.txt HTTP/1.0" 404 279 "-" "Mozilla/5.0 (compatible; Yahoo! Slurp; http://help.yahoo.com/help/us/ysearch/slurp)"
67.195.112.50 - - [29/Dec/2010:23:46:50 -0500] "GET /TheProcacciGroup/4451-gulf-living.jpg.LCK HTTP/1.0" 404 310 "-" "Mozilla/5.0 (compatible; Yahoo! Slurp; http://help.yahoo.com/help/us/ysearch/slurp)"
67.195.112.50 - - [30/Dec/2010:00:05:27 -0500] "GET /decoursey/rentals.htm HTTP/1.0" 404 290 "-" "Mozilla/5.0 (compatible; Yahoo! Slurp; http://help.yahoo.com/help/us/ysearch/slurp)"
207.46.195.225 - - [30/Dec/2010:00:11:01 -0500] "GET /naples-boatdocks.htm HTTP/1.1" 304 - "-" "Mozilla/5.0 (compatible; bingbot/2.0; +http://www.bing.com/bingbot.htm)"
207.46.13.90 - - [30/Dec/2010:00:16:01 -0500] "GET /naples-history.htm HTTP/1.1" 304 - "-" "Mozilla/5.0 (compatible; bingbot/2.0; +http://www.bing.com/bingbot.htm)"
67.195.112.50 - - [30/Dec/2010:00:28:56 -0500] "GET /TheProcacciGroup/4865_regal-living.jpg.LCK HTTP/1.0" 404 311 "-" "Mozilla/5.0 (compatible; Yahoo! Slurp; http://help.yahoo.com/help/us/ysearch/slurp)"
184.154.7.186 - - [30/Dec/2010:00:43:22 -0500] "GET /robots.txt HTTP/1.0" 404 279 "-" "Mozilla/5.0 (compatible; MJ12bot/v1.3.3; http://www.majestic12.co.uk/bot.php?+)"
184.154.7.186 - - [30/Dec/2010:00:43:22 -0500] "GET / HTTP/1.0" 200 11305 "-" "Mozilla/5.0 (compatible; MJ12bot/v1.3.3; http://www.majestic12.co.uk/bot.php?+)"
193.47.80.45 - - [30/Dec/2010:01:07:35 -0500] "GET / HTTP/1.1" 200 11305 "-" "Mozilla/5.0 (compatible; Exabot/3.0; +http://www.exabot.com/go/robot)"
95.108.158.234 - - [30/Dec/2010:01:19:25 -0500] "GET /images/history_hotel1.jpg HTTP/1.1" 200 9608 "-" "Mozilla/5.0 (compatible; YandexImages/3.0; +http://yandex.com/bots)"
207.46.13.94 - - [30/Dec/2010:01:24:55 -0500] "GET /meek.htm/robots.txt HTTP/1.1" 404 300 "-" "Mozilla/5.0 (compatible; bingbot/2.0; +http://www.bing.com/bingbot.htm)"
207.46.204.232 - - [30/Dec/2010:01:49:39 -0500] "GET /robots.txt HTTP/1.1" 404 291 "-" "Mozilla/5.0 (compatible; bingbot/2.0; +http://www.bing.com/bingbot.htm)"
138.111.54.251 - - [30/Dec/2010:01:57:50 -0500] "GET /robots.txt HTTP/1.0" 404 279 "-" "Nutch/1.2/Nutch-1.2"
138.111.54.251 - - [30/Dec/2010:01:57:50 -0500] "GET / HTTP/1.0" 200 11305 "-" "Nutch/1.2/Nutch-1.2"
207.46.204.232 - - [30/Dec/2010:01:58:00 -0500] "GET / HTTP/1.1" 304 - "-" "Mozilla/5.0 (compatible; bingbot/2.0; +http://www.bing.com/bingbot.htm)"
99.186.120.28 - - [30/Dec/2010:02:03:31 -0500] "GET /images/1_naples%20florida%20real%20estate_index.jpg HTTP/1.1" 200 24287 "http://www.google.com/imgres?imgurl=http://www.naples-usa.com/images/1_naples%2520florida%2520real%2520estate_index.jpg&imgrefurl=http://www.dolphinworld.net/wordpress/2008/02/19/naples-florida-dolphin-swim-tour/&usg=__qADXQoSKXq32YdNCGsSumn4G-8c=&h=256&w=375&sz=24&hl=en&start=0&zoom=1&tbnid=xiSSaf0OQrPq8M:&tbnh=134&tbnw=174&prev=/images%3Fq%3Dnaples%2Bflorida%26hl%3Den%26biw%3D1276%26bih%3D599%26gbv%3D2%26tbs%3Disch:10%2C122&itbs=1&iact=hc&vpx=118&vpy=145&dur=390&hovh=185&hovw=272&tx=122&ty=99&ei=mywcTdzwNML98AbOyeHQDQ&oei=mywcTdzwNML98AbOyeHQDQ&esq=1&page=1&ndsp=18&ved=1t:429,r:6,s:0&biw=1276&bih=599" "Mozilla/4.0 (compatible; MSIE 8.0; Windows NT 6.0; Trident/4.0; GTB6.6; SLCC1; .NET CLR 2.0.50727; Media Center PC 5.0; .NET CLR 3.5.30729; .NET CLR 3.0.30618; .NET4.0C)"
67.195.112.50 - - [30/Dec/2010:02:33:46 -0500] "GET /beatty/13105_vander-kitch.jpg.LCK HTTP/1.0" 404 302 "-" "Mozilla/5.0 (compatible; Yahoo! Slurp; http://help.yahoo.com/help/us/ysearch/slurp)"
212.95.38.12 - - [30/Dec/2010:02:35:53 -0500] "GET /TheProcacciGroup/naplesfloridarentals2.htm HTTP/1.0" 404 311 "http://www.naples-usa.com/TheProcacciGroup/naplesfloridarentals2.htm" "Mozilla/4.0 (compatible; MSIE 6.0; Windows NT 5.1; SV1; .NET CLR 1.0.3705; .NET CLR 1.1.4322; .NET CLR 2.0.40607)"
212.95.38.12 - - [30/Dec/2010:02:35:53 -0500] "GET / HTTP/1.0" 200 11305 "http://www.naples-usa.com/" "Mozilla/4.0 (compatible; MSIE 6.0; Windows NT 5.1; SV1; .NET CLR 1.0.3705; .NET CLR 1.1.4322; .NET CLR 2.0.40607)"
67.195.112.50 - - [30/Dec/2010:02:56:47 -0500] "GET /images_map/bn04.htm HTTP/1.0" 404 288 "-" "Mozilla/5.0 (compatible; Yahoo! Slurp; http://help.yahoo.com/help/us/ysearch/slurp)"
208.115.111.246 - - [30/Dec/2010:03:13:19 -0500] "GET /robots.txt HTTP/1.1" 404 291 "-" "Mozilla/5.0 (compatible; DotBot/1.1; http://www.dotnetdotcom.org/, crawler@dotnetdotcom.org)"
208.115.111.246 - - [30/Dec/2010:03:13:19 -0500] "GET /robots.txt HTTP/1.1" 404 291 "-" "Mozilla/5.0 (compatible; DotBot/1.1; http://www.dotnetdotcom.org/, crawler@dotnetdotcom.org)"
67.195.112.50 - - [30/Dec/2010:03:34:48 -0500] "GET /naples-florida-facts.htm HTTP/1.0" 200 12073 "-" "Mozilla/5.0 (compatible; Yahoo! Slurp; http://help.yahoo.com/help/us/ysearch/slurp)"
67.195.112.50 - - [30/Dec/2010:03:36:29 -0500] "GET /Naples-Florida-Important-Phone-Numbers.htm HTTP/1.0" 200 5215 "-" "Mozilla/5.0 (compatible; Yahoo! Slurp; http://help.yahoo.com/help/us/ysearch/slurp)"
208.115.111.246 - - [30/Dec/2010:03:41:43 -0500] "GET /Vendors/How_To.htm HTTP/1.1" 404 299 "-" "Mozilla/5.0 (compatible; DotBot/1.1; http://www.dotnetdotcom.org/, crawler@dotnetdotcom.org)"
208.115.111.246 - - [30/Dec/2010:03:41:47 -0500] "GET /animalsandpets.htm HTTP/1.1" 404 299 "-" "Mozilla/5.0 (compatible; DotBot/1.1; http://www.dotnetdotcom.org/, crawler@dotnetdotcom.org)"
208.115.111.246 - - [30/Dec/2010:03:41:51 -0500] "GET /beatty/testimonials.htm HTTP/1.1" 404 304 "-" "Mozilla/5.0 (compatible; DotBot/1.1; http://www.dotnetdotcom.org/, crawler@dotnetdotcom.org)"
208.115.111.246 - - [30/Dec/2010:03:41:56 -0500] "GET /carrier/rentals.htm HTTP/1.1" 404 300 "-" "Mozilla/5.0 (compatible; DotBot/1.1; http://www.dotnetdotcom.org/, crawler@dotnetdotcom.org)"
208.115.111.246 - - [30/Dec/2010:03:42:00 -0500] "GET /decoursey/rentals.htm HTTP/1.1" 404 302 "-" "Mozilla/5.0 (compatible; DotBot/1.1; http://www.dotnetdotcom.org/, crawler@dotnetdotcom.org)"
208.115.111.246 - - [30/Dec/2010:03:42:06 -0500] "GET /doonan/testimonials.htm HTTP/1.1" 404 304 "-" "Mozilla/5.0 (compatible; DotBot/1.1; http://www.dotnetdotcom.org/, crawler@dotnetdotcom.org)"
208.115.111.246 - - [30/Dec/2010:03:42:11 -0500] "GET /fuller/fuller_bio.htm HTTP/1.1" 404 302 "-" "Mozilla/5.0 (compatible; DotBot/1.1; http://www.dotnetdotcom.org/, crawler@dotnetdotcom.org)"
208.115.111.246 - - [30/Dec/2010:03:42:16 -0500] "GET /stevens/properties1.htm HTTP/1.1" 404 304 "-" "Mozilla/5.0 (compatible; DotBot/1.1; http://www.dotnetdotcom.org/, crawler@dotnetdotcom.org)"
208.115.111.246 - - [30/Dec/2010:03:42:21 -0500] "GET /stevens/properties2.htm HTTP/1.1" 404 304 "-" "Mozilla/5.0 (compatible; DotBot/1.1; http://www.dotnetdotcom.org/, crawler@dotnetdotcom.org)"
208.115.111.246 - - [30/Dec/2010:03:42:26 -0500] "GET /stevens/properties3.htm HTTP/1.1" 404 304 "-" "Mozilla/5.0 (compatible; DotBot/1.1; http://www.dotnetdotcom.org/, crawler@dotnetdotcom.org)"
67.195.112.50 - - [30/Dec/2010:03:56:04 -0500] "GET /Vendors/index.html HTTP/1.0" 200 456837 "-" "Mozilla/5.0 (compatible; Yahoo! Slurp; http://help.yahoo.com/help/us/ysearch/slurp)"
207.46.13.101 - - [30/Dec/2010:03:56:42 -0500] "GET /robots.txt HTTP/1.1" 404 291 "-" "Mozilla/5.0 (compatible; bingbot/2.0; +http://www.bing.com/bingbot.htm)"
207.46.13.101 - - [30/Dec/2010:03:59:02 -0500] "GET /naples-florida-important-phone-numbers.htm HTTP/1.1" 304 - "-" "Mozilla/5.0 (compatible; bingbot/2.0; +http://www.bing.com/bingbot.htm)"
207.46.195.227 - - [30/Dec/2010:04:04:07 -0500] "GET /robots.txt HTTP/1.1" 404 291 "-" "Mozilla/5.0 (compatible; bingbot/2.0; +http://www.bing.com/bingbot.htm)"
207.46.195.227 - - [30/Dec/2010:04:07:31 -0500] "GET /lost-pets.html HTTP/1.1" 404 295 "-" "Mozilla/5.0 (compatible; bingbot/2.0; +http://www.bing.com/bingbot.htm)"
65.52.110.55 - - [30/Dec/2010:04:15:01 -0500] "GET /golf.htm HTTP/1.1" 404 289 "-" "Mozilla/5.0 (compatible; bingbot/2.0; +http://www.bing.com/bingbot.htm)"
67.195.112.50 - - [30/Dec/2010:04:29:14 -0500] "GET /TheProcacciGroup/534_avellino-dining.jpg.LCK HTTP/1.0" 404 313 "-" "Mozilla/5.0 (compatible; Yahoo! Slurp; http://help.yahoo.com/help/us/ysearch/slurp)"
67.195.112.50 - - [30/Dec/2010:04:30:58 -0500] "GET /images_map/na09.htm HTTP/1.0" 404 288 "-" "Mozilla/5.0 (compatible; Yahoo! Slurp; http://help.yahoo.com/help/us/ysearch/slurp)"
67.195.112.50 - - [30/Dec/2010:04:33:47 -0500] "GET /TheProcacciGroup/naplesfloridarentals6.htm HTTP/1.0" 404 311 "-" "Mozilla/5.0 (compatible; Yahoo! Slurp; http://help.yahoo.com/help/us/ysearch/slurp)"
67.202.41.230 - - [30/Dec/2010:04:40:56 -0500] "GET /robots.txt HTTP/1.1" 404 291 "-" "Mozilla/5.0 (compatible; spbot/3.0; +http://www.seoprofiler.com/bot )"
67.202.41.230 - - [30/Dec/2010:04:40:56 -0500] "GET / HTTP/1.1" 200 11305 "-" "Mozilla/5.0 (compatible; spbot/3.0; +http://www.seoprofiler.com/bot )"
95.108.158.234 - - [30/Dec/2010:04:49:01 -0500] "GET /images/florida_logo.gif HTTP/1.1" 200 1024 "-" "Mozilla/5.0 (compatible; YandexImages/3.0; +http://yandex.com/bots)"
67.195.112.50 - - [30/Dec/2010:05:12:49 -0500] "GET /vlasho/contactpatty.htm HTTP/1.0" 404 292 "-" "Mozilla/5.0 (compatible; Yahoo! Slurp; http://help.yahoo.com/help/us/ysearch/slurp)"
66.249.71.46 - - [30/Dec/2010:05:16:02 -0500] "GET /robots.txt HTTP/1.1" 404 291 "-" "Mozilla/5.0 (compatible; Googlebot/2.1; +http://www.google.com/bot.html)"
66.249.71.46 - - [30/Dec/2010:05:16:02 -0500] "GET /Vendors/How_To.htm HTTP/1.1" 404 299 "-" "Mozilla/5.0 (compatible; Googlebot/2.1; +http://www.google.com/bot.html)"
207.46.204.188 - - [30/Dec/2010:05:28:59 -0500] "GET /robots.txt HTTP/1.1" 404 291 "-" "Mozilla/5.0 (compatible; bingbot/2.0; +http://www.bing.com/bingbot.htm)"
124.115.4.190 - - [30/Dec/2010:05:34:45 -0500] "GET / HTTP/1.1" 200 11305 "-" "Sosospider+(+http://help.soso.com/webspider.htm)"
124.115.4.190 - - [30/Dec/2010:05:34:56 -0500] "GET /naples-usa.css HTTP/1.1" 200 714 "http://www.naples-usa.com/" "Sosospider+(+http://help.soso.com/webspider.htm)"
207.46.204.188 - - [30/Dec/2010:05:35:00 -0500] "GET /Vendors/index.html HTTP/1.1" 304 - "-" "Mozilla/5.0 (compatible; bingbot/2.0; +http://www.bing.com/bingbot.htm)"
79.142.66.55 - - [30/Dec/2010:06:10:14 -0500] "GET /florida-homestead-exemption.htm HTTP/1.1" 200 14191 "-" "Mozilla/4.0 (compatible; MSIE 6.0; Windows NT 5.1; SV1)"
79.142.66.55 - - [30/Dec/2010:06:10:15 -0500] "GET /index.html HTTP/1.1" 200 11305 "-" "Mozilla/4.0 (compatible; MSIE 6.0; Windows NT 5.1; SV1)"
79.142.66.55 - - [30/Dec/2010:06:10:19 -0500] "GET /homestead.htm HTTP/1.1" 404 294 "-" "Mozilla/4.0 (compatible; MSIE 6.0; Windows NT 5.1; SV1)"
67.195.112.50 - - [30/Dec/2010:06:54:51 -0500] "GET /lucia.htm HTTP/1.0" 404 278 "-" "Mozilla/5.0 (compatible; Yahoo! Slurp; http://help.yahoo.com/help/us/ysearch/slurp)"
207.46.195.242 - - [30/Dec/2010:06:54:57 -0500] "GET /robots.txt HTTP/1.1" 404 291 "-" "Mozilla/5.0 (compatible; bingbot/2.0; +http://www.bing.com/bingbot.htm)"
207.46.195.242 - - [30/Dec/2010:06:56:08 -0500] "GET /area-information-calendar.htm HTTP/1.1" 404 310 "-" "Mozilla/5.0 (compatible; bingbot/2.0; +http://www.bing.com/bingbot.htm)"
208.115.111.246 - - [30/Dec/2010:07:12:39 -0500] "GET /robots.txt HTTP/1.1" 404 291 "-" "Mozilla/5.0 (compatible; DotBot/1.1; http://www.dotnetdotcom.org/, crawler@dotnetdotcom.org)"
208.115.111.246 - - [30/Dec/2010:07:12:39 -0500] "GET /robots.txt HTTP/1.1" 404 291 "-" "Mozilla/5.0 (compatible; DotBot/1.1; http://www.dotnetdotcom.org/, crawler@dotnetdotcom.org)"
166.137.13.165 - - [30/Dec/2010:07:13:28 -0500] "GET /images/1_naples%20florida%20real%20estate_index.jpg HTTP/1.1" 200 24287 "http://arcticboy.arcticboy.com/pictures-naples-florida" "Mozilla/5.0 (iPhone; U; CPU iPhone OS 4_2_1 like Mac OS X; en-us) AppleWebKit/533.17.9 (KHTML, like Gecko) Mobile/8C148"
67.16.94.2 - - [30/Dec/2010:07:21:23 -0500] "GET /robots.txt HTTP/1.0" 404 279 "-" "Gigabot/3.0 (http://www.gigablast.com/spider.html)"
67.16.94.2 - - [30/Dec/2010:07:21:23 -0500] "GET / HTTP/1.0" 200 11305 "-" "Gigabot/3.0 (http://www.gigablast.com/spider.html)"
67.195.112.50 - - [30/Dec/2010:07:28:21 -0500] "GET /index.html HTTP/1.0" 200 11305 "-" "Mozilla/5.0 (compatible; Yahoo! Slurp; http://help.yahoo.com/help/us/ysearch/slurp)"
67.195.112.50 - - [30/Dec/2010:07:28:22 -0500] "GET /naples-usa.css HTTP/1.0" 200 714 "http://www.naples-usa.com/index.html" "Mozilla/5.0 (compatible; Yahoo! Slurp; http://help.yahoo.com/help/us/ysearch/slurp)"
67.195.112.50 - - [30/Dec/2010:07:32:07 -0500] "GET /naples-boating.htm HTTP/1.0" 200 14280 "-" "Mozilla/5.0 (compatible; Yahoo! Slurp; http://help.yahoo.com/help/us/ysearch/slurp)"
67.195.112.50 - - [30/Dec/2010:07:37:35 -0500] "GET /alexander/testimonials.htm HTTP/1.0" 404 295 "-" "Mozilla/5.0 (compatible; Yahoo! Slurp; http://help.yahoo.com/help/us/ysearch/slurp)"
208.115.111.246 - - [30/Dec/2010:07:40:48 -0500] "GET /animalsandpets.htm HTTP/1.1" 404 299 "-" "Mozilla/5.0 (compatible; DotBot/1.1; http://www.dotnetdotcom.org/, crawler@dotnetdotcom.org)"
208.115.111.246 - - [30/Dec/2010:07:40:53 -0500] "GET /country-clubs.htm HTTP/1.1" 404 298 "-" "Mozilla/5.0 (compatible; DotBot/1.1; http://www.dotnetdotcom.org/, crawler@dotnetdotcom.org)"
208.115.111.246 - - [30/Dec/2010:07:40:58 -0500] "GET /a-newpage.htm HTTP/1.1" 404 294 "-" "Mozilla/5.0 (compatible; DotBot/1.1; http://www.dotnetdotcom.org/, crawler@dotnetdotcom.org)"
208.115.111.246 - - [30/Dec/2010:07:41:02 -0500] "GET /communities.htm HTTP/1.1" 404 296 "-" "Mozilla/5.0 (compatible; DotBot/1.1; http://www.dotnetdotcom.org/, crawler@dotnetdotcom.org)"
208.115.111.246 - - [30/Dec/2010:07:41:07 -0500] "GET /country-clubs.htm HTTP/1.1" 404 298 "-" "Mozilla/5.0 (compatible; DotBot/1.1; http://www.dotnetdotcom.org/, crawler@dotnetdotcom.org)"
208.115.111.246 - - [30/Dec/2010:07:41:12 -0500] "GET /doonan/index.html HTTP/1.1" 404 298 "-" "Mozilla/5.0 (compatible; DotBot/1.1; http://www.dotnetdotcom.org/, crawler@dotnetdotcom.org)"
208.115.111.246 - - [30/Dec/2010:07:41:17 -0500] "GET /hofstetter.htm HTTP/1.1" 404 295 "-" "Mozilla/5.0 (compatible; DotBot/1.1; http://www.dotnetdotcom.org/, crawler@dotnetdotcom.org)"
208.115.111.246 - - [30/Dec/2010:07:41:22 -0500] "GET /properties.htm HTTP/1.1" 404 295 "-" "Mozilla/5.0 (compatible; DotBot/1.1; http://www.dotnetdotcom.org/, crawler@dotnetdotcom.org)"
208.115.111.246 - - [30/Dec/2010:07:41:27 -0500] "GET /realtors.htm HTTP/1.1" 404 293 "-" "Mozilla/5.0 (compatible; DotBot/1.1; http://www.dotnetdotcom.org/, crawler@dotnetdotcom.org)"
208.115.111.246 - - [30/Dec/2010:07:41:32 -0500] "GET /test-new.htm HTTP/1.1" 404 293 "-" "Mozilla/5.0 (compatible; DotBot/1.1; http://www.dotnetdotcom.org/, crawler@dotnetdotcom.org)"
67.195.112.50 - - [30/Dec/2010:07:58:49 -0500] "GET /hotels-in-naples.htm HTTP/1.0" 200 53713 "-" "Mozilla/5.0 (compatible; Yahoo! Slurp; http://help.yahoo.com/help/us/ysearch/slurp)"
119.63.198.119 - - [30/Dec/2010:07:59:17 -0500] "GET / HTTP/1.1" 304 - "-" "Baiduspider+(+http://www.baidu.jp/spider/)"
67.195.112.50 - - [30/Dec/2010:08:04:28 -0500] "GET /TheProcacciGroup/7347_monte-bed.jpg.LCK HTTP/1.0" 404 308 "-" "Mozilla/5.0 (compatible; Yahoo! Slurp; http://help.yahoo.com/help/us/ysearch/slurp)"
131.107.65.43 - - [30/Dec/2010:08:07:43 -0500] "GET / HTTP/1.1" 200 11305 "-" "Mozilla/4.0 (compatible; MSIE 7.0; Windows NT 6.1; WOW64; Trident/4.0; SLCC2; .NET CLR 2.0.50727)"
131.107.65.43 - - [30/Dec/2010:08:07:43 -0500] "GET /naples-usa.css HTTP/1.1" 200 714 "http://www.naples-usa.com/" "Mozilla/4.0 (compatible; MSIE 7.0; Windows NT 6.1; WOW64; Trident/4.0; SLCC2; .NET CLR 2.0.50727)"
131.107.65.43 - - [30/Dec/2010:08:07:44 -0500] "GET /images/border%20naples.gif HTTP/1.1" 200 358 "http://www.naples-usa.com/" "Mozilla/4.0 (compatible; MSIE 7.0; Windows NT 6.1; WOW64; Trident/4.0; SLCC2; .NET CLR 2.0.50727)"
131.107.65.43 - - [30/Dec/2010:08:07:44 -0500] "GET /images/welcome_usa.gif HTTP/1.1" 200 7890 "http://www.naples-usa.com/" "Mozilla/4.0 (compatible; MSIE 7.0; Windows NT 6.1; WOW64; Trident/4.0; SLCC2; .NET CLR 2.0.50727)"
131.107.65.43 - - [30/Dec/2010:08:07:44 -0500] "GET /images/A-INDE~1.jpg HTTP/1.1" 200 23069 "http://www.naples-usa.com/" "Mozilla/4.0 (compatible; MSIE 7.0; Windows NT 6.1; WOW64; Trident/4.0; SLCC2; .NET CLR 2.0.50727)"
76.1.187.95 - - [30/Dec/2010:08:36:35 -0500] "GET /recycling-info-naples-florida.htm HTTP/1.1" 200 13920 "http://www.google.com/url?sa=t&source=web&cd=1&sqi=2&ved=0CBgQFjAA&url=http%3A%2F%2Fwww.naples-usa.com%2Frecycling-info-naples-florida.htm&rct=j&q=cardboard%20drop%20off%20%20naples%20fl&ei=x4gcTZuQJYL6lwfw_M3VDA&usg=AFQjCNF1XadZa1qr0k0YhLiCKRopFSU5aw&sig2=lWKwScM65-_fCI28JJb08g" "Mozilla/4.0 (compatible; MSIE 8.0; Windows NT 6.1; WOW64; Trident/4.0; GTB6.5; SLCC2; .NET CLR 2.0.50727; .NET CLR 3.5.30729; .NET CLR 3.0.30729; Media Center PC 6.0; .NET4.0C)"
76.1.187.95 - - [30/Dec/2010:08:36:35 -0500] "GET /images/welcome_usa.gif HTTP/1.1" 200 7890 "http://www.naples-usa.com/recycling-info-naples-florida.htm" "Mozilla/4.0 (compatible; MSIE 8.0; Windows NT 6.1; WOW64; Trident/4.0; GTB6.5; SLCC2; .NET CLR 2.0.50727; .NET CLR 3.5.30729; .NET CLR 3.0.30729; Media Center PC 6.0; .NET4.0C)"
76.1.187.95 - - [30/Dec/2010:08:36:35 -0500] "GET /favicon.ico HTTP/1.1" 404 292 "-" "Mozilla/4.0 (compatible; MSIE 8.0; Windows NT 6.1; WOW64; Trident/4.0; GTB6.5; SLCC2; .NET CLR 2.0.50727; .NET CLR 3.5.30729; .NET CLR 3.0.30729; Media Center PC 6.0; .NET4.0C)"
67.195.112.50 - - [30/Dec/2010:09:05:30 -0500] "GET /purtill.htm HTTP/1.0" 404 280 "-" "Mozilla/5.0 (compatible; Yahoo! Slurp; http://help.yahoo.com/help/us/ysearch/slurp)"
67.195.112.50 - - [30/Dec/2010:09:07:02 -0500] "GET /TheProcacciGroup/rentals-new-changed3.html HTTP/1.0" 404 311 "-" "Mozilla/5.0 (compatible; Yahoo! Slurp; http://help.yahoo.com/help/us/ysearch/slurp)"
95.108.158.234 - - [30/Dec/2010:09:15:17 -0500] "GET /images/history_army.jpg HTTP/1.1" 200 11146 "-" "Mozilla/5.0 (compatible; YandexImages/3.0; +http://yandex.com/bots)"
64.40.185.77 - - [30/Dec/2010:09:24:19 -0500] "GET /TheProcacciGroup/rentals.htm HTTP/1.1" 404 309 "-" "Mozilla/4.0 (compatible; MSIE 8.0; Windows NT 5.1; Trident/4.0; .NET CLR 1.1.4322; .NET CLR 2.0.50727; .NET CLR 3.0.04506.30; .NET CLR 3.0.04506.648; .NET CLR 3.0.4506.2152; .NET CLR 3.5.30729)"
64.40.185.77 - - [30/Dec/2010:09:24:23 -0500] "GET /TheProcacciGroup/rentals.htm HTTP/1.1" 404 309 "-" "Mozilla/4.0 (compatible; MSIE 8.0; Windows NT 5.1; Trident/4.0; .NET CLR 1.1.4322; .NET CLR 2.0.50727; .NET CLR 3.0.04506.30; .NET CLR 3.0.04506.648; .NET CLR 3.0.4506.2152; .NET CLR 3.5.30729)"
64.40.185.77 - - [30/Dec/2010:09:24:24 -0500] "GET /TheProcacciGroup/rentals.htm HTTP/1.1" 404 309 "-" "Mozilla/4.0 (compatible; MSIE 8.0; Windows NT 5.1; Trident/4.0; .NET CLR 1.1.4322; .NET CLR 2.0.50727; .NET CLR 3.0.04506.30; .NET CLR 3.0.04506.648; .NET CLR 3.0.4506.2152; .NET CLR 3.5.30729)"
207.46.199.54 - - [30/Dec/2010:09:47:10 -0500] "GET /robots.txt HTTP/1.1" 404 291 "-" "Mozilla/5.0 (compatible; bingbot/2.0; +http://www.bing.com/bingbot.htm)"
207.46.199.54 - - [30/Dec/2010:09:53:08 -0500] "GET /hotels-in-naples.htm HTTP/1.1" 304 - "-" "Mozilla/5.0 (compatible; bingbot/2.0; +http://www.bing.com/bingbot.htm)"
67.195.112.50 - - [30/Dec/2010:10:02:52 -0500] "GET /TheProcacciGroup/4944_shaker-208044838.jpg.LCK HTTP/1.0" 404 315 "-" "Mozilla/5.0 (compatible; Yahoo! Slurp; http://help.yahoo.com/help/us/ysearch/slurp)"
207.46.199.200 - - [30/Dec/2010:10:26:30 -0500] "GET /robots.txt HTTP/1.1" 404 291 "-" "Mozilla/5.0 (compatible; bingbot/2.0; +http://www.bing.com/bingbot.htm)"
67.195.112.50 - - [30/Dec/2010:10:52:51 -0500] "GET /robots.txt HTTP/1.0" 404 279 "-" "Mozilla/5.0 (compatible; Yahoo! Slurp; http://help.yahoo.com/help/us/ysearch/slurp)"
67.195.112.50 - - [30/Dec/2010:10:52:51 -0500] "GET /naples-florida-important-phone-numbers.htm HTTP/1.0" 200 5449 "-" "Mozilla/5.0 (compatible; Yahoo! Slurp; http://help.yahoo.com/help/us/ysearch/slurp)"
71.35.28.94 - - [30/Dec/2010:11:03:50 -0500] "GET /recycling-info-naples-florida.htm HTTP/1.1" 200 13920 "http://www.google.com/url?sa=t&source=web&cd=1&ved=0CBMQFjAA&url=http%3A%2F%2Fwww.naples-usa.com%2Frecycling-info-naples-florida.htm&rct=j&q=Carnestown%2Cfl%20Recycling%20Center%20christmas%20tree%20recycling&ei=SKscTfCYOo66sQPT2M2_Ag&usg=AFQjCNF1XadZa1qr0k0YhLiCKRopFSU5aw" "Mozilla/5.0 (Windows; U; Windows NT 6.1; en-US; rv:1.9.2.13) Gecko/20101203 Firefox/3.6.13"
71.35.28.94 - - [30/Dec/2010:11:03:50 -0500] "GET /images/welcome_usa.gif HTTP/1.1" 200 7890 "http://www.naples-usa.com/recycling-info-naples-florida.htm" "Mozilla/5.0 (Windows; U; Windows NT 6.1; en-US; rv:1.9.2.13) Gecko/20101203 Firefox/3.6.13"
71.35.28.94 - - [30/Dec/2010:11:03:50 -0500] "GET /favicon.ico HTTP/1.1" 404 292 "-" "Mozilla/5.0 (Windows; U; Windows NT 6.1; en-US; rv:1.9.2.13) Gecko/20101203 Firefox/3.6.13"
71.35.28.94 - - [30/Dec/2010:11:03:50 -0500] "GET /favicon.ico HTTP/1.1" 404 292 "-" "Mozilla/5.0 (Windows; U; Windows NT 6.1; en-US; rv:1.9.2.13) Gecko/20101203 Firefox/3.6.13"
71.35.28.94 - - [30/Dec/2010:11:03:53 -0500] "GET /favicon.ico HTTP/1.1" 404 292 "-" "Mozilla/5.0 (Windows; U; Windows NT 6.1; en-US; rv:1.9.2.13) Gecko/20101203 Firefox/3.6.13"
64.231.141.40 - - [30/Dec/2010:11:10:09 -0500] "GET /naples-weather.htm HTTP/1.1" 200 16725 "http://www.google.ca/search?hl=en&rlz=1T4ACAW_enCA360CA360&q=naples+florida+winter+weather&revid=939119087&sa=X&ei=YKwcTaaWA8r-nAfVpI3ODQ&ved=0CHcQ1QIoBQ" "Mozilla/4.0 (compatible; MSIE 8.0; Windows NT 6.1; WOW64; Trident/4.0; GTB6.6; SLCC2; .NET CLR 2.0.50727; .NET CLR 3.5.30729; .NET CLR 3.0.30729; Media Center PC 6.0; eSobiSubscriber 2.0.4.16; .NET4.0C)"
64.231.141.40 - - [30/Dec/2010:11:10:10 -0500] "GET /images/welcome_usa.gif HTTP/1.1" 200 7890 "http://www.naples-usa.com/naples-weather.htm" "Mozilla/4.0 (compatible; MSIE 8.0; Windows NT 6.1; WOW64; Trident/4.0; GTB6.6; SLCC2; .NET CLR 2.0.50727; .NET CLR 3.5.30729; .NET CLR 3.0.30729; Media Center PC 6.0; eSobiSubscriber 2.0.4.16; .NET4.0C)"
64.231.141.40 - - [30/Dec/2010:11:10:10 -0500] "GET /images/florida_logo.gif HTTP/1.1" 200 1024 "http://www.naples-usa.com/naples-weather.htm" "Mozilla/4.0 (compatible; MSIE 8.0; Windows NT 6.1; WOW64; Trident/4.0; GTB6.6; SLCC2; .NET CLR 2.0.50727; .NET CLR 3.5.30729; .NET CLR 3.0.30729; Media Center PC 6.0; eSobiSubscriber 2.0.4.16; .NET4.0C)"
64.231.141.40 - - [30/Dec/2010:11:10:10 -0500] "GET /transparent.gif HTTP/1.1" 200 43 "http://www.naples-usa.com/naples-weather.htm" "Mozilla/4.0 (compatible; MSIE 8.0; Windows NT 6.1; WOW64; Trident/4.0; GTB6.6; SLCC2; .NET CLR 2.0.50727; .NET CLR 3.5.30729; .NET CLR 3.0.30729; Media Center PC 6.0; eSobiSubscriber 2.0.4.16; .NET4.0C)"
64.231.141.40 - - [30/Dec/2010:11:10:10 -0500] "GET /favicon.ico HTTP/1.1" 404 292 "-" "Mozilla/4.0 (compatible; MSIE 8.0; Windows NT 6.1; WOW64; Trident/4.0; GTB6.6; SLCC2; .NET CLR 2.0.50727; .NET CLR 3.5.30729; .NET CLR 3.0.30729; Media Center PC 6.0; eSobiSubscriber 2.0.4.16; .NET4.0C)"
208.115.111.246 - - [30/Dec/2010:11:13:24 -0500] "GET /robots.txt HTTP/1.1" 404 291 "-" "Mozilla/5.0 (compatible; DotBot/1.1; http://www.dotnetdotcom.org/, crawler@dotnetdotcom.org)"
208.115.111.246 - - [30/Dec/2010:11:13:24 -0500] "GET /robots.txt HTTP/1.1" 404 291 "-" "Mozilla/5.0 (compatible; DotBot/1.1; http://www.dotnetdotcom.org/, crawler@dotnetdotcom.org)"
208.80.194.26 - - [30/Dec/2010:11:16:59 -0500] "GET /meek.htm HTTP/1.0" 404 277 "-" "Mozilla/4.0 (compatible; MSIE 6.0; Windows NT 5.1; Sky Broadband; CDSource=BP1b.00; .NET CLR 1.1.4322)"
98.238.66.62 - - [30/Dec/2010:11:24:36 -0500] "GET /Logos/1_df-72dpi-476x57pix-banner.jpg HTTP/1.1" 304 - "-" "Mozilla/4.0 (compatible; MSIE 7.0; Windows NT 5.1; Trident/4.0; .NET CLR 1.1.4322)"
98.238.66.62 - - [30/Dec/2010:11:24:36 -0500] "GET /Logos/winner_250.jpg HTTP/1.1" 304 - "-" "Mozilla/4.0 (compatible; MSIE 7.0; Windows NT 5.1; Trident/4.0; .NET CLR 1.1.4322)"
88.191.108.76 - - [30/Dec/2010:11:39:10 -0500] "GET /robots.txt HTTP/1.0" 404 279 "-" "Mozilla/5.0 (compatible; MJ12bot/v1.3.3; http://www.majestic12.co.uk/bot.php?+)"
88.191.108.76 - - [30/Dec/2010:11:39:12 -0500] "GET / HTTP/1.1" 200 11305 "-" "Mozilla/5.0 (compatible; MJ12bot/v1.3.3; http://www.majestic12.co.uk/bot.php?+)"
69.137.15.119 - - [30/Dec/2010:11:42:16 -0500] "GET /recycling-info-naples-florida.htm HTTP/1.1" 200 13920 "http://www.google.com/search?q=bubble+wrap+recycling+naples%2C+fl&rls=com.microsoft:en-us:IE-SearchBox&ie=UTF-8&oe=UTF-8&sourceid=ie7&rlz=1I7GPEA_en" "Mozilla/4.0 (compatible; MSIE 8.0; Windows NT 5.1; Trident/4.0; .NET CLR 1.0.3705; .NET CLR 1.1.4322; Media Center PC 3.1; .NET CLR 2.0.50727; .NET CLR 3.0.4506.2152; .NET CLR 3.5.30729)"
69.137.15.119 - - [30/Dec/2010:11:42:18 -0500] "GET /images/welcome_usa.gif HTTP/1.1" 200 7890 "http://www.naples-usa.com/recycling-info-naples-florida.htm" "Mozilla/4.0 (compatible; MSIE 8.0; Windows NT 5.1; Trident/4.0; .NET CLR 1.0.3705; .NET CLR 1.1.4322; Media Center PC 3.1; .NET CLR 2.0.50727; .NET CLR 3.0.4506.2152; .NET CLR 3.5.30729)"
69.137.15.119 - - [30/Dec/2010:11:42:23 -0500] "GET /favicon.ico HTTP/1.1" 404 292 "-" "Mozilla/4.0 (compatible; MSIE 8.0; Windows NT 5.1; Trident/4.0; .NET CLR 1.0.3705; .NET CLR 1.1.4322; Media Center PC 3.1; .NET CLR 2.0.50727; .NET CLR 3.0.4506.2152; .NET CLR 3.5.30729)"
208.115.111.246 - - [30/Dec/2010:11:45:37 -0500] "GET /communities.htm HTTP/1.1" 404 296 "-" "Mozilla/5.0 (compatible; DotBot/1.1; http://www.dotnetdotcom.org/, crawler@dotnetdotcom.org)"
208.115.111.246 - - [30/Dec/2010:11:45:41 -0500] "GET /burgess.htm HTTP/1.1" 404 292 "-" "Mozilla/5.0 (compatible; DotBot/1.1; http://www.dotnetdotcom.org/, crawler@dotnetdotcom.org)"
208.115.111.246 - - [30/Dec/2010:11:45:46 -0500] "GET /carrier.htm HTTP/1.1" 404 292 "-" "Mozilla/5.0 (compatible; DotBot/1.1; http://www.dotnetdotcom.org/, crawler@dotnetdotcom.org)"
208.115.111.246 - - [30/Dec/2010:11:45:50 -0500] "GET /geddis.htm HTTP/1.1" 404 291 "-" "Mozilla/5.0 (compatible; DotBot/1.1; http://www.dotnetdotcom.org/, crawler@dotnetdotcom.org)"
208.115.111.246 - - [30/Dec/2010:11:45:55 -0500] "GET /kukeas.htm HTTP/1.1" 404 291 "-" "Mozilla/5.0 (compatible; DotBot/1.1; http://www.dotnetdotcom.org/, crawler@dotnetdotcom.org)"
208.115.111.246 - - [30/Dec/2010:11:46:00 -0500] "GET /molhoek.htm HTTP/1.1" 200 8161 "-" "Mozilla/5.0 (compatible; DotBot/1.1; http://www.dotnetdotcom.org/, crawler@dotnetdotcom.org)"
208.115.111.246 - - [30/Dec/2010:11:46:05 -0500] "GET /purtill.htm HTTP/1.1" 404 292 "-" "Mozilla/5.0 (compatible; DotBot/1.1; http://www.dotnetdotcom.org/, crawler@dotnetdotcom.org)"
208.115.111.246 - - [30/Dec/2010:11:46:10 -0500] "GET /stevens.htm HTTP/1.1" 404 292 "-" "Mozilla/5.0 (compatible; DotBot/1.1; http://www.dotnetdotcom.org/, crawler@dotnetdotcom.org)"
208.115.111.246 - - [30/Dec/2010:11:46:15 -0500] "GET /volmer.htm HTTP/1.1" 404 291 "-" "Mozilla/5.0 (compatible; DotBot/1.1; http://www.dotnetdotcom.org/, crawler@dotnetdotcom.org)"
208.115.111.246 - - [30/Dec/2010:11:46:20 -0500] "GET /warren.htm HTTP/1.1" 404 291 "-" "Mozilla/5.0 (compatible; DotBot/1.1; http://www.dotnetdotcom.org/, crawler@dotnetdotcom.org)"
67.195.112.50 - - [30/Dec/2010:11:52:14 -0500] "GET /beatty.htm HTTP/1.0" 404 279 "-" "Mozilla/5.0 (compatible; Yahoo! Slurp; http://help.yahoo.com/help/us/ysearch/slurp)"
67.195.112.50 - - [30/Dec/2010:11:55:32 -0500] "GET /TheProcacciGroup/74_erin-way-pool.jpg.LCK HTTP/1.0" 404 310 "-" "Mozilla/5.0 (compatible; Yahoo! Slurp; http://help.yahoo.com/help/us/ysearch/slurp)"
65.52.109.60 - - [30/Dec/2010:12:06:58 -0500] "GET /robots.txt HTTP/1.1" 404 291 "-" "Mozilla/5.0 (compatible; bingbot/2.0; +http://www.bing.com/bingbot.htm)"
65.52.109.60 - - [30/Dec/2010:12:11:09 -0500] "GET /weather.htm HTTP/1.1" 404 292 "-" "Mozilla/5.0 (compatible; bingbot/2.0; +http://www.bing.com/bingbot.htm)"
188.165.226.104 - - [30/Dec/2010:12:29:11 -0500] "GET /robots.txt HTTP/1.0" 404 279 "-" "Mozilla/5.0 (compatible; MJ12bot/v1.3.3; http://www.majestic12.co.uk/bot.php?+)"
188.165.226.104 - - [30/Dec/2010:12:29:12 -0500] "GET /molhoek.htm HTTP/1.0" 200 8161 "-" "Mozilla/5.0 (compatible; MJ12bot/v1.3.3; http://www.majestic12.co.uk/bot.php?+)"
67.195.112.50 - - [30/Dec/2010:12:30:03 -0500] "GET /beatty/naples-florida-listings3.htm HTTP/1.0" 404 304 "-" "Mozilla/5.0 (compatible; Yahoo! Slurp; http://help.yahoo.com/help/us/ysearch/slurp)"
75.203.238.148 - - [30/Dec/2010:12:44:52 -0500] "GET /design_styles.css HTTP/1.1" 404 298 "http://www.naples-usa.com/calendar-clubs-and-orgs.htm" "Mozilla/4.0 (compatible; MSIE 8.0; Windows NT 6.0; Trident/4.0; SLCC1; .NET CLR 2.0.50727; Media Center PC 5.0; .NET CLR 3.5.30729; .NET CLR 3.0.30729; .NET4.0C; yie8; AskTbWBR/5.9.1.14019)"
75.203.238.148 - - [30/Dec/2010:12:44:52 -0500] "GET /dynamic_styles.css HTTP/1.1" 404 299 "http://www.naples-usa.com/calendar-clubs-and-orgs.htm" "Mozilla/4.0 (compatible; MSIE 8.0; Windows NT 6.0; Trident/4.0; SLCC1; .NET CLR 2.0.50727; Media Center PC 5.0; .NET CLR 3.5.30729; .NET CLR 3.0.30729; .NET4.0C; yie8; AskTbWBR/5.9.1.14019)"
