89.247.125.237 - - [07/Jan/2011:16:36:10 -0500] "GET /images/1_naples%20florida%20real%20estate_index.jpg HTTP/1.1" 206 20251 "http://www.google.de/imgres?imgurl=http://www.naples-usa.com/images/1_naples%2520florida%2520real%2520estate_index.jpg&imgrefurl=http://www.dolphinworld.net/wordpress/2008/02/19/naples-florida-dolphin-swim-tour/&usg=__qADXQoSKXq32YdNCGsSumn4G-8c=&h=256&w=375&sz=24&hl=de&start=7&zoom=1&um=1&itbs=1&tbnid=xiSSaf0OQrPq8M:&tbnh=83&tbnw=122&prev=/images%3Fq%3Dnaples%2Bflorida%26um%3D1%26hl%3Dde%26sa%3DX%26tbs%3Disch:1" "Mozilla/5.0 (Windows; U; Windows NT 5.1; de; rv:1.9.2.13) Gecko/20101203 Firefox/3.6.13 (.NET CLR 3.5.30729)"
67.195.112.50 - - [07/Jan/2011:16:37:37 -0500] "GET /TheProcacciGroup/naplesfloridarentals1-new.htm HTTP/1.0" 404 315 "-" "Mozilla/5.0 (compatible; Yahoo! Slurp; http://help.yahoo.com/help/us/ysearch/slurp)"
38.108.67.12 - - [07/Jan/2011:16:38:02 -0500] "GET /boat_docks.htm HTTP/1.0" 404 283 "-" "SBIder/Nutch-1.0-dev (http://www.sitesell.com/sbider.html)"
77.97.71.51 - - [07/Jan/2011:16:45:45 -0500] "GET /Vendors/index.html HTTP/1.1" 200 456837 "http://www.google.co.uk/search?q=mark%20holland%20owner%20of%20blind%20company%20in%20naples&ie=utf-8&oe=utf-8&aq=t&rls=org.mozilla:en-GB:official&client=firefox-a&source=hp&channel=np" "Mozilla/5.0 (Windows NT 6.1; rv:2.0b8) Gecko/20100101 Firefox/4.0b8"
77.97.71.51 - - [07/Jan/2011:16:45:47 -0500] "GET /favicon.ico HTTP/1.1" 404 292 "-" "Mozilla/5.0 (Windows NT 6.1; rv:2.0b8) Gecko/20100101 Firefox/4.0b8"
77.97.71.51 - - [07/Jan/2011:16:45:47 -0500] "GET /favicon.ico HTTP/1.1" 404 292 "-" "Mozilla/5.0 (Windows NT 6.1; rv:2.0b8) Gecko/20100101 Firefox/4.0b8"
77.97.71.51 - - [07/Jan/2011:16:45:47 -0500] "GET /favicon.ico HTTP/1.1" 404 292 "-" "Mozilla/5.0 (Windows NT 6.1; rv:2.0b8) Gecko/20100101 Firefox/4.0b8"
38.108.67.12 - - [07/Jan/2011:16:47:52 -0500] "GET /homestead.htm HTTP/1.0" 404 282 "-" "SBIder/Nutch-1.0-dev (http://www.sitesell.com/sbider.html)"
38.108.67.12 - - [07/Jan/2011:16:48:29 -0500] "GET /reports_for-sellers.htm HTTP/1.0" 404 292 "-" "SBIder/Nutch-1.0-dev (http://www.sitesell.com/sbider.html)"
67.195.112.50 - - [07/Jan/2011:16:58:31 -0500] "GET /TheProcacciGroup/200_monterey-break.jpg.LCK HTTP/1.0" 404 312 "-" "Mozilla/5.0 (compatible; Yahoo! Slurp; http://help.yahoo.com/help/us/ysearch/slurp)"
141.157.164.213 - - [07/Jan/2011:16:59:36 -0500] "GET /naples-weather.htm HTTP/1.1" 200 16725 "http://www.google.com/search?hl=en&client=safari&q=winter+weather+averages+in+Naples+fl&aq=f&aqi=&aql=&oq=&gs_rfai=" "Mozilla/5.0 (iPad; U; CPU OS 4_2_1 like Mac OS X; en-us) AppleWebKit/533.17.9 (KHTML, like Gecko) Version/5.0.2 Mobile/8C148 Safari/6533.18.5"
141.157.164.213 - - [07/Jan/2011:16:59:36 -0500] "GET /images/welcome_usa.gif HTTP/1.1" 200 7890 "http://www.naples-usa.com/naples-weather.htm" "Mozilla/5.0 (iPad; U; CPU OS 4_2_1 like Mac OS X; en-us) AppleWebKit/533.17.9 (KHTML, like Gecko) Version/5.0.2 Mobile/8C148 Safari/6533.18.5"
141.157.164.213 - - [07/Jan/2011:16:59:36 -0500] "GET /images/florida_logo.gif HTTP/1.1" 200 1024 "http://www.naples-usa.com/naples-weather.htm" "Mozilla/5.0 (iPad; U; CPU OS 4_2_1 like Mac OS X; en-us) AppleWebKit/533.17.9 (KHTML, like Gecko) Version/5.0.2 Mobile/8C148 Safari/6533.18.5"
141.157.164.213 - - [07/Jan/2011:16:59:37 -0500] "GET /transparent.gif HTTP/1.1" 200 43 "http://www.naples-usa.com/naples-weather.htm" "Mozilla/5.0 (iPad; U; CPU OS 4_2_1 like Mac OS X; en-us) AppleWebKit/533.17.9 (KHTML, like Gecko) Version/5.0.2 Mobile/8C148 Safari/6533.18.5"
76.229.205.127 - - [07/Jan/2011:17:11:06 -0500] "GET /images/1_naples%20florida%20real%20estate_index.jpg HTTP/1.1" 200 24287 "http://www.google.com/m/search?safe=images&gl=us&source=mobilesearchapp&q=naples+florida&channel=iss&hl=en&site=images&tab=wi&ei=YY8nTfD3O5PYNun3g4cB&sa=N" "Mozilla/5.0 (iPod; U; CPU iPhone OS 4_2_1 like Mac OS X; en-us) AppleWebKit/533.17.9 (KHTML, like Gecko) Mobile/8C148"
98.238.68.107 - - [07/Jan/2011:17:12:00 -0500] "GET /Logos/1_df-72dpi-476x57pix-banner.jpg HTTP/1.1" 200 9733 "-" "Mozilla/5.0 (Macintosh; U; Intel Mac OS X 10.5; en-US; rv:1.9.2.13) Gecko/20101203 Firefox/3.6.13"
98.238.68.107 - - [07/Jan/2011:17:12:00 -0500] "GET /Logos/winner_250.jpg HTTP/1.1" 200 6408 "-" "Mozilla/5.0 (Macintosh; U; Intel Mac OS X 10.5; en-US; rv:1.9.2.13) Gecko/20101203 Firefox/3.6.13"
67.195.112.50 - - [07/Jan/2011:17:16:42 -0500] "GET /calendar.htm HTTP/1.0" 200 71151 "-" "Mozilla/5.0 (compatible; Yahoo! Slurp; http://help.yahoo.com/help/us/ysearch/slurp)"
67.195.112.50 - - [07/Jan/2011:17:17:00 -0500] "GET /TheProcacciGroup/200_monterey-kitch.jpg.LCK HTTP/1.0" 404 312 "-" "Mozilla/5.0 (compatible; Yahoo! Slurp; http://help.yahoo.com/help/us/ysearch/slurp)"
67.195.112.50 - - [07/Jan/2011:17:17:54 -0500] "GET /TheProcacciGroup/2931_green-bed.jpg.LCK HTTP/1.0" 404 308 "-" "Mozilla/5.0 (compatible; Yahoo! Slurp; http://help.yahoo.com/help/us/ysearch/slurp)"
71.200.253.155 - - [07/Jan/2011:17:19:55 -0500] "GET /naples-tennis.htm HTTP/1.1" 200 15285 "http://www.ask.com/web?l=sem&ifr=1&qsrc=999&q=www.downing-fryerealty%20roster.com&siteid=15141&sq=1&o=15141&ar_uid=ce09a739f79b8dfe73cc3700907a96f4555ccfb2" "Mozilla/4.0 (compatible; MSIE 8.0; Windows NT 6.0; WOW64; Trident/4.0; GTB6; SLCC1; .NET CLR 2.0.50727; Media Center PC 5.0; .NET CLR 3.5.21022; .NET CLR 3.5.30729; .NET CLR 3.0.30618; .NET4.0C)"
71.200.253.155 - - [07/Jan/2011:17:19:55 -0500] "GET /images/welcome_usa.gif HTTP/1.1" 200 7890 "http://www.naples-usa.com/naples-tennis.htm" "Mozilla/4.0 (compatible; MSIE 8.0; Windows NT 6.0; WOW64; Trident/4.0; GTB6; SLCC1; .NET CLR 2.0.50727; Media Center PC 5.0; .NET CLR 3.5.21022; .NET CLR 3.5.30729; .NET CLR 3.0.30618; .NET4.0C)"
71.200.253.155 - - [07/Jan/2011:17:19:55 -0500] "GET /images/florida_logo.gif HTTP/1.1" 200 1024 "http://www.naples-usa.com/naples-tennis.htm" "Mozilla/4.0 (compatible; MSIE 8.0; Windows NT 6.0; WOW64; Trident/4.0; GTB6; SLCC1; .NET CLR 2.0.50727; Media Center PC 5.0; .NET CLR 3.5.21022; .NET CLR 3.5.30729; .NET CLR 3.0.30618; .NET4.0C)"
71.200.253.155 - - [07/Jan/2011:17:19:55 -0500] "GET /images/return_arrow.gif HTTP/1.1" 200 220 "http://www.naples-usa.com/naples-tennis.htm" "Mozilla/4.0 (compatible; MSIE 8.0; Windows NT 6.0; WOW64; Trident/4.0; GTB6; SLCC1; .NET CLR 2.0.50727; Media Center PC 5.0; .NET CLR 3.5.21022; .NET CLR 3.5.30729; .NET CLR 3.0.30618; .NET4.0C)"
71.200.253.155 - - [07/Jan/2011:17:19:55 -0500] "GET /transparent.gif HTTP/1.1" 200 43 "http://www.naples-usa.com/naples-tennis.htm" "Mozilla/4.0 (compatible; MSIE 8.0; Windows NT 6.0; WOW64; Trident/4.0; GTB6; SLCC1; .NET CLR 2.0.50727; Media Center PC 5.0; .NET CLR 3.5.21022; .NET CLR 3.5.30729; .NET CLR 3.0.30618; .NET4.0C)"
71.200.253.155 - - [07/Jan/2011:17:19:55 -0500] "GET /favicon.ico HTTP/1.1" 404 292 "-" "Mozilla/4.0 (compatible; MSIE 8.0; Windows NT 6.0; WOW64; Trident/4.0; GTB6; SLCC1; .NET CLR 2.0.50727; Media Center PC 5.0; .NET CLR 3.5.21022; .NET CLR 3.5.30729; .NET CLR 3.0.30618; .NET4.0C)"
71.200.253.155 - - [07/Jan/2011:17:19:57 -0500] "GET /favicon.ico HTTP/1.1" 404 292 "-" "Mozilla/4.0 (compatible; MSIE 8.0; Windows NT 6.0; WOW64; Trident/4.0; GTB6; SLCC1; .NET CLR 2.0.50727; Media Center PC 5.0; .NET CLR 3.5.21022; .NET CLR 3.5.30729; .NET CLR 3.0.30618; .NET4.0C)"
71.200.253.155 - - [07/Jan/2011:17:20:03 -0500] "GET /index.html HTTP/1.1" 200 11305 "http://www.naples-usa.com/naples-tennis.htm" "Mozilla/4.0 (compatible; MSIE 8.0; Windows NT 6.0; WOW64; Trident/4.0; GTB6; SLCC1; .NET CLR 2.0.50727; Media Center PC 5.0; .NET CLR 3.5.21022; .NET CLR 3.5.30729; .NET CLR 3.0.30618; .NET4.0C)"
71.200.253.155 - - [07/Jan/2011:17:20:03 -0500] "GET /naples-usa.css HTTP/1.1" 200 714 "http://www.naples-usa.com/index.html" "Mozilla/4.0 (compatible; MSIE 8.0; Windows NT 6.0; WOW64; Trident/4.0; GTB6; SLCC1; .NET CLR 2.0.50727; Media Center PC 5.0; .NET CLR 3.5.21022; .NET CLR 3.5.30729; .NET CLR 3.0.30618; .NET4.0C)"
71.200.253.155 - - [07/Jan/2011:17:20:03 -0500] "GET /images/border%20naples.gif HTTP/1.1" 200 358 "http://www.naples-usa.com/index.html" "Mozilla/4.0 (compatible; MSIE 8.0; Windows NT 6.0; WOW64; Trident/4.0; GTB6; SLCC1; .NET CLR 2.0.50727; Media Center PC 5.0; .NET CLR 3.5.21022; .NET CLR 3.5.30729; .NET CLR 3.0.30618; .NET4.0C)"
71.200.253.155 - - [07/Jan/2011:17:20:03 -0500] "GET /images/A-INDE~1.jpg HTTP/1.1" 200 23069 "http://www.naples-usa.com/index.html" "Mozilla/4.0 (compatible; MSIE 8.0; Windows NT 6.0; WOW64; Trident/4.0; GTB6; SLCC1; .NET CLR 2.0.50727; Media Center PC 5.0; .NET CLR 3.5.21022; .NET CLR 3.5.30729; .NET CLR 3.0.30618; .NET4.0C)"
67.195.112.50 - - [07/Jan/2011:17:26:14 -0500] "GET /hopmann.htm HTTP/1.0" 404 280 "-" "Mozilla/5.0 (compatible; Yahoo! Slurp; http://help.yahoo.com/help/us/ysearch/slurp)"
71.236.73.19 - - [07/Jan/2011:17:40:12 -0500] "GET /images/1_naples%20florida%20real%20estate_index.jpg HTTP/1.1" 200 24287 "http://www.google.com/imgres?imgurl=http://www.naples-usa.com/images/1_naples%2520florida%2520real%2520estate_index.jpg&imgrefurl=http://www.dolphinworld.net/wordpress/2008/02/19/naples-florida-dolphin-swim-tour/&usg=__qADXQoSKXq32YdNCGsSumn4G-8c=&h=256&w=375&sz=24&hl=en&start=0&zoom=1&tbnid=xiSSaf0OQrPq8M:&tbnh=110&tbnw=170&prev=/images%3Fq%3Dnaples%2Bflorida%2Bpictures%26um%3D1%26hl%3Den%26sa%3DG%26biw%3D897%26bih%3D363%26tbs%3Disch:10%2C9&um=1&itbs=1&iact=hc&vpx=288&vpy=79&dur=21&hovh=185&hovw=272&tx=126&ty=84&ei=QZYnTaPsFoGClAeT0KjsAQ&oei=sZMnTZ_WF8Wclgfq9JHVCw&esq=22&page=1&ndsp=8&ved=1t:429,r:5,s:0&biw=897&bih=363" "Mozilla/4.0 (compatible; MSIE 8.0; Windows NT 6.1; WOW64; Trident/4.0; SLCC2; .NET CLR 2.0.50727; .NET CLR 3.5.30729; .NET CLR 3.0.30729; Media Center PC 6.0; HPNTDF; .NET4.0C; AskTB5.2)"
65.52.110.53 - - [07/Jan/2011:17:45:00 -0500] "GET /robots.txt HTTP/1.1" 404 291 "-" "Mozilla/5.0 (compatible; bingbot/2.0; +http://www.bing.com/bingbot.htm)"
65.52.110.55 - - [07/Jan/2011:17:51:55 -0500] "GET /robots.txt HTTP/1.1" 404 291 "-" "Mozilla/5.0 (compatible; bingbot/2.0; +http://www.bing.com/bingbot.htm)"
65.52.110.53 - - [07/Jan/2011:17:52:46 -0500] "GET /animalsandpets.htm HTTP/1.1" 404 299 "-" "Mozilla/5.0 (compatible; bingbot/2.0; +http://www.bing.com/bingbot.htm)"
66.229.24.44 - - [07/Jan/2011:17:57:44 -0500] "GET /images/1_naples%20florida%20real%20estate_index.jpg HTTP/1.1" 200 24287 "http://www.google.ca/imgres?imgurl=http://www.naples-usa.com/images/1_naples%2520florida%2520real%2520estate_index.jpg&imgrefurl=http://www.dolphinworld.net/wordpress/2008/02/19/naples-florida-dolphin-swim-tour/&usg=__qADXQoSKXq32YdNCGsSumn4G-8c=&h=256&w=375&sz=24&hl=fr&start=0&zoom=1&tbnid=xiSSaf0OQrPq8M:&tbnh=152&tbnw=219&prev=/images%3Fq%3Dnaples%2Bflorida%26um%3D1%26hl%3Dfr%26sa%3DN%26rlz%3D1T4SUNC_frUS358US358%26biw%3D1345%26bih%3D490%26tbs%3Disch:1&um=1&itbs=1&iact=hc&vpx=141&vpy=233&dur=290&hovh=185&hovw=272&tx=143&ty=171&ei=JZonTczuL8P38AaAk8jKDQ&oei=JZonTczuL8P38AaAk8jKDQ&esq=1&page=1&ndsp=11&ved=1t:429,r:6,s:0" "Mozilla/4.0 (compatible; MSIE 8.0; Windows NT 6.0; WOW64; Trident/4.0; GTB6.6; SLCC1; .NET CLR 2.0.50727; Media Center PC 5.0; Media Center PC 5.1; .NET CLR 3.5.30729; .NET CLR 3.0.30729; .NET4.0C)"
189.176.170.50 - - [07/Jan/2011:18:00:34 -0500] "GET /images/1_naples%20florida%20real%20estate_index.jpg HTTP/1.1" 200 24287 "http://www.google.com.mx/imgres?imgurl=http://www.naples-usa.com/images/1_naples%2520florida%2520real%2520estate_index.jpg&imgrefurl=http://www.dolphinworld.net/wordpress/2008/02/19/naples-florida-dolphin-swim-tour/&usg=__qADXQoSKXq32YdNCGsSumn4G-8c=&h=256&w=375&sz=24&hl=es&start=13&zoom=1&itbs=1&tbnid=xiSSaf0OQrPq8M:&tbnh=83&tbnw=122&prev=/images%3Fq%3Dnaples%2Bflorida%2Bfotos%26hl%3Des%26gbv%3D2%26tbs%3Disch:1" "Mozilla/4.0 (compatible; MSIE 7.0; Windows NT 6.0; WOW64; FunWebProducts; SLCC1; .NET CLR 2.0.50727; Media Center PC 5.0; .NET CLR 3.5.30729; .NET CLR 3.0.30729; .NET4.0C)"
189.176.170.50 - - [07/Jan/2011:18:00:35 -0500] "GET /favicon.ico HTTP/1.1" 404 292 "-" "Mozilla/4.0 (compatible; MSIE 7.0; Windows NT 6.0; WOW64; FunWebProducts; SLCC1; .NET CLR 2.0.50727; Media Center PC 5.0; .NET CLR 3.5.30729; .NET CLR 3.0.30729; .NET4.0C)"
65.52.110.55 - - [07/Jan/2011:18:02:15 -0500] "GET /tennis.htm HTTP/1.1" 404 291 "-" "Mozilla/5.0 (compatible; bingbot/2.0; +http://www.bing.com/bingbot.htm)"
38.108.67.12 - - [07/Jan/2011:18:07:25 -0500] "GET /golf.htm HTTP/1.0" 404 277 "-" "SBIder/Nutch-1.0-dev (http://www.sitesell.com/sbider.html)"
67.195.112.50 - - [07/Jan/2011:18:09:24 -0500] "GET /decoursey/rentals.htm HTTP/1.0" 404 290 "-" "Mozilla/5.0 (compatible; Yahoo! Slurp; http://help.yahoo.com/help/us/ysearch/slurp)"
68.204.47.119 - - [07/Jan/2011:18:11:56 -0500] "GET /florida-homestead-exemption.htm HTTP/1.1" 200 14191 "http://search.yahoo.com/search;_ylt=A0oG7k6DnCdNGDYBNQJXNyoA?p=florida+homestead+exemption&ei=UTF-8&fr=yfp-t-701&xargs=12KPjg1oduy5a3vOHvKvjFSPXBhg9O0JC85Is%5FWMQaRp8L%5FXNtR6AuOfa%5F3pgqGK5q7C%5Fg%5FQ%2E%2E&pstart=7&b=21" "Mozilla/4.0 (compatible; MSIE 8.0; Windows NT 6.1; Trident/4.0; SLCC2; .NET CLR 2.0.50727; .NET CLR 3.5.30729; .NET CLR 3.0.30729; Media Center PC 6.0; .NET CLR 3.0.04506; Media Center PC 5.0; SLCC1; .NET4.0C)"
68.204.47.119 - - [07/Jan/2011:18:11:56 -0500] "GET /images/welcome_usa.gif HTTP/1.1" 200 7890 "http://naples-usa.com/florida-homestead-exemption.htm" "Mozilla/4.0 (compatible; MSIE 8.0; Windows NT 6.1; Trident/4.0; SLCC2; .NET CLR 2.0.50727; .NET CLR 3.5.30729; .NET CLR 3.0.30729; Media Center PC 6.0; .NET CLR 3.0.04506; Media Center PC 5.0; SLCC1; .NET4.0C)"
68.204.47.119 - - [07/Jan/2011:18:11:57 -0500] "GET /images/z_spacer_20.gif HTTP/1.1" 200 56 "http://naples-usa.com/florida-homestead-exemption.htm" "Mozilla/4.0 (compatible; MSIE 8.0; Windows NT 6.1; Trident/4.0; SLCC2; .NET CLR 2.0.50727; .NET CLR 3.5.30729; .NET CLR 3.0.30729; Media Center PC 6.0; .NET CLR 3.0.04506; Media Center PC 5.0; SLCC1; .NET4.0C)"
68.204.47.119 - - [07/Jan/2011:18:12:01 -0500] "GET /images/florida_logo.gif HTTP/1.1" 200 1024 "http://naples-usa.com/florida-homestead-exemption.htm" "Mozilla/4.0 (compatible; MSIE 8.0; Windows NT 6.1; Trident/4.0; SLCC2; .NET CLR 2.0.50727; .NET CLR 3.5.30729; .NET CLR 3.0.30729; Media Center PC 6.0; .NET CLR 3.0.04506; Media Center PC 5.0; SLCC1; .NET4.0C)"
68.204.47.119 - - [07/Jan/2011:18:12:05 -0500] "GET /transparent.gif HTTP/1.1" 200 43 "http://naples-usa.com/florida-homestead-exemption.htm" "Mozilla/4.0 (compatible; MSIE 8.0; Windows NT 6.1; Trident/4.0; SLCC2; .NET CLR 2.0.50727; .NET CLR 3.5.30729; .NET CLR 3.0.30729; Media Center PC 6.0; .NET CLR 3.0.04506; Media Center PC 5.0; SLCC1; .NET4.0C)"
68.204.47.119 - - [07/Jan/2011:18:12:05 -0500] "GET /favicon.ico HTTP/1.1" 404 292 "-" "Mozilla/4.0 (compatible; MSIE 8.0; Windows NT 6.1; Trident/4.0; SLCC2; .NET CLR 2.0.50727; .NET CLR 3.5.30729; .NET CLR 3.0.30729; Media Center PC 6.0; .NET CLR 3.0.04506; Media Center PC 5.0; SLCC1; .NET4.0C)"
206.123.88.26 - - [07/Jan/2011:18:20:15 -0500] "GET /robots.txt HTTP/1.1" 404 291 "-" "Mozilla/5.0 (compatible; Bender; http://sites.google.com/site/bendercrawler)"
206.123.88.26 - - [07/Jan/2011:18:20:16 -0500] "GET /Vendors/index.html HTTP/1.1" 200 456837 "-" "Mozilla/5.0 (compatible; Bender; http://sites.google.com/site/bendercrawler)"
38.108.67.12 - - [07/Jan/2011:18:29:14 -0500] "GET /weather.htm HTTP/1.0" 404 280 "-" "SBIder/Nutch-1.0-dev (http://www.sitesell.com/sbider.html)"
71.72.55.17 - - [07/Jan/2011:18:31:31 -0500] "GET /images/1_naples%20florida%20real%20estate_index.jpg HTTP/1.1" 200 24287 "http://www.google.com/imgres?imgurl=http://www.naples-usa.com/images/1_naples%2520florida%2520real%2520estate_index.jpg&imgrefurl=http://www.dolphinworld.net/wordpress/2008/02/19/naples-florida-dolphin-swim-tour/&usg=__qADXQoSKXq32YdNCGsSumn4G-8c=&h=256&w=375&sz=24&hl=en&start=0&zoom=1&tbnid=xiSSaf0OQrPq8M:&tbnh=146&tbnw=211&prev=/images%3Fq%3Dnaples%2Bflorida%26hl%3Den%26biw%3D1020%26bih%3D619%26gbv%3D2%26tbs%3Disch:1&itbs=1&iact=rc&dur=681&ei=CaInTZCoH8Kblges8sXdCw&oei=CaInTZCoH8Kblges8sXdCw&esq=1&page=1&ndsp=12&ved=1t:429,r:6,s:0&tx=105&ty=66" "Mozilla/4.0 (compatible; MSIE 7.0; Windows NT 5.1; Trident/4.0; UXPVP 1.0.7.0)"
67.195.112.50 - - [07/Jan/2011:18:32:57 -0500] "GET /linberg.htm HTTP/1.0" 404 280 "-" "Mozilla/5.0 (compatible; Yahoo! Slurp; http://help.yahoo.com/help/us/ysearch/slurp)"
38.108.67.12 - - [07/Jan/2011:18:33:16 -0500] "GET /lost-pets.htm HTTP/1.0" 404 282 "-" "SBIder/Nutch-1.0-dev (http://www.sitesell.com/sbider.html)"
67.195.112.50 - - [07/Jan/2011:18:36:09 -0500] "GET /TheProcacciGroup/25084_peacock-bed.jpg.LCK HTTP/1.0" 404 311 "-" "Mozilla/5.0 (compatible; Yahoo! Slurp; http://help.yahoo.com/help/us/ysearch/slurp)"
38.108.67.12 - - [07/Jan/2011:18:37:44 -0500] "GET /blaine/naples-rentals.htm HTTP/1.0" 404 294 "-" "SBIder/Nutch-1.0-dev (http://www.sitesell.com/sbider.html)"
95.108.158.234 - - [07/Jan/2011:18:38:24 -0500] "GET /robots.txt HTTP/1.1" 404 291 "-" "Mozilla/5.0 (compatible; YandexImages/3.0; +http://yandex.com/bots)"
220.181.94.223 - - [07/Jan/2011:18:38:35 -0500] "GET /robots.txt HTTP/1.1" 404 291 "-" "-"
220.181.94.223 - - [07/Jan/2011:18:38:45 -0500] "GET /molhoek.htm HTTP/1.1" 304 - "-" "Sogou web spider/4.0(+http://www.sogou.com/docs/help/webmasters.htm#07)"
64.233.172.1 - - [07/Jan/2011:19:00:57 -0500] "GET /calendar-clubs-and-orgs.htm HTTP/1.1" 200 27411 "-" "Mozilla/5.0 (en-us) AppleWebKit/525.13 (KHTML, like Gecko; Google Wireless Transcoder) Version/3.1 Safari/525.13"
66.249.85.66 - - [07/Jan/2011:19:00:57 -0500] "GET /design_styles.css HTTP/1.1" 404 298 "http://www.naples-usa.com/calendar-clubs-and-orgs.htm" "Mozilla/5.0 (en-us) AppleWebKit/525.13 (KHTML, like Gecko; Google Wireless Transcoder) Version/3.1 Safari/525.13"
74.125.112.86 - - [07/Jan/2011:19:00:57 -0500] "GET /dynamic_styles.css HTTP/1.1" 404 299 "http://www.naples-usa.com/calendar-clubs-and-orgs.htm" "Mozilla/5.0 (en-us) AppleWebKit/525.13 (KHTML, like Gecko; Google Wireless Transcoder) Version/3.1 Safari/525.13"
66.249.85.66 - - [07/Jan/2011:19:00:58 -0500] "GET /images/spacer.gif HTTP/1.1" 200 43 "http://www.naples-usa.com/calendar-clubs-and-orgs.htm" "Mozilla/5.0 (en-us) AppleWebKit/525.13 (KHTML, like Gecko; Google Wireless Transcoder) Version/3.1 Safari/525.13"
24.13.83.82 - - [07/Jan/2011:19:09:09 -0500] "GET /images/1_naples%20florida%20real%20estate_index.jpg HTTP/1.1" 200 24287 "http://www.google.com/imgres?imgurl=http://www.naples-usa.com/images/1_naples%2520florida%2520real%2520estate_index.jpg&imgrefurl=http://www.dolphinworld.net/wordpress/2008/02/19/naples-florida-dolphin-swim-tour/&usg=__qADXQoSKXq32YdNCGsSumn4G-8c=&h=256&w=375&sz=24&hl=en&start=7&zoom=1&itbs=1&tbnid=xiSSaf0OQrPq8M:&tbnh=83&tbnw=122&prev=/images%3Fq%3Dnaples%2Bflorida%26hl%3Den%26gbv%3D2%26tbs%3Disch:1" "Mozilla/4.0 (compatible; MSIE 7.0; Windows NT 6.0; GTB5; SLCC1; .NET CLR 2.0.50727; Media Center PC 5.0; .NET CLR 3.5.30729; .NET CLR 3.0.30618)"
24.13.83.82 - - [07/Jan/2011:19:09:09 -0500] "GET /favicon.ico HTTP/1.1" 404 292 "-" "Mozilla/4.0 (compatible; MSIE 7.0; Windows NT 6.0; GTB5; SLCC1; .NET CLR 2.0.50727; Media Center PC 5.0; .NET CLR 3.5.30729; .NET CLR 3.0.30618)"
67.195.112.50 - - [07/Jan/2011:19:13:22 -0500] "GET /florida-homestead-exemption.htm HTTP/1.0" 200 14191 "-" "Mozilla/5.0 (compatible; Yahoo! Slurp; http://help.yahoo.com/help/us/ysearch/slurp)"
38.108.67.12 - - [07/Jan/2011:19:16:55 -0500] "GET /home-improvement-naples-florida.htm HTTP/1.0" 404 304 "-" "SBIder/Nutch-1.0-dev (http://www.sitesell.com/sbider.html)"
124.115.0.14 - - [07/Jan/2011:19:29:37 -0500] "GET / HTTP/1.1" 200 11305 "-" "Sosospider+(+http://help.soso.com/webspider.htm)"
67.195.112.50 - - [07/Jan/2011:19:31:13 -0500] "GET /TheProcacciGroup/3083_44-208031704.jpg.LCK HTTP/1.0" 404 311 "-" "Mozilla/5.0 (compatible; Yahoo! Slurp; http://help.yahoo.com/help/us/ysearch/slurp)"
67.195.112.50 - - [07/Jan/2011:19:31:35 -0500] "GET /TheProcacciGroup/185_santa-6-misc.jpg.LCK HTTP/1.0" 404 310 "-" "Mozilla/5.0 (compatible; Yahoo! Slurp; http://help.yahoo.com/help/us/ysearch/slurp)"
207.46.204.189 - - [07/Jan/2011:19:44:00 -0500] "GET /robots.txt HTTP/1.1" 404 291 "-" "Mozilla/5.0 (compatible; bingbot/2.0; +http://www.bing.com/bingbot.htm)"
67.195.112.50 - - [07/Jan/2011:19:45:28 -0500] "GET /munz.htm HTTP/1.0" 404 277 "-" "Mozilla/5.0 (compatible; Yahoo! Slurp; http://help.yahoo.com/help/us/ysearch/slurp)"
207.46.204.189 - - [07/Jan/2011:20:00:15 -0500] "GET /properties-test-bullets-regularfont.htm HTTP/1.1" 404 320 "-" "Mozilla/5.0 (compatible; bingbot/2.0; +http://www.bing.com/bingbot.htm)"
79.142.69.69 - - [07/Jan/2011:20:06:15 -0500] "GET /a-newpage.htm HTTP/1.1" 404 294 "-" "Mozilla/4.0 (compatible; MSIE 6.0; Windows NT 5.1; SV1)"
67.195.112.50 - - [07/Jan/2011:20:12:32 -0500] "GET /robots.txt HTTP/1.0" 404 279 "-" "Mozilla/5.0 (compatible; Yahoo! Slurp; http://help.yahoo.com/help/us/ysearch/slurp)"
67.195.112.50 - - [07/Jan/2011:20:12:32 -0500] "GET /TheProcacciGroup/?M=D HTTP/1.0" 404 286 "-" "Mozilla/5.0 (compatible; Yahoo! Slurp; http://help.yahoo.com/help/us/ysearch/slurp)"
69.131.234.198 - - [07/Jan/2011:20:21:45 -0500] "GET /Logos/winner_250.jpg HTTP/1.1" 200 6408 "http://sn126w.snt126.mail.live.com/mail/InboxLight.aspx?FolderID=00000000-0000-0000-0000-000000000001&InboxSortAscending=False&InboxSortBy=Date&fav=True&n=1772828602" "Mozilla/4.0 (compatible; MSIE 7.0; Windows NT 6.1; WOW64; Trident/4.0; SLCC2; .NET CLR 2.0.50727; .NET CLR 3.5.30729; .NET CLR 3.0.30729; Media Center PC 6.0; HPNTDF; .NET4.0C; BRI/1)"
69.131.234.198 - - [07/Jan/2011:20:21:45 -0500] "GET /Logos/1_df-72dpi-476x57pix-banner.jpg HTTP/1.1" 200 9733 "http://sn126w.snt126.mail.live.com/mail/InboxLight.aspx?FolderID=00000000-0000-0000-0000-000000000001&InboxSortAscending=False&InboxSortBy=Date&fav=True&n=1772828602" "Mozilla/4.0 (compatible; MSIE 7.0; Windows NT 6.1; WOW64; Trident/4.0; SLCC2; .NET CLR 2.0.50727; .NET CLR 3.5.30729; .NET CLR 3.0.30729; Media Center PC 6.0; HPNTDF; .NET4.0C; BRI/1)"
173.215.39.167 - - [07/Jan/2011:20:28:32 -0500] "GET /images/1_naples%20florida%20real%20estate_index.jpg HTTP/1.1" 200 24287 "http://www.google.com/imgres?imgurl=http://www.naples-usa.com/images/1_naples%2520florida%2520real%2520estate_index.jpg&imgrefurl=http://www.dolphinworld.net/wordpress/2008/02/19/naples-florida-dolphin-swim-tour/&usg=__qADXQoSKXq32YdNCGsSumn4G-8c=&h=256&w=375&sz=24&hl=en&start=0&zoom=1&tbnid=xiSSaf0OQrPq8M:&tbnh=166&tbnw=214&prev=/images%3Fq%3DNaples,%2BFlorida%26hl%3Den%26safe%3Doff%26biw%3D1024%26bih%3D677%26gbv%3D2%26tbs%3Disch:1&itbs=1&iact=hc&vpx=522&vpy=314&dur=219&hovh=169&hovw=248&tx=108&ty=118&ei=kr0nTfKFF4yenAeoiaXnDQ&oei=kr0nTfKFF4yenAeoiaXnDQ&esq=1&page=1&ndsp=12&ved=1t:429,r:6,s:0" "Mozilla/5.0 (Windows; U; Windows NT 5.1; en-US) AppleWebKit/534.10 (KHTML, like Gecko) Chrome/8.0.552.224 Safari/534.10"
38.108.67.12 - - [07/Jan/2011:20:39:52 -0500] "GET /tennis.htm HTTP/1.0" 404 279 "-" "SBIder/Nutch-1.0-dev (http://www.sitesell.com/sbider.html)"
67.195.112.50 - - [07/Jan/2011:20:42:22 -0500] "GET /damiano.htm HTTP/1.0" 404 280 "-" "Mozilla/5.0 (compatible; Yahoo! Slurp; http://help.yahoo.com/help/us/ysearch/slurp)"
38.108.67.12 - - [07/Jan/2011:20:45:32 -0500] "GET /naples-tennis-public.htm HTTP/1.0" 404 293 "-" "SBIder/Nutch-1.0-dev (http://www.sitesell.com/sbider.html)"
67.195.112.50 - - [07/Jan/2011:20:49:50 -0500] "GET /TheProcacciGroup/4944_shaker-dining.jpg.LCK HTTP/1.0" 404 312 "-" "Mozilla/5.0 (compatible; Yahoo! Slurp; http://help.yahoo.com/help/us/ysearch/slurp)"
67.195.112.50 - - [07/Jan/2011:20:53:43 -0500] "GET /TheProcacciGroup/1355_mariposa-209026169.jpg.LCK HTTP/1.0" 404 317 "-" "Mozilla/5.0 (compatible; Yahoo! Slurp; http://help.yahoo.com/help/us/ysearch/slurp)"
67.195.112.50 - - [07/Jan/2011:20:55:48 -0500] "GET /beatty.htm HTTP/1.0" 404 279 "-" "Mozilla/5.0 (compatible; Yahoo! Slurp; http://help.yahoo.com/help/us/ysearch/slurp)"
123.125.71.14 - - [07/Jan/2011:21:26:23 -0500] "GET / HTTP/1.1" 200 11305 "-" "Baiduspider+(+http://www.baidu.com/search/spider.htm)"
220.181.108.81 - - [07/Jan/2011:21:26:43 -0500] "GET / HTTP/1.1" 200 11305 "-" "Baiduspider+(+http://www.baidu.com/search/spider.htm)"
38.108.67.12 - - [07/Jan/2011:21:27:41 -0500] "GET /history.htm HTTP/1.0" 404 280 "-" "SBIder/Nutch-1.0-dev (http://www.sitesell.com/sbider.html)"
119.63.198.27 - - [07/Jan/2011:21:31:30 -0500] "GET /robots.txt HTTP/1.1" 404 291 "-" "Baiduspider+(+http://www.baidu.com/search/spider.htm)"
67.195.112.50 - - [07/Jan/2011:21:36:31 -0500] "GET /TheProcacciGroup/8791_rose-view.jpg.LCK HTTP/1.0" 404 308 "-" "Mozilla/5.0 (compatible; Yahoo! Slurp; http://help.yahoo.com/help/us/ysearch/slurp)"
65.52.49.139 - - [07/Jan/2011:21:39:29 -0500] "GET /robots.txt HTTP/1.1" 404 291 "-" "Mozilla/5.0 (compatible; bingbot/2.0; +http://www.bing.com/bingbot.htm)"
67.195.112.50 - - [07/Jan/2011:21:43:52 -0500] "GET /halpin.htm HTTP/1.0" 404 279 "-" "Mozilla/5.0 (compatible; Yahoo! Slurp; http://help.yahoo.com/help/us/ysearch/slurp)"
38.108.67.12 - - [07/Jan/2011:21:49:41 -0500] "GET /mortgage-dictionary.htm HTTP/1.0" 404 292 "-" "SBIder/Nutch-1.0-dev (http://www.sitesell.com/sbider.html)"
107.10.70.133 - - [07/Jan/2011:22:05:06 -0500] "GET /images/1_naples%20florida%20real%20estate_index.jpg HTTP/1.1" 200 24287 "http://www.google.com/imgres?imgurl=http://www.naples-usa.com/images/1_naples%2520florida%2520real%2520estate_index.jpg&imgrefurl=http://www.dolphinworld.net/wordpress/2008/02/19/naples-florida-dolphin-swim-tour/&usg=__qADXQoSKXq32YdNCGsSumn4G-8c=&h=256&w=375&sz=24&hl=en&start=0&sig2=LL3ylD0uIfOH1LH70nmyyQ&zoom=1&tbnid=xiSSaf0OQrPq8M:&tbnh=124&tbnw=183&ei=RNQnTaeyK8P48AbFuJHUDQ&prev=/images%3Fq%3Dnaples%2Bflorida%26um%3D1%26hl%3Den%26sa%3DN%26biw%3D1167%26bih%3D571%26tbs%3Disch:1&um=1&itbs=1&iact=rc&dur=483&oei=RNQnTaeyK8P48AbFuJHUDQ&esq=1&page=1&ndsp=17&ved=1t:429,r:6,s:0&tx=103&ty=49" "Mozilla/5.0 (Macintosh; U; Intel Mac OS X 10_5_8; en-us) AppleWebKit/533.19.4 (KHTML, like Gecko) Version/5.0.3 Safari/533.19.4"
67.195.112.50 - - [07/Jan/2011:22:15:11 -0500] "GET /TheProcacciGroup/naplesfloridarentals5.htm HTTP/1.0" 404 311 "-" "Mozilla/5.0 (compatible; Yahoo! Slurp; http://help.yahoo.com/help/us/ysearch/slurp)"
206.123.88.26 - - [07/Jan/2011:22:18:58 -0500] "GET /robots.txt HTTP/1.1" 404 291 "-" "Mozilla/5.0 (compatible; Bender; http://sites.google.com/site/bendercrawler)"
206.123.88.26 - - [07/Jan/2011:22:18:59 -0500] "GET /Vendors/index.html HTTP/1.1" 200 456837 "-" "Mozilla/5.0 (compatible; Bender; http://sites.google.com/site/bendercrawler)"
69.147.115.72 - - [07/Jan/2011:22:25:05 -0500] "GET / HTTP/1.1" 200 11305 "-" "Mozilla/5.0 (iPhone; U; CPU iPhone OS 4_1 like Mac OS X; en-us) AppleWebKit/532.9 (KHTML, like Gecko) Version/4.0.5 Mobile/8B117 Safari/6531.22.7"
69.147.115.72 - - [07/Jan/2011:22:25:05 -0500] "GET /favicon.ico HTTP/1.1" 404 292 "-" "Mozilla/5.0 (iPhone; U; CPU iPhone OS 4_1 like Mac OS X; en-us) AppleWebKit/532.9 (KHTML, like Gecko) Version/4.0.5 Mobile/8B117 Safari/6531.22.7"
206.123.88.26 - - [07/Jan/2011:22:32:37 -0500] "GET /Vendors/index.html HTTP/1.1" 200 456837 "-" "Mozilla/5.0 (compatible; Bender; http://sites.google.com/site/bendercrawler)"
67.195.112.50 - - [07/Jan/2011:22:36:08 -0500] "GET /zettel.htm HTTP/1.0" 404 279 "-" "Mozilla/5.0 (compatible; Yahoo! Slurp; http://help.yahoo.com/help/us/ysearch/slurp)"
67.195.112.50 - - [07/Jan/2011:22:41:52 -0500] "GET /TheProcacciGroup/207041026.jpg.LCK HTTP/1.0" 404 303 "-" "Mozilla/5.0 (compatible; Yahoo! Slurp; http://help.yahoo.com/help/us/ysearch/slurp)"
67.195.112.50 - - [07/Jan/2011:22:42:31 -0500] "GET /tennis_harder.htm HTTP/1.0" 200 20391 "-" "Mozilla/5.0 (compatible; Yahoo! Slurp; http://help.yahoo.com/help/us/ysearch/slurp)"
67.195.112.50 - - [07/Jan/2011:23:05:01 -0500] "GET /TheProcacciGroup/5221_tree-living.jpg.LCK HTTP/1.0" 404 310 "-" "Mozilla/5.0 (compatible; Yahoo! Slurp; http://help.yahoo.com/help/us/ysearch/slurp)"
193.47.80.40 - - [07/Jan/2011:23:06:20 -0500] "GET /meek.htm/robots.txt HTTP/1.1" 404 300 "-" "Mozilla/5.0 (compatible; Exabot/3.0; +http://www.exabot.com/go/robot)"
206.123.88.26 - - [07/Jan/2011:23:37:07 -0500] "GET /robots.txt HTTP/1.1" 404 291 "-" "Mozilla/5.0 (compatible; Bender; http://sites.google.com/site/bendercrawler)"
206.123.88.26 - - [07/Jan/2011:23:37:08 -0500] "GET /Vendors/index.html HTTP/1.1" 200 456837 "-" "Mozilla/5.0 (compatible; Bender; http://sites.google.com/site/bendercrawler)"
207.46.13.42 - - [07/Jan/2011:23:49:41 -0500] "GET /robots.txt HTTP/1.1" 404 291 "-" "Mozilla/5.0 (compatible; bingbot/2.0; +http://www.bing.com/bingbot.htm)"
67.195.112.50 - - [07/Jan/2011:23:56:49 -0500] "GET /Vendors/Logos.htm HTTP/1.0" 200 6053 "-" "Mozilla/5.0 (compatible; Yahoo! Slurp; http://help.yahoo.com/help/us/ysearch/slurp)"
207.46.13.42 - - [08/Jan/2011:00:01:47 -0500] "GET /calendar-clubs-and-orgs.htm HTTP/1.1" 304 - "-" "Mozilla/5.0 (compatible; bingbot/2.0; +http://www.bing.com/bingbot.htm)"
184.154.7.186 - - [08/Jan/2011:00:03:29 -0500] "GET /robots.txt HTTP/1.0" 404 279 "-" "Mozilla/5.0 (compatible; MJ12bot/v1.3.3; http://www.majestic12.co.uk/bot.php?+)"
184.154.7.186 - - [08/Jan/2011:00:03:29 -0500] "GET / HTTP/1.0" 200 11305 "-" "Mozilla/5.0 (compatible; MJ12bot/v1.3.3; http://www.majestic12.co.uk/bot.php?+)"
67.195.112.50 - - [08/Jan/2011:00:06:01 -0500] "GET /TheProcacciGroup/15544_marcello-living3.jpg.LCK HTTP/1.0" 404 316 "-" "Mozilla/5.0 (compatible; Yahoo! Slurp; http://help.yahoo.com/help/us/ysearch/slurp)"
61.247.204.37 - - [08/Jan/2011:00:11:11 -0500] "GET /robots.txt HTTP/1.1" 404 291 "-" "Yeti/1.0 (NHN Corp.; http://help.naver.com/robots/)"
61.247.204.37 - - [08/Jan/2011:00:11:11 -0500] "GET / HTTP/1.1" 200 11305 "-" "Yeti/1.0 (NHN Corp.; http://help.naver.com/robots/)"
61.247.204.46 - - [08/Jan/2011:00:11:21 -0500] "GET /naples-usa.css HTTP/1.1" 200 714 "-" "Yeti/1.0 (NHN Corp.; http://help.naver.com/robots/)"
207.46.13.134 - - [08/Jan/2011:00:14:17 -0500] "GET /doonan/naples-real-estate2.htm HTTP/1.1" 404 311 "-" "Mozilla/5.0 (compatible; bingbot/2.0; +http://www.bing.com/bingbot.htm)"
62.231.141.195 - - [08/Jan/2011:00:19:07 -0500] "GET /robots.txt HTTP/1.0" 404 279 "-" "Mozilla/5.0 (compatible; MJ12bot/v1.3.3; http://www.majestic12.co.uk/bot.php?+)"
62.231.141.195 - - [08/Jan/2011:00:19:10 -0500] "GET / HTTP/1.0" 200 11305 "-" "Mozilla/5.0 (compatible; MJ12bot/v1.3.3; http://www.majestic12.co.uk/bot.php?+)"
206.123.88.26 - - [08/Jan/2011:00:22:21 -0500] "GET /robots.txt HTTP/1.1" 404 291 "-" "Mozilla/5.0 (compatible; Bender; http://sites.google.com/site/bendercrawler)"
206.123.88.26 - - [08/Jan/2011:00:22:23 -0500] "GET /Vendors/index.html HTTP/1.1" 200 456837 "-" "Mozilla/5.0 (compatible; Bender; http://sites.google.com/site/bendercrawler)"
220.181.7.40 - - [08/Jan/2011:00:31:05 -0500] "GET /robots.txt HTTP/1.1" 404 291 "-" "Baiduspider+(+http://www.baidu.com/search/spider.htm)"
67.195.112.50 - - [08/Jan/2011:00:32:48 -0500] "GET /TheProcacciGroup/500_mooring-misc.jpg.LCK HTTP/1.0" 404 310 "-" "Mozilla/5.0 (compatible; Yahoo! Slurp; http://help.yahoo.com/help/us/ysearch/slurp)"
206.246.11.115 - - [08/Jan/2011:00:41:34 -0500] "GET /images/1_naples%20florida%20real%20estate_index.jpg HTTP/1.1" 200 24287 "http://m.aol.com/search/default/search.do?query=naples%2Cflorida&invocationType=srch_entr&sources=google_images&first=0" "Mozilla/5.0 (BlackBerry; U; BlackBerry 9800; en-US) AppleWebKit/534.1+ (KHTML, like Gecko) Version/6.0.0.246 Mobile Safari/534.1+"
206.246.11.115 - - [08/Jan/2011:00:41:35 -0500] "GET /favicon.ico HTTP/1.1" 404 292 "-" "Mozilla/5.0 (BlackBerry; U; BlackBerry 9800; en-US) AppleWebKit/534.1+ (KHTML, like Gecko) Version/6.0.0.246 Mobile Safari/534.1+"
207.46.13.101 - - [08/Jan/2011:00:55:11 -0500] "GET /robots.txt HTTP/1.1" 404 291 "-" "Mozilla/5.0 (compatible; bingbot/2.0; +http://www.bing.com/bingbot.htm)"
207.46.13.101 - - [08/Jan/2011:01:01:13 -0500] "GET /lost-pets.html HTTP/1.1" 404 295 "-" "Mozilla/5.0 (compatible; bingbot/2.0; +http://www.bing.com/bingbot.htm)"
207.46.195.230 - - [08/Jan/2011:01:02:17 -0500] "GET /robots.txt HTTP/1.1" 404 291 "-" "Mozilla/5.0 (compatible; bingbot/2.0; +http://www.bing.com/bingbot.htm)"
97.104.124.30 - - [08/Jan/2011:01:09:06 -0500] "GET /lost-birds.htm HTTP/1.1" 200 39667 "http://search.yahoo.com/search;_ylt=ArjTycfxWHQQ7W3WCgJ8OEKbvZx4?fr=yfp-t-701-s&toggle=1&cop=mss&ei=UTF8&p=lost%20bird%20florida" "Mozilla/4.0 (compatible; MSIE 8.0; Windows NT 5.1; Trident/4.0; GTB6.6; .NET CLR 1.1.4322; .NET CLR 2.0.50727; .NET CLR 3.0.4506.2152; .NET CLR 3.5.30729)"
97.104.124.30 - - [08/Jan/2011:01:09:06 -0500] "GET /favicon.ico HTTP/1.1" 404 292 "-" "Mozilla/4.0 (compatible; MSIE 8.0; Windows NT 5.1; Trident/4.0; GTB6.6; .NET CLR 1.1.4322; .NET CLR 2.0.50727; .NET CLR 3.0.4506.2152; .NET CLR 3.5.30729)"
97.104.124.30 - - [08/Jan/2011:01:09:10 -0500] "GET /found-birds.htm HTTP/1.1" 404 296 "http://www.naples-usa.com/lost-birds.htm" "Mozilla/4.0 (compatible; MSIE 8.0; Windows NT 5.1; Trident/4.0; GTB6.6; .NET CLR 1.1.4322; .NET CLR 2.0.50727; .NET CLR 3.0.4506.2152; .NET CLR 3.5.30729)"
97.104.124.30 - - [08/Jan/2011:01:09:11 -0500] "GET /favicon.ico HTTP/1.1" 404 292 "-" "Mozilla/4.0 (compatible; MSIE 8.0; Windows NT 5.1; Trident/4.0; GTB6.6; .NET CLR 1.1.4322; .NET CLR 2.0.50727; .NET CLR 3.0.4506.2152; .NET CLR 3.5.30729)"
97.104.124.30 - - [08/Jan/2011:01:09:22 -0500] "GET / HTTP/1.1" 200 11305 "-" "Mozilla/4.0 (compatible; MSIE 8.0; Windows NT 5.1; Trident/4.0; GTB6.6; .NET CLR 1.1.4322; .NET CLR 2.0.50727; .NET CLR 3.0.4506.2152; .NET CLR 3.5.30729)"
97.104.124.30 - - [08/Jan/2011:01:09:22 -0500] "GET /images/border%20naples.gif HTTP/1.1" 200 358 "http://www.naples-usa.com/" "Mozilla/4.0 (compatible; MSIE 8.0; Windows NT 5.1; Trident/4.0; GTB6.6; .NET CLR 1.1.4322; .NET CLR 2.0.50727; .NET CLR 3.0.4506.2152; .NET CLR 3.5.30729)"
97.104.124.30 - - [08/Jan/2011:01:09:23 -0500] "GET /images/welcome_usa.gif HTTP/1.1" 200 7890 "http://www.naples-usa.com/" "Mozilla/4.0 (compatible; MSIE 8.0; Windows NT 5.1; Trident/4.0; GTB6.6; .NET CLR 1.1.4322; .NET CLR 2.0.50727; .NET CLR 3.0.4506.2152; .NET CLR 3.5.30729)"
97.104.124.30 - - [08/Jan/2011:01:09:23 -0500] "GET /naples-usa.css HTTP/1.1" 200 714 "http://www.naples-usa.com/" "Mozilla/4.0 (compatible; MSIE 8.0; Windows NT 5.1; Trident/4.0; GTB6.6; .NET CLR 1.1.4322; .NET CLR 2.0.50727; .NET CLR 3.0.4506.2152; .NET CLR 3.5.30729)"
97.104.124.30 - - [08/Jan/2011:01:09:23 -0500] "GET /images/A-INDE~1.jpg HTTP/1.1" 200 23069 "http://www.naples-usa.com/" "Mozilla/4.0 (compatible; MSIE 8.0; Windows NT 5.1; Trident/4.0; GTB6.6; .NET CLR 1.1.4322; .NET CLR 2.0.50727; .NET CLR 3.0.4506.2152; .NET CLR 3.5.30729)"
207.46.195.230 - - [08/Jan/2011:01:21:13 -0500] "GET /naples-florida-fishing.htm HTTP/1.1" 304 - "-" "Mozilla/5.0 (compatible; bingbot/2.0; +http://www.bing.com/bingbot.htm)"
95.108.158.234 - - [08/Jan/2011:01:28:14 -0500] "GET /robots.txt HTTP/1.1" 404 291 "-" "Mozilla/5.0 (compatible; YandexImages/3.0; +http://yandex.com/bots)"
157.55.16.230 - - [08/Jan/2011:01:38:43 -0500] "GET /naples-florida-facts.htm HTTP/1.1" 304 - "-" "Mozilla/5.0 (compatible; bingbot/2.0; +http://www.bing.com/bingbot.htm)"
206.123.88.26 - - [08/Jan/2011:01:40:45 -0500] "GET /robots.txt HTTP/1.1" 404 291 "-" "Mozilla/5.0 (compatible; Bender; http://sites.google.com/site/bendercrawler)"
206.123.88.26 - - [08/Jan/2011:01:40:53 -0500] "GET /Vendors/index.html HTTP/1.1" 200 456837 "-" "Mozilla/5.0 (compatible; Bender; http://sites.google.com/site/bendercrawler)"
124.115.4.190 - - [08/Jan/2011:02:25:11 -0500] "GET / HTTP/1.1" 200 11305 "-" "Sosospider+(+http://help.soso.com/webspider.htm)"
67.195.112.50 - - [08/Jan/2011:02:35:20 -0500] "GET /TheProcacciGroup/13845_collier-living3.jpg.LCK HTTP/1.0" 404 315 "-" "Mozilla/5.0 (compatible; Yahoo! Slurp; http://help.yahoo.com/help/us/ysearch/slurp)"
67.195.112.50 - - [08/Jan/2011:02:51:59 -0500] "GET /TheProcacciGroup/4520_botanical-bath.jpg.LCK HTTP/1.0" 404 313 "-" "Mozilla/5.0 (compatible; Yahoo! Slurp; http://help.yahoo.com/help/us/ysearch/slurp)"
67.195.112.50 - - [08/Jan/2011:03:13:44 -0500] "GET /TheProcacciGroup/4451-gulf-bed.jpg.LCK HTTP/1.0" 404 307 "-" "Mozilla/5.0 (compatible; Yahoo! Slurp; http://help.yahoo.com/help/us/ysearch/slurp)"
67.195.112.50 - - [08/Jan/2011:03:14:53 -0500] "GET /TheProcacciGroup/4451-gulf-208036255.jpg.LCK HTTP/1.0" 404 313 "-" "Mozilla/5.0 (compatible; Yahoo! Slurp; http://help.yahoo.com/help/us/ysearch/slurp)"
67.249.240.188 - - [08/Jan/2011:03:15:50 -0500] "GET /Vendors/index.html HTTP/1.1" 200 456837 "http://www.google.com/search?hl=en&rlz=1T4GWYA_enUS341&q=deborah+bradshaw+interior+dectorator&aq=0&aqi=m1&aql=&oq=deborah+bradshaw+interier+dectorator&gs_rfai=" "Mozilla/4.0 (compatible; MSIE 7.0; Windows NT 5.1; FunWebProducts; GTB6.6; .NET CLR 1.1.4322)"
67.249.240.188 - - [08/Jan/2011:03:15:50 -0500] "GET /favicon.ico HTTP/1.1" 404 292 "-" "Mozilla/4.0 (compatible; MSIE 7.0; Windows NT 5.1; FunWebProducts; GTB6.6; .NET CLR 1.1.4322)"
67.249.240.188 - - [08/Jan/2011:03:15:59 -0500] "GET /Vendors/url(res://C:/Program%20Files/Google/Google%20Toolbar/Component/GoogleToolbarDynamic_mui_en_E11712C84EA7E12B.dll/findy_buttons.png) HTTP/1.1" 404 415 "http://www.naples-usa.com/Vendors/index.html" "Mozilla/4.0 (compatible; MSIE 7.0; Windows NT 5.1; FunWebProducts; GTB6.6; .NET CLR 1.1.4322)"
207.46.195.227 - - [08/Jan/2011:03:19:17 -0500] "GET /robots.txt HTTP/1.1" 404 291 "-" "Mozilla/5.0 (compatible; bingbot/2.0; +http://www.bing.com/bingbot.htm)"
67.195.112.50 - - [08/Jan/2011:03:22:23 -0500] "GET /TheProcacciGroup/naplesfloridarentals1b.htm HTTP/1.0" 404 312 "-" "Mozilla/5.0 (compatible; Yahoo! Slurp; http://help.yahoo.com/help/us/ysearch/slurp)"
207.46.195.241 - - [08/Jan/2011:03:30:20 -0500] "GET /robots.txt HTTP/1.1" 404 291 "-" "Mozilla/5.0 (compatible; bingbot/2.0; +http://www.bing.com/bingbot.htm)"
95.108.158.234 - - [08/Jan/2011:03:31:35 -0500] "GET /images/history_army.jpg HTTP/1.1" 304 - "-" "Mozilla/5.0 (compatible; YandexImages/3.0; +http://yandex.com/bots)"
207.46.195.227 - - [08/Jan/2011:03:35:20 -0500] "GET /naples-florida-schools.htm HTTP/1.1" 304 - "-" "Mozilla/5.0 (compatible; bingbot/2.0; +http://www.bing.com/bingbot.htm)"
207.46.195.241 - - [08/Jan/2011:03:36:51 -0500] "GET /index.html HTTP/1.1" 304 - "-" "Mozilla/5.0 (compatible; bingbot/2.0; +http://www.bing.com/bingbot.htm)"
98.208.236.175 - - [08/Jan/2011:03:43:34 -0500] "GET /images/spacer.gif HTTP/1.1" 200 43 "http://www.naples-usa.com/calendar.htm" "Mozilla/4.0 (compatible; MSIE 6.0; Windows NT 5.1; SV1; GTB6.6; .NET CLR 2.0.50727; .NET CLR 1.1.4322)"
98.208.236.175 - - [08/Jan/2011:03:43:34 -0500] "GET /calendar.htm HTTP/1.1" 200 71151 "http://www.google.de/search?sourceid=navclient&hl=de&ie=UTF-8&rlz=1T4GGLJ_deDE224US225&q=Vergina+Naples+Florida+motown" "Mozilla/4.0 (compatible; MSIE 6.0; Windows NT 5.1; SV1; GTB6.6; .NET CLR 2.0.50727; .NET CLR 1.1.4322)"
98.208.236.175 - - [08/Jan/2011:03:43:34 -0500] "GET /javascripts/address.js HTTP/1.1" 404 303 "http://www.naples-usa.com/calendar.htm" "Mozilla/4.0 (compatible; MSIE 6.0; Windows NT 5.1; SV1; GTB6.6; .NET CLR 2.0.50727; .NET CLR 1.1.4322)"
67.195.112.50 - - [08/Jan/2011:03:51:51 -0500] "GET /Vendors/_notes/?M=A HTTP/1.0" 200 690 "-" "Mozilla/5.0 (compatible; Yahoo! Slurp; http://help.yahoo.com/help/us/ysearch/slurp)"
65.52.110.69 - - [08/Jan/2011:04:06:02 -0500] "GET /robots.txt HTTP/1.1" 404 291 "-" "Mozilla/5.0 (compatible; bingbot/2.0; +http://www.bing.com/bingbot.htm)"
207.46.195.230 - - [08/Jan/2011:04:13:07 -0500] "GET /robots.txt HTTP/1.1" 404 291 "-" "Mozilla/5.0 (compatible; bingbot/2.0; +http://www.bing.com/bingbot.htm)"
65.52.110.69 - - [08/Jan/2011:04:16:21 -0500] "GET /lostpets.html HTTP/1.1" 304 - "-" "Mozilla/5.0 (compatible; bingbot/2.0; +http://www.bing.com/bingbot.htm)"
207.46.195.230 - - [08/Jan/2011:04:17:20 -0500] "GET /meek.htm HTTP/1.1" 404 289 "-" "Mozilla/5.0 (compatible; bingbot/2.0; +http://www.bing.com/bingbot.htm)"
67.195.112.50 - - [08/Jan/2011:04:19:35 -0500] "GET /TheProcacciGroup/1842_tarpon-view.jpg.LCK HTTP/1.0" 404 310 "-" "Mozilla/5.0 (compatible; Yahoo! Slurp; http://help.yahoo.com/help/us/ysearch/slurp)"
67.195.112.50 - - [08/Jan/2011:04:20:59 -0500] "GET /naples-florida-important-phone-numbers.htm HTTP/1.0" 200 5449 "-" "Mozilla/5.0 (compatible; Yahoo! Slurp; http://help.yahoo.com/help/us/ysearch/slurp)"
207.46.204.188 - - [08/Jan/2011:04:27:20 -0500] "GET /doonan/naples-florida-rentals.htm HTTP/1.1" 404 314 "-" "Mozilla/5.0 (compatible; bingbot/2.0; +http://www.bing.com/bingbot.htm)"
67.195.112.50 - - [08/Jan/2011:05:04:01 -0500] "GET /TheProcacciGroup/4700_st-207016621.jpg.LCK HTTP/1.0" 404 311 "-" "Mozilla/5.0 (compatible; Yahoo! Slurp; http://help.yahoo.com/help/us/ysearch/slurp)"
208.80.194.32 - - [08/Jan/2011:05:10:41 -0500] "GET /meek.htm HTTP/1.0" 404 277 "-" "Mozilla/4.0 (compatible; MSIE 7.0; Windows NT 5.1; SIMBAR={5236D0F6-68D7-41e7-B7F3-AA7CDDA10406}; .NET CLR 1.1.4322; InfoPath.2)"
206.123.88.26 - - [08/Jan/2011:05:28:18 -0500] "GET /robots.txt HTTP/1.1" 404 291 "-" "Mozilla/5.0 (compatible; Bender; http://sites.google.com/site/bendercrawler)"
206.123.88.26 - - [08/Jan/2011:05:28:20 -0500] "GET /Vendors/index.html HTTP/1.1" 200 456837 "-" "Mozilla/5.0 (compatible; Bender; http://sites.google.com/site/bendercrawler)"
67.195.112.50 - - [08/Jan/2011:05:35:27 -0500] "GET /carrier/?M=D HTTP/1.0" 404 277 "-" "Mozilla/5.0 (compatible; Yahoo! Slurp; http://help.yahoo.com/help/us/ysearch/slurp)"
65.52.49.141 - - [08/Jan/2011:05:35:40 -0500] "GET /robots.txt HTTP/1.1" 404 291 "-" "Mozilla/5.0 (compatible; bingbot/2.0; +http://www.bing.com/bingbot.htm)"
67.195.112.50 - - [08/Jan/2011:05:36:32 -0500] "GET /lee.htm HTTP/1.0" 404 276 "-" "Mozilla/5.0 (compatible; Yahoo! Slurp; http://help.yahoo.com/help/us/ysearch/slurp)"
65.52.110.56 - - [08/Jan/2011:05:38:02 -0500] "GET /robots.txt HTTP/1.1" 404 291 "-" "Mozilla/5.0 (compatible; bingbot/2.0; +http://www.bing.com/bingbot.htm)"
95.108.158.234 - - [08/Jan/2011:05:38:57 -0500] "GET /images/florida_logo.gif HTTP/1.1" 304 - "-" "Mozilla/5.0 (compatible; YandexImages/3.0; +http://yandex.com/bots)"
65.52.110.56 - - [08/Jan/2011:05:39:51 -0500] "GET /boat_docks.htm HTTP/1.1" 404 295 "-" "Mozilla/5.0 (compatible; bingbot/2.0; +http://www.bing.com/bingbot.htm)"
93.37.151.184 - - [08/Jan/2011:05:53:00 -0500] "GET /images/1_naples%20florida%20real%20estate_index.jpg HTTP/1.1" 200 24287 "http://www.google.com/imgres?imgurl=http://www.naples-usa.com/images/1_naples%2520florida%2520real%2520estate_index.jpg&imgrefurl=http://www.dolphinworld.net/wordpress/2008/02/19/naples-florida-dolphin-swim-tour/&h=256&w=375&sz=24&tbnid=xiSSaf0OQrPq8M:&tbnh=83&tbnw=122&prev=/images%3Fq%3Dnaples%2Bflorida&zoom=1&q=naples+florida&hl=en&usg=__rODsQXoe9ei9bUA66E5RrrkWgp0=&sa=X&ei=BEIoTeWQD8i0hAfL5pDDAg&ved=0CGEQ9QEwBw" "Mozilla/5.0 (Windows; U; Windows NT 6.1; en-US) AppleWebKit/534.10 (KHTML, like Gecko) Chrome/8.0.552.224 Safari/534.10"
207.46.92.16 - - [08/Jan/2011:06:06:53 -0500] "GET /images/z_books.gif HTTP/1.1" 200 837 "-" "-"
65.32.172.228 - - [08/Jan/2011:06:08:29 -0500] "GET /images/1_naples%20florida%20real%20estate_index.jpg HTTP/1.1" 200 24287 "http://www.google.com/imgres?imgurl=http://www.naples-usa.com/images/1_naples%2520florida%2520real%2520estate_index.jpg&imgrefurl=http://www.dolphinworld.net/wordpress/2008/02/19/naples-florida-dolphin-swim-tour/&usg=__qADXQoSKXq32YdNCGsSumn4G-8c=&h=256&w=375&sz=24&hl=en&start=0&zoom=1&tbnid=xiSSaf0OQrPq8M:&tbnh=125&tbnw=173&prev=/images%3Fq%3Dnaples%2Bflorida%26um%3D1%26hl%3Den%26client%3Dfirefox-a%26sa%3DX%26rls%3Dorg.mozilla:en-US:official%26biw%3D1280%26bih%3D570%26tbs%3Disch:1&um=1&itbs=1&iact=hc&vpx=120&vpy=254&dur=3788&hovh=185&hovw=272&tx=155&ty=125&ei=ZEUoTbGuHcH98AbR7_TaDQ&oei=ZEUoTbGuHcH98AbR7_TaDQ&esq=1&page=1&ndsp=18&ved=1t:429,r:6,s:0" "Mozilla/5.0 (Macintosh; U; Intel Mac OS X 10.6; en-US; rv:1.9.2.3) Gecko/20100401 Firefox/3.6.3"
67.195.112.50 - - [08/Jan/2011:06:16:09 -0500] "GET /TheProcacciGroup/4114_covey-kitch.jpg.LCK HTTP/1.0" 404 310 "-" "Mozilla/5.0 (compatible; Yahoo! Slurp; http://help.yahoo.com/help/us/ysearch/slurp)"
67.195.112.50 - - [08/Jan/2011:06:19:06 -0500] "GET /TheProcacciGroup/85_silver_207032201.jpg.LCK HTTP/1.0" 404 313 "-" "Mozilla/5.0 (compatible; Yahoo! Slurp; http://help.yahoo.com/help/us/ysearch/slurp)"
207.46.13.45 - - [08/Jan/2011:06:24:09 -0500] "GET /robots.txt HTTP/1.1" 404 291 "-" "Mozilla/5.0 (compatible; bingbot/2.0; +http://www.bing.com/bingbot.htm)"
207.46.13.139 - - [08/Jan/2011:06:34:13 -0500] "GET /robots.txt HTTP/1.1" 404 291 "-" "Mozilla/5.0 (compatible; bingbot/2.0; +http://www.bing.com/bingbot.htm)"
207.46.13.139 - - [08/Jan/2011:06:36:21 -0500] "GET /area-information-calendar.htm HTTP/1.1" 404 310 "-" "Mozilla/5.0 (compatible; bingbot/2.0; +http://www.bing.com/bingbot.htm)"
207.46.13.45 - - [08/Jan/2011:06:49:20 -0500] "GET /florida-homestead-exemption.htm HTTP/1.1" 304 - "-" "Mozilla/5.0 (compatible; bingbot/2.0; +http://www.bing.com/bingbot.htm)"
67.195.112.50 - - [08/Jan/2011:07:00:35 -0500] "GET /robots.txt HTTP/1.0" 404 279 "-" "Mozilla/5.0 (compatible; Yahoo! Slurp; http://help.yahoo.com/help/us/ysearch/slurp)"
67.195.112.50 - - [08/Jan/2011:07:00:35 -0500] "GET /frengel-walsh/?M=A HTTP/1.0" 404 283 "-" "Mozilla/5.0 (compatible; Yahoo! Slurp; http://help.yahoo.com/help/us/ysearch/slurp)"
67.195.112.50 - - [08/Jan/2011:07:00:57 -0500] "GET /greenstein/greenstein/naples-florida-real-estate1.htm HTTP/1.0" 404 322 "-" "Mozilla/5.0 (compatible; Yahoo! Slurp; http://help.yahoo.com/help/us/ysearch/slurp)"
67.195.112.50 - - [08/Jan/2011:07:05:18 -0500] "GET /TheProcacciGroup/455_cove-kitch.jpg.LCK HTTP/1.0" 404 308 "-" "Mozilla/5.0 (compatible; Yahoo! Slurp; http://help.yahoo.com/help/us/ysearch/slurp)"
67.195.112.50 - - [08/Jan/2011:07:11:12 -0500] "GET /TheProcacciGroup/14887_sterling-living3.jpg.LCK HTTP/1.0" 404 316 "-" "Mozilla/5.0 (compatible; Yahoo! Slurp; http://help.yahoo.com/help/us/ysearch/slurp)"
207.46.13.146 - - [08/Jan/2011:07:13:21 -0500] "GET /index.html HTTP/1.1" 304 - "-" "Mozilla/5.0 (compatible; bingbot/2.0; +http://www.bing.com/bingbot.htm)"
67.195.112.50 - - [08/Jan/2011:07:19:35 -0500] "GET /TheProcacciGroup/12855_carrington-misc.jpg.LCK HTTP/1.0" 404 315 "-" "Mozilla/5.0 (compatible; Yahoo! Slurp; http://help.yahoo.com/help/us/ysearch/slurp)"
65.52.110.67 - - [08/Jan/2011:07:24:29 -0500] "GET /golf.htm HTTP/1.1" 404 289 "-" "Mozilla/5.0 (compatible; bingbot/2.0; +http://www.bing.com/bingbot.htm)"
67.195.112.50 - - [08/Jan/2011:07:31:54 -0500] "GET /Vendors/DNFR_forms.htm HTTP/1.0" 200 1590 "-" "Mozilla/5.0 (compatible; Yahoo! Slurp; http://help.yahoo.com/help/us/ysearch/slurp)"
83.83.148.74 - - [08/Jan/2011:07:33:13 -0500] "GET /images/1_naples%20florida%20real%20estate_index.jpg HTTP/1.1" 200 24287 "http://www.google.nl/imgres?imgurl=http://www.naples-usa.com/images/1_naples%2520florida%2520real%2520estate_index.jpg&imgrefurl=http://www.dolphinworld.net/wordpress/2008/02/19/naples-florida-dolphin-swim-tour/&usg=__qADXQoSKXq32YdNCGsSumn4G-8c=&h=256&w=375&sz=24&hl=nl&start=0&zoom=1&tbnid=xiSSaf0OQrPq8M:&tbnh=158&tbnw=209&prev=/images%3Fq%3Dnaples%2Bflorida%26um%3D1%26hl%3Dnl%26sa%3DN%26biw%3D1003%26bih%3D453%26tbs%3Disch:1&um=1&itbs=1&iact=rc&dur=171&ei=flkoTaqIKoG38gPg96iDBw&oei=flkoTaqIKoG38gPg96iDBw&esq=1&page=1&ndsp=8&ved=1t:429,r:6,s:0&tx=74&ty=62" "Mozilla/4.0 (compatible; MSIE 8.0; Windows NT 5.1; Trident/4.0; .NET CLR 2.0.50727; .NET CLR 1.1.4322; .NET CLR 3.0.4506.2152; .NET CLR 3.5.30729; InfoPath.2; OfficeLiveConnector.1.3; OfficeLivePatch.0.0)"
95.108.158.234 - - [08/Jan/2011:07:39:08 -0500] "GET /images/history_hotel1.jpg HTTP/1.1" 304 - "-" "Mozilla/5.0 (compatible; YandexImages/3.0; +http://yandex.com/bots)"
67.195.112.50 - - [08/Jan/2011:07:39:22 -0500] "GET /greenstein/?M=A HTTP/1.0" 404 280 "-" "Mozilla/5.0 (compatible; Yahoo! Slurp; http://help.yahoo.com/help/us/ysearch/slurp)"
83.249.176.35 - - [08/Jan/2011:07:43:40 -0500] "GET /images/1_naples%20florida%20real%20estate_index.jpg HTTP/1.1" 200 24287 "http://www.google.se/imgres?imgurl=http://www.naples-usa.com/images/1_naples%2520florida%2520real%2520estate_index.jpg&imgrefurl=http://www.dolphinworld.net/wordpress/2008/02/19/naples-florida-dolphin-swim-tour/&h=256&w=375&sz=24&tbnid=xiSSaf0OQrPq8M:&tbnh=83&tbnw=122&prev=/images%3Fq%3Dnaples%2Bflorida&zoom=1&q=naples+florida&usg=__A2u16yyJA3ejiVYIz5T2PJVQ2rM=&sa=X&ei=o1soTZJtws2EB4uemNUN&ved=0CFgQ9QEwBw" "Mozilla/5.0 (Macintosh; U; Intel Mac OS X 10_5_8; en-US) AppleWebKit/534.10 (KHTML, like Gecko) Chrome/8.0.552.231 Safari/534.10"
67.195.112.50 - - [08/Jan/2011:07:46:58 -0500] "GET /TheProcacciGroup/14545_speranza-kitch.jpg.LCK HTTP/1.0" 404 314 "-" "Mozilla/5.0 (compatible; Yahoo! Slurp; http://help.yahoo.com/help/us/ysearch/slurp)"
131.107.65.43 - - [08/Jan/2011:07:55:45 -0500] "GET / HTTP/1.1" 200 11305 "-" "Mozilla/4.0 (compatible; MSIE 7.0; Windows NT 6.1; WOW64; Trident/4.0; SLCC2; .NET CLR 2.0.50727)"
131.107.65.43 - - [08/Jan/2011:07:55:45 -0500] "GET /naples-usa.css HTTP/1.1" 200 714 "http://www.naples-usa.com/" "Mozilla/4.0 (compatible; MSIE 7.0; Windows NT 6.1; WOW64; Trident/4.0; SLCC2; .NET CLR 2.0.50727)"
131.107.65.43 - - [08/Jan/2011:07:55:45 -0500] "GET /images/border%20naples.gif HTTP/1.1" 200 358 "http://www.naples-usa.com/" "Mozilla/4.0 (compatible; MSIE 7.0; Windows NT 6.1; WOW64; Trident/4.0; SLCC2; .NET CLR 2.0.50727)"
131.107.65.43 - - [08/Jan/2011:07:55:45 -0500] "GET /images/welcome_usa.gif HTTP/1.1" 200 7890 "http://www.naples-usa.com/" "Mozilla/4.0 (compatible; MSIE 7.0; Windows NT 6.1; WOW64; Trident/4.0; SLCC2; .NET CLR 2.0.50727)"
131.107.65.43 - - [08/Jan/2011:07:55:45 -0500] "GET /images/A-INDE~1.jpg HTTP/1.1" 200 23069 "http://www.naples-usa.com/" "Mozilla/4.0 (compatible; MSIE 7.0; Windows NT 6.1; WOW64; Trident/4.0; SLCC2; .NET CLR 2.0.50727)"
