98.208.224.223 - - [14/Jan/2011:19:25:30 -0500] "GET /Logos/winner.jpg HTTP/1.1" 200 14855 "http://www.naples-usa.com/Vendors/Logos.htm" "Mozilla/4.0 (compatible; MSIE 8.0; Windows NT 6.1; WOW64; Trident/4.0; GTB6.6; SLCC2; .NET CLR 2.0.50727; .NET CLR 3.5.30729; .NET CLR 3.0.30729; Media Center PC 6.0; OfficeLiveConnector.1.5; OfficeLivePatch.1.3; .NET4.0C; BRI/1; AskTbBCPA/5.8.0.12304)"
98.208.224.223 - - [14/Jan/2011:19:25:30 -0500] "GET /Logos/winner_250.jpg HTTP/1.1" 200 6408 "http://www.naples-usa.com/Vendors/Logos.htm" "Mozilla/4.0 (compatible; MSIE 8.0; Windows NT 6.1; WOW64; Trident/4.0; GTB6.6; SLCC2; .NET CLR 2.0.50727; .NET CLR 3.5.30729; .NET CLR 3.0.30729; Media Center PC 6.0; OfficeLiveConnector.1.5; OfficeLivePatch.1.3; .NET4.0C; BRI/1; AskTbBCPA/5.8.0.12304)"
98.208.224.223 - - [14/Jan/2011:19:25:30 -0500] "GET /Logos/Choice_2008_size100.jpg HTTP/1.1" 200 17105 "http://www.naples-usa.com/Vendors/Logos.htm" "Mozilla/4.0 (compatible; MSIE 8.0; Windows NT 6.1; WOW64; Trident/4.0; GTB6.6; SLCC2; .NET CLR 2.0.50727; .NET CLR 3.5.30729; .NET CLR 3.0.30729; Media Center PC 6.0; OfficeLiveConnector.1.5; OfficeLivePatch.1.3; .NET4.0C; BRI/1; AskTbBCPA/5.8.0.12304)"
98.208.224.223 - - [14/Jan/2011:19:25:30 -0500] "GET /Logos/Choice_2008_size200.jpg HTTP/1.1" 200 44592 "http://www.naples-usa.com/Vendors/Logos.htm" "Mozilla/4.0 (compatible; MSIE 8.0; Windows NT 6.1; WOW64; Trident/4.0; GTB6.6; SLCC2; .NET CLR 2.0.50727; .NET CLR 3.5.30729; .NET CLR 3.0.30729; Media Center PC 6.0; OfficeLiveConnector.1.5; OfficeLivePatch.1.3; .NET4.0C; BRI/1; AskTbBCPA/5.8.0.12304)"
98.208.224.223 - - [14/Jan/2011:19:25:30 -0500] "GET /Logos/Choice_2008_size400.jpg HTTP/1.1" 200 122026 "http://www.naples-usa.com/Vendors/Logos.htm" "Mozilla/4.0 (compatible; MSIE 8.0; Windows NT 6.1; WOW64; Trident/4.0; GTB6.6; SLCC2; .NET CLR 2.0.50727; .NET CLR 3.5.30729; .NET CLR 3.0.30729; Media Center PC 6.0; OfficeLiveConnector.1.5; OfficeLivePatch.1.3; .NET4.0C; BRI/1; AskTbBCPA/5.8.0.12304)"
98.208.224.223 - - [14/Jan/2011:19:25:31 -0500] "GET /Logos/1_df-72dpi-250x30pix-banner.jpg HTTP/1.1" 200 4514 "http://www.naples-usa.com/Vendors/Logos.htm" "Mozilla/4.0 (compatible; MSIE 8.0; Windows NT 6.1; WOW64; Trident/4.0; GTB6.6; SLCC2; .NET CLR 2.0.50727; .NET CLR 3.5.30729; .NET CLR 3.0.30729; Media Center PC 6.0; OfficeLiveConnector.1.5; OfficeLivePatch.1.3; .NET4.0C; BRI/1; AskTbBCPA/5.8.0.12304)"
98.208.224.223 - - [14/Jan/2011:19:25:32 -0500] "GET /favicon.ico HTTP/1.1" 404 292 "-" "Mozilla/4.0 (compatible; MSIE 8.0; Windows NT 6.1; WOW64; Trident/4.0; GTB6.6; SLCC2; .NET CLR 2.0.50727; .NET CLR 3.5.30729; .NET CLR 3.0.30729; Media Center PC 6.0; OfficeLiveConnector.1.5; OfficeLivePatch.1.3; .NET4.0C; BRI/1; AskTbBCPA/5.8.0.12304)"
98.208.224.223 - - [14/Jan/2011:19:25:33 -0500] "GET /Vendors/logos_highdef.htm HTTP/1.1" 200 2492 "http://www.naples-usa.com/Vendors/Logos.htm" "Mozilla/4.0 (compatible; MSIE 8.0; Windows NT 6.1; WOW64; Trident/4.0; GTB6.6; SLCC2; .NET CLR 2.0.50727; .NET CLR 3.5.30729; .NET CLR 3.0.30729; Media Center PC 6.0; OfficeLiveConnector.1.5; OfficeLivePatch.1.3; .NET4.0C; BRI/1; AskTbBCPA/5.8.0.12304)"
98.208.224.223 - - [14/Jan/2011:19:25:33 -0500] "GET /Vendors/images/logos_highdef_img_3.jpg HTTP/1.1" 200 32484 "http://www.naples-usa.com/Vendors/logos_highdef.htm" "Mozilla/4.0 (compatible; MSIE 8.0; Windows NT 6.1; WOW64; Trident/4.0; GTB6.6; SLCC2; .NET CLR 2.0.50727; .NET CLR 3.5.30729; .NET CLR 3.0.30729; Media Center PC 6.0; OfficeLiveConnector.1.5; OfficeLivePatch.1.3; .NET4.0C; BRI/1; AskTbBCPA/5.8.0.12304)"
98.208.224.223 - - [14/Jan/2011:19:25:33 -0500] "GET /Vendors/images/logos_highdef_img_0.jpg HTTP/1.1" 200 21360 "http://www.naples-usa.com/Vendors/logos_highdef.htm" "Mozilla/4.0 (compatible; MSIE 8.0; Windows NT 6.1; WOW64; Trident/4.0; GTB6.6; SLCC2; .NET CLR 2.0.50727; .NET CLR 3.5.30729; .NET CLR 3.0.30729; Media Center PC 6.0; OfficeLiveConnector.1.5; OfficeLivePatch.1.3; .NET4.0C; BRI/1; AskTbBCPA/5.8.0.12304)"
98.208.224.223 - - [14/Jan/2011:19:25:33 -0500] "GET /Vendors/images/logos_highdef_img_1.jpg HTTP/1.1" 200 42354 "http://www.naples-usa.com/Vendors/logos_highdef.htm" "Mozilla/4.0 (compatible; MSIE 8.0; Windows NT 6.1; WOW64; Trident/4.0; GTB6.6; SLCC2; .NET CLR 2.0.50727; .NET CLR 3.5.30729; .NET CLR 3.0.30729; Media Center PC 6.0; OfficeLiveConnector.1.5; OfficeLivePatch.1.3; .NET4.0C; BRI/1; AskTbBCPA/5.8.0.12304)"
98.208.224.223 - - [14/Jan/2011:19:25:33 -0500] "GET /Vendors/images/logos_highdef_img_2.jpg HTTP/1.1" 200 55970 "http://www.naples-usa.com/Vendors/logos_highdef.htm" "Mozilla/4.0 (compatible; MSIE 8.0; Windows NT 6.1; WOW64; Trident/4.0; GTB6.6; SLCC2; .NET CLR 2.0.50727; .NET CLR 3.5.30729; .NET CLR 3.0.30729; Media Center PC 6.0; OfficeLiveConnector.1.5; OfficeLivePatch.1.3; .NET4.0C; BRI/1; AskTbBCPA/5.8.0.12304)"
98.208.224.223 - - [14/Jan/2011:19:25:33 -0500] "GET /favicon.ico HTTP/1.1" 404 292 "-" "Mozilla/4.0 (compatible; MSIE 8.0; Windows NT 6.1; WOW64; Trident/4.0; GTB6.6; SLCC2; .NET CLR 2.0.50727; .NET CLR 3.5.30729; .NET CLR 3.0.30729; Media Center PC 6.0; OfficeLiveConnector.1.5; OfficeLivePatch.1.3; .NET4.0C; BRI/1; AskTbBCPA/5.8.0.12304)"
98.208.224.223 - - [14/Jan/2011:19:25:54 -0500] "GET /Vendors/index.html HTTP/1.1" 200 456837 "http://www.naples-usa.com/Vendors/Logos.htm" "Mozilla/4.0 (compatible; MSIE 8.0; Windows NT 6.1; WOW64; Trident/4.0; GTB6.6; SLCC2; .NET CLR 2.0.50727; .NET CLR 3.5.30729; .NET CLR 3.0.30729; Media Center PC 6.0; OfficeLiveConnector.1.5; OfficeLivePatch.1.3; .NET4.0C; BRI/1; AskTbBCPA/5.8.0.12304)"
98.208.224.223 - - [14/Jan/2011:19:27:05 -0500] "GET /Vendors/DF_instructions.htm HTTP/1.1" 200 3498 "http://www.google.com/url?sa=t&source=web&cd=2&ved=0CB8QFjAB&url=http%3A%2F%2Fwww.naples-usa.com%2FVendors%2FDF_instructions.htm&rct=j&q=downing%20frye%20logos&ei=vukwTZXzMYfVgQfE3aniCw&usg=AFQjCNHpKUiKAX4Qiyd5j7xtHzeFFzze4w&sig2=XFe-uomUpHuoN_PQ5UQBcA" "Mozilla/4.0 (compatible; MSIE 8.0; Windows NT 6.1; WOW64; Trident/4.0; GTB6.6; SLCC2; .NET CLR 2.0.50727; .NET CLR 3.5.30729; .NET CLR 3.0.30729; Media Center PC 6.0; OfficeLiveConnector.1.5; OfficeLivePatch.1.3; .NET4.0C; BRI/1; AskTbBCPA/5.8.0.12304)"
98.208.224.223 - - [14/Jan/2011:19:27:05 -0500] "GET /Vendors/url(data:image/png;base64,iVBORw0KGgoAAAANSUhEUgAAADgAAAAOCAYAAAB6pd%2buAAAAAXNSR0IArs4c6QAAAAZiS0dEAP8A%2fwD%2foL2nkwAAAAlwSFlzAAALEwAACxMBAJqcGAAAAAd0SU1FB9oGAhENK17O5ogAAAAZdEVYdENvbW1lbnQAQ3JlYXRlZCB3aXRoIEdJTVBXgQ4XAAAD6UlEQVRIx82WXWxTdRjGf6fndO3adbZ0VLoP9gFMXZQFNgSWDEkEYtSQkNVg4o2JH9NGJTMk6k01vTIhXshFzTCKE5NFORoXXDBs4nTMZHMzSETHDKyQyb7Xbu36dc7p8aaQZm5GNzd8rk7evOf%2fz%2fM%2bz%2f99X4E1htcn68v5742mffVRJd19uucqH539lSq3yKuHtlDmkPj99aPYe39kfRoMOqgCJHSdJNRL3AEE%2fB7h3xZFgO6JuRQdl6PE8zfRPzlF71CEojoXFc%2b9SPy3KxjCc%2bgCpIE0IilB65YWHFQBfAbUZEIDQGPA7xngDsNgMpFUY0Q0ESHHhKbkM3A9yoFqDceGQpTijWjhXxCAtC6gCWk0BAwLzqkAQsC6TJVDGcKrZdeDXp%2fcvki8zeuTH8uO6ehYzRJumxEUBUkyMa%2baUDWBVDLNnJJgNE9ixGZiOlckaQAVAWmBdTqBzqxQJ%2fD2KgrTCDzq9clywO%2fxZMi1AgcBBbhNPhyJ47TlsGuzjaHRSRRdoKq8AF3XOdvZw1BMQneUMl9iZN4eo3AmRWVwFulvqusAngBOryLBY0AcaPD65LeAFPAk0BLwe57OTnz3i4sc3ruFx2s24MwzoWgaW4tNnPn0JLt37KJ2zwGMgk5X3zd8ONJOX7mGvcK5OEGvT94HNGcs2rjSzrhUUwn4PV1AV4bcm5nwkYDfc3xhbs%2bVWQZH%2btlekc%2fDtRupKrub1uYT7NhWw9bde%2fl2REUSRR56pJT0lxofhM8xaheXVPA1oDPg9zT%2bExmsDqF8hUqmlvi%2bDUs6RWhW5Ov%2bKaxmK5XFLkIzIe7f%2fiBtwypPVZqIRWJ8Ny6x09OEJJs5rrTxn4yJY00NwRU0mtaMLY9kyL3n9clVAb%2fnley8wnyBkkIHrgILm925JGPTJONRDHqaHDQmx2a4Ph4hpFkpcZqZmBhHtbI4wYDfs3%2bNhn5bpqG03LKl1ydXAS97fXJ%2b9jv0Hq6lyK5C%2fBJ6PEjyj2nW2VQGLw5gLKqn92YSxWgjbrRy89ogVosFoyT%2bZUzcurjD65M71oDjCeDzbCIZ5VqAk9mJm9w5zAdPkRx%2bB3H6Y3Kj7TxQMkzLqfe5V71GvttFiduOa3aQc58E6JseJJXSEVhjeH2yvpxN5qVnygj%2fdJQCWxjBAOm0gVRC5MLPdoZnt2F3rsdisTAV7MBlusT3oVK6TOriCv4fIZnsSDlu1IQRNWVGV83kYKFuZzX7PQ1MFOg0j53nh%2bg8qpLg2eogeyJ53JFddDkLtyiZ6%2b%2b674Vu5cZXiIkJdAEMjnvIqzjEjVCS7rmrhOwC0Vwn58fqkIIXeL72Mn8CJn6UfKGeNt4AAAAASUVORK5CYII%3d) HTTP/1.1" 404 1872 "http://www.naples-usa.com/Vendors/DF_instructions.htm" "Mozilla/4.0 (compatible; MSIE 8.0; Windows NT 6.1; WOW64; Trident/4.0; GTB6.6; SLCC2; .NET CLR 2.0.50727; .NET CLR 3.5.30729; .NET CLR 3.0.30729; Media Center PC 6.0; OfficeLiveConnector.1.5; OfficeLivePatch.1.3; .NET4.0C; BRI/1; AskTbBCPA/5.8.0.12304)"
67.195.111.190 - - [14/Jan/2011:20:08:13 -0500] "GET /TheProcacciGroup/naplesfloridarentals2.htm HTTP/1.0" 404 311 "-" "Mozilla/5.0 (compatible; Yahoo! Slurp; http://help.yahoo.com/help/us/ysearch/slurp)"
67.195.111.190 - - [14/Jan/2011:20:11:29 -0500] "GET /vail.htm HTTP/1.0" 404 277 "-" "Mozilla/5.0 (compatible; Yahoo! Slurp; http://help.yahoo.com/help/us/ysearch/slurp)"
66.249.72.203 - - [14/Jan/2011:20:13:01 -0500] "GET /vendors/index.html HTTP/1.1" 304 - "-" "Mozilla/5.0 (compatible; Googlebot/2.1; +http://www.google.com/bot.html)"
195.95.139.180 - - [14/Jan/2011:20:28:16 -0500] "GET /doonan/naples-real-estate2.htm HTTP/1.0" 404 299 "http://www.naples-usa.com/doonan/naples-real-estate2.htm" "Mozilla/4.0 (compatible; MSIE 6.0; Windows NT 5.1; SV1; .NET CLR 1.1.4322; XMPP Tiscali Communicator v.10.0.2; .NET CLR 2.0.50727)"
195.95.139.180 - - [14/Jan/2011:20:28:16 -0500] "GET / HTTP/1.0" 200 11305 "http://www.naples-usa.com/" "Mozilla/4.0 (compatible; MSIE 6.0; Windows NT 5.1; SV1; .NET CLR 1.1.4322; XMPP Tiscali Communicator v.10.0.2; .NET CLR 2.0.50727)"
184.73.30.110 - - [14/Jan/2011:20:54:33 -0500] "GET /robots.txt HTTP/1.1" 404 291 "-" "Mozilla/5.0 (compatible; AboutUsBot Johnny5/2.0; +http://www.AboutUs.org/)"
220.181.94.223 - - [14/Jan/2011:20:57:29 -0500] "GET /robots.txt HTTP/1.1" 404 291 "-" "-"
220.181.94.223 - - [14/Jan/2011:20:57:40 -0500] "GET /florida-homestead-exemption.htm HTTP/1.1" 304 - "-" "Sogou web spider/4.0(+http://www.sogou.com/docs/help/webmasters.htm#07)"
184.73.30.110 - - [14/Jan/2011:21:04:05 -0500] "GET / HTTP/1.1" 200 11305 "-" "Mozilla/5.0 (compatible; AboutUsBot Johnny5/2.0; +http://www.AboutUs.org/)"
66.249.72.203 - - [14/Jan/2011:21:16:29 -0500] "GET /TheProcacciGroup/1415_mariposa-204-lanai.jpg HTTP/1.1" 404 325 "-" "Googlebot-Image/1.0"
67.195.111.190 - - [14/Jan/2011:22:02:52 -0500] "GET /robots.txt HTTP/1.0" 404 279 "-" "Mozilla/5.0 (compatible; Yahoo! Slurp; http://help.yahoo.com/help/us/ysearch/slurp)"
67.195.111.190 - - [14/Jan/2011:22:02:52 -0500] "GET /naples-boating.htm HTTP/1.0" 200 14280 "-" "Mozilla/5.0 (compatible; Yahoo! Slurp; http://help.yahoo.com/help/us/ysearch/slurp)"
69.58.178.59 - - [14/Jan/2011:22:21:33 -0500] "GET /robots.txt HTTP/1.1" 404 291 "-" "Mozilla/5.0 (X11; U; Linux i686; en-US; rv:1.9.1.3; ips-agent) Gecko/20090824 Fedora/1.0.7-1.1.fc4 Firefox/3.5.3"
69.58.178.59 - - [14/Jan/2011:22:21:34 -0500] "GET / HTTP/1.1" 200 11305 "-" "Mozilla/5.0 (X11; U; Linux i686; en-US; rv:1.9.1.3; ips-agent) Gecko/20090824 Fedora/1.0.7-1.1.fc4 Firefox/3.5.3"
69.58.178.59 - - [14/Jan/2011:22:21:35 -0500] "GET / HTTP/1.1" 200 11305 "-" "BlackBerry9000/4.6.0.167 Profile/MIDP-2.0 Configuration/CLDC-1.1 VendorID/102 ips-agent"
69.58.178.59 - - [14/Jan/2011:22:21:36 -0500] "GET /naples-florida-facts.htm HTTP/1.1" 200 12073 "-" "Mozilla/5.0 (X11; U; Linux i686; en-US; rv:1.9.1.3; ips-agent) Gecko/20090824 Fedora/1.0.7-1.1.fc4 Firefox/3.5.3"
69.58.178.59 - - [14/Jan/2011:22:21:38 -0500] "GET /area-information-calendar.htm HTTP/1.1" 404 310 "-" "Mozilla/5.0 (X11; U; Linux i686; en-US; rv:1.9.1.3; ips-agent) Gecko/20090824 Fedora/1.0.7-1.1.fc4 Firefox/3.5.3"
69.58.178.59 - - [14/Jan/2011:22:21:39 -0500] "GET /naples-calendarofevents.htm HTTP/1.1" 200 255135 "-" "Mozilla/5.0 (X11; U; Linux i686; en-US; rv:1.9.1.3; ips-agent) Gecko/20090824 Fedora/1.0.7-1.1.fc4 Firefox/3.5.3"
69.58.178.59 - - [14/Jan/2011:22:21:40 -0500] "GET /golf.htm HTTP/1.1" 404 289 "-" "Mozilla/5.0 (X11; U; Linux i686; en-US; rv:1.9.1.3; ips-agent) Gecko/20090824 Fedora/1.0.7-1.1.fc4 Firefox/3.5.3"
69.58.178.59 - - [14/Jan/2011:22:21:41 -0500] "GET /naples-florida-schools.htm HTTP/1.1" 200 27490 "-" "Mozilla/5.0 (X11; U; Linux i686; en-US; rv:1.9.1.3; ips-agent) Gecko/20090824 Fedora/1.0.7-1.1.fc4 Firefox/3.5.3"
69.58.178.59 - - [14/Jan/2011:22:21:42 -0500] "GET /naples-florida-beachesandparks.htm HTTP/1.1" 200 10582 "-" "Mozilla/5.0 (X11; U; Linux i686; en-US; rv:1.9.1.3; ips-agent) Gecko/20090824 Fedora/1.0.7-1.1.fc4 Firefox/3.5.3"
69.58.178.59 - - [14/Jan/2011:22:21:43 -0500] "GET /recycling-info-naples-florida.htm HTTP/1.1" 200 13920 "-" "Mozilla/5.0 (X11; U; Linux i686; en-US; rv:1.9.1.3; ips-agent) Gecko/20090824 Fedora/1.0.7-1.1.fc4 Firefox/3.5.3"
69.58.178.59 - - [14/Jan/2011:22:21:45 -0500] "GET /naples-history.htm HTTP/1.1" 200 22034 "-" "Mozilla/5.0 (X11; U; Linux i686; en-US; rv:1.9.1.3; ips-agent) Gecko/20090824 Fedora/1.0.7-1.1.fc4 Firefox/3.5.3"
69.58.178.59 - - [14/Jan/2011:22:21:46 -0500] "GET /Naples-Florida-Important-Phone-Numbers.htm HTTP/1.1" 200 5215 "-" "Mozilla/5.0 (X11; U; Linux i686; en-US; rv:1.9.1.3; ips-agent) Gecko/20090824 Fedora/1.0.7-1.1.fc4 Firefox/3.5.3"
69.58.178.59 - - [14/Jan/2011:22:21:47 -0500] "GET /weather.htm HTTP/1.1" 404 292 "-" "Mozilla/5.0 (X11; U; Linux i686; en-US; rv:1.9.1.3; ips-agent) Gecko/20090824 Fedora/1.0.7-1.1.fc4 Firefox/3.5.3"
69.58.178.59 - - [14/Jan/2011:22:21:48 -0500] "GET /naples-weather.htm HTTP/1.1" 200 16725 "-" "Mozilla/5.0 (X11; U; Linux i686; en-US; rv:1.9.1.3; ips-agent) Gecko/20090824 Fedora/1.0.7-1.1.fc4 Firefox/3.5.3"
69.58.178.59 - - [14/Jan/2011:22:21:49 -0500] "GET /naples-tour.htm HTTP/1.1" 200 22351 "-" "Mozilla/5.0 (X11; U; Linux i686; en-US; rv:1.9.1.3; ips-agent) Gecko/20090824 Fedora/1.0.7-1.1.fc4 Firefox/3.5.3"
95.108.217.252 - - [14/Jan/2011:22:38:16 -0500] "GET /robots.txt HTTP/1.1" 404 291 "-" "Mozilla/5.0 (compatible; YandexBot/3.0; +http://yandex.com/bots)"
65.95.52.78 - - [14/Jan/2011:22:42:21 -0500] "GET /images/1_naples%20florida%20real%20estate_index.jpg HTTP/1.1" 200 24287 "http://www.google.ca/imgres?imgurl=http://www.naples-usa.com/images/1_naples%2520florida%2520real%2520estate_index.jpg&imgrefurl=http://www.dolphinworld.net/wordpress/2008/02/19/naples-florida-dolphin-swim-tour/&usg=__qADXQoSKXq32YdNCGsSumn4G-8c=&h=256&w=375&sz=24&hl=en&start=0&zoom=1&tbnid=xiSSaf0OQrPq8M:&tbnh=113&tbnw=170&ei=iBcxTdfWD8TogAf61_GrCw&prev=/images%3Fq%3Dnaples%2Bflorida%26um%3D1%26hl%3Den%26sa%3DN%26rls%3Dcom.microsoft:en-us:IE-SearchBox%26biw%3D1099%26bih%3D538%26tbs%3Disch:1&um=1&itbs=1&iact=rc&dur=251&oei=iBcxTdfWD8TogAf61_GrCw&esq=1&page=1&ndsp=17&ved=1t:429,r:6,s:0&tx=86&ty=76" "Mozilla/4.0 (compatible; MSIE 8.0; Windows NT 6.1; Trident/4.0; SLCC2; .NET CLR 2.0.50727; .NET CLR 3.5.30729; .NET CLR 3.0.30729; Media Center PC 6.0; .NET4.0C; .NET4.0E; InfoPath.2)"
124.115.0.156 - - [14/Jan/2011:22:52:45 -0500] "GET / HTTP/1.1" 200 11305 "-" "Sosospider+(+http://help.soso.com/webspider.htm)"
124.115.0.156 - - [14/Jan/2011:22:52:57 -0500] "GET /naples-usa.css HTTP/1.1" 200 714 "http://www.naples-usa.com/" "Sosospider+(+http://help.soso.com/webspider.htm)"
207.46.199.201 - - [14/Jan/2011:23:00:51 -0500] "GET /robots.txt HTTP/1.1" 404 291 "-" "Mozilla/5.0 (compatible; bingbot/2.0; +http://www.bing.com/bingbot.htm)"
124.115.0.166 - - [14/Jan/2011:23:08:03 -0500] "GET /molhoek.htm HTTP/1.1" 200 8161 "-" "Sosospider+(+http://help.soso.com/webspider.htm)"
193.47.80.45 - - [14/Jan/2011:23:18:06 -0500] "GET /zettel.htm HTTP/1.1" 404 291 "-" "Mozilla/5.0 (compatible; Exabot/3.0; +http://www.exabot.com/go/robot)"
67.195.111.190 - - [14/Jan/2011:23:19:13 -0500] "GET /jacoby.htm HTTP/1.0" 404 279 "-" "Mozilla/5.0 (compatible; Yahoo! Slurp; http://help.yahoo.com/help/us/ysearch/slurp)"
66.249.72.203 - - [14/Jan/2011:23:46:06 -0500] "GET /johnson-cox/2043_imperial-family.jpg HTTP/1.1" 404 317 "-" "Googlebot-Image/1.0"
69.147.115.59 - - [14/Jan/2011:23:50:58 -0500] "GET /calendar.htm HTTP/1.1" 200 71151 "-" "YahooCacheSystem"
69.147.115.59 - - [14/Jan/2011:23:50:58 -0500] "GET /favicon.ico HTTP/1.1" 404 292 "-" "YahooCacheSystem"
207.46.12.238 - - [15/Jan/2011:00:04:32 -0500] "GET /robots.txt HTTP/1.1" 404 291 "-" "Mozilla/5.0 (compatible; bingbot/2.0; +http://www.bing.com/bingbot.htm)"
67.195.111.190 - - [15/Jan/2011:00:07:42 -0500] "GET /images_map/na01.htm HTTP/1.0" 404 288 "-" "Mozilla/5.0 (compatible; Yahoo! Slurp; http://help.yahoo.com/help/us/ysearch/slurp)"
207.46.204.179 - - [15/Jan/2011:00:08:51 -0500] "GET /naples-tennis.htm HTTP/1.1" 304 - "-" "Mozilla/5.0 (compatible; bingbot/2.0; +http://www.bing.com/bingbot.htm)"
66.249.72.203 - - [15/Jan/2011:00:30:33 -0500] "GET /raht.htm HTTP/1.1" 404 289 "-" "Mozilla/5.0 (compatible; Googlebot/2.1; +http://www.google.com/bot.html)"
207.46.195.223 - - [15/Jan/2011:00:34:46 -0500] "GET /robots.txt HTTP/1.1" 404 291 "-" "Mozilla/5.0 (compatible; bingbot/2.0; +http://www.bing.com/bingbot.htm)"
207.46.12.238 - - [15/Jan/2011:00:38:20 -0500] "GET /naples-boatcondos.htm HTTP/1.1" 304 - "-" "Mozilla/5.0 (compatible; bingbot/2.0; +http://www.bing.com/bingbot.htm)"
207.46.195.223 - - [15/Jan/2011:00:41:21 -0500] "GET /homestead.htm HTTP/1.1" 404 294 "-" "Mozilla/5.0 (compatible; bingbot/2.0; +http://www.bing.com/bingbot.htm)"
190.120.227.123 - - [15/Jan/2011:00:44:46 -0500] "GET /Vendors/ HTTP/1.1" 206 204801 "-" "Mozilla/5.0 (Windows; U; Windows NT 5.1; en-US; rv:1.9.0.7) Gecko/2009021910 Firefox/3.0.7"
190.120.227.123 - - [15/Jan/2011:00:44:46 -0500] "GET /naples-calendarofevents.htm HTTP/1.1" 206 204801 "-" "Mozilla/5.0 (Windows; U; Windows NT 5.1; en-US; rv:1.9.0.7) Gecko/2009021910 Firefox/3.0.7"
207.46.204.243 - - [15/Jan/2011:01:02:19 -0500] "GET /robots.txt HTTP/1.1" 404 291 "-" "Mozilla/5.0 (compatible; bingbot/2.0; +http://www.bing.com/bingbot.htm)"
66.249.72.203 - - [15/Jan/2011:01:05:31 -0500] "GET /transparent.gif HTTP/1.1" 200 43 "-" "Mozilla/5.0 (compatible; Googlebot/2.1; +http://www.google.com/bot.html)"
207.46.204.243 - - [15/Jan/2011:01:06:46 -0500] "GET /recycling-info-naples-florida.htm HTTP/1.1" 304 - "-" "Mozilla/5.0 (compatible; bingbot/2.0; +http://www.bing.com/bingbot.htm)"
66.249.72.203 - - [15/Jan/2011:01:31:07 -0500] "GET /calendar-clubs-and-orgs.htm HTTP/1.1" 200 27411 "-" "Mozilla/5.0 (compatible; Googlebot/2.1; +http://www.google.com/bot.html)"
95.108.217.252 - - [15/Jan/2011:01:35:01 -0500] "GET /index.html HTTP/1.1" 200 11305 "-" "Mozilla/5.0 (compatible; YandexBot/3.0; +http://yandex.com/bots)"
67.195.111.190 - - [15/Jan/2011:02:14:39 -0500] "GET / HTTP/1.0" 200 11305 "-" "Mozilla/5.0 (compatible; Yahoo! Slurp; http://help.yahoo.com/help/us/ysearch/slurp)"
67.195.111.190 - - [15/Jan/2011:02:14:40 -0500] "GET /naples-usa.css HTTP/1.0" 200 714 "http://www.naples-usa.com/" "Mozilla/5.0 (compatible; Yahoo! Slurp; http://help.yahoo.com/help/us/ysearch/slurp)"
67.195.111.190 - - [15/Jan/2011:02:33:35 -0500] "GET /naples-tour.htm HTTP/1.0" 200 22351 "-" "Mozilla/5.0 (compatible; Yahoo! Slurp; http://help.yahoo.com/help/us/ysearch/slurp)"
67.195.111.190 - - [15/Jan/2011:02:38:26 -0500] "GET /beatty.htm HTTP/1.0" 404 279 "-" "Mozilla/5.0 (compatible; Yahoo! Slurp; http://help.yahoo.com/help/us/ysearch/slurp)"
66.249.72.203 - - [15/Jan/2011:02:46:51 -0500] "GET /lost-birds.htm HTTP/1.1" 200 39667 "-" "Mozilla/5.0 (compatible; Googlebot/2.1; +http://www.google.com/bot.html)"
207.46.13.137 - - [15/Jan/2011:02:53:38 -0500] "GET /robots.txt HTTP/1.1" 404 291 "-" "Mozilla/5.0 (compatible; bingbot/2.0; +http://www.bing.com/bingbot.htm)"
207.46.13.137 - - [15/Jan/2011:03:00:17 -0500] "GET /naples-boatdocks.htm HTTP/1.1" 304 - "-" "Mozilla/5.0 (compatible; bingbot/2.0; +http://www.bing.com/bingbot.htm)"
67.195.111.190 - - [15/Jan/2011:03:01:28 -0500] "GET /TheProcacciGroup/rentals2-old-question2.htm HTTP/1.0" 404 312 "-" "Mozilla/5.0 (compatible; Yahoo! Slurp; http://help.yahoo.com/help/us/ysearch/slurp)"
207.46.204.221 - - [15/Jan/2011:03:22:56 -0500] "GET /naples-florida-schools.htm HTTP/1.0" 200 27490 "-" "Mozilla/4.0 (compatible; MSIE 6.0; Windows NT 5.2; SLCC1; .NET CLR 1.1.4322; .NET CLR 2.0.40607; .NET CLR 3.0.04506.648)"
207.46.195.236 - - [15/Jan/2011:03:39:20 -0500] "GET /robots.txt HTTP/1.1" 404 291 "-" "Mozilla/5.0 (compatible; bingbot/2.0; +http://www.bing.com/bingbot.htm)"
207.46.195.236 - - [15/Jan/2011:03:47:16 -0500] "GET /beatty.htm HTTP/1.1" 404 291 "-" "Mozilla/5.0 (compatible; bingbot/2.0; +http://www.bing.com/bingbot.htm)"
184.154.7.186 - - [15/Jan/2011:03:51:10 -0500] "GET /robots.txt HTTP/1.0" 404 279 "-" "Mozilla/5.0 (compatible; MJ12bot/v1.3.3; http://www.majestic12.co.uk/bot.php?+)"
184.154.7.186 - - [15/Jan/2011:03:51:10 -0500] "GET /molhoek.htm HTTP/1.0" 200 8161 "-" "Mozilla/5.0 (compatible; MJ12bot/v1.3.3; http://www.majestic12.co.uk/bot.php?+)"
207.46.13.93 - - [15/Jan/2011:03:55:50 -0500] "GET /robots.txt HTTP/1.1" 404 291 "-" "Mozilla/5.0 (compatible; bingbot/2.0; +http://www.bing.com/bingbot.htm)"
207.46.13.93 - - [15/Jan/2011:04:04:17 -0500] "GET /boat_docks.htm HTTP/1.1" 404 295 "-" "Mozilla/5.0 (compatible; bingbot/2.0; +http://www.bing.com/bingbot.htm)"
193.47.80.45 - - [15/Jan/2011:04:13:40 -0500] "GET /robots.txt HTTP/1.1" 404 291 "-" "Mozilla/5.0 (compatible; Exabot/3.0; +http://www.exabot.com/go/robot)"
193.47.80.45 - - [15/Jan/2011:04:13:41 -0500] "GET / HTTP/1.1" 200 11305 "-" "Mozilla/5.0 (compatible; Exabot/3.0; +http://www.exabot.com/go/robot)"
65.52.53.244 - - [15/Jan/2011:04:22:39 -0500] "GET /robots.txt HTTP/1.1" 404 291 "-" "Mozilla/5.0 (compatible; bingbot/2.0; +http://www.bing.com/bingbot.htm)"
66.249.72.203 - - [15/Jan/2011:04:32:52 -0500] "GET /calendar.htm HTTP/1.1" 304 - "-" "Mozilla/5.0 (compatible; Googlebot/2.1; +http://www.google.com/bot.html)"
66.249.72.203 - - [15/Jan/2011:05:05:35 -0500] "GET /home.cfm HTTP/1.1" 404 289 "-" "Mozilla/5.0 (compatible; Googlebot/2.1; +http://www.google.com/bot.html)"
207.46.199.52 - - [15/Jan/2011:05:08:54 -0500] "GET /robots.txt HTTP/1.1" 404 291 "-" "Mozilla/5.0 (compatible; bingbot/2.0; +http://www.bing.com/bingbot.htm)"
207.46.13.131 - - [15/Jan/2011:05:14:39 -0500] "GET /robots.txt HTTP/1.1" 404 291 "-" "Mozilla/5.0 (compatible; bingbot/2.0; +http://www.bing.com/bingbot.htm)"
207.46.13.91 - - [15/Jan/2011:05:14:40 -0500] "GET /robots.txt HTTP/1.1" 404 291 "-" "Mozilla/5.0 (compatible; bingbot/2.0; +http://www.bing.com/bingbot.htm)"
95.108.217.252 - - [15/Jan/2011:05:19:07 -0500] "GET / HTTP/1.1" 200 11305 "-" "Mozilla/5.0 (compatible; YandexBot/3.0; +http://yandex.com/bots)"
207.46.13.131 - - [15/Jan/2011:05:21:47 -0500] "GET /weather.htm HTTP/1.1" 404 292 "-" "Mozilla/5.0 (compatible; bingbot/2.0; +http://www.bing.com/bingbot.htm)"
207.46.199.52 - - [15/Jan/2011:05:25:17 -0500] "GET /naples-florida-fishing.htm HTTP/1.1" 304 - "-" "Mozilla/5.0 (compatible; bingbot/2.0; +http://www.bing.com/bingbot.htm)"
124.115.0.15 - - [15/Jan/2011:05:30:32 -0500] "GET / HTTP/1.1" 200 11305 "-" "Sosospider+(+http://help.soso.com/webspider.htm)"
98.238.53.203 - - [15/Jan/2011:05:32:59 -0500] "GET /images/welcome_usa.gif HTTP/1.1" 200 7890 "http://www.naples-usa.com/naples-calendarofevents.htm" "Mozilla/4.0 (compatible; MSIE 7.0; Windows NT 6.0; Trident/4.0; SLCC1; .NET CLR 2.0.50727; Media Center PC 5.0; .NET CLR 3.5.30729; .NET CLR 3.0.30729)"
98.238.53.203 - - [15/Jan/2011:05:32:59 -0500] "GET /images/images/z-stickfamily.gif HTTP/1.1" 404 312 "http://www.naples-usa.com/naples-calendarofevents.htm" "Mozilla/4.0 (compatible; MSIE 7.0; Windows NT 6.0; Trident/4.0; SLCC1; .NET CLR 2.0.50727; Media Center PC 5.0; .NET CLR 3.5.30729; .NET CLR 3.0.30729)"
98.238.53.203 - - [15/Jan/2011:05:32:59 -0500] "GET /images/images/z-bird-flamingo.gif HTTP/1.1" 200 890 "http://www.naples-usa.com/naples-calendarofevents.htm" "Mozilla/4.0 (compatible; MSIE 7.0; Windows NT 6.0; Trident/4.0; SLCC1; .NET CLR 2.0.50727; Media Center PC 5.0; .NET CLR 3.5.30729; .NET CLR 3.0.30729)"
98.238.53.203 - - [15/Jan/2011:05:32:59 -0500] "GET /naples-calendarofevents.htm HTTP/1.1" 200 255135 "http://search.aol.com/aol/search?enabled_terms=&s_it=comsearch50&q=calendar+of+events+in+bonita+springs+florida" "Mozilla/4.0 (compatible; MSIE 7.0; Windows NT 6.0; Trident/4.0; SLCC1; .NET CLR 2.0.50727; Media Center PC 5.0; .NET CLR 3.5.30729; .NET CLR 3.0.30729)"
98.238.53.203 - - [15/Jan/2011:05:32:59 -0500] "GET /images/images/z-frog.jpg HTTP/1.1" 404 305 "http://www.naples-usa.com/naples-calendarofevents.htm" "Mozilla/4.0 (compatible; MSIE 7.0; Windows NT 6.0; Trident/4.0; SLCC1; .NET CLR 2.0.50727; Media Center PC 5.0; .NET CLR 3.5.30729; .NET CLR 3.0.30729)"
98.238.53.203 - - [15/Jan/2011:05:32:59 -0500] "GET /images/z-sailboat.jpg HTTP/1.1" 200 2182 "http://www.naples-usa.com/naples-calendarofevents.htm" "Mozilla/4.0 (compatible; MSIE 7.0; Windows NT 6.0; Trident/4.0; SLCC1; .NET CLR 2.0.50727; Media Center PC 5.0; .NET CLR 3.5.30729; .NET CLR 3.0.30729)"
98.238.53.203 - - [15/Jan/2011:05:33:00 -0500] "GET /images/florida_logo_sm.gif HTTP/1.1" 200 1933 "http://www.naples-usa.com/naples-calendarofevents.htm" "Mozilla/4.0 (compatible; MSIE 7.0; Windows NT 6.0; Trident/4.0; SLCC1; .NET CLR 2.0.50727; Media Center PC 5.0; .NET CLR 3.5.30729; .NET CLR 3.0.30729)"
98.238.53.203 - - [15/Jan/2011:05:33:00 -0500] "GET /images/z_shell.gif HTTP/1.1" 200 1325 "http://www.naples-usa.com/naples-calendarofevents.htm" "Mozilla/4.0 (compatible; MSIE 7.0; Windows NT 6.0; Trident/4.0; SLCC1; .NET CLR 2.0.50727; Media Center PC 5.0; .NET CLR 3.5.30729; .NET CLR 3.0.30729)"
98.238.53.203 - - [15/Jan/2011:05:33:00 -0500] "GET /images/return_arrow.gif HTTP/1.1" 200 220 "http://www.naples-usa.com/naples-calendarofevents.htm" "Mozilla/4.0 (compatible; MSIE 7.0; Windows NT 6.0; Trident/4.0; SLCC1; .NET CLR 2.0.50727; Media Center PC 5.0; .NET CLR 3.5.30729; .NET CLR 3.0.30729)"
98.238.53.203 - - [15/Jan/2011:05:33:00 -0500] "GET /images/images/z-theater.gif HTTP/1.1" 404 308 "http://www.naples-usa.com/naples-calendarofevents.htm" "Mozilla/4.0 (compatible; MSIE 7.0; Windows NT 6.0; Trident/4.0; SLCC1; .NET CLR 2.0.50727; Media Center PC 5.0; .NET CLR 3.5.30729; .NET CLR 3.0.30729)"
98.238.53.203 - - [15/Jan/2011:05:33:00 -0500] "GET /images/z_rose.gif HTTP/1.1" 200 473 "http://www.naples-usa.com/naples-calendarofevents.htm" "Mozilla/4.0 (compatible; MSIE 7.0; Windows NT 6.0; Trident/4.0; SLCC1; .NET CLR 2.0.50727; Media Center PC 5.0; .NET CLR 3.5.30729; .NET CLR 3.0.30729)"
98.238.53.203 - - [15/Jan/2011:05:33:00 -0500] "GET /images/images/z-greyhound4a.jpg HTTP/1.1" 404 312 "http://www.naples-usa.com/naples-calendarofevents.htm" "Mozilla/4.0 (compatible; MSIE 7.0; Windows NT 6.0; Trident/4.0; SLCC1; .NET CLR 2.0.50727; Media Center PC 5.0; .NET CLR 3.5.30729; .NET CLR 3.0.30729)"
98.238.53.203 - - [15/Jan/2011:05:33:00 -0500] "GET /images/images/z-turtle-b.jpg HTTP/1.1" 404 309 "http://www.naples-usa.com/naples-calendarofevents.htm" "Mozilla/4.0 (compatible; MSIE 7.0; Windows NT 6.0; Trident/4.0; SLCC1; .NET CLR 2.0.50727; Media Center PC 5.0; .NET CLR 3.5.30729; .NET CLR 3.0.30729)"
98.238.53.203 - - [15/Jan/2011:05:33:00 -0500] "GET /images/images/z-trombone.gif HTTP/1.1" 404 309 "http://www.naples-usa.com/naples-calendarofevents.htm" "Mozilla/4.0 (compatible; MSIE 7.0; Windows NT 6.0; Trident/4.0; SLCC1; .NET CLR 2.0.50727; Media Center PC 5.0; .NET CLR 3.5.30729; .NET CLR 3.0.30729)"
98.238.53.203 - - [15/Jan/2011:05:33:00 -0500] "GET /images/images/z-cockatiel.gif HTTP/1.1" 404 310 "http://www.naples-usa.com/naples-calendarofevents.htm" "Mozilla/4.0 (compatible; MSIE 7.0; Windows NT 6.0; Trident/4.0; SLCC1; .NET CLR 2.0.50727; Media Center PC 5.0; .NET CLR 3.5.30729; .NET CLR 3.0.30729)"
98.238.53.203 - - [15/Jan/2011:05:33:00 -0500] "GET /images/z_teens.gif HTTP/1.1" 200 2660 "http://www.naples-usa.com/naples-calendarofevents.htm" "Mozilla/4.0 (compatible; MSIE 7.0; Windows NT 6.0; Trident/4.0; SLCC1; .NET CLR 2.0.50727; Media Center PC 5.0; .NET CLR 3.5.30729; .NET CLR 3.0.30729)"
98.238.53.203 - - [15/Jan/2011:05:33:00 -0500] "GET /images/images/z-butterfly-2.gif HTTP/1.1" 404 312 "http://www.naples-usa.com/naples-calendarofevents.htm" "Mozilla/4.0 (compatible; MSIE 7.0; Windows NT 6.0; Trident/4.0; SLCC1; .NET CLR 2.0.50727; Media Center PC 5.0; .NET CLR 3.5.30729; .NET CLR 3.0.30729)"
98.238.53.203 - - [15/Jan/2011:05:33:00 -0500] "GET /images/z_music.gif HTTP/1.1" 200 596 "http://www.naples-usa.com/naples-calendarofevents.htm" "Mozilla/4.0 (compatible; MSIE 7.0; Windows NT 6.0; Trident/4.0; SLCC1; .NET CLR 2.0.50727; Media Center PC 5.0; .NET CLR 3.5.30729; .NET CLR 3.0.30729)"
98.238.53.203 - - [15/Jan/2011:05:33:00 -0500] "GET /images/z-bird-flamingo.gif HTTP/1.1" 200 890 "http://www.naples-usa.com/naples-calendarofevents.htm" "Mozilla/4.0 (compatible; MSIE 7.0; Windows NT 6.0; Trident/4.0; SLCC1; .NET CLR 2.0.50727; Media Center PC 5.0; .NET CLR 3.5.30729; .NET CLR 3.0.30729)"
98.238.53.203 - - [15/Jan/2011:05:33:00 -0500] "GET /images/z-butterfly-2.gif HTTP/1.1" 200 1025 "http://www.naples-usa.com/naples-calendarofevents.htm" "Mozilla/4.0 (compatible; MSIE 7.0; Windows NT 6.0; Trident/4.0; SLCC1; .NET CLR 2.0.50727; Media Center PC 5.0; .NET CLR 3.5.30729; .NET CLR 3.0.30729)"
98.238.53.203 - - [15/Jan/2011:05:33:00 -0500] "GET /images/z-frog.jpg HTTP/1.1" 200 1615 "http://www.naples-usa.com/naples-calendarofevents.htm" "Mozilla/4.0 (compatible; MSIE 7.0; Windows NT 6.0; Trident/4.0; SLCC1; .NET CLR 2.0.50727; Media Center PC 5.0; .NET CLR 3.5.30729; .NET CLR 3.0.30729)"
98.238.53.203 - - [15/Jan/2011:05:33:00 -0500] "GET /images/z-trombone.gif HTTP/1.1" 200 359 "http://www.naples-usa.com/naples-calendarofevents.htm" "Mozilla/4.0 (compatible; MSIE 7.0; Windows NT 6.0; Trident/4.0; SLCC1; .NET CLR 2.0.50727; Media Center PC 5.0; .NET CLR 3.5.30729; .NET CLR 3.0.30729)"
98.238.53.203 - - [15/Jan/2011:05:33:00 -0500] "GET /images/z-juggler.jpg HTTP/1.1" 200 1486 "http://www.naples-usa.com/naples-calendarofevents.htm" "Mozilla/4.0 (compatible; MSIE 7.0; Windows NT 6.0; Trident/4.0; SLCC1; .NET CLR 2.0.50727; Media Center PC 5.0; .NET CLR 3.5.30729; .NET CLR 3.0.30729)"
98.238.53.203 - - [15/Jan/2011:05:33:00 -0500] "GET /images/z-couple.gif HTTP/1.1" 200 1084 "http://www.naples-usa.com/naples-calendarofevents.htm" "Mozilla/4.0 (compatible; MSIE 7.0; Windows NT 6.0; Trident/4.0; SLCC1; .NET CLR 2.0.50727; Media Center PC 5.0; .NET CLR 3.5.30729; .NET CLR 3.0.30729)"
98.238.53.203 - - [15/Jan/2011:05:33:00 -0500] "GET /images/z-drums.jpg HTTP/1.1" 200 2464 "http://www.naples-usa.com/naples-calendarofevents.htm" "Mozilla/4.0 (compatible; MSIE 7.0; Windows NT 6.0; Trident/4.0; SLCC1; .NET CLR 2.0.50727; Media Center PC 5.0; .NET CLR 3.5.30729; .NET CLR 3.0.30729)"
98.238.53.203 - - [15/Jan/2011:05:33:00 -0500] "GET /images/z_cock.gif HTTP/1.1" 200 571 "http://www.naples-usa.com/naples-calendarofevents.htm" "Mozilla/4.0 (compatible; MSIE 7.0; Windows NT 6.0; Trident/4.0; SLCC1; .NET CLR 2.0.50727; Media Center PC 5.0; .NET CLR 3.5.30729; .NET CLR 3.0.30729)"
98.238.53.203 - - [15/Jan/2011:05:33:00 -0500] "GET /images/z-guitar.gif HTTP/1.1" 200 631 "http://www.naples-usa.com/naples-calendarofevents.htm" "Mozilla/4.0 (compatible; MSIE 7.0; Windows NT 6.0; Trident/4.0; SLCC1; .NET CLR 2.0.50727; Media Center PC 5.0; .NET CLR 3.5.30729; .NET CLR 3.0.30729)"
98.238.53.203 - - [15/Jan/2011:05:33:00 -0500] "GET /images/1_cougar.jpg HTTP/1.1" 200 4514 "http://www.naples-usa.com/naples-calendarofevents.htm" "Mozilla/4.0 (compatible; MSIE 7.0; Windows NT 6.0; Trident/4.0; SLCC1; .NET CLR 2.0.50727; Media Center PC 5.0; .NET CLR 3.5.30729; .NET CLR 3.0.30729)"
98.238.53.203 - - [15/Jan/2011:05:33:00 -0500] "GET /images/z-theater.gif HTTP/1.1" 200 960 "http://www.naples-usa.com/naples-calendarofevents.htm" "Mozilla/4.0 (compatible; MSIE 7.0; Windows NT 6.0; Trident/4.0; SLCC1; .NET CLR 2.0.50727; Media Center PC 5.0; .NET CLR 3.5.30729; .NET CLR 3.0.30729)"
98.238.53.203 - - [15/Jan/2011:05:33:00 -0500] "GET /images/z_artst.gif HTTP/1.1" 200 1446 "http://www.naples-usa.com/naples-calendarofevents.htm" "Mozilla/4.0 (compatible; MSIE 7.0; Windows NT 6.0; Trident/4.0; SLCC1; .NET CLR 2.0.50727; Media Center PC 5.0; .NET CLR 3.5.30729; .NET CLR 3.0.30729)"
98.238.53.203 - - [15/Jan/2011:05:33:00 -0500] "GET /images/z_bird.gif HTTP/1.1" 200 730 "http://www.naples-usa.com/naples-calendarofevents.htm" "Mozilla/4.0 (compatible; MSIE 7.0; Windows NT 6.0; Trident/4.0; SLCC1; .NET CLR 2.0.50727; Media Center PC 5.0; .NET CLR 3.5.30729; .NET CLR 3.0.30729)"
98.238.53.203 - - [15/Jan/2011:05:33:00 -0500] "GET /images/z-turtle-b.jpg HTTP/1.1" 200 1124 "http://www.naples-usa.com/naples-calendarofevents.htm" "Mozilla/4.0 (compatible; MSIE 7.0; Windows NT 6.0; Trident/4.0; SLCC1; .NET CLR 2.0.50727; Media Center PC 5.0; .NET CLR 3.5.30729; .NET CLR 3.0.30729)"
98.238.53.203 - - [15/Jan/2011:05:33:00 -0500] "GET /images/z-fish2.jpg HTTP/1.1" 200 1142 "http://www.naples-usa.com/naples-calendarofevents.htm" "Mozilla/4.0 (compatible; MSIE 7.0; Windows NT 6.0; Trident/4.0; SLCC1; .NET CLR 2.0.50727; Media Center PC 5.0; .NET CLR 3.5.30729; .NET CLR 3.0.30729)"
98.238.53.203 - - [15/Jan/2011:05:33:00 -0500] "GET /images/z_books.gif HTTP/1.1" 200 837 "http://www.naples-usa.com/naples-calendarofevents.htm" "Mozilla/4.0 (compatible; MSIE 7.0; Windows NT 6.0; Trident/4.0; SLCC1; .NET CLR 2.0.50727; Media Center PC 5.0; .NET CLR 3.5.30729; .NET CLR 3.0.30729)"
98.238.53.203 - - [15/Jan/2011:05:33:00 -0500] "GET /favicon.ico HTTP/1.1" 404 292 "-" "Mozilla/4.0 (compatible; MSIE 8.0; Windows NT 6.0; Trident/4.0; SLCC1; .NET CLR 2.0.50727; Media Center PC 5.0; .NET CLR 3.5.30729; .NET CLR 3.0.30729)"
98.238.53.203 - - [15/Jan/2011:05:33:01 -0500] "GET /favicon.ico HTTP/1.1" 404 292 "-" "Mozilla/5.0 (compatible; Google Desktop/5.9.1005.12335; http://desktop.google.com/)"
67.195.111.190 - - [15/Jan/2011:05:33:31 -0500] "GET /doonan/testimonials.htm HTTP/1.0" 404 292 "-" "Mozilla/5.0 (compatible; Yahoo! Slurp; http://help.yahoo.com/help/us/ysearch/slurp)"
207.46.13.91 - - [15/Jan/2011:05:35:47 -0500] "GET /greenstein/naples-florida-properties1.htm HTTP/1.1" 404 322 "-" "Mozilla/5.0 (compatible; bingbot/2.0; +http://www.bing.com/bingbot.htm)"
98.238.53.203 - - [15/Jan/2011:05:39:37 -0500] "GET /index.html HTTP/1.1" 200 11305 "http://www.naples-usa.com/naples-calendarofevents.htm" "Mozilla/4.0 (compatible; MSIE 7.0; Windows NT 6.0; Trident/4.0; SLCC1; .NET CLR 2.0.50727; Media Center PC 5.0; .NET CLR 3.5.30729; .NET CLR 3.0.30729)"
98.238.53.203 - - [15/Jan/2011:05:39:37 -0500] "GET /naples-usa.css HTTP/1.1" 200 714 "http://www.naples-usa.com/index.html" "Mozilla/4.0 (compatible; MSIE 7.0; Windows NT 6.0; Trident/4.0; SLCC1; .NET CLR 2.0.50727; Media Center PC 5.0; .NET CLR 3.5.30729; .NET CLR 3.0.30729)"
98.238.53.203 - - [15/Jan/2011:05:39:37 -0500] "GET /images/border%20naples.gif HTTP/1.1" 200 358 "http://www.naples-usa.com/index.html" "Mozilla/4.0 (compatible; MSIE 7.0; Windows NT 6.0; Trident/4.0; SLCC1; .NET CLR 2.0.50727; Media Center PC 5.0; .NET CLR 3.5.30729; .NET CLR 3.0.30729)"
98.238.53.203 - - [15/Jan/2011:05:39:37 -0500] "GET /images/welcome_usa.gif HTTP/1.1" 304 - "http://www.naples-usa.com/index.html" "Mozilla/4.0 (compatible; MSIE 7.0; Windows NT 6.0; Trident/4.0; SLCC1; .NET CLR 2.0.50727; Media Center PC 5.0; .NET CLR 3.5.30729; .NET CLR 3.0.30729)"
98.238.53.203 - - [15/Jan/2011:05:39:37 -0500] "GET /images/A-INDE~1.jpg HTTP/1.1" 200 23069 "http://www.naples-usa.com/index.html" "Mozilla/4.0 (compatible; MSIE 7.0; Windows NT 6.0; Trident/4.0; SLCC1; .NET CLR 2.0.50727; Media Center PC 5.0; .NET CLR 3.5.30729; .NET CLR 3.0.30729)"
98.238.53.203 - - [15/Jan/2011:05:39:37 -0500] "GET /favicon.ico HTTP/1.1" 404 292 "-" "Mozilla/4.0 (compatible; MSIE 8.0; Windows NT 6.0; Trident/4.0; SLCC1; .NET CLR 2.0.50727; Media Center PC 5.0; .NET CLR 3.5.30729; .NET CLR 3.0.30729)"
98.238.53.203 - - [15/Jan/2011:05:39:50 -0500] "GET /naples-calendarofevents.htm HTTP/1.1" 304 - "http://www.naples-usa.com/index.html" "Mozilla/4.0 (compatible; MSIE 7.0; Windows NT 6.0; Trident/4.0; SLCC1; .NET CLR 2.0.50727; Media Center PC 5.0; .NET CLR 3.5.30729; .NET CLR 3.0.30729)"
98.238.53.203 - - [15/Jan/2011:05:39:50 -0500] "GET /images/welcome_usa.gif HTTP/1.1" 304 - "http://www.naples-usa.com/naples-calendarofevents.htm" "Mozilla/4.0 (compatible; MSIE 7.0; Windows NT 6.0; Trident/4.0; SLCC1; .NET CLR 2.0.50727; Media Center PC 5.0; .NET CLR 3.5.30729; .NET CLR 3.0.30729)"
98.238.53.203 - - [15/Jan/2011:05:39:50 -0500] "GET /images/images/z-bird-flamingo.gif HTTP/1.1" 304 - "http://www.naples-usa.com/naples-calendarofevents.htm" "Mozilla/4.0 (compatible; MSIE 7.0; Windows NT 6.0; Trident/4.0; SLCC1; .NET CLR 2.0.50727; Media Center PC 5.0; .NET CLR 3.5.30729; .NET CLR 3.0.30729)"
98.238.53.203 - - [15/Jan/2011:05:39:50 -0500] "GET /images/florida_logo_sm.gif HTTP/1.1" 304 - "http://www.naples-usa.com/naples-calendarofevents.htm" "Mozilla/4.0 (compatible; MSIE 7.0; Windows NT 6.0; Trident/4.0; SLCC1; .NET CLR 2.0.50727; Media Center PC 5.0; .NET CLR 3.5.30729; .NET CLR 3.0.30729)"
98.238.53.203 - - [15/Jan/2011:05:39:50 -0500] "GET /images/images/z-stickfamily.gif HTTP/1.1" 404 312 "http://www.naples-usa.com/naples-calendarofevents.htm" "Mozilla/4.0 (compatible; MSIE 7.0; Windows NT 6.0; Trident/4.0; SLCC1; .NET CLR 2.0.50727; Media Center PC 5.0; .NET CLR 3.5.30729; .NET CLR 3.0.30729)"
98.238.53.203 - - [15/Jan/2011:05:39:50 -0500] "GET /images/images/z-frog.jpg HTTP/1.1" 404 305 "http://www.naples-usa.com/naples-calendarofevents.htm" "Mozilla/4.0 (compatible; MSIE 7.0; Windows NT 6.0; Trident/4.0; SLCC1; .NET CLR 2.0.50727; Media Center PC 5.0; .NET CLR 3.5.30729; .NET CLR 3.0.30729)"
98.238.53.203 - - [15/Jan/2011:05:39:50 -0500] "GET /images/z-sailboat.jpg HTTP/1.1" 304 - "http://www.naples-usa.com/naples-calendarofevents.htm" "Mozilla/4.0 (compatible; MSIE 7.0; Windows NT 6.0; Trident/4.0; SLCC1; .NET CLR 2.0.50727; Media Center PC 5.0; .NET CLR 3.5.30729; .NET CLR 3.0.30729)"
98.238.53.203 - - [15/Jan/2011:05:39:50 -0500] "GET /images/z_shell.gif HTTP/1.1" 304 - "http://www.naples-usa.com/naples-calendarofevents.htm" "Mozilla/4.0 (compatible; MSIE 7.0; Windows NT 6.0; Trident/4.0; SLCC1; .NET CLR 2.0.50727; Media Center PC 5.0; .NET CLR 3.5.30729; .NET CLR 3.0.30729)"
98.238.53.203 - - [15/Jan/2011:05:39:50 -0500] "GET /images/return_arrow.gif HTTP/1.1" 304 - "http://www.naples-usa.com/naples-calendarofevents.htm" "Mozilla/4.0 (compatible; MSIE 7.0; Windows NT 6.0; Trident/4.0; SLCC1; .NET CLR 2.0.50727; Media Center PC 5.0; .NET CLR 3.5.30729; .NET CLR 3.0.30729)"
98.238.53.203 - - [15/Jan/2011:05:39:50 -0500] "GET /images/images/z-theater.gif HTTP/1.1" 404 308 "http://www.naples-usa.com/naples-calendarofevents.htm" "Mozilla/4.0 (compatible; MSIE 7.0; Windows NT 6.0; Trident/4.0; SLCC1; .NET CLR 2.0.50727; Media Center PC 5.0; .NET CLR 3.5.30729; .NET CLR 3.0.30729)"
98.238.53.203 - - [15/Jan/2011:05:39:50 -0500] "GET /images/z_rose.gif HTTP/1.1" 304 - "http://www.naples-usa.com/naples-calendarofevents.htm" "Mozilla/4.0 (compatible; MSIE 7.0; Windows NT 6.0; Trident/4.0; SLCC1; .NET CLR 2.0.50727; Media Center PC 5.0; .NET CLR 3.5.30729; .NET CLR 3.0.30729)"
98.238.53.203 - - [15/Jan/2011:05:39:50 -0500] "GET /images/images/z-greyhound4a.jpg HTTP/1.1" 404 312 "http://www.naples-usa.com/naples-calendarofevents.htm" "Mozilla/4.0 (compatible; MSIE 7.0; Windows NT 6.0; Trident/4.0; SLCC1; .NET CLR 2.0.50727; Media Center PC 5.0; .NET CLR 3.5.30729; .NET CLR 3.0.30729)"
98.238.53.203 - - [15/Jan/2011:05:39:50 -0500] "GET /images/images/z-turtle-b.jpg HTTP/1.1" 404 309 "http://www.naples-usa.com/naples-calendarofevents.htm" "Mozilla/4.0 (compatible; MSIE 7.0; Windows NT 6.0; Trident/4.0; SLCC1; .NET CLR 2.0.50727; Media Center PC 5.0; .NET CLR 3.5.30729; .NET CLR 3.0.30729)"
98.238.53.203 - - [15/Jan/2011:05:39:50 -0500] "GET /images/images/z-trombone.gif HTTP/1.1" 404 309 "http://www.naples-usa.com/naples-calendarofevents.htm" "Mozilla/4.0 (compatible; MSIE 7.0; Windows NT 6.0; Trident/4.0; SLCC1; .NET CLR 2.0.50727; Media Center PC 5.0; .NET CLR 3.5.30729; .NET CLR 3.0.30729)"
98.238.53.203 - - [15/Jan/2011:05:39:50 -0500] "GET /images/images/z-cockatiel.gif HTTP/1.1" 404 310 "http://www.naples-usa.com/naples-calendarofevents.htm" "Mozilla/4.0 (compatible; MSIE 7.0; Windows NT 6.0; Trident/4.0; SLCC1; .NET CLR 2.0.50727; Media Center PC 5.0; .NET CLR 3.5.30729; .NET CLR 3.0.30729)"
98.238.53.203 - - [15/Jan/2011:05:39:50 -0500] "GET /images/z_teens.gif HTTP/1.1" 304 - "http://www.naples-usa.com/naples-calendarofevents.htm" "Mozilla/4.0 (compatible; MSIE 7.0; Windows NT 6.0; Trident/4.0; SLCC1; .NET CLR 2.0.50727; Media Center PC 5.0; .NET CLR 3.5.30729; .NET CLR 3.0.30729)"
98.238.53.203 - - [15/Jan/2011:05:39:50 -0500] "GET /images/images/z-butterfly-2.gif HTTP/1.1" 404 312 "http://www.naples-usa.com/naples-calendarofevents.htm" "Mozilla/4.0 (compatible; MSIE 7.0; Windows NT 6.0; Trident/4.0; SLCC1; .NET CLR 2.0.50727; Media Center PC 5.0; .NET CLR 3.5.30729; .NET CLR 3.0.30729)"
98.238.53.203 - - [15/Jan/2011:05:39:50 -0500] "GET /images/z_music.gif HTTP/1.1" 304 - "http://www.naples-usa.com/naples-calendarofevents.htm" "Mozilla/4.0 (compatible; MSIE 7.0; Windows NT 6.0; Trident/4.0; SLCC1; .NET CLR 2.0.50727; Media Center PC 5.0; .NET CLR 3.5.30729; .NET CLR 3.0.30729)"
98.238.53.203 - - [15/Jan/2011:05:39:50 -0500] "GET /images/z-bird-flamingo.gif HTTP/1.1" 304 - "http://www.naples-usa.com/naples-calendarofevents.htm" "Mozilla/4.0 (compatible; MSIE 7.0; Windows NT 6.0; Trident/4.0; SLCC1; .NET CLR 2.0.50727; Media Center PC 5.0; .NET CLR 3.5.30729; .NET CLR 3.0.30729)"
98.238.53.203 - - [15/Jan/2011:05:39:50 -0500] "GET /images/z-butterfly-2.gif HTTP/1.1" 304 - "http://www.naples-usa.com/naples-calendarofevents.htm" "Mozilla/4.0 (compatible; MSIE 7.0; Windows NT 6.0; Trident/4.0; SLCC1; .NET CLR 2.0.50727; Media Center PC 5.0; .NET CLR 3.5.30729; .NET CLR 3.0.30729)"
98.238.53.203 - - [15/Jan/2011:05:39:50 -0500] "GET /images/z-turtle-b.jpg HTTP/1.1" 304 - "http://www.naples-usa.com/naples-calendarofevents.htm" "Mozilla/4.0 (compatible; MSIE 7.0; Windows NT 6.0; Trident/4.0; SLCC1; .NET CLR 2.0.50727; Media Center PC 5.0; .NET CLR 3.5.30729; .NET CLR 3.0.30729)"
98.238.53.203 - - [15/Jan/2011:05:39:51 -0500] "GET /images/z-fish2.jpg HTTP/1.1" 304 - "http://www.naples-usa.com/naples-calendarofevents.htm" "Mozilla/4.0 (compatible; MSIE 7.0; Windows NT 6.0; Trident/4.0; SLCC1; .NET CLR 2.0.50727; Media Center PC 5.0; .NET CLR 3.5.30729; .NET CLR 3.0.30729)"
98.238.53.203 - - [15/Jan/2011:05:39:51 -0500] "GET /images/z_books.gif HTTP/1.1" 304 - "http://www.naples-usa.com/naples-calendarofevents.htm" "Mozilla/4.0 (compatible; MSIE 7.0; Windows NT 6.0; Trident/4.0; SLCC1; .NET CLR 2.0.50727; Media Center PC 5.0; .NET CLR 3.5.30729; .NET CLR 3.0.30729)"
98.238.53.203 - - [15/Jan/2011:05:39:51 -0500] "GET /images/z-frog.jpg HTTP/1.1" 304 - "http://www.naples-usa.com/naples-calendarofevents.htm" "Mozilla/4.0 (compatible; MSIE 7.0; Windows NT 6.0; Trident/4.0; SLCC1; .NET CLR 2.0.50727; Media Center PC 5.0; .NET CLR 3.5.30729; .NET CLR 3.0.30729)"
98.238.53.203 - - [15/Jan/2011:05:39:51 -0500] "GET /images/z-trombone.gif HTTP/1.1" 304 - "http://www.naples-usa.com/naples-calendarofevents.htm" "Mozilla/4.0 (compatible; MSIE 7.0; Windows NT 6.0; Trident/4.0; SLCC1; .NET CLR 2.0.50727; Media Center PC 5.0; .NET CLR 3.5.30729; .NET CLR 3.0.30729)"
98.238.53.203 - - [15/Jan/2011:05:39:51 -0500] "GET /images/z-guitar.gif HTTP/1.1" 304 - "http://www.naples-usa.com/naples-calendarofevents.htm" "Mozilla/4.0 (compatible; MSIE 7.0; Windows NT 6.0; Trident/4.0; SLCC1; .NET CLR 2.0.50727; Media Center PC 5.0; .NET CLR 3.5.30729; .NET CLR 3.0.30729)"
98.238.53.203 - - [15/Jan/2011:05:39:51 -0500] "GET /images/z-juggler.jpg HTTP/1.1" 304 - "http://www.naples-usa.com/naples-calendarofevents.htm" "Mozilla/4.0 (compatible; MSIE 7.0; Windows NT 6.0; Trident/4.0; SLCC1; .NET CLR 2.0.50727; Media Center PC 5.0; .NET CLR 3.5.30729; .NET CLR 3.0.30729)"
98.238.53.203 - - [15/Jan/2011:05:39:51 -0500] "GET /images/z-couple.gif HTTP/1.1" 304 - "http://www.naples-usa.com/naples-calendarofevents.htm" "Mozilla/4.0 (compatible; MSIE 7.0; Windows NT 6.0; Trident/4.0; SLCC1; .NET CLR 2.0.50727; Media Center PC 5.0; .NET CLR 3.5.30729; .NET CLR 3.0.30729)"
98.238.53.203 - - [15/Jan/2011:05:39:51 -0500] "GET /images/z-drums.jpg HTTP/1.1" 304 - "http://www.naples-usa.com/naples-calendarofevents.htm" "Mozilla/4.0 (compatible; MSIE 7.0; Windows NT 6.0; Trident/4.0; SLCC1; .NET CLR 2.0.50727; Media Center PC 5.0; .NET CLR 3.5.30729; .NET CLR 3.0.30729)"
98.238.53.203 - - [15/Jan/2011:05:39:51 -0500] "GET /images/z_cock.gif HTTP/1.1" 304 - "http://www.naples-usa.com/naples-calendarofevents.htm" "Mozilla/4.0 (compatible; MSIE 7.0; Windows NT 6.0; Trident/4.0; SLCC1; .NET CLR 2.0.50727; Media Center PC 5.0; .NET CLR 3.5.30729; .NET CLR 3.0.30729)"
98.238.53.203 - - [15/Jan/2011:05:39:51 -0500] "GET /images/1_cougar.jpg HTTP/1.1" 304 - "http://www.naples-usa.com/naples-calendarofevents.htm" "Mozilla/4.0 (compatible; MSIE 7.0; Windows NT 6.0; Trident/4.0; SLCC1; .NET CLR 2.0.50727; Media Center PC 5.0; .NET CLR 3.5.30729; .NET CLR 3.0.30729)"
98.238.53.203 - - [15/Jan/2011:05:39:51 -0500] "GET /images/z-theater.gif HTTP/1.1" 304 - "http://www.naples-usa.com/naples-calendarofevents.htm" "Mozilla/4.0 (compatible; MSIE 7.0; Windows NT 6.0; Trident/4.0; SLCC1; .NET CLR 2.0.50727; Media Center PC 5.0; .NET CLR 3.5.30729; .NET CLR 3.0.30729)"
98.238.53.203 - - [15/Jan/2011:05:39:51 -0500] "GET /images/z_artst.gif HTTP/1.1" 304 - "http://www.naples-usa.com/naples-calendarofevents.htm" "Mozilla/4.0 (compatible; MSIE 7.0; Windows NT 6.0; Trident/4.0; SLCC1; .NET CLR 2.0.50727; Media Center PC 5.0; .NET CLR 3.5.30729; .NET CLR 3.0.30729)"
98.238.53.203 - - [15/Jan/2011:05:39:51 -0500] "GET /images/z_bird.gif HTTP/1.1" 304 - "http://www.naples-usa.com/naples-calendarofevents.htm" "Mozilla/4.0 (compatible; MSIE 7.0; Windows NT 6.0; Trident/4.0; SLCC1; .NET CLR 2.0.50727; Media Center PC 5.0; .NET CLR 3.5.30729; .NET CLR 3.0.30729)"
98.238.53.203 - - [15/Jan/2011:05:40:08 -0500] "GET /naples-arts.htm HTTP/1.1" 200 4976 "http://www.naples-usa.com/index.html" "Mozilla/4.0 (compatible; MSIE 7.0; Windows NT 6.0; Trident/4.0; SLCC1; .NET CLR 2.0.50727; Media Center PC 5.0; .NET CLR 3.5.30729; .NET CLR 3.0.30729)"
98.238.53.203 - - [15/Jan/2011:05:40:08 -0500] "GET /images/naples-welcome.gif HTTP/1.1" 200 8479 "http://www.naples-usa.com/naples-arts.htm" "Mozilla/4.0 (compatible; MSIE 7.0; Windows NT 6.0; Trident/4.0; SLCC1; .NET CLR 2.0.50727; Media Center PC 5.0; .NET CLR 3.5.30729; .NET CLR 3.0.30729)"
79.194.1.147 - - [15/Jan/2011:05:40:58 -0500] "GET /images/1_naples%20florida%20real%20estate_index.jpg HTTP/1.1" 200 24287 "http://www.google.de/imgres?imgurl=http://www.naples-usa.com/images/1_naples%2520florida%2520real%2520estate_index.jpg&imgrefurl=http://www.dolphinworld.net/wordpress/2008/02/19/naples-florida-dolphin-swim-tour/&usg=__qADXQoSKXq32YdNCGsSumn4G-8c=&h=256&w=375&sz=24&hl=de&start=7&zoom=1&um=1&itbs=1&tbnid=xiSSaf0OQrPq8M:&tbnh=83&tbnw=122&prev=/images%3Fq%3Dnaples%2Bflorida%26um%3D1%26hl%3Dde%26client%3Dfirefox-a%26rls%3Dorg.mozilla:de:official%26tbs%3Disch:1&ei=pnkxTaSdIYX2sgbRn_GOCg" "Mozilla/5.0 (Windows; U; Windows NT 5.1; de; rv:1.9.2.13) Gecko/20101203 Firefox/3.6.13 ( .NET CLR 3.5.30729; .NET4.0E)"
66.249.72.203 - - [15/Jan/2011:05:54:47 -0500] "GET /v HTTP/1.1" 404 282 "-" "Mozilla/5.0 (compatible; Googlebot/2.1; +http://www.google.com/bot.html)"
67.195.111.190 - - [15/Jan/2011:05:58:06 -0500] "GET /naples-calendarofevents.htm HTTP/1.0" 200 255135 "-" "Mozilla/5.0 (compatible; Yahoo! Slurp; http://help.yahoo.com/help/us/ysearch/slurp)"
67.195.111.190 - - [15/Jan/2011:06:07:11 -0500] "GET /naples-arts.htm HTTP/1.0" 200 4976 "-" "Mozilla/5.0 (compatible; Yahoo! Slurp; http://help.yahoo.com/help/us/ysearch/slurp)"
67.195.111.190 - - [15/Jan/2011:06:29:45 -0500] "GET /brinkman.htm HTTP/1.0" 404 281 "-" "Mozilla/5.0 (compatible; Yahoo! Slurp; http://help.yahoo.com/help/us/ysearch/slurp)"
71.54.26.255 - - [15/Jan/2011:06:47:45 -0500] "GET /naples-boating.htm HTTP/1.1" 200 14280 "http://www.google.com/search?hl=en&q=naples%20boat%20bridge%20clearance&spell=1&sa=X" "Mozilla/4.0 (compatible; MSIE 6.0; Windows NT 5.1; SV1; .NET CLR 2.0.50727; .NET CLR 3.0.04506.30)"
71.54.26.255 - - [15/Jan/2011:06:47:46 -0500] "GET /images/welcome_usa.gif HTTP/1.1" 200 7890 "http://www.naples-usa.com/naples-boating.htm" "Mozilla/4.0 (compatible; MSIE 6.0; Windows NT 5.1; SV1; .NET CLR 2.0.50727; .NET CLR 3.0.04506.30)"
71.54.26.255 - - [15/Jan/2011:06:47:46 -0500] "GET /images/florida_logo.gif HTTP/1.1" 200 1024 "http://www.naples-usa.com/naples-boating.htm" "Mozilla/4.0 (compatible; MSIE 6.0; Windows NT 5.1; SV1; .NET CLR 2.0.50727; .NET CLR 3.0.04506.30)"
71.54.26.255 - - [15/Jan/2011:06:47:46 -0500] "GET /images/z_boating.jpg HTTP/1.1" 200 6255 "http://www.naples-usa.com/naples-boating.htm" "Mozilla/4.0 (compatible; MSIE 6.0; Windows NT 5.1; SV1; .NET CLR 2.0.50727; .NET CLR 3.0.04506.30)"
71.54.26.255 - - [15/Jan/2011:06:47:46 -0500] "GET /transparent.gif HTTP/1.1" 200 43 "http://www.naples-usa.com/naples-boating.htm" "Mozilla/4.0 (compatible; MSIE 6.0; Windows NT 5.1; SV1; .NET CLR 2.0.50727; .NET CLR 3.0.04506.30)"
71.54.26.255 - - [15/Jan/2011:06:47:57 -0500] "GET /index.html HTTP/1.1" 200 11305 "http://www.naples-usa.com/naples-boating.htm" "Mozilla/4.0 (compatible; MSIE 6.0; Windows NT 5.1; SV1; .NET CLR 2.0.50727; .NET CLR 3.0.04506.30)"
71.54.26.255 - - [15/Jan/2011:06:47:57 -0500] "GET /naples-usa.css HTTP/1.1" 200 714 "http://www.naples-usa.com/index.html" "Mozilla/4.0 (compatible; MSIE 6.0; Windows NT 5.1; SV1; .NET CLR 2.0.50727; .NET CLR 3.0.04506.30)"
71.54.26.255 - - [15/Jan/2011:06:47:57 -0500] "GET /images/border%20naples.gif HTTP/1.1" 200 358 "http://www.naples-usa.com/index.html" "Mozilla/4.0 (compatible; MSIE 6.0; Windows NT 5.1; SV1; .NET CLR 2.0.50727; .NET CLR 3.0.04506.30)"
