166.137.143.89 - - [12/Jan/2011:13:31:13 -0500] "GET /Logos/winner_250.jpg HTTP/1.1" 200 6408 "-" "Mozilla/5.0 (iPhone; U; CPU iPhone OS 4_2_1 like Mac OS X; en-us) AppleWebKit/533.17.9 (KHTML, like Gecko)"
66.249.71.46 - - [12/Jan/2011:13:54:51 -0500] "GET /robots.txt HTTP/1.1" 404 291 "-" "Mozilla/5.0 (compatible; Googlebot/2.1; +http://www.google.com/bot.html)"
66.249.71.46 - - [12/Jan/2011:13:54:51 -0500] "GET /recycling-info-naples-florida.htm HTTP/1.1" 200 13920 "-" "Mozilla/5.0 (compatible; Googlebot/2.1; +http://www.google.com/bot.html)"
2.96.113.209 - - [12/Jan/2011:13:58:04 -0500] "GET /calendar-clubs-and-orgs.htm HTTP/1.1" 200 27411 "-" "Mozilla/5.0 (Windows; U; Windows NT 6.0; en-US) AppleWebKit/534.10 (KHTML, like Gecko) Chrome/8.0.552.224 Safari/534.10"
2.96.113.209 - - [12/Jan/2011:13:58:05 -0500] "GET /design_styles.css HTTP/1.1" 404 298 "http://www.naples-usa.com/calendar-clubs-and-orgs.htm" "Mozilla/5.0 (Windows; U; Windows NT 6.0; en-US) AppleWebKit/534.10 (KHTML, like Gecko) Chrome/8.0.552.224 Safari/534.10"
2.96.113.209 - - [12/Jan/2011:13:58:05 -0500] "GET /dynamic_styles.css HTTP/1.1" 404 299 "http://www.naples-usa.com/calendar-clubs-and-orgs.htm" "Mozilla/5.0 (Windows; U; Windows NT 6.0; en-US) AppleWebKit/534.10 (KHTML, like Gecko) Chrome/8.0.552.224 Safari/534.10"
2.96.113.209 - - [12/Jan/2011:13:58:05 -0500] "GET /javascripts/address.js HTTP/1.1" 404 303 "http://www.naples-usa.com/calendar-clubs-and-orgs.htm" "Mozilla/5.0 (Windows; U; Windows NT 6.0; en-US) AppleWebKit/534.10 (KHTML, like Gecko) Chrome/8.0.552.224 Safari/534.10"
2.96.113.209 - - [12/Jan/2011:13:58:05 -0500] "GET /images/spacer.gif HTTP/1.1" 200 43 "http://www.naples-usa.com/calendar-clubs-and-orgs.htm" "Mozilla/5.0 (Windows; U; Windows NT 6.0; en-US) AppleWebKit/534.10 (KHTML, like Gecko) Chrome/8.0.552.224 Safari/534.10"
2.96.113.209 - - [12/Jan/2011:13:58:05 -0500] "GET /favicon.ico HTTP/1.1" 404 292 "-" "Mozilla/5.0 (Windows; U; Windows NT 6.0; en-US) AppleWebKit/534.10 (KHTML, like Gecko) Chrome/8.0.552.224 Safari/534.10"
184.154.7.186 - - [12/Jan/2011:14:02:50 -0500] "GET /robots.txt HTTP/1.0" 404 279 "-" "Mozilla/5.0 (compatible; MJ12bot/v1.3.3; http://www.majestic12.co.uk/bot.php?+)"
184.154.7.186 - - [12/Jan/2011:14:02:51 -0500] "GET /meek.htm HTTP/1.0" 404 277 "-" "Mozilla/5.0 (compatible; MJ12bot/v1.3.3; http://www.majestic12.co.uk/bot.php?+)"
2.96.113.209 - - [12/Jan/2011:14:03:12 -0500] "GET /calendar-clubs-and-orgs.htm HTTP/1.1" 304 - "-" "Mozilla/5.0 (Windows; U; Windows NT 6.0; en-US) AppleWebKit/534.10 (KHTML, like Gecko) Chrome/8.0.552.224 Safari/534.10"
2.96.113.209 - - [12/Jan/2011:14:03:12 -0500] "GET /design_styles.css HTTP/1.1" 404 298 "http://www.naples-usa.com/calendar-clubs-and-orgs.htm" "Mozilla/5.0 (Windows; U; Windows NT 6.0; en-US) AppleWebKit/534.10 (KHTML, like Gecko) Chrome/8.0.552.224 Safari/534.10"
2.96.113.209 - - [12/Jan/2011:14:03:12 -0500] "GET /dynamic_styles.css HTTP/1.1" 404 299 "http://www.naples-usa.com/calendar-clubs-and-orgs.htm" "Mozilla/5.0 (Windows; U; Windows NT 6.0; en-US) AppleWebKit/534.10 (KHTML, like Gecko) Chrome/8.0.552.224 Safari/534.10"
2.96.113.209 - - [12/Jan/2011:14:03:12 -0500] "GET /javascripts/address.js HTTP/1.1" 404 303 "http://www.naples-usa.com/calendar-clubs-and-orgs.htm" "Mozilla/5.0 (Windows; U; Windows NT 6.0; en-US) AppleWebKit/534.10 (KHTML, like Gecko) Chrome/8.0.552.224 Safari/534.10"
2.96.113.209 - - [12/Jan/2011:14:03:12 -0500] "GET /images/spacer.gif HTTP/1.1" 304 - "http://www.naples-usa.com/calendar-clubs-and-orgs.htm" "Mozilla/5.0 (Windows; U; Windows NT 6.0; en-US) AppleWebKit/534.10 (KHTML, like Gecko) Chrome/8.0.552.224 Safari/534.10"
2.96.113.209 - - [12/Jan/2011:14:03:12 -0500] "GET /favicon.ico HTTP/1.1" 404 292 "-" "Mozilla/5.0 (Windows; U; Windows NT 6.0; en-US) AppleWebKit/534.10 (KHTML, like Gecko) Chrome/8.0.552.224 Safari/534.10"
98.208.237.173 - - [12/Jan/2011:14:18:17 -0500] "GET /Vendors/index.html HTTP/1.1" 200 456837 "http://www.google.com/url?sa=t&source=web&cd=2&ved=0CB0QFjAB&url=http%3A%2F%2Fwww.naples-usa.com%2FVendors%2Findex.html&rct=j&q=sharon%20conte%20properties%20naples%20florida&ei=Z_4tTfO7O8T68AbK_fWsCQ&usg=AFQjCNGHJ1f1c5lyrg9yXr2ugzZj4PmYrg&sig2=i99_rRYUHwhkH36WXQaghg" "Mozilla/5.0 (Macintosh; U; Intel Mac OS X 10_6_6; en-us) AppleWebKit/533.19.4 (KHTML, like Gecko) Version/5.0.3 Safari/533.19.4"
98.208.237.173 - - [12/Jan/2011:14:18:17 -0500] "GET /favicon.ico HTTP/1.1" 404 292 "http://www.naples-usa.com/Vendors/index.html" "Mozilla/5.0 (Macintosh; U; Intel Mac OS X 10_6_6; en-us) AppleWebKit/533.19.4 (KHTML, like Gecko) Version/5.0.3 Safari/533.19.4"
157.55.16.231 - - [12/Jan/2011:14:18:49 -0500] "GET /robots.txt HTTP/1.1" 404 291 "-" "Mozilla/5.0 (compatible; bingbot/2.0; +http://www.bing.com/bingbot.htm)"
67.195.111.190 - - [12/Jan/2011:14:24:40 -0500] "GET /lost-birds.htm HTTP/1.0" 200 39667 "-" "Mozilla/5.0 (compatible; Yahoo! Slurp; http://help.yahoo.com/help/us/ysearch/slurp)"
157.55.16.231 - - [12/Jan/2011:14:29:53 -0500] "GET /naples-history.htm HTTP/1.1" 304 - "-" "Mozilla/5.0 (compatible; bingbot/2.0; +http://www.bing.com/bingbot.htm)"
67.195.111.190 - - [12/Jan/2011:14:36:58 -0500] "GET /TheProcacciGroup/naplesfloridarentals1copy.htm HTTP/1.0" 404 315 "-" "Mozilla/5.0 (compatible; Yahoo! Slurp; http://help.yahoo.com/help/us/ysearch/slurp)"
67.195.111.190 - - [12/Jan/2011:14:39:30 -0500] "GET /images_map/na23.htm HTTP/1.0" 404 288 "-" "Mozilla/5.0 (compatible; Yahoo! Slurp; http://help.yahoo.com/help/us/ysearch/slurp)"
193.47.80.45 - - [12/Jan/2011:14:43:33 -0500] "GET /robots.txt HTTP/1.1" 404 291 "-" "Mozilla/5.0 (compatible; Exabot/3.0; +http://www.exabot.com/go/robot)"
193.47.80.45 - - [12/Jan/2011:14:43:33 -0500] "GET /naples-florida-schools.htm HTTP/1.1" 304 - "-" "Mozilla/5.0 (compatible; Exabot/3.0; +http://www.exabot.com/go/robot)"
208.80.194.32 - - [12/Jan/2011:15:02:06 -0500] "GET /meek.htm HTTP/1.0" 404 277 "-" "Mozilla/4.0 (compatible; MSIE 6.0; Windows NT 5.1; SV1; FunWebProducts; .NET CLR 1.0.3705; Media Center PC 2.8; Hotbar 4.6.1)"
66.189.91.134 - - [12/Jan/2011:15:04:18 -0500] "GET /images/1_naples%20florida%20real%20estate_index.jpg HTTP/1.1" 200 24287 "http://www.google.com/imgres?imgurl=http://www.naples-usa.com/images/1_naples%2520florida%2520real%2520estate_index.jpg&imgrefurl=http://www.dolphinworld.net/wordpress/2008/02/19/naples-florida-dolphin-swim-tour/&usg=__qADXQoSKXq32YdNCGsSumn4G-8c=&h=256&w=375&sz=24&hl=en&start=0&zoom=1&tbnid=xiSSaf0OQrPq8M:&tbnh=167&tbnw=223&prev=/images%3Fq%3Dnaples%2Bflorida%26um%3D1%26hl%3Den%26safe%3Dactive%26biw%3D1023%26bih%3D474%26tbs%3Disch:1&um=1&itbs=1&iact=hc&vpx=508&vpy=192&dur=562&hovh=183&hovw=270&tx=175&ty=168&ei=LwkuTb27McKB8gb8yKCtCg&oei=LwkuTb27McKB8gb8yKCtCg&esq=1&page=1&ndsp=8&ved=1t:429,r:6,s:0" "Mozilla/5.0 (Macintosh; U; Intel Mac OS X 10_6_6; en-US) AppleWebKit/534.10 (KHTML, like Gecko) Chrome/8.0.552.231 Safari/534.10"
66.189.91.134 - - [12/Jan/2011:15:04:21 -0500] "GET /favicon.ico HTTP/1.1" 404 292 "-" "Mozilla/5.0 (Macintosh; U; Intel Mac OS X 10_6_6; en-US) AppleWebKit/534.10 (KHTML, like Gecko) Chrome/8.0.552.231 Safari/534.10"
184.205.231.101 - - [12/Jan/2011:15:06:00 -0500] "GET /images/1_naples%20florida%20real%20estate_index.jpg HTTP/1.1" 200 24287 "http://www.dolphinworld.net/wordpress/2008/02/19/naples-florida-dolphin-swim-tour/" "Mozilla/5.0 (Linux; U; Android 2.2.1; en-us; LS670 Build/FRG83) AppleWebKit/533.1 (KHTML, like Gecko) Version/4.0 Mobile Safari/533.1"
67.195.111.190 - - [12/Jan/2011:15:13:22 -0500] "GET /stock.htm HTTP/1.0" 404 278 "-" "Mozilla/5.0 (compatible; Yahoo! Slurp; http://help.yahoo.com/help/us/ysearch/slurp)"
67.195.111.190 - - [12/Jan/2011:15:15:42 -0500] "GET /TheProcacciGroup/4255_gulf-kitch.jpg.LCK HTTP/1.0" 404 309 "-" "Mozilla/5.0 (compatible; Yahoo! Slurp; http://help.yahoo.com/help/us/ysearch/slurp)"
67.195.111.190 - - [12/Jan/2011:15:28:18 -0500] "GET /naples-florida-important-phone-numbers.htm HTTP/1.0" 200 5449 "-" "Mozilla/5.0 (compatible; Yahoo! Slurp; http://help.yahoo.com/help/us/ysearch/slurp)"
67.70.28.102 - - [12/Jan/2011:15:31:07 -0500] "GET /naples-tennis.htm HTTP/1.1" 200 15285 "http://www.bing.com/search?go=Search&q=tennis%20programs%20in%20naples%20florida&form=CPNTLB" "Mozilla/4.0 (compatible; MSIE 8.0; Windows NT 6.0; WOW64; Trident/4.0; FunWebProducts; GTB6.6; SLCC1; .NET CLR 2.0.50727; Media Center PC 5.0; .NET CLR 3.5.30729; .NET CLR 3.0.30729; .NET4.0C)"
67.70.28.102 - - [12/Jan/2011:15:31:07 -0500] "GET /images/welcome_usa.gif HTTP/1.1" 200 7890 "http://naples-usa.com/naples-tennis.htm" "Mozilla/4.0 (compatible; MSIE 8.0; Windows NT 6.0; WOW64; Trident/4.0; FunWebProducts; GTB6.6; SLCC1; .NET CLR 2.0.50727; Media Center PC 5.0; .NET CLR 3.5.30729; .NET CLR 3.0.30729; .NET4.0C)"
67.70.28.102 - - [12/Jan/2011:15:31:07 -0500] "GET /images/florida_logo.gif HTTP/1.1" 200 1024 "http://naples-usa.com/naples-tennis.htm" "Mozilla/4.0 (compatible; MSIE 8.0; Windows NT 6.0; WOW64; Trident/4.0; FunWebProducts; GTB6.6; SLCC1; .NET CLR 2.0.50727; Media Center PC 5.0; .NET CLR 3.5.30729; .NET CLR 3.0.30729; .NET4.0C)"
67.70.28.102 - - [12/Jan/2011:15:31:07 -0500] "GET /images/return_arrow.gif HTTP/1.1" 200 220 "http://naples-usa.com/naples-tennis.htm" "Mozilla/4.0 (compatible; MSIE 8.0; Windows NT 6.0; WOW64; Trident/4.0; FunWebProducts; GTB6.6; SLCC1; .NET CLR 2.0.50727; Media Center PC 5.0; .NET CLR 3.5.30729; .NET CLR 3.0.30729; .NET4.0C)"
67.70.28.102 - - [12/Jan/2011:15:31:07 -0500] "GET /transparent.gif HTTP/1.1" 200 43 "http://naples-usa.com/naples-tennis.htm" "Mozilla/4.0 (compatible; MSIE 8.0; Windows NT 6.0; WOW64; Trident/4.0; FunWebProducts; GTB6.6; SLCC1; .NET CLR 2.0.50727; Media Center PC 5.0; .NET CLR 3.5.30729; .NET CLR 3.0.30729; .NET4.0C)"
67.70.28.102 - - [12/Jan/2011:15:31:07 -0500] "GET /favicon.ico HTTP/1.1" 404 292 "-" "Mozilla/4.0 (compatible; MSIE 8.0; Windows NT 6.0; WOW64; Trident/4.0; FunWebProducts; GTB6.6; SLCC1; .NET CLR 2.0.50727; Media Center PC 5.0; .NET CLR 3.5.30729; .NET CLR 3.0.30729; .NET4.0C)"
67.70.28.102 - - [12/Jan/2011:15:34:22 -0500] "GET /favicon.ico HTTP/1.1" 404 292 "-" "Mozilla/4.0 (compatible; MSIE 8.0; Windows NT 6.0; WOW64; Trident/4.0; FunWebProducts; GTB6.6; SLCC1; .NET CLR 2.0.50727; Media Center PC 5.0; .NET CLR 3.5.30729; .NET CLR 3.0.30729; .NET4.0C)"
66.249.71.187 - - [12/Jan/2011:15:35:42 -0500] "GET /robots.txt HTTP/1.1" 404 291 "-" "Mozilla/5.0 (compatible; Googlebot/2.1; +http://www.google.com/bot.html)"
66.249.71.187 - - [12/Jan/2011:15:35:42 -0500] "GET / HTTP/1.1" 304 - "-" "Mozilla/5.0 (compatible; Googlebot/2.1; +http://www.google.com/bot.html)"
65.52.49.140 - - [12/Jan/2011:15:49:40 -0500] "GET /robots.txt HTTP/1.1" 404 291 "-" "Mozilla/5.0 (compatible; bingbot/2.0; +http://www.bing.com/bingbot.htm)"
67.195.111.190 - - [12/Jan/2011:15:52:12 -0500] "GET /TheProcacciGroup/1425_mariposa-bed.jpg.LCK HTTP/1.0" 404 311 "-" "Mozilla/5.0 (compatible; Yahoo! Slurp; http://help.yahoo.com/help/us/ysearch/slurp)"
94.102.49.135 - - [12/Jan/2011:15:55:53 -0500] "GET /lost-birds.htm HTTP/1.0" 200 39667 "http://www.naples-usa.com/lost-birds.htm" "Mozilla/4.0 (compatible; MSIE 6.0; Windows NT 5.2; Win64; x64; SV1; .NET CLR 2.0.50727)"
166.137.143.89 - - [12/Jan/2011:15:56:04 -0500] "GET /Logos/winner_250.jpg HTTP/1.1" 200 6408 "-" "Mozilla/5.0 (iPhone; U; CPU iPhone OS 4_2_1 like Mac OS X; en-us) AppleWebKit/533.17.9 (KHTML, like Gecko)"
166.137.143.89 - - [12/Jan/2011:15:56:04 -0500] "GET /Logos/winner_250.jpg HTTP/1.1" 200 6408 "-" "Mozilla/5.0 (iPhone; U; CPU iPhone OS 4_2_1 like Mac OS X; en-us) AppleWebKit/533.17.9 (KHTML, like Gecko)"
166.137.143.89 - - [12/Jan/2011:15:56:04 -0500] "GET /Logos/1_df-72dpi-476x57pix-banner.jpg HTTP/1.1" 200 9733 "-" "Mozilla/5.0 (iPhone; U; CPU iPhone OS 4_2_1 like Mac OS X; en-us) AppleWebKit/533.17.9 (KHTML, like Gecko)"
166.137.143.89 - - [12/Jan/2011:15:56:04 -0500] "GET /Logos/1_df-72dpi-476x57pix-banner.jpg HTTP/1.1" 200 9733 "-" "Mozilla/5.0 (iPhone; U; CPU iPhone OS 4_2_1 like Mac OS X; en-us) AppleWebKit/533.17.9 (KHTML, like Gecko)"
98.102.164.226 - - [12/Jan/2011:16:00:05 -0500] "GET /images/1_naples%20florida%20real%20estate_index.jpg HTTP/1.1" 200 24287 "http://www.google.com/imgres?imgurl=http://www.naples-usa.com/images/1_naples%2520florida%2520real%2520estate_index.jpg&imgrefurl=http://www.dolphinworld.net/wordpress/2008/02/19/naples-florida-dolphin-swim-tour/&usg=__qADXQoSKXq32YdNCGsSumn4G-8c=&h=256&w=375&sz=24&hl=en&start=7&zoom=1&um=1&itbs=1&tbnid=xiSSaf0OQrPq8M:&tbnh=83&tbnw=122&prev=/images%3Fq%3Dnaples%2Bflorida%26um%3D1%26hl%3Den%26safe%3Doff%26sa%3DN%26tbs%3Disch:1" "Mozilla/4.0 (compatible; MSIE 7.0; Windows NT 5.1; .NET CLR 1.1.4322; .NET CLR 2.0.50727; .NET CLR 3.0.04506.30; MDDR)"
98.102.164.226 - - [12/Jan/2011:16:00:05 -0500] "GET /favicon.ico HTTP/1.1" 404 292 "-" "Mozilla/4.0 (compatible; MSIE 7.0; Windows NT 5.1; .NET CLR 1.1.4322; .NET CLR 2.0.50727; .NET CLR 3.0.04506.30; MDDR)"
198.203.181.181 - - [12/Jan/2011:16:00:28 -0500] "GET /images/1_naples%20florida%20real%20estate_index.jpg HTTP/1.1" 200 24287 "http://www.dolphinworld.net/wordpress/2008/02/19/naples-florida-dolphin-swim-tour/" "Mozilla/4.0 (compatible; MSIE 6.0; Windows NT 5.1; SV1; .NET CLR 1.1.4322; .NET CLR 2.0.50727; .NET CLR 3.0.4506.2152; .NET CLR 3.5.30729; InfoPath.1)"
166.137.143.89 - - [12/Jan/2011:16:07:01 -0500] "GET /Logos/winner_250.jpg HTTP/1.1" 200 6408 "-" "Mozilla/5.0 (iPhone; U; CPU iPhone OS 4_2_1 like Mac OS X; en-us) AppleWebKit/533.17.9 (KHTML, like Gecko)"
166.137.143.89 - - [12/Jan/2011:16:07:01 -0500] "GET /Logos/1_df-72dpi-476x57pix-banner.jpg HTTP/1.1" 200 9733 "-" "Mozilla/5.0 (iPhone; U; CPU iPhone OS 4_2_1 like Mac OS X; en-us) AppleWebKit/533.17.9 (KHTML, like Gecko)"
65.52.49.140 - - [12/Jan/2011:16:28:28 -0500] "GET /robots.txt HTTP/1.1" 404 291 "-" "Mozilla/5.0 (compatible; bingbot/2.0; +http://www.bing.com/bingbot.htm)"
124.115.0.14 - - [12/Jan/2011:16:54:57 -0500] "GET / HTTP/1.1" 200 11305 "-" "Sosospider+(+http://help.soso.com/webspider.htm)"
67.195.111.190 - - [12/Jan/2011:17:07:38 -0500] "GET /TheProcacciGroup/15560_marcello-view.jpg.LCK HTTP/1.0" 404 313 "-" "Mozilla/5.0 (compatible; Yahoo! Slurp; http://help.yahoo.com/help/us/ysearch/slurp)"
129.61.46.16 - - [12/Jan/2011:17:19:09 -0500] "GET /florida-homestead-exemption.htm HTTP/1.1" 200 14191 "http://www.bing.com/search?q=Check+Letter+confirming+residency+for+Florida+Homestead+exemption+&src=IE-SearchBox" "Mozilla/4.0 (compatible; MSIE 7.0; Windows NT 6.0; SLCC1; .NET CLR 2.0.50727; .NET CLR 3.0.30729; .NET CLR 3.5.30729; InfoPath.2)"
129.61.46.16 - - [12/Jan/2011:17:19:09 -0500] "GET /images/welcome_usa.gif HTTP/1.1" 200 7890 "-" "Mozilla/4.0 (compatible;)"
129.61.46.16 - - [12/Jan/2011:17:19:09 -0500] "GET /images/florida_logo.gif HTTP/1.1" 200 1024 "-" "Mozilla/4.0 (compatible;)"
129.61.46.16 - - [12/Jan/2011:17:19:09 -0500] "GET /images/z_spacer_20.gif HTTP/1.1" 200 56 "-" "Mozilla/4.0 (compatible;)"
129.61.46.16 - - [12/Jan/2011:17:19:10 -0500] "GET /transparent.gif HTTP/1.1" 200 43 "-" "Mozilla/4.0 (compatible;)"
98.238.66.62 - - [12/Jan/2011:17:28:32 -0500] "GET /Logos/winner_250.jpg HTTP/1.1" 200 6408 "-" "Mozilla/4.0 (compatible; MSIE 7.0; Windows NT 5.1; Trident/4.0; GTB6.6; .NET CLR 1.1.4322)"
98.238.66.62 - - [12/Jan/2011:17:28:32 -0500] "GET /Logos/1_df-72dpi-476x57pix-banner.jpg HTTP/1.1" 200 9733 "-" "Mozilla/4.0 (compatible; MSIE 7.0; Windows NT 5.1; Trident/4.0; GTB6.6; .NET CLR 1.1.4322)"
98.238.74.84 - - [12/Jan/2011:17:29:37 -0500] "GET /naples-weather.htm HTTP/1.1" 200 16725 "http://www.google.com/search?q=Annual+Average+Temperature++Naples+Florida&rls=com.microsoft:en-us:IE-SearchBox&ie=UTF-8&oe=UTF-8&sourceid=ie7&rlz=1I7GGLD_en" "Mozilla/4.0 (compatible; MSIE 7.0; Windows NT 5.1; (R1 1.5))"
98.238.74.84 - - [12/Jan/2011:17:29:37 -0500] "GET /images/welcome_usa.gif HTTP/1.1" 200 7890 "http://www.naples-usa.com/naples-weather.htm" "Mozilla/4.0 (compatible; MSIE 7.0; Windows NT 5.1; (R1 1.5))"
98.238.74.84 - - [12/Jan/2011:17:29:37 -0500] "GET /images/florida_logo.gif HTTP/1.1" 200 1024 "http://www.naples-usa.com/naples-weather.htm" "Mozilla/4.0 (compatible; MSIE 7.0; Windows NT 5.1; (R1 1.5))"
98.238.74.84 - - [12/Jan/2011:17:29:37 -0500] "GET /transparent.gif HTTP/1.1" 200 43 "http://www.naples-usa.com/naples-weather.htm" "Mozilla/4.0 (compatible; MSIE 7.0; Windows NT 5.1; (R1 1.5))"
98.238.74.84 - - [12/Jan/2011:17:29:37 -0500] "GET /favicon.ico HTTP/1.1" 404 292 "-" "Mozilla/4.0 (compatible; MSIE 7.0; Windows NT 5.1; (R1 1.5))"
76.109.122.192 - - [12/Jan/2011:17:38:51 -0500] "GET /Logos/winner_250.jpg HTTP/1.1" 200 6408 "-" "Mozilla/5.0 (iPhone; U; CPU iPhone OS 3_1_2 like Mac OS X; en-us) AppleWebKit/528.18 (KHTML, like Gecko)"
76.109.122.192 - - [12/Jan/2011:17:38:51 -0500] "GET /Logos/1_df-72dpi-476x57pix-banner.jpg HTTP/1.1" 200 9733 "-" "Mozilla/5.0 (iPhone; U; CPU iPhone OS 3_1_2 like Mac OS X; en-us) AppleWebKit/528.18 (KHTML, like Gecko)"
98.238.21.65 - - [12/Jan/2011:17:41:37 -0500] "GET /Vendors/DF_instructions.htm HTTP/1.1" 200 3498 "http://search.yahoo.com/search;_ylt=ArszGfjxATWTj9RKG843mBibvZx4?p=downing-fryeshowcase&toggle=1&cop=mss&ei=UTF-8&fr=yfp-t-701" "Mozilla/4.0 (compatible; MSIE 8.0; Windows NT 6.1; WOW64; Trident/4.0; SLCC2; .NET CLR 2.0.50727; .NET CLR 3.5.30729; .NET CLR 3.0.30729; Media Center PC 6.0; MDDC; .NET4.0C)"
98.238.21.65 - - [12/Jan/2011:17:41:38 -0500] "GET /favicon.ico HTTP/1.1" 404 292 "-" "Mozilla/4.0 (compatible; MSIE 8.0; Windows NT 6.1; WOW64; Trident/4.0; SLCC2; .NET CLR 2.0.50727; .NET CLR 3.5.30729; .NET CLR 3.0.30729; Media Center PC 6.0; MDDC; .NET4.0C)"
98.238.68.107 - - [12/Jan/2011:17:42:24 -0500] "GET /Logos/winner_250.jpg HTTP/1.1" 200 6408 "-" "Mozilla/5.0 (Macintosh; U; Intel Mac OS X 10_5_8; en-us) AppleWebKit/533.19.4 (KHTML, like Gecko) Version/5.0.3 Safari/533.19.4"
98.238.68.107 - - [12/Jan/2011:17:42:24 -0500] "GET /Logos/1_df-72dpi-476x57pix-banner.jpg HTTP/1.1" 200 9733 "-" "Mozilla/5.0 (Macintosh; U; Intel Mac OS X 10_5_8; en-us) AppleWebKit/533.19.4 (KHTML, like Gecko) Version/5.0.3 Safari/533.19.4"
38.108.67.15 - - [12/Jan/2011:17:44:31 -0500] "GET /robots.txt HTTP/1.0" 404 279 "-" "SBIder/Nutch-1.0-dev (http://www.sitesell.com/sbider.html)"
38.108.67.15 - - [12/Jan/2011:17:44:31 -0500] "GET /reports_for-buyers.htm HTTP/1.0" 404 291 "-" "SBIder/Nutch-1.0-dev (http://www.sitesell.com/sbider.html)"
95.108.217.252 - - [12/Jan/2011:17:48:32 -0500] "GET / HTTP/1.1" 200 11305 "-" "Mozilla/5.0 (compatible; YandexBot/3.0; +http://yandex.com/bots)"
91.96.18.27 - - [12/Jan/2011:17:50:28 -0500] "GET /images/1_naples%20florida%20real%20estate_index.jpg HTTP/1.1" 200 12280 "http://www.dolphinworld.net/wordpress/2008/02/19/naples-florida-dolphin-swim-tour/" "Mozilla/4.0 (compatible; MSIE 8.0; Windows NT 6.1; Trident/4.0; GTB6.6; SLCC2; .NET CLR 2.0.50727; .NET CLR 3.5.30729; .NET CLR 3.0.30729; Media Center PC 6.0; Tablet PC 2.0; MAMD; .NET4.0C; InfoPath.2)"
91.96.18.27 - - [12/Jan/2011:17:50:29 -0500] "GET /images/1_naples%20florida%20real%20estate_index.jpg HTTP/1.1" 200 24287 "http://www.google.de/imgres?imgurl=http://www.naples-usa.com/images/1_naples%2520florida%2520real%2520estate_index.jpg&imgrefurl=http://www.dolphinworld.net/wordpress/2008/02/19/naples-florida-dolphin-swim-tour/&usg=__qADXQoSKXq32YdNCGsSumn4G-8c=&h=256&w=375&sz=24&hl=de&start=5&zoom=1&um=1&itbs=1&tbnid=xiSSaf0OQrPq8M:&tbnh=83&tbnw=122&prev=/images%3Fq%3Dbilder%2Bnaples%2Bflorida%26um%3D1%26hl%3Dde%26sa%3DX%26rlz%3D1T4ADRA_deDE414%26tbs%3Disch:1" "Mozilla/4.0 (compatible; MSIE 8.0; Windows NT 6.1; Trident/4.0; GTB6.6; SLCC2; .NET CLR 2.0.50727; .NET CLR 3.5.30729; .NET CLR 3.0.30729; Media Center PC 6.0; Tablet PC 2.0; MAMD; .NET4.0C; InfoPath.2)"
91.96.18.27 - - [12/Jan/2011:17:50:30 -0500] "GET /favicon.ico HTTP/1.1" 404 292 "-" "Mozilla/4.0 (compatible; MSIE 8.0; Windows NT 6.1; Trident/4.0; GTB6.6; SLCC2; .NET CLR 2.0.50727; .NET CLR 3.5.30729; .NET CLR 3.0.30729; Media Center PC 6.0; Tablet PC 2.0; MAMD; .NET4.0C; InfoPath.2)"
98.238.68.221 - - [12/Jan/2011:17:54:52 -0500] "GET /Logos/winner_250.jpg HTTP/1.1" 200 6408 "http://us.mc1807.mail.yahoo.com/mc/welcome?.partner=sbc&.gx=1&.tm=1294857309&.rand=6t6fqb4ige6j0" "Mozilla/5.0 (Macintosh; U; Intel Mac OS X 10_6_6; en-us) AppleWebKit/533.19.4 (KHTML, like Gecko) Version/5.0.3 Safari/533.19.4"
98.238.68.221 - - [12/Jan/2011:17:54:52 -0500] "GET /Logos/1_df-72dpi-476x57pix-banner.jpg HTTP/1.1" 200 9733 "http://us.mc1807.mail.yahoo.com/mc/welcome?.partner=sbc&.gx=1&.tm=1294857309&.rand=6t6fqb4ige6j0" "Mozilla/5.0 (Macintosh; U; Intel Mac OS X 10_6_6; en-us) AppleWebKit/533.19.4 (KHTML, like Gecko) Version/5.0.3 Safari/533.19.4"
38.108.67.15 - - [12/Jan/2011:17:57:29 -0500] "GET /haas.htm HTTP/1.0" 404 277 "-" "SBIder/Nutch-1.0-dev (http://www.sitesell.com/sbider.html)"
67.195.111.190 - - [12/Jan/2011:18:16:07 -0500] "GET /lyons.htm HTTP/1.0" 404 278 "-" "Mozilla/5.0 (compatible; Yahoo! Slurp; http://help.yahoo.com/help/us/ysearch/slurp)"
38.108.67.15 - - [12/Jan/2011:18:21:03 -0500] "GET /romano/testimonials.htm HTTP/1.0" 404 292 "-" "SBIder/Nutch-1.0-dev (http://www.sitesell.com/sbider.html)"
38.108.67.15 - - [12/Jan/2011:18:31:01 -0500] "GET /boat_docks.htm HTTP/1.0" 404 283 "-" "SBIder/Nutch-1.0-dev (http://www.sitesell.com/sbider.html)"
207.46.12.239 - - [12/Jan/2011:18:33:15 -0500] "GET /robots.txt HTTP/1.1" 404 291 "-" "Mozilla/5.0 (compatible; bingbot/2.0; +http://www.bing.com/bingbot.htm)"
207.46.12.239 - - [12/Jan/2011:18:39:53 -0500] "GET /TheProcacciGroup/naplesfloridarentals4copy.htm HTTP/1.1" 404 327 "-" "Mozilla/5.0 (compatible; bingbot/2.0; +http://www.bing.com/bingbot.htm)"
38.108.67.15 - - [12/Jan/2011:18:40:30 -0500] "GET /homestead.htm HTTP/1.0" 404 282 "-" "SBIder/Nutch-1.0-dev (http://www.sitesell.com/sbider.html)"
38.108.67.15 - - [12/Jan/2011:18:41:34 -0500] "GET /reports_for-sellers.htm HTTP/1.0" 404 292 "-" "SBIder/Nutch-1.0-dev (http://www.sitesell.com/sbider.html)"
98.238.66.62 - - [12/Jan/2011:19:00:41 -0500] "GET /Logos/1_df-72dpi-476x57pix-banner.jpg HTTP/1.1" 200 9733 "-" "Mozilla/4.0 (compatible; MSIE 7.0; Windows NT 5.1; Trident/4.0; GTB6.6; .NET CLR 1.1.4322)"
98.238.66.62 - - [12/Jan/2011:19:00:41 -0500] "GET /Logos/winner_250.jpg HTTP/1.1" 200 6408 "-" "Mozilla/4.0 (compatible; MSIE 7.0; Windows NT 5.1; Trident/4.0; GTB6.6; .NET CLR 1.1.4322)"
95.108.217.252 - - [12/Jan/2011:19:06:24 -0500] "GET /index.html HTTP/1.1" 200 11305 "-" "Mozilla/5.0 (compatible; YandexBot/3.0; +http://yandex.com/bots)"
68.36.152.142 - - [12/Jan/2011:19:19:47 -0500] "GET /images/1_naples%20florida%20real%20estate_index.jpg HTTP/1.1" 200 24287 "http://www.google.com/imgres?imgurl=http://www.naples-usa.com/images/1_naples%2520florida%2520real%2520estate_index.jpg&imgrefurl=http://www.dolphinworld.net/wordpress/2008/02/19/naples-florida-dolphin-swim-tour/&usg=__qADXQoSKXq32YdNCGsSumn4G-8c=&h=256&w=375&sz=24&hl=en&start=0&zoom=1&tbnid=xiSSaf0OQrPq8M:&tbnh=161&tbnw=219&prev=/images%3Fq%3Dnaples%2Bflorida%26um%3D1%26hl%3Den%26sa%3DX%26biw%3D1351%26bih%3D861%26tbs%3Disch:1&um=1&itbs=1&iact=hc&vpx=369&vpy=313&dur=204&hovh=185&hovw=272&tx=130&ty=83&ei=FkUuTfLGEoSKlwe0mY2qCQ&oei=FkUuTfLGEoSKlwe0mY2qCQ&esq=1&page=1&ndsp=20&ved=1t:429,r:6,s:0" "Mozilla/5.0 (Macintosh; U; Intel Mac OS X 10_6_4; en-us) AppleWebKit/533.16 (KHTML, like Gecko) Version/5.0 Safari/533.16"
76.101.116.106 - - [12/Jan/2011:19:31:19 -0500] "GET /design_styles.css HTTP/1.1" 404 298 "http://www.naples-usa.com/calendar-clubs-and-orgs.htm" "Mozilla/4.0 (compatible; MSIE 8.0; Windows NT 6.1; WOW64; Trident/4.0; SLCC2; .NET CLR 2.0.50727; .NET CLR 3.5.30729; .NET CLR 3.0.30729; Media Center PC 6.0; MDDC)"
76.101.116.106 - - [12/Jan/2011:19:31:19 -0500] "GET /images/spacer.gif HTTP/1.1" 200 43 "http://www.naples-usa.com/calendar-clubs-and-orgs.htm" "Mozilla/4.0 (compatible; MSIE 8.0; Windows NT 6.1; WOW64; Trident/4.0; SLCC2; .NET CLR 2.0.50727; .NET CLR 3.5.30729; .NET CLR 3.0.30729; Media Center PC 6.0; MDDC)"
76.101.116.106 - - [12/Jan/2011:19:31:19 -0500] "GET /dynamic_styles.css HTTP/1.1" 404 299 "http://www.naples-usa.com/calendar-clubs-and-orgs.htm" "Mozilla/4.0 (compatible; MSIE 8.0; Windows NT 6.1; WOW64; Trident/4.0; SLCC2; .NET CLR 2.0.50727; .NET CLR 3.5.30729; .NET CLR 3.0.30729; Media Center PC 6.0; MDDC)"
76.101.116.106 - - [12/Jan/2011:19:31:19 -0500] "GET /calendar-clubs-and-orgs.htm HTTP/1.1" 200 27411 "http://www.google.com/url?sa=t&source=web&cd=11&sqi=2&ved=0CHEQFjAK&url=http%3A%2F%2Fwww.naples-usa.com%2Fcalendar-clubs-and-orgs.htm&rct=j&q=Weight%20watchers%20meeting%20in%20Naples%2C%20FL%20area&ei=nEcuTcOrLoO88ga36NCjCQ&usg=AFQjCNF5hj0VDtbQBKLLe18gbK8kW0wNOA&sig2=9DtSK6u1jogdiI0LfHlIZg" "Mozilla/4.0 (compatible; MSIE 8.0; Windows NT 6.1; WOW64; Trident/4.0; SLCC2; .NET CLR 2.0.50727; .NET CLR 3.5.30729; .NET CLR 3.0.30729; Media Center PC 6.0; MDDC)"
76.101.116.106 - - [12/Jan/2011:19:31:19 -0500] "GET /javascripts/address.js HTTP/1.1" 404 303 "http://www.naples-usa.com/calendar-clubs-and-orgs.htm" "Mozilla/4.0 (compatible; MSIE 8.0; Windows NT 6.1; WOW64; Trident/4.0; SLCC2; .NET CLR 2.0.50727; .NET CLR 3.5.30729; .NET CLR 3.0.30729; Media Center PC 6.0; MDDC)"
76.101.116.106 - - [12/Jan/2011:19:31:19 -0500] "GET /favicon.ico HTTP/1.1" 404 292 "-" "Mozilla/4.0 (compatible; MSIE 8.0; Windows NT 6.1; WOW64; Trident/4.0; SLCC2; .NET CLR 2.0.50727; .NET CLR 3.5.30729; .NET CLR 3.0.30729; Media Center PC 6.0; MDDC)"
69.139.57.189 - - [12/Jan/2011:19:44:54 -0500] "GET /Logos/1_df-72dpi-250x30pix-banner.jpg HTTP/1.1" 304 - "http://sn115w.snt115.mail.live.com/mail/RteFrame.html?v=15.4.0342.1206&pf=pf" "Mozilla/4.0 (compatible; MSIE 7.0; Windows NT 5.1; Trident/4.0; .NET CLR 1.1.4322; SeekmoToolbar 4.8.4; WinNT-PAI 05.08.2009)"
38.108.67.15 - - [12/Jan/2011:20:06:02 -0500] "GET /golf.htm HTTP/1.0" 404 277 "-" "SBIder/Nutch-1.0-dev (http://www.sitesell.com/sbider.html)"
95.108.217.252 - - [12/Jan/2011:20:08:35 -0500] "GET /naples-weather.htm HTTP/1.1" 304 - "-" "Mozilla/5.0 (compatible; YandexBot/3.0; +http://yandex.com/bots)"
99.140.207.52 - - [12/Jan/2011:20:10:59 -0500] "GET /naples-boatcondos.htm HTTP/1.1" 200 11908 "http://search.yahoo.com/search?p=naples+boat+condos&ei=UTF-8&fr=moz35" "Mozilla/5.0 (Windows; U; Windows NT 6.0; en-US; rv:1.9.2.13) Gecko/20101203 Firefox/3.6.13 GTB7.1 (.NET CLR 3.5.30729)"
99.140.207.52 - - [12/Jan/2011:20:10:59 -0500] "GET /images/welcome_usa.gif HTTP/1.1" 200 7890 "http://naples-usa.com/naples-boatcondos.htm" "Mozilla/5.0 (Windows; U; Windows NT 6.0; en-US; rv:1.9.2.13) Gecko/20101203 Firefox/3.6.13 GTB7.1 (.NET CLR 3.5.30729)"
99.140.207.52 - - [12/Jan/2011:20:10:59 -0500] "GET /images/florida_logo.gif HTTP/1.1" 200 1024 "http://naples-usa.com/naples-boatcondos.htm" "Mozilla/5.0 (Windows; U; Windows NT 6.0; en-US; rv:1.9.2.13) Gecko/20101203 Firefox/3.6.13 GTB7.1 (.NET CLR 3.5.30729)"
99.140.207.52 - - [12/Jan/2011:20:10:59 -0500] "GET /transparent.gif HTTP/1.1" 200 43 "http://naples-usa.com/naples-boatcondos.htm" "Mozilla/5.0 (Windows; U; Windows NT 6.0; en-US; rv:1.9.2.13) Gecko/20101203 Firefox/3.6.13 GTB7.1 (.NET CLR 3.5.30729)"
99.140.207.52 - - [12/Jan/2011:20:10:59 -0500] "GET /images/fish.gif HTTP/1.1" 200 1968 "http://naples-usa.com/naples-boatcondos.htm" "Mozilla/5.0 (Windows; U; Windows NT 6.0; en-US; rv:1.9.2.13) Gecko/20101203 Firefox/3.6.13 GTB7.1 (.NET CLR 3.5.30729)"
99.140.207.52 - - [12/Jan/2011:20:10:59 -0500] "GET /favicon.ico HTTP/1.1" 404 292 "-" "Mozilla/5.0 (Windows; U; Windows NT 6.0; en-US; rv:1.9.2.13) Gecko/20101203 Firefox/3.6.13 GTB7.1 (.NET CLR 3.5.30729)"
99.140.207.52 - - [12/Jan/2011:20:11:02 -0500] "GET /favicon.ico HTTP/1.1" 404 292 "-" "Mozilla/5.0 (Windows; U; Windows NT 6.0; en-US; rv:1.9.2.13) Gecko/20101203 Firefox/3.6.13 GTB7.1 (.NET CLR 3.5.30729)"
76.109.122.192 - - [12/Jan/2011:20:28:31 -0500] "GET /Logos/winner_250.jpg HTTP/1.1" 304 - "http://email02.secureserver.net/webmail.php?login=1" "Mozilla/4.0 (compatible; MSIE 8.0; Windows NT 6.1; WOW64; Trident/4.0; GTB6.6; SLCC2; .NET CLR 2.0.50727; .NET CLR 3.5.30729; .NET CLR 3.0.30729; Media Center PC 6.0; MDDC; .NET4.0C; BRI/1)"
76.109.122.192 - - [12/Jan/2011:20:28:31 -0500] "GET /Logos/1_df-72dpi-476x57pix-banner.jpg HTTP/1.1" 304 - "http://email02.secureserver.net/webmail.php?login=1" "Mozilla/4.0 (compatible; MSIE 8.0; Windows NT 6.1; WOW64; Trident/4.0; GTB6.6; SLCC2; .NET CLR 2.0.50727; .NET CLR 3.5.30729; .NET CLR 3.0.30729; Media Center PC 6.0; MDDC; .NET4.0C; BRI/1)"
38.108.67.15 - - [12/Jan/2011:20:28:55 -0500] "GET /weather.htm HTTP/1.0" 404 280 "-" "SBIder/Nutch-1.0-dev (http://www.sitesell.com/sbider.html)"
38.108.67.15 - - [12/Jan/2011:20:32:46 -0500] "GET /lost-pets.htm HTTP/1.0" 404 282 "-" "SBIder/Nutch-1.0-dev (http://www.sitesell.com/sbider.html)"
38.108.67.15 - - [12/Jan/2011:20:37:11 -0500] "GET /blaine/naples-rentals.htm HTTP/1.0" 404 294 "-" "SBIder/Nutch-1.0-dev (http://www.sitesell.com/sbider.html)"
38.108.67.15 - - [12/Jan/2011:21:17:03 -0500] "GET /home-improvement-naples-florida.htm HTTP/1.0" 404 304 "-" "SBIder/Nutch-1.0-dev (http://www.sitesell.com/sbider.html)"
207.46.13.86 - - [12/Jan/2011:21:26:25 -0500] "GET /robots.txt HTTP/1.1" 404 291 "-" "Mozilla/5.0 (compatible; bingbot/2.0; +http://www.bing.com/bingbot.htm)"
95.108.217.252 - - [12/Jan/2011:21:29:30 -0500] "GET /florida-homestead-exemption.htm HTTP/1.1" 304 - "-" "Mozilla/5.0 (compatible; YandexBot/3.0; +http://yandex.com/bots)"
99.73.176.42 - - [12/Jan/2011:21:34:25 -0500] "GET /naples-boating.htm HTTP/1.1" 200 14280 "http://www.google.com/url?sa=t&source=web&cd=2&ved=0CBoQFjAB&url=http%3A%2F%2Fwww.naples-usa.com%2Fnaples-boating.htm&rct=j&q=gordon%20pass%20problems&ei=p2QuTe2tCsGp8AaeodjjCQ&usg=AFQjCNHcpuseJn7PVUqmU6JqO6EqVr2lFg&sig2=vYHhtmk_90JaXN_naWHFuQ" "Mozilla/5.0 (Windows; U; Windows NT 6.1; en-US; rv:1.9.2.13) Gecko/20101203 Firefox/3.6.13"
99.73.176.42 - - [12/Jan/2011:21:34:25 -0500] "GET /images/welcome_usa.gif HTTP/1.1" 200 7890 "http://www.naples-usa.com/naples-boating.htm" "Mozilla/5.0 (Windows; U; Windows NT 6.1; en-US; rv:1.9.2.13) Gecko/20101203 Firefox/3.6.13"
99.73.176.42 - - [12/Jan/2011:21:34:26 -0500] "GET /images/florida_logo.gif HTTP/1.1" 200 1024 "http://www.naples-usa.com/naples-boating.htm" "Mozilla/5.0 (Windows; U; Windows NT 6.1; en-US; rv:1.9.2.13) Gecko/20101203 Firefox/3.6.13"
99.73.176.42 - - [12/Jan/2011:21:34:26 -0500] "GET /images/z_boating.jpg HTTP/1.1" 200 6255 "http://www.naples-usa.com/naples-boating.htm" "Mozilla/5.0 (Windows; U; Windows NT 6.1; en-US; rv:1.9.2.13) Gecko/20101203 Firefox/3.6.13"
99.73.176.42 - - [12/Jan/2011:21:34:26 -0500] "GET /transparent.gif HTTP/1.1" 200 43 "http://www.naples-usa.com/naples-boating.htm" "Mozilla/5.0 (Windows; U; Windows NT 6.1; en-US; rv:1.9.2.13) Gecko/20101203 Firefox/3.6.13"
99.73.176.42 - - [12/Jan/2011:21:34:26 -0500] "GET /favicon.ico HTTP/1.1" 404 292 "-" "Mozilla/5.0 (Windows; U; Windows NT 6.1; en-US; rv:1.9.2.13) Gecko/20101203 Firefox/3.6.13"
99.73.176.42 - - [12/Jan/2011:21:34:26 -0500] "GET /favicon.ico HTTP/1.1" 404 292 "-" "Mozilla/5.0 (Windows; U; Windows NT 6.1; en-US; rv:1.9.2.13) Gecko/20101203 Firefox/3.6.13"
99.73.176.42 - - [12/Jan/2011:21:34:29 -0500] "GET /favicon.ico HTTP/1.1" 404 292 "-" "Mozilla/5.0 (Windows; U; Windows NT 6.1; en-US; rv:1.9.2.13) Gecko/20101203 Firefox/3.6.13"
207.46.13.86 - - [12/Jan/2011:21:36:53 -0500] "GET /lostpets.html HTTP/1.1" 304 - "-" "Mozilla/5.0 (compatible; bingbot/2.0; +http://www.bing.com/bingbot.htm)"
65.52.108.14 - - [12/Jan/2011:21:52:55 -0500] "GET /robots.txt HTTP/1.1" 404 291 "-" "Mozilla/5.0 (compatible; bingbot/2.0; +http://www.bing.com/bingbot.htm)"
188.165.226.104 - - [12/Jan/2011:22:02:19 -0500] "GET /robots.txt HTTP/1.0" 404 279 "-" "Mozilla/5.0 (compatible; MJ12bot/v1.3.3; http://www.majestic12.co.uk/bot.php?+)"
188.165.226.104 - - [12/Jan/2011:22:02:20 -0500] "GET /molhoek.htm HTTP/1.0" 200 8161 "-" "Mozilla/5.0 (compatible; MJ12bot/v1.3.3; http://www.majestic12.co.uk/bot.php?+)"
95.108.150.235 - - [12/Jan/2011:22:03:39 -0500] "GET /robots.txt HTTP/1.1" 404 291 "-" "Mozilla/5.0 (compatible; YandexBot/3.0; MirrorDetector; +http://yandex.com/bots)"
95.108.150.235 - - [12/Jan/2011:22:03:39 -0500] "GET /robots.txt HTTP/1.1" 404 291 "-" "Mozilla/5.0 (compatible; YandexBot/3.0; MirrorDetector; +http://yandex.com/bots)"
95.108.150.235 - - [12/Jan/2011:22:03:40 -0500] "GET / HTTP/1.1" 200 11305 "-" "Mozilla/5.0 (compatible; YandexBot/3.0; MirrorDetector; +http://yandex.com/bots)"
95.108.150.235 - - [12/Jan/2011:22:03:40 -0500] "GET / HTTP/1.1" 200 11305 "-" "Mozilla/5.0 (compatible; YandexBot/3.0; MirrorDetector; +http://yandex.com/bots)"
95.108.150.235 - - [12/Jan/2011:22:03:41 -0500] "GET / HTTP/1.1" 200 11305 "-" "Mozilla/5.0 (compatible; YandexBot/3.0; MirrorDetector; +http://yandex.com/bots)"
95.108.150.235 - - [12/Jan/2011:22:03:41 -0500] "GET / HTTP/1.1" 200 11305 "-" "Mozilla/5.0 (compatible; YandexBot/3.0; MirrorDetector; +http://yandex.com/bots)"
65.52.108.14 - - [12/Jan/2011:22:08:55 -0500] "GET /bauer.htm HTTP/1.1" 404 290 "-" "Mozilla/5.0 (compatible; bingbot/2.0; +http://www.bing.com/bingbot.htm)"
38.108.67.15 - - [12/Jan/2011:22:41:39 -0500] "GET /tennis.htm HTTP/1.0" 404 279 "-" "SBIder/Nutch-1.0-dev (http://www.sitesell.com/sbider.html)"
38.108.67.15 - - [12/Jan/2011:22:47:09 -0500] "GET /naples-tennis-public.htm HTTP/1.0" 404 293 "-" "SBIder/Nutch-1.0-dev (http://www.sitesell.com/sbider.html)"
95.108.217.252 - - [12/Jan/2011:22:48:23 -0500] "GET /naples-florida-facts.htm HTTP/1.1" 304 - "-" "Mozilla/5.0 (compatible; YandexBot/3.0; +http://yandex.com/bots)"
76.203.6.161 - - [12/Jan/2011:22:56:06 -0500] "GET /images/1_naples%20florida%20real%20estate_index.jpg HTTP/1.1" 200 24287 "http://www.google.com/imgres?imgurl=http://www.naples-usa.com/images/1_naples%2520florida%2520real%2520estate_index.jpg&imgrefurl=http://www.dolphinworld.net/wordpress/2008/02/19/naples-florida-dolphin-swim-tour/&usg=__qADXQoSKXq32YdNCGsSumn4G-8c=&h=256&w=375&sz=24&hl=en&start=0&sig2=YSdT0t2IoKcREOp-JclgUA&zoom=1&tbnid=xiSSaf0OQrPq8M:&tbnh=136&tbnw=203&ei=zXcuTbnHOYbMgQeo04GzDA&prev=/images%3Fq%3Dnaples,%2Bflorida%26um%3D1%26hl%3Den%26client%3Dsafari%26sa%3DN%26rls%3Den%26biw%3D1266%26bih%3D611%26tbs%3Disch:1&um=1&itbs=1&iact=rc&dur=541&oei=qncuTfHSOYf2tgOxx9zGBA&esq=7&page=1&ndsp=17&ved=1t:429,r:6,s:0&tx=127&ty=16" "Mozilla/5.0 (Macintosh; U; Intel Mac OS X 10_5_8; en-us) AppleWebKit/531.21.8 (KHTML, like Gecko) Version/4.0.4 Safari/531.21.10"
76.203.6.161 - - [12/Jan/2011:22:56:07 -0500] "GET /favicon.ico HTTP/1.1" 404 292 "http://www.naples-usa.com/images/1_naples%20florida%20real%20estate_index.jpg" "Mozilla/5.0 (Macintosh; U; Intel Mac OS X 10_5_8; en-us) AppleWebKit/531.21.8 (KHTML, like Gecko) Version/4.0.4 Safari/531.21.10"
95.108.158.234 - - [12/Jan/2011:22:57:07 -0500] "GET /robots.txt HTTP/1.1" 404 291 "-" "Mozilla/5.0 (compatible; YandexImages/3.0; +http://yandex.com/bots)"
67.195.111.190 - - [12/Jan/2011:23:04:58 -0500] "GET /robots.txt HTTP/1.0" 404 279 "-" "Mozilla/5.0 (compatible; Yahoo! Slurp; http://help.yahoo.com/help/us/ysearch/slurp)"
67.195.111.190 - - [12/Jan/2011:23:04:58 -0500] "GET /follmer.htm HTTP/1.0" 404 280 "-" "Mozilla/5.0 (compatible; Yahoo! Slurp; http://help.yahoo.com/help/us/ysearch/slurp)"
69.147.114.105 - - [12/Jan/2011:23:07:06 -0500] "GET /calendar-clubs-and-orgs.htm HTTP/1.1" 200 27411 "-" "YahooCacheSystem"
69.147.114.105 - - [12/Jan/2011:23:07:07 -0500] "GET /favicon.ico HTTP/1.1" 404 292 "-" "YahooCacheSystem"
121.54.42.132 - - [12/Jan/2011:23:07:08 -0500] "GET / HTTP/1.1" 200 11305 "http://www.google.com/search?q=naples+florida+articles&hl=en&biw=1229&bih=444&prmd=ivnscm&ei=JXIuTYOBO8PprAfh083eCg&start=20&sa=N" "Mozilla/5.0 (Windows; U; Windows NT 6.1; en-US; rv:1.9.2.13) Gecko/20101203 AskTbUT2V5/3.9.1.14019 Firefox/3.6.13"
121.54.42.132 - - [12/Jan/2011:23:07:09 -0500] "GET /naples-usa.css HTTP/1.1" 200 714 "http://www.naples-usa.com/" "Mozilla/5.0 (Windows; U; Windows NT 6.1; en-US; rv:1.9.2.13) Gecko/20101203 AskTbUT2V5/3.9.1.14019 Firefox/3.6.13"
121.54.42.132 - - [12/Jan/2011:23:07:10 -0500] "GET /images/border%20naples.gif HTTP/1.1" 200 358 "http://www.naples-usa.com/" "Mozilla/5.0 (Windows; U; Windows NT 6.1; en-US; rv:1.9.2.13) Gecko/20101203 AskTbUT2V5/3.9.1.14019 Firefox/3.6.13"
121.54.42.132 - - [12/Jan/2011:23:07:10 -0500] "GET /images/welcome_usa.gif HTTP/1.1" 200 7890 "http://www.naples-usa.com/" "Mozilla/5.0 (Windows; U; Windows NT 6.1; en-US; rv:1.9.2.13) Gecko/20101203 AskTbUT2V5/3.9.1.14019 Firefox/3.6.13"
121.54.42.132 - - [12/Jan/2011:23:07:11 -0500] "GET /images/A-INDE%7E1.jpg HTTP/1.1" 200 23069 "http://www.naples-usa.com/" "Mozilla/5.0 (Windows; U; Windows NT 6.1; en-US; rv:1.9.2.13) Gecko/20101203 AskTbUT2V5/3.9.1.14019 Firefox/3.6.13"
121.54.42.132 - - [12/Jan/2011:23:07:12 -0500] "GET /favicon.ico HTTP/1.1" 404 292 "-" "Mozilla/5.0 (Windows; U; Windows NT 6.1; en-US; rv:1.9.2.13) Gecko/20101203 AskTbUT2V5/3.9.1.14019 Firefox/3.6.13"
121.54.42.132 - - [12/Jan/2011:23:07:16 -0500] "GET /favicon.ico HTTP/1.1" 404 292 "-" "Mozilla/5.0 (Windows; U; Windows NT 6.1; en-US; rv:1.9.2.13) Gecko/20101203 AskTbUT2V5/3.9.1.14019 Firefox/3.6.13"
67.195.111.190 - - [12/Jan/2011:23:17:57 -0500] "GET /frengel-walsh/ HTTP/1.0" 404 283 "-" "Mozilla/5.0 (compatible; Yahoo! Slurp; http://help.yahoo.com/help/us/ysearch/slurp)"
38.108.67.15 - - [12/Jan/2011:23:31:13 -0500] "GET /history.htm HTTP/1.0" 404 280 "-" "SBIder/Nutch-1.0-dev (http://www.sitesell.com/sbider.html)"
75.137.151.109 - - [12/Jan/2011:23:31:54 -0500] "GET /images/1_naples%20florida%20real%20estate_index.jpg HTTP/1.1" 200 24287 "http://www.dolphinworld.net/wordpress/2008/02/19/naples-florida-dolphin-swim-tour/" "Mozilla/4.0 (compatible; MSIE 7.0; Windows NT 5.1; Mozilla/4.0 (compatible; MSIE 6.0; Windows NT 5.1; SV1) ; .NET CLR 2.0.50727; .NET CLR 3.0.4506.2152; .NET CLR 3.5.30729)"
67.195.111.190 - - [12/Jan/2011:23:34:38 -0500] "GET /tennis_harder.htm HTTP/1.0" 200 20391 "-" "Mozilla/5.0 (compatible; Yahoo! Slurp; http://help.yahoo.com/help/us/ysearch/slurp)"
67.195.111.190 - - [12/Jan/2011:23:36:30 -0500] "GET /TheProcacciGroup/?N=A HTTP/1.0" 404 286 "-" "Mozilla/5.0 (compatible; Yahoo! Slurp; http://help.yahoo.com/help/us/ysearch/slurp)"
207.46.199.42 - - [12/Jan/2011:23:36:37 -0500] "GET /robots.txt HTTP/1.1" 404 291 "-" "Mozilla/5.0 (compatible; bingbot/2.0; +http://www.bing.com/bingbot.htm)"
124.115.0.14 - - [12/Jan/2011:23:45:05 -0500] "GET / HTTP/1.1" 200 11305 "-" "Sosospider+(+http://help.soso.com/webspider.htm)"
69.128.201.83 - - [12/Jan/2011:23:48:51 -0500] "GET /Vendors/index.html HTTP/1.1" 200 456837 "-" "GoScraper"
38.108.67.15 - - [12/Jan/2011:23:53:12 -0500] "GET /mortgage-dictionary.htm HTTP/1.0" 404 292 "-" "SBIder/Nutch-1.0-dev (http://www.sitesell.com/sbider.html)"
207.46.199.42 - - [13/Jan/2011:00:07:53 -0500] "GET /TheProcacciGroup/rentals.htm HTTP/1.1" 404 309 "-" "Mozilla/5.0 (compatible; bingbot/2.0; +http://www.bing.com/bingbot.htm)"
207.46.195.106 - - [13/Jan/2011:00:33:19 -0500] "GET /robots.txt HTTP/1.1" 404 291 "-" "Mozilla/5.0 (compatible; bingbot/2.0; +http://www.bing.com/bingbot.htm)"
207.46.195.230 - - [13/Jan/2011:00:34:28 -0500] "GET /robots.txt HTTP/1.1" 404 291 "-" "Mozilla/5.0 (compatible; bingbot/2.0; +http://www.bing.com/bingbot.htm)"
67.195.111.190 - - [13/Jan/2011:00:37:43 -0500] "GET /harrison.htm HTTP/1.0" 404 281 "-" "Mozilla/5.0 (compatible; Yahoo! Slurp; http://help.yahoo.com/help/us/ysearch/slurp)"
207.46.195.106 - - [13/Jan/2011:00:40:25 -0500] "GET /blaine/properties-test-bullets-regularfont.htm HTTP/1.1" 404 327 "-" "Mozilla/5.0 (compatible; bingbot/2.0; +http://www.bing.com/bingbot.htm)"
207.46.195.230 - - [13/Jan/2011:00:41:54 -0500] "GET /decoursey/rentals.htm HTTP/1.1" 404 302 "-" "Mozilla/5.0 (compatible; bingbot/2.0; +http://www.bing.com/bingbot.htm)"
95.108.217.252 - - [13/Jan/2011:00:58:11 -0500] "GET /naples-florida-important-phone-numbers.htm HTTP/1.1" 304 - "-" "Mozilla/5.0 (compatible; YandexBot/3.0; +http://yandex.com/bots)"
93.126.94.14 - - [13/Jan/2011:00:59:06 -0500] "GET /TheProcacciGroup/naplesfloridarentals1.htm HTTP/1.0" 404 311 "-" "Mozilla/4.0 (compatible; MSIE 6.0; Windows NT 5.1)"
95.108.158.234 - - [13/Jan/2011:01:02:38 -0500] "GET /transparent.gif HTTP/1.1" 304 - "-" "Mozilla/5.0 (compatible; YandexImages/3.0; +http://yandex.com/bots)"
204.236.211.159 - - [13/Jan/2011:01:45:03 -0500] "GET /naples-florida-schools.htm HTTP/1.1" 200 27490 "-" "Mozilla/4.0 (compatible; MSIE 8.0; Windows NT 5.1; Trident/4.0)"
67.195.111.190 - - [13/Jan/2011:01:57:35 -0500] "GET /blaine/properties-naples-real-estate-3.htm HTTP/1.0" 404 311 "-" "Mozilla/5.0 (compatible; Yahoo! Slurp; http://help.yahoo.com/help/us/ysearch/slurp)"
95.108.217.252 - - [13/Jan/2011:02:26:25 -0500] "GET /weather.htm HTTP/1.1" 404 292 "-" "Mozilla/5.0 (compatible; YandexBot/3.0; +http://yandex.com/bots)"
67.195.111.190 - - [13/Jan/2011:02:43:22 -0500] "GET /volmer.htm HTTP/1.0" 404 279 "-" "Mozilla/5.0 (compatible; Yahoo! Slurp; http://help.yahoo.com/help/us/ysearch/slurp)"
207.46.13.87 - - [13/Jan/2011:03:06:03 -0500] "GET /robots.txt HTTP/1.1" 404 291 "-" "Mozilla/5.0 (compatible; bingbot/2.0; +http://www.bing.com/bingbot.htm)"
211.233.79.171 - - [13/Jan/2011:03:13:39 -0500] "GET /robots.txt HTTP/1.1" 404 291 "-" "Mozilla/5.0 (compatible; MSIE or Firefox mutant; not on Windows server; +http://ws.daum.net/aboutWebSearch.html) Daumoa/2.0"
211.233.79.171 - - [13/Jan/2011:03:13:40 -0500] "GET / HTTP/1.1" 200 11305 "http://naples-usa.com/" "Mozilla/5.0 (compatible; MSIE or Firefox mutant; not on Windows server; +http://ws.daum.net/aboutWebSearch.html) Daumoa/2.0"
207.46.13.87 - - [13/Jan/2011:03:19:20 -0500] "GET /calendar-clubs-and-orgs.htm HTTP/1.1" 304 - "-" "Mozilla/5.0 (compatible; bingbot/2.0; +http://www.bing.com/bingbot.htm)"
65.52.108.13 - - [13/Jan/2011:03:28:18 -0500] "GET /robots.txt HTTP/1.1" 404 291 "-" "Mozilla/5.0 (compatible; bingbot/2.0; +http://www.bing.com/bingbot.htm)"
65.52.108.13 - - [13/Jan/2011:03:53:20 -0500] "GET /reports_for-buyers.htm HTTP/1.1" 404 303 "-" "Mozilla/5.0 (compatible; bingbot/2.0; +http://www.bing.com/bingbot.htm)"
67.16.94.2 - - [13/Jan/2011:04:01:12 -0500] "GET /robots.txt HTTP/1.0" 404 279 "-" "Gigabot/3.0 (http://www.gigablast.com/spider.html)"
67.16.94.2 - - [13/Jan/2011:04:01:12 -0500] "GET /naples-florida-facts.htm HTTP/1.0" 200 12073 "-" "Gigabot/3.0 (http://www.gigablast.com/spider.html)"
95.108.217.252 - - [13/Jan/2011:04:11:10 -0500] "GET /naples-tennis.htm HTTP/1.1" 200 15285 "-" "Mozilla/5.0 (compatible; YandexBot/3.0; +http://yandex.com/bots)"
67.195.111.190 - - [13/Jan/2011:04:21:16 -0500] "GET /naples-boatdocks.htm HTTP/1.0" 200 14892 "-" "Mozilla/5.0 (compatible; Yahoo! Slurp; http://help.yahoo.com/help/us/ysearch/slurp)"
207.46.195.106 - - [13/Jan/2011:04:43:20 -0500] "GET /romano/testimonials.htm HTTP/1.1" 404 304 "-" "Mozilla/5.0 (compatible; bingbot/2.0; +http://www.bing.com/bingbot.htm)"
207.46.199.37 - - [13/Jan/2011:04:52:50 -0500] "GET /index.html HTTP/1.1" 304 - "-" "Mozilla/5.0 (compatible; bingbot/2.0; +http://www.bing.com/bingbot.htm)"
65.52.49.76 - - [13/Jan/2011:05:01:31 -0500] "GET /robots.txt HTTP/1.1" 404 291 "-" "Mozilla/5.0 (compatible; bingbot/2.0; +http://www.bing.com/bingbot.htm)"
206.123.88.26 - - [13/Jan/2011:05:33:15 -0500] "GET /robots.txt HTTP/1.1" 404 291 "-" "Mozilla/5.0 (compatible; Bender; http://sites.google.com/site/bendercrawler)"
206.123.88.26 - - [13/Jan/2011:05:33:20 -0500] "GET /Vendors/index.html HTTP/1.1" 200 456837 "-" "Mozilla/5.0 (compatible; Bender; http://sites.google.com/site/bendercrawler)"
186.184.253.101 - - [13/Jan/2011:05:37:23 -0500] "GET /florida-homestead-exemption.htm HTTP/1.1" 200 14191 "http://www.google.co.ve/m/search?oe=UTF-8&client=safari&q=florida+homestead+exemption+law&hl=en&start=10&sa=N" "Mozilla/5.0 (iPhone; U; CPU iPhone OS 3_1_3 like Mac OS X; en-us) AppleWebKit/528.18 (KHTML, like Gecko) Version/4.0 Mobile/7E18 Safari/528.16"
186.184.253.101 - - [13/Jan/2011:05:37:24 -0500] "GET /images/welcome_usa.gif HTTP/1.1" 200 7890 "http://www.naples-usa.com/florida-homestead-exemption.htm" "Mozilla/5.0 (iPhone; U; CPU iPhone OS 3_1_3 like Mac OS X; en-us) AppleWebKit/528.18 (KHTML, like Gecko) Version/4.0 Mobile/7E18 Safari/528.16"
186.184.253.101 - - [13/Jan/2011:05:37:24 -0500] "GET /images/z_spacer_20.gif HTTP/1.1" 200 56 "http://www.naples-usa.com/florida-homestead-exemption.htm" "Mozilla/5.0 (iPhone; U; CPU iPhone OS 3_1_3 like Mac OS X; en-us) AppleWebKit/528.18 (KHTML, like Gecko) Version/4.0 Mobile/7E18 Safari/528.16"
186.184.253.101 - - [13/Jan/2011:05:37:24 -0500] "GET /images/florida_logo.gif HTTP/1.1" 200 1024 "http://www.naples-usa.com/florida-homestead-exemption.htm" "Mozilla/5.0 (iPhone; U; CPU iPhone OS 3_1_3 like Mac OS X; en-us) AppleWebKit/528.18 (KHTML, like Gecko) Version/4.0 Mobile/7E18 Safari/528.16"
186.184.253.101 - - [13/Jan/2011:05:37:24 -0500] "GET /transparent.gif HTTP/1.1" 200 43 "http://www.naples-usa.com/florida-homestead-exemption.htm" "Mozilla/5.0 (iPhone; U; CPU iPhone OS 3_1_3 like Mac OS X; en-us) AppleWebKit/528.18 (KHTML, like Gecko) Version/4.0 Mobile/7E18 Safari/528.16"
95.108.217.252 - - [13/Jan/2011:05:44:38 -0500] "GET /naples-boatdocks.htm HTTP/1.1" 304 - "-" "Mozilla/5.0 (compatible; YandexBot/3.0; +http://yandex.com/bots)"
67.195.111.190 - - [13/Jan/2011:05:57:32 -0500] "GET /reports_for-buyers.htm HTTP/1.0" 404 291 "-" "Mozilla/5.0 (compatible; Yahoo! Slurp; http://help.yahoo.com/help/us/ysearch/slurp)"
89.235.233.9 - - [13/Jan/2011:06:03:08 -0500] "GET / HTTP/1.0" 200 11305 "-" "GrubNG 0.1 (http://grub.org)"
94.23.238.27 - - [13/Jan/2011:06:05:42 -0500] "GET /robots.txt HTTP/1.0" 404 279 "-" "Mozilla/5.0 (compatible; MJ12bot/v1.3.3; http://www.majestic12.co.uk/bot.php?+)"
94.23.238.27 - - [13/Jan/2011:06:05:46 -0500] "GET / HTTP/1.0" 200 11305 "-" "Mozilla/5.0 (compatible; MJ12bot/v1.3.3; http://www.majestic12.co.uk/bot.php?+)"
220.181.94.223 - - [13/Jan/2011:06:10:27 -0500] "GET / HTTP/1.1" 200 11305 "-" "Sogou-Test-Spider/4.0 (compatible; MSIE 5.5; Windows 98)"
220.181.94.223 - - [13/Jan/2011:06:10:37 -0500] "GET /robots.txt HTTP/1.1" 404 291 "-" "Sogou web spider/4.0(+http://www.sogou.com/docs/help/webmasters.htm#07)"
207.46.199.38 - - [13/Jan/2011:06:14:58 -0500] "GET /robots.txt HTTP/1.1" 404 291 "-" "Mozilla/5.0 (compatible; bingbot/2.0; +http://www.bing.com/bingbot.htm)"
124.115.0.156 - - [13/Jan/2011:06:26:33 -0500] "GET / HTTP/1.1" 200 11305 "-" "Sosospider+(+http://help.soso.com/webspider.htm)"
67.195.111.190 - - [13/Jan/2011:06:38:39 -0500] "GET /naples-florida-facts.htm HTTP/1.0" 200 12073 "-" "Mozilla/5.0 (compatible; Yahoo! Slurp; http://help.yahoo.com/help/us/ysearch/slurp)"
207.46.13.49 - - [13/Jan/2011:06:58:08 -0500] "GET /robots.txt HTTP/1.1" 404 291 "-" "Mozilla/5.0 (compatible; bingbot/2.0; +http://www.bing.com/bingbot.htm)"
207.46.199.38 - - [13/Jan/2011:07:00:53 -0500] "GET /fuller.htm HTTP/1.1" 404 291 "-" "Mozilla/5.0 (compatible; bingbot/2.0; +http://www.bing.com/bingbot.htm)"
67.195.111.190 - - [13/Jan/2011:07:18:42 -0500] "GET /robots.txt HTTP/1.0" 404 279 "-" "Mozilla/5.0 (compatible; Yahoo! Slurp; http://help.yahoo.com/help/us/ysearch/slurp)"
67.195.111.190 - - [13/Jan/2011:07:18:42 -0500] "GET /molhoek.htm HTTP/1.0" 200 8161 "-" "Mozilla/5.0 (compatible; Yahoo! Slurp; http://help.yahoo.com/help/us/ysearch/slurp)"
207.46.13.49 - - [13/Jan/2011:07:27:21 -0500] "GET /naples-boating.htm HTTP/1.1" 304 - "-" "Mozilla/5.0 (compatible; bingbot/2.0; +http://www.bing.com/bingbot.htm)"
208.80.194.26 - - [13/Jan/2011:07:27:57 -0500] "GET / HTTP/1.0" 200 11305 "-" "Mozilla/4.0 (compatible; MSIE 7.0; AOL 9.0; Windows NT 5.1; ga=MDAwY2YxNzE0YjQ5; .NET CLR 2.0.50727)"
208.80.194.26 - - [13/Jan/2011:07:27:58 -0500] "GET / HTTP/1.0" 200 11305 "-" "Mozilla/4.0 (compatible; MSIE 6.0; Windows NT 5.1; AtHome033; SV1)"
193.47.80.45 - - [13/Jan/2011:07:42:39 -0500] "GET / HTTP/1.1" 200 11305 "-" "Mozilla/5.0 (compatible; Exabot/3.0; +http://www.exabot.com/go/robot)"
206.123.88.26 - - [13/Jan/2011:07:44:48 -0500] "GET /Vendors/index.html HTTP/1.1" 200 456837 "-" "Mozilla/5.0 (compatible; Bender; http://sites.google.com/site/bendercrawler)"
131.107.65.43 - - [13/Jan/2011:08:04:03 -0500] "GET / HTTP/1.1" 200 11305 "-" "Mozilla/4.0 (compatible; MSIE 7.0; Windows NT 6.1; WOW64; Trident/4.0; SLCC2; .NET CLR 2.0.50727)"
131.107.65.43 - - [13/Jan/2011:08:04:04 -0500] "GET /naples-usa.css HTTP/1.1" 200 714 "http://www.naples-usa.com/" "Mozilla/4.0 (compatible; MSIE 7.0; Windows NT 6.1; WOW64; Trident/4.0; SLCC2; .NET CLR 2.0.50727)"
131.107.65.43 - - [13/Jan/2011:08:04:04 -0500] "GET /images/border%20naples.gif HTTP/1.1" 200 358 "http://www.naples-usa.com/" "Mozilla/4.0 (compatible; MSIE 7.0; Windows NT 6.1; WOW64; Trident/4.0; SLCC2; .NET CLR 2.0.50727)"
131.107.65.43 - - [13/Jan/2011:08:04:04 -0500] "GET /images/welcome_usa.gif HTTP/1.1" 200 7890 "http://www.naples-usa.com/" "Mozilla/4.0 (compatible; MSIE 7.0; Windows NT 6.1; WOW64; Trident/4.0; SLCC2; .NET CLR 2.0.50727)"
131.107.65.43 - - [13/Jan/2011:08:04:04 -0500] "GET /images/A-INDE~1.jpg HTTP/1.1" 200 23069 "http://www.naples-usa.com/" "Mozilla/4.0 (compatible; MSIE 7.0; Windows NT 6.1; WOW64; Trident/4.0; SLCC2; .NET CLR 2.0.50727)"
74.111.12.244 - - [13/Jan/2011:08:18:51 -0500] "GET /robots.txt HTTP/1.0" 404 279 "-" "Mozilla/5.0 (compatible; MJ12bot/v1.3.3; http://www.majestic12.co.uk/bot.php?+)"
74.111.12.244 - - [13/Jan/2011:08:18:55 -0500] "GET / HTTP/1.1" 200 11305 "-" "Mozilla/5.0 (compatible; MJ12bot/v1.3.3; http://www.majestic12.co.uk/bot.php?+)"
123.125.71.109 - - [13/Jan/2011:08:22:49 -0500] "GET / HTTP/1.1" 304 - "-" "Baiduspider+(+http://www.baidu.com/search/spider.htm)"
