69.247.249.234 - - [02/Jan/2011:09:37:21 -0500] "GET /url(data:image/png;base64,iVBORw0KGgoAAAANSUhEUgAAADgAAAAOCAYAAAB6pd%2buAAAAAXNSR0IArs4c6QAAAAZiS0dEAP8A%2fwD%2foL2nkwAAAAlwSFlzAAALEwAACxMBAJqcGAAAAAd0SU1FB9oGAhENK17O5ogAAAAZdEVYdENvbW1lbnQAQ3JlYXRlZCB3aXRoIEdJTVBXgQ4XAAAD6UlEQVRIx82WXWxTdRjGf6fndO3adbZ0VLoP9gFMXZQFNgSWDEkEYtSQkNVg4o2JH9NGJTMk6k01vTIhXshFzTCKE5NFORoXXDBs4nTMZHMzSETHDKyQyb7Xbu36dc7p8aaQZm5GNzd8rk7evOf%2fz%2fM%2bz%2f99X4E1htcn68v5742mffVRJd19uucqH539lSq3yKuHtlDmkPj99aPYe39kfRoMOqgCJHSdJNRL3AEE%2fB7h3xZFgO6JuRQdl6PE8zfRPzlF71CEojoXFc%2b9SPy3KxjCc%2bgCpIE0IilB65YWHFQBfAbUZEIDQGPA7xngDsNgMpFUY0Q0ESHHhKbkM3A9yoFqDceGQpTijWjhXxCAtC6gCWk0BAwLzqkAQsC6TJVDGcKrZdeDXp%2fcvki8zeuTH8uO6ehYzRJumxEUBUkyMa%2baUDWBVDLNnJJgNE9ixGZiOlckaQAVAWmBdTqBzqxQJ%2fD2KgrTCDzq9clywO%2fxZMi1AgcBBbhNPhyJ47TlsGuzjaHRSRRdoKq8AF3XOdvZw1BMQneUMl9iZN4eo3AmRWVwFulvqusAngBOryLBY0AcaPD65LeAFPAk0BLwe57OTnz3i4sc3ruFx2s24MwzoWgaW4tNnPn0JLt37KJ2zwGMgk5X3zd8ONJOX7mGvcK5OEGvT94HNGcs2rjSzrhUUwn4PV1AV4bcm5nwkYDfc3xhbs%2bVWQZH%2btlekc%2fDtRupKrub1uYT7NhWw9bde%2fl2REUSRR56pJT0lxofhM8xaheXVPA1oDPg9zT%2bExmsDqF8hUqmlvi%2bDUs6RWhW5Ov%2bKaxmK5XFLkIzIe7f%2fiBtwypPVZqIRWJ8Ny6x09OEJJs5rrTxn4yJY00NwRU0mtaMLY9kyL3n9clVAb%2fnley8wnyBkkIHrgILm925JGPTJONRDHqaHDQmx2a4Ph4hpFkpcZqZmBhHtbI4wYDfs3%2bNhn5bpqG03LKl1ydXAS97fXJ%2b9jv0Hq6lyK5C%2fBJ6PEjyj2nW2VQGLw5gLKqn92YSxWgjbrRy89ogVosFoyT%2bZUzcurjD65M71oDjCeDzbCIZ5VqAk9mJm9w5zAdPkRx%2bB3H6Y3Kj7TxQMkzLqfe5V71GvttFiduOa3aQc58E6JseJJXSEVhjeH2yvpxN5qVnygj%2fdJQCWxjBAOm0gVRC5MLPdoZnt2F3rsdisTAV7MBlusT3oVK6TOriCv4fIZnsSDlu1IQRNWVGV83kYKFuZzX7PQ1MFOg0j53nh%2bg8qpLg2eogeyJ53JFddDkLtyiZ6%2b%2b674Vu5cZXiIkJdAEMjnvIqzjEjVCS7rmrhOwC0Vwn58fqkIIXeL72Mn8CJn6UfKGeNt4AAAAASUVORK5CYII%3d) HTTP/1.1" 404 1864 "-" "Mozilla/4.0 (compatible; MSIE 8.0; Windows NT 5.1; Trident/4.0; GTB6.6; .NET CLR 1.0.3705; .NET CLR 1.1.4322; Media Center PC 4.0; .NET CLR 2.0.50727; .NET CLR 3.0.04506.30; .NET CLR 3.0.4506.2152; .NET CLR 3.5.30729)"
69.247.249.234 - - [02/Jan/2011:09:37:21 -0500] "GET /url(data:image/png;base64,iVBORw0KGgoAAAANSUhEUgAAADgAAAAOCAYAAAB6pd%2buAAAAAXNSR0IArs4c6QAAAAZiS0dEAP8A%2fwD%2foL2nkwAAAAlwSFlzAAALEwAACxMBAJqcGAAAAAd0SU1FB9oGAhENK17O5ogAAAAZdEVYdENvbW1lbnQAQ3JlYXRlZCB3aXRoIEdJTVBXgQ4XAAAD6UlEQVRIx82WXWxTdRjGf6fndO3adbZ0VLoP9gFMXZQFNgSWDEkEYtSQkNVg4o2JH9NGJTMk6k01vTIhXshFzTCKE5NFORoXXDBs4nTMZHMzSETHDKyQyb7Xbu36dc7p8aaQZm5GNzd8rk7evOf%2fz%2fM%2bz%2f99X4E1htcn68v5742mffVRJd19uucqH539lSq3yKuHtlDmkPj99aPYe39kfRoMOqgCJHSdJNRL3AEE%2fB7h3xZFgO6JuRQdl6PE8zfRPzlF71CEojoXFc%2b9SPy3KxjCc%2bgCpIE0IilB65YWHFQBfAbUZEIDQGPA7xngDsNgMpFUY0Q0ESHHhKbkM3A9yoFqDceGQpTijWjhXxCAtC6gCWk0BAwLzqkAQsC6TJVDGcKrZdeDXp%2fcvki8zeuTH8uO6ehYzRJumxEUBUkyMa%2baUDWBVDLNnJJgNE9ixGZiOlckaQAVAWmBdTqBzqxQJ%2fD2KgrTCDzq9clywO%2fxZMi1AgcBBbhNPhyJ47TlsGuzjaHRSRRdoKq8AF3XOdvZw1BMQneUMl9iZN4eo3AmRWVwFulvqusAngBOryLBY0AcaPD65LeAFPAk0BLwe57OTnz3i4sc3ruFx2s24MwzoWgaW4tNnPn0JLt37KJ2zwGMgk5X3zd8ONJOX7mGvcK5OEGvT94HNGcs2rjSzrhUUwn4PV1AV4bcm5nwkYDfc3xhbs%2bVWQZH%2btlekc%2fDtRupKrub1uYT7NhWw9bde%2fl2REUSRR56pJT0lxofhM8xaheXVPA1oDPg9zT%2bExmsDqF8hUqmlvi%2bDUs6RWhW5Ov%2bKaxmK5XFLkIzIe7f%2fiBtwypPVZqIRWJ8Ny6x09OEJJs5rrTxn4yJY00NwRU0mtaMLY9kyL3n9clVAb%2fnley8wnyBkkIHrgILm925JGPTJONRDHqaHDQmx2a4Ph4hpFkpcZqZmBhHtbI4wYDfs3%2bNhn5bpqG03LKl1ydXAS97fXJ%2b9jv0Hq6lyK5C%2fBJ6PEjyj2nW2VQGLw5gLKqn92YSxWgjbrRy89ogVosFoyT%2bZUzcurjD65M71oDjCeDzbCIZ5VqAk9mJm9w5zAdPkRx%2bB3H6Y3Kj7TxQMkzLqfe5V71GvttFiduOa3aQc58E6JseJJXSEVhjeH2yvpxN5qVnygj%2fdJQCWxjBAOm0gVRC5MLPdoZnt2F3rsdisTAV7MBlusT3oVK6TOriCv4fIZnsSDlu1IQRNWVGV83kYKFuZzX7PQ1MFOg0j53nh%2bg8qpLg2eogeyJ53JFddDkLtyiZ6%2b%2b674Vu5cZXiIkJdAEMjnvIqzjEjVCS7rmrhOwC0Vwn58fqkIIXeL72Mn8CJn6UfKGeNt4AAAAASUVORK5CYII%3d) HTTP/1.1" 404 1864 "-" "Mozilla/4.0 (compatible; MSIE 8.0; Windows NT 5.1; Trident/4.0; GTB6.6; .NET CLR 1.0.3705; .NET CLR 1.1.4322; Media Center PC 4.0; .NET CLR 2.0.50727; .NET CLR 3.0.04506.30; .NET CLR 3.0.4506.2152; .NET CLR 3.5.30729)"
67.195.112.50 - - [02/Jan/2011:09:38:21 -0500] "GET /TheProcacciGroup/5221_tree-pool2.jpg.LCK HTTP/1.0" 404 309 "-" "Mozilla/5.0 (compatible; Yahoo! Slurp; http://help.yahoo.com/help/us/ysearch/slurp)"
67.195.112.50 - - [02/Jan/2011:09:49:51 -0500] "GET /egraham.htm HTTP/1.0" 404 280 "-" "Mozilla/5.0 (compatible; Yahoo! Slurp; http://help.yahoo.com/help/us/ysearch/slurp)"
208.80.194.29 - - [02/Jan/2011:09:57:47 -0500] "GET /meek.htm HTTP/1.0" 404 277 "-" "Mozilla/4.0 (compatible; MSIE 7.0; Windows NT 5.1; Wanadoo 6.1; .NET CLR 2.0.50727)"
207.46.204.238 - - [02/Jan/2011:10:03:16 -0500] "GET /naples-florida-schools.htm HTTP/1.1" 304 - "-" "Mozilla/5.0 (compatible; bingbot/2.0; +http://www.bing.com/bingbot.htm)"
67.195.112.50 - - [02/Jan/2011:10:04:58 -0500] "GET /dew.htm HTTP/1.0" 404 276 "-" "Mozilla/5.0 (compatible; Yahoo! Slurp; http://help.yahoo.com/help/us/ysearch/slurp)"
98.208.234.163 - - [02/Jan/2011:10:14:37 -0500] "GET /recycling-info-naples-florida.htm HTTP/1.1" 200 13920 "http://www.google.com/url?sa=t&source=web&cd=4&sqi=2&ved=0CC4QFjAD&url=http%3A%2F%2Fwww.naples-usa.com%2Frecycling-info-naples-florida.htm&rct=j&q=disposal%20of%20cooking%20oil%20in%20Naples%20FL&ei=tZMgTZaaDIL98AastrS2Dg&usg=AFQjCNF1XadZa1qr0k0YhLiCKRopFSU5aw" "Mozilla/4.0 (compatible; MSIE 8.0; Windows NT 5.1; Trident/4.0; .NET CLR 2.0.50727; .NET CLR 3.0.4506.2152; .NET CLR 3.5.30729)"
98.208.234.163 - - [02/Jan/2011:10:14:37 -0500] "GET /images/welcome_usa.gif HTTP/1.1" 200 7890 "http://www.naples-usa.com/recycling-info-naples-florida.htm" "Mozilla/4.0 (compatible; MSIE 8.0; Windows NT 5.1; Trident/4.0; .NET CLR 2.0.50727; .NET CLR 3.0.4506.2152; .NET CLR 3.5.30729)"
98.208.234.163 - - [02/Jan/2011:10:14:37 -0500] "GET /favicon.ico HTTP/1.1" 404 292 "-" "Mozilla/4.0 (compatible; MSIE 8.0; Windows NT 5.1; Trident/4.0; .NET CLR 2.0.50727; .NET CLR 3.0.4506.2152; .NET CLR 3.5.30729)"
67.195.112.50 - - [02/Jan/2011:10:37:49 -0500] "GET /TheProcacciGroup/4710_shinne-view.jpg.LCK HTTP/1.0" 404 310 "-" "Mozilla/5.0 (compatible; Yahoo! Slurp; http://help.yahoo.com/help/us/ysearch/slurp)"
95.108.217.252 - - [02/Jan/2011:10:55:55 -0500] "GET /history.htm HTTP/1.1" 404 292 "-" "Mozilla/5.0 (compatible; YandexBot/3.0; +http://yandex.com/bots)"
69.137.12.65 - - [02/Jan/2011:11:17:56 -0500] "GET /Logos/winner_250.jpg HTTP/1.1" 200 6408 "-" "Mozilla/5.0 (Macintosh; U; Intel Mac OS X 10_6_5; en-us) AppleWebKit/533.19.4 (KHTML, like Gecko)"
69.137.12.65 - - [02/Jan/2011:11:17:56 -0500] "GET /Logos/1_df-72dpi-476x57pix-banner.jpg HTTP/1.1" 200 9733 "-" "Mozilla/5.0 (Macintosh; U; Intel Mac OS X 10_6_5; en-us) AppleWebKit/533.19.4 (KHTML, like Gecko)"
67.195.112.50 - - [02/Jan/2011:11:18:47 -0500] "GET /images_map/na17.htm HTTP/1.0" 404 288 "-" "Mozilla/5.0 (compatible; Yahoo! Slurp; http://help.yahoo.com/help/us/ysearch/slurp)"
95.108.158.234 - - [02/Jan/2011:11:45:01 -0500] "GET /images/history_city.gif HTTP/1.1" 304 - "-" "Mozilla/5.0 (compatible; YandexImages/3.0; +http://yandex.com/bots)"
67.195.112.50 - - [02/Jan/2011:11:55:32 -0500] "GET /TheProcacciGroup/24001_via-new-207014142.jpg.LCK HTTP/1.0" 404 317 "-" "Mozilla/5.0 (compatible; Yahoo! Slurp; http://help.yahoo.com/help/us/ysearch/slurp)"
67.195.112.59 - - [02/Jan/2011:11:58:20 -0500] "GET /robots.txt HTTP/1.0" 404 279 "-" "Mozilla/5.0 (compatible; Yahoo! Slurp; http://help.yahoo.com/help/us/ysearch/slurp)"
67.195.112.59 - - [02/Jan/2011:11:58:20 -0500] "GET / HTTP/1.0" 200 11305 "-" "Mozilla/5.0 (compatible; Yahoo! Slurp; http://help.yahoo.com/help/us/ysearch/slurp)"
67.195.112.59 - - [02/Jan/2011:11:58:21 -0500] "GET /naples-usa.css HTTP/1.0" 200 714 "http://naples-usa.com/" "Mozilla/5.0 (compatible; Yahoo! Slurp; http://help.yahoo.com/help/us/ysearch/slurp)"
67.195.112.50 - - [02/Jan/2011:12:10:08 -0500] "GET /TheProcacciGroup/4820_tarpon-bed.jpg.LCK HTTP/1.0" 404 309 "-" "Mozilla/5.0 (compatible; Yahoo! Slurp; http://help.yahoo.com/help/us/ysearch/slurp)"
67.195.112.50 - - [02/Jan/2011:12:12:30 -0500] "GET /TheProcacciGroup/1034_6th-kitch.jpg.LCK HTTP/1.0" 404 308 "-" "Mozilla/5.0 (compatible; Yahoo! Slurp; http://help.yahoo.com/help/us/ysearch/slurp)"
207.46.199.184 - - [02/Jan/2011:12:13:49 -0500] "GET /robots.txt HTTP/1.1" 404 291 "-" "Mozilla/5.0 (compatible; bingbot/2.0; +http://www.bing.com/bingbot.htm)"
98.238.66.62 - - [02/Jan/2011:12:19:50 -0500] "GET /Logos/1_df-72dpi-476x57pix-banner.jpg HTTP/1.1" 200 9733 "-" "Mozilla/4.0 (compatible; MSIE 7.0; Windows NT 5.1; Trident/4.0; .NET CLR 1.1.4322)"
98.238.66.62 - - [02/Jan/2011:12:19:50 -0500] "GET /Logos/winner_250.jpg HTTP/1.1" 200 6408 "-" "Mozilla/4.0 (compatible; MSIE 7.0; Windows NT 5.1; Trident/4.0; .NET CLR 1.1.4322)"
69.139.47.235 - - [02/Jan/2011:12:33:52 -0500] "GET /Vendors/DF_instructions.htm HTTP/1.1" 200 3498 "-" "Mozilla/5.0 (Macintosh; U; Intel Mac OS X 10_5_8; en-us) AppleWebKit/533.19.4 (KHTML, like Gecko) Version/5.0.3 Safari/533.19.4"
67.195.112.50 - - [02/Jan/2011:12:45:44 -0500] "GET /TheProcacciGroup/545_avellino-living.jpg.LCK HTTP/1.0" 404 313 "-" "Mozilla/5.0 (compatible; Yahoo! Slurp; http://help.yahoo.com/help/us/ysearch/slurp)"
124.115.0.15 - - [02/Jan/2011:12:56:10 -0500] "GET / HTTP/1.1" 200 11305 "-" "Sosospider+(+http://help.soso.com/webspider.htm)"
184.192.221.62 - - [02/Jan/2011:13:09:49 -0500] "GET /images/1_naples%20florida%20real%20estate_index.jpg HTTP/1.1" 200 24287 "http://arcticboy.arcticboy.com/pictures-naples-florida" "Mozilla/5.0 (Linux; U; Android 2.1-update1; en-us; SPH-D700 Build/ECLAIR) AppleWebKit/530.17 (KHTML, like Gecko) Version/4.0 Mobile Safari/530.17"
67.195.112.50 - - [02/Jan/2011:13:49:36 -0500] "GET /history.htm HTTP/1.0" 404 280 "-" "Mozilla/5.0 (compatible; Yahoo! Slurp; http://help.yahoo.com/help/us/ysearch/slurp)"
76.101.232.179 - - [02/Jan/2011:13:52:44 -0500] "GET /Logos/winner_250.jpg HTTP/1.1" 304 - "-" "Mozilla/4.0 (compatible; MSIE 7.0; Windows NT 6.1; WOW64; Trident/4.0; GTB6.6; SLCC2; .NET CLR 2.0.50727; .NET CLR 3.5.30729; .NET CLR 3.0.30729; Media Center PC 6.0; HPNTDF; OfficeLiveConnector.1.5; OfficeLivePatch.1.3)"
76.101.232.179 - - [02/Jan/2011:13:52:44 -0500] "GET /Logos/1_df-72dpi-476x57pix-banner.jpg HTTP/1.1" 304 - "-" "Mozilla/4.0 (compatible; MSIE 7.0; Windows NT 6.1; WOW64; Trident/4.0; GTB6.6; SLCC2; .NET CLR 2.0.50727; .NET CLR 3.5.30729; .NET CLR 3.0.30729; Media Center PC 6.0; HPNTDF; OfficeLiveConnector.1.5; OfficeLivePatch.1.3)"
76.101.232.179 - - [02/Jan/2011:13:53:14 -0500] "GET /Logos/1_df-72dpi-476x57pix-banner.jpg HTTP/1.1" 304 - "-" "Mozilla/4.0 (compatible; MSIE 7.0; Windows NT 6.1; WOW64; Trident/4.0; GTB6.6; SLCC2; .NET CLR 2.0.50727; .NET CLR 3.5.30729; .NET CLR 3.0.30729; Media Center PC 6.0; HPNTDF; OfficeLiveConnector.1.5; OfficeLivePatch.1.3)"
76.101.232.179 - - [02/Jan/2011:13:53:14 -0500] "GET /Logos/winner_250.jpg HTTP/1.1" 304 - "-" "Mozilla/4.0 (compatible; MSIE 7.0; Windows NT 6.1; WOW64; Trident/4.0; GTB6.6; SLCC2; .NET CLR 2.0.50727; .NET CLR 3.5.30729; .NET CLR 3.0.30729; Media Center PC 6.0; HPNTDF; OfficeLiveConnector.1.5; OfficeLivePatch.1.3)"
76.101.232.179 - - [02/Jan/2011:13:53:14 -0500] "GET /Logos/1_df-72dpi-476x57pix-banner.jpg HTTP/1.1" 304 - "-" "Mozilla/4.0 (compatible; MSIE 7.0; Windows NT 6.1; WOW64; Trident/4.0; GTB6.6; SLCC2; .NET CLR 2.0.50727; .NET CLR 3.5.30729; .NET CLR 3.0.30729; Media Center PC 6.0; HPNTDF; OfficeLiveConnector.1.5; OfficeLivePatch.1.3)"
76.101.232.179 - - [02/Jan/2011:13:53:14 -0500] "GET /Logos/winner_250.jpg HTTP/1.1" 304 - "-" "Mozilla/4.0 (compatible; MSIE 7.0; Windows NT 6.1; WOW64; Trident/4.0; GTB6.6; SLCC2; .NET CLR 2.0.50727; .NET CLR 3.5.30729; .NET CLR 3.0.30729; Media Center PC 6.0; HPNTDF; OfficeLiveConnector.1.5; OfficeLivePatch.1.3)"
76.101.232.179 - - [02/Jan/2011:13:55:21 -0500] "GET /Logos/1_df-72dpi-476x57pix-banner.jpg HTTP/1.1" 304 - "-" "Mozilla/4.0 (compatible; MSIE 7.0; Windows NT 6.1; WOW64; Trident/4.0; GTB6.6; SLCC2; .NET CLR 2.0.50727; .NET CLR 3.5.30729; .NET CLR 3.0.30729; Media Center PC 6.0; HPNTDF; OfficeLiveConnector.1.5; OfficeLivePatch.1.3)"
76.101.232.179 - - [02/Jan/2011:13:55:21 -0500] "GET /Logos/winner_250.jpg HTTP/1.1" 304 - "-" "Mozilla/4.0 (compatible; MSIE 7.0; Windows NT 6.1; WOW64; Trident/4.0; GTB6.6; SLCC2; .NET CLR 2.0.50727; .NET CLR 3.5.30729; .NET CLR 3.0.30729; Media Center PC 6.0; HPNTDF; OfficeLiveConnector.1.5; OfficeLivePatch.1.3)"
76.101.232.179 - - [02/Jan/2011:13:55:21 -0500] "GET /Logos/1_df-72dpi-476x57pix-banner.jpg HTTP/1.1" 304 - "-" "Mozilla/4.0 (compatible; MSIE 7.0; Windows NT 6.1; WOW64; Trident/4.0; GTB6.6; SLCC2; .NET CLR 2.0.50727; .NET CLR 3.5.30729; .NET CLR 3.0.30729; Media Center PC 6.0; HPNTDF; OfficeLiveConnector.1.5; OfficeLivePatch.1.3)"
76.101.232.179 - - [02/Jan/2011:13:55:22 -0500] "GET /Logos/winner_250.jpg HTTP/1.1" 304 - "-" "Mozilla/4.0 (compatible; MSIE 7.0; Windows NT 6.1; WOW64; Trident/4.0; GTB6.6; SLCC2; .NET CLR 2.0.50727; .NET CLR 3.5.30729; .NET CLR 3.0.30729; Media Center PC 6.0; HPNTDF; OfficeLiveConnector.1.5; OfficeLivePatch.1.3)"
207.46.199.37 - - [02/Jan/2011:13:57:01 -0500] "GET /robots.txt HTTP/1.1" 404 291 "-" "Mozilla/5.0 (compatible; bingbot/2.0; +http://www.bing.com/bingbot.htm)"
67.195.112.59 - - [02/Jan/2011:13:59:36 -0500] "GET /recycling-info-naples-florida.htm HTTP/1.0" 200 13920 "-" "Mozilla/5.0 (compatible; Yahoo! Slurp; http://help.yahoo.com/help/us/ysearch/slurp)"
207.46.199.37 - - [02/Jan/2011:14:06:14 -0500] "GET /bauer.htm HTTP/1.1" 404 290 "-" "Mozilla/5.0 (compatible; bingbot/2.0; +http://www.bing.com/bingbot.htm)"
109.120.144.247 - - [02/Jan/2011:14:32:56 -0500] "GET /plugins/editors/tinymce/jscripts/tiny_mce/plugins/tinybrowser/tinybrowser.php?type=file&folder= HTTP/1.0" 404 346 "http://www.naples-usa.com/plugins/editors/tinymce/jscripts/tiny_mce/plugins/tinybrowser/tinybrowser.php?type=file&folder=" "Mozilla/4.0 (compatible; MSIE 6.0; Windows 98; Win 9x 4.90)"
76.30.24.50 - - [02/Jan/2011:14:53:09 -0500] "GET /lostpets.html HTTP/1.1" 200 17013 "http://www.google.com/url?sa=t&source=web&cd=16&ved=0CD4QFjAFOAo&url=http%3A%2F%2Fwww.naples-usa.com%2Flostpets.html&rct=j&q=lost%20dog%20posters%20on%20side%20of%20street&ei=i9cgTaS6LsX7lwfG_vH8Cw&usg=AFQjCNH03DWZTSQB1OD72mzNGa2x7P_J9g&sig2=5vScxWbnOXSsU7bZ5qFcYg" "Mozilla/5.0 (Macintosh; U; Intel Mac OS X 10_5_8; en-us) AppleWebKit/533.17.8 (KHTML, like Gecko) Version/5.0.1 Safari/533.17.8"
76.30.24.50 - - [02/Jan/2011:14:53:09 -0500] "GET /naples-usa.css HTTP/1.1" 200 714 "http://www.naples-usa.com/lostpets.html" "Mozilla/5.0 (Macintosh; U; Intel Mac OS X 10_5_8; en-us) AppleWebKit/533.17.8 (KHTML, like Gecko) Version/5.0.1 Safari/533.17.8"
76.30.24.50 - - [02/Jan/2011:14:53:09 -0500] "GET /images/welcome_usa.gif HTTP/1.1" 200 7890 "http://www.naples-usa.com/lostpets.html" "Mozilla/5.0 (Macintosh; U; Intel Mac OS X 10_5_8; en-us) AppleWebKit/533.17.8 (KHTML, like Gecko) Version/5.0.1 Safari/533.17.8"
76.30.24.50 - - [02/Jan/2011:14:53:09 -0500] "GET /images/border%20naples.gif HTTP/1.1" 200 358 "http://www.naples-usa.com/lostpets.html" "Mozilla/5.0 (Macintosh; U; Intel Mac OS X 10_5_8; en-us) AppleWebKit/533.17.8 (KHTML, like Gecko) Version/5.0.1 Safari/533.17.8"
76.30.24.50 - - [02/Jan/2011:14:53:09 -0500] "GET /favicon.ico HTTP/1.1" 404 292 "http://www.naples-usa.com/lostpets.html" "Mozilla/5.0 (Macintosh; U; Intel Mac OS X 10_5_8; en-us) AppleWebKit/533.17.8 (KHTML, like Gecko) Version/5.0.1 Safari/533.17.8"
76.101.117.151 - - [02/Jan/2011:14:58:39 -0500] "GET / HTTP/1.1" 200 11305 "http://search.yahoo.com/search;_ylt=AhnCRXny1b4PiVKlzhdIhVSbvZx4?p=downing+frye&toggle=1&cop=mss&ei=UTF-8&fr=yfp-t-701" "Mozilla/5.0 (Macintosh; U; Intel Mac OS X 10_5_8; en-us) AppleWebKit/533.19.4 (KHTML, like Gecko) Version/5.0.3 Safari/533.19.4"
76.101.117.151 - - [02/Jan/2011:14:58:39 -0500] "GET /naples-usa.css HTTP/1.1" 200 714 "http://naples-usa.com/" "Mozilla/5.0 (Macintosh; U; Intel Mac OS X 10_5_8; en-us) AppleWebKit/533.19.4 (KHTML, like Gecko) Version/5.0.3 Safari/533.19.4"
76.101.117.151 - - [02/Jan/2011:14:58:39 -0500] "GET /images/welcome_usa.gif HTTP/1.1" 200 7890 "http://naples-usa.com/" "Mozilla/5.0 (Macintosh; U; Intel Mac OS X 10_5_8; en-us) AppleWebKit/533.19.4 (KHTML, like Gecko) Version/5.0.3 Safari/533.19.4"
76.101.117.151 - - [02/Jan/2011:14:58:39 -0500] "GET /images/border%20naples.gif HTTP/1.1" 200 358 "http://naples-usa.com/" "Mozilla/5.0 (Macintosh; U; Intel Mac OS X 10_5_8; en-us) AppleWebKit/533.19.4 (KHTML, like Gecko) Version/5.0.3 Safari/533.19.4"
76.101.117.151 - - [02/Jan/2011:14:58:39 -0500] "GET /images/A-INDE%7E1.jpg HTTP/1.1" 200 23069 "http://naples-usa.com/" "Mozilla/5.0 (Macintosh; U; Intel Mac OS X 10_5_8; en-us) AppleWebKit/533.19.4 (KHTML, like Gecko) Version/5.0.3 Safari/533.19.4"
76.101.117.151 - - [02/Jan/2011:14:58:39 -0500] "GET /favicon.ico HTTP/1.1" 404 292 "http://naples-usa.com/" "Mozilla/5.0 (Macintosh; U; Intel Mac OS X 10_5_8; en-us) AppleWebKit/533.19.4 (KHTML, like Gecko) Version/5.0.3 Safari/533.19.4"
67.195.112.50 - - [02/Jan/2011:15:17:39 -0500] "GET /TheProcacciGroup/4401_gulf-1108-kitch.jpg.LCK HTTP/1.0" 404 314 "-" "Mozilla/5.0 (compatible; Yahoo! Slurp; http://help.yahoo.com/help/us/ysearch/slurp)"
123.125.71.91 - - [02/Jan/2011:15:27:03 -0500] "GET / HTTP/1.1" 304 - "-" "Baiduspider+(+http://www.baidu.com/search/spider.htm)"
67.233.51.19 - - [02/Jan/2011:15:35:23 -0500] "GET /Logos/1_df-72dpi-146x55pix-inverse.jpg HTTP/1.1" 200 3353 "http://md32.embarq.synacor.com/zimbra/mail" "Mozilla/4.0 (compatible; MSIE 8.0; Windows NT 6.1; WOW64; Trident/4.0; GTB6.6; SLCC2; .NET CLR 2.0.50727; .NET CLR 3.5.30729; .NET CLR 3.0.30729; Media Center PC 6.0; MDDC; .NET4.0C; BRI/1)"
98.209.8.187 - - [02/Jan/2011:15:37:00 -0500] "GET /images/1_naples%20florida%20real%20estate_index.jpg HTTP/1.1" 200 24287 "http://www.google.com/imgres?imgurl=http://www.naples-usa.com/images/1_naples%2520florida%2520real%2520estate_index.jpg&imgrefurl=http://www.dolphinworld.net/wordpress/2008/02/19/naples-florida-dolphin-swim-tour/&usg=__qADXQoSKXq32YdNCGsSumn4G-8c=&h=256&w=375&sz=24&hl=en&start=0&zoom=1&tbnid=xiSSaf0OQrPq8M:&tbnh=117&tbnw=153&prev=/images%3Fq%3Dnaples%2Bflorida%26um%3D1%26hl%3Den%26client%3Dfirefox-a%26sa%3DN%26rls%3Dorg.mozilla:en-US:official%26biw%3D1024%26bih%3D552%26tbs%3Disch:1&um=1&itbs=1&iact=rc&dur=528&ei=v-EgTafII4rKnAfS5PnUBA&oei=v-EgTafII4rKnAfS5PnUBA&esq=1&page=1&ndsp=15&ved=1t:429,r:6,s:0&tx=3&ty=77" "Mozilla/5.0 (Windows; U; Windows NT 5.1; en-US; rv:1.9.2.13) Gecko/20101203 Firefox/3.6.13 ( .NET CLR 3.5.30729)"
71.3.223.10 - - [02/Jan/2011:15:39:47 -0500] "GET /1_index-photo.jpg HTTP/1.1" 200 23054 "http://www.ilxor.com/ILX/ThreadSelectedControllerServlet?action=showall&boardid=40&threadid=16399" "Mozilla/5.0 (Windows; U; Windows NT 6.0; en-US) AppleWebKit/534.10 (KHTML, like Gecko) Chrome/8.0.552.224 Safari/534.10"
67.195.112.50 - - [02/Jan/2011:15:45:40 -0500] "GET /stevens.htm HTTP/1.0" 404 280 "-" "Mozilla/5.0 (compatible; Yahoo! Slurp; http://help.yahoo.com/help/us/ysearch/slurp)"
207.46.204.233 - - [02/Jan/2011:15:45:49 -0500] "GET /robots.txt HTTP/1.1" 404 291 "-" "Mozilla/5.0 (compatible; bingbot/2.0; +http://www.bing.com/bingbot.htm)"
193.47.80.45 - - [02/Jan/2011:15:48:16 -0500] "GET /images_map/na08.htm HTTP/1.1" 404 300 "-" "Mozilla/5.0 (compatible; Exabot/3.0; +http://www.exabot.com/go/robot)"
207.46.204.233 - - [02/Jan/2011:15:54:44 -0500] "GET /home-improvement-naples-florida.htm HTTP/1.1" 404 316 "-" "Mozilla/5.0 (compatible; bingbot/2.0; +http://www.bing.com/bingbot.htm)"
67.195.112.50 - - [02/Jan/2011:15:56:16 -0500] "GET /TheProcacciGroup/28430_altessa-207023299.jpg.LCK HTTP/1.0" 404 317 "-" "Mozilla/5.0 (compatible; Yahoo! Slurp; http://help.yahoo.com/help/us/ysearch/slurp)"
67.195.112.50 - - [02/Jan/2011:16:02:33 -0500] "GET /TheProcacciGroup/14781_glen-misc.jpg.LCK HTTP/1.0" 404 309 "-" "Mozilla/5.0 (compatible; Yahoo! Slurp; http://help.yahoo.com/help/us/ysearch/slurp)"
95.108.217.252 - - [02/Jan/2011:16:08:02 -0500] "GET /naples-arts.htm HTTP/1.1" 200 4976 "-" "Mozilla/5.0 (compatible; YandexBot/3.0; +http://yandex.com/bots)"
67.195.112.50 - - [02/Jan/2011:16:27:14 -0500] "GET /TheProcacciGroup/538-avellino-isles-pool.jpg.LCK HTTP/1.0" 404 317 "-" "Mozilla/5.0 (compatible; Yahoo! Slurp; http://help.yahoo.com/help/us/ysearch/slurp)"
67.195.112.50 - - [02/Jan/2011:16:27:55 -0500] "GET /TheProcacciGroup/14515_grey-lanai.jpg.LCK HTTP/1.0" 404 310 "-" "Mozilla/5.0 (compatible; Yahoo! Slurp; http://help.yahoo.com/help/us/ysearch/slurp)"
67.195.112.50 - - [02/Jan/2011:16:40:21 -0500] "GET /TheProcacciGroup/1149_sweet-dining.jpg.LCK HTTP/1.0" 404 311 "-" "Mozilla/5.0 (compatible; Yahoo! Slurp; http://help.yahoo.com/help/us/ysearch/slurp)"
67.195.112.50 - - [02/Jan/2011:16:42:20 -0500] "GET /client_services_and_links.htm HTTP/1.0" 404 298 "-" "Mozilla/5.0 (compatible; Yahoo! Slurp; http://help.yahoo.com/help/us/ysearch/slurp)"
208.77.41.86 - - [02/Jan/2011:17:00:09 -0500] "GET /robots.txt HTTP/1.0" 404 279 "-" "Mozilla/5.0 (compatible; MJ12bot/v1.3.3; http://www.majestic12.co.uk/bot.php?+)"
208.77.41.86 - - [02/Jan/2011:17:00:23 -0500] "GET / HTTP/1.1" 200 11305 "-" "Mozilla/5.0 (compatible; MJ12bot/v1.3.3; http://www.majestic12.co.uk/bot.php?+)"
67.195.112.50 - - [02/Jan/2011:17:16:55 -0500] "GET /images_map/na13.htm HTTP/1.0" 404 288 "-" "Mozilla/5.0 (compatible; Yahoo! Slurp; http://help.yahoo.com/help/us/ysearch/slurp)"
67.195.112.50 - - [02/Jan/2011:17:35:28 -0500] "GET /TheProcacciGroup/7761_jewel-pool.jpg.LCK HTTP/1.0" 404 309 "-" "Mozilla/5.0 (compatible; Yahoo! Slurp; http://help.yahoo.com/help/us/ysearch/slurp)"
207.46.13.90 - - [02/Jan/2011:17:36:21 -0500] "GET /robots.txt HTTP/1.1" 404 291 "-" "Mozilla/5.0 (compatible; bingbot/2.0; +http://www.bing.com/bingbot.htm)"
76.101.250.32 - - [02/Jan/2011:17:37:42 -0500] "GET /Logos/winner_250.jpg HTTP/1.1" 200 6408 "http://us.mg6.mail.yahoo.com/dc/launch?.gx=1&.rand=2dgsr4kjrjj35" "Mozilla/4.0 (compatible; MSIE 7.0; Windows NT 5.1; Trident/4.0; GTB6.6; .NET CLR 1.0.3705; .NET CLR 1.1.4322; Media Center PC 4.0; MS-RTC LM 8)"
76.101.250.32 - - [02/Jan/2011:17:37:42 -0500] "GET /Logos/1_df-72dpi-476x57pix-banner.jpg HTTP/1.1" 200 9733 "http://us.mg6.mail.yahoo.com/dc/launch?.gx=1&.rand=2dgsr4kjrjj35" "Mozilla/4.0 (compatible; MSIE 7.0; Windows NT 5.1; Trident/4.0; GTB6.6; .NET CLR 1.0.3705; .NET CLR 1.1.4322; Media Center PC 4.0; MS-RTC LM 8)"
207.46.13.90 - - [02/Jan/2011:17:45:15 -0500] "GET /TheProcacciGroup/rentals.htm HTTP/1.1" 404 309 "-" "Mozilla/5.0 (compatible; bingbot/2.0; +http://www.bing.com/bingbot.htm)"
206.53.67.194 - - [02/Jan/2011:17:45:20 -0500] "GET /naples-florida-fishing.htm HTTP/1.1" 200 15147 "http://www.google.com/url?sa=t&source=web&cd=14&ved=0CCsQFjADOAo&url=http%3A%2F%2Fwww.naples-usa.com%2Fnaples-florida-fishing.htm&rct=j&q=kayak%20launch%20naples%20florida%20%5C&ei=Vv8gTZnbDoiq8Abm0dnkDQ&usg=AFQjCNFsIMjUDMY1C0u3Sd5BB3e8vQQSug" "Mozilla/5.0 (Windows; U; Windows NT 5.1; en-US; rv:1.9.2.13) Gecko/20101203 Firefox/3.6.13 ( .NET CLR 3.5.30729; .NET4.0E)"
206.53.67.194 - - [02/Jan/2011:17:45:20 -0500] "GET /transparent.gif HTTP/1.1" 200 43 "http://www.naples-usa.com/naples-florida-fishing.htm" "Mozilla/5.0 (Windows; U; Windows NT 5.1; en-US; rv:1.9.2.13) Gecko/20101203 Firefox/3.6.13 ( .NET CLR 3.5.30729; .NET4.0E)"
206.53.67.194 - - [02/Jan/2011:17:45:20 -0500] "GET /images/welcome_usa.gif HTTP/1.1" 200 7890 "http://www.naples-usa.com/naples-florida-fishing.htm" "Mozilla/5.0 (Windows; U; Windows NT 5.1; en-US; rv:1.9.2.13) Gecko/20101203 Firefox/3.6.13 ( .NET CLR 3.5.30729; .NET4.0E)"
206.53.67.194 - - [02/Jan/2011:17:45:21 -0500] "GET /images/florida_logo.gif HTTP/1.1" 200 1024 "http://www.naples-usa.com/naples-florida-fishing.htm" "Mozilla/5.0 (Windows; U; Windows NT 5.1; en-US; rv:1.9.2.13) Gecko/20101203 Firefox/3.6.13 ( .NET CLR 3.5.30729; .NET4.0E)"
206.53.67.194 - - [02/Jan/2011:17:45:21 -0500] "GET /images/images/1_boats.jpg HTTP/1.1" 200 1755 "http://www.naples-usa.com/naples-florida-fishing.htm" "Mozilla/5.0 (Windows; U; Windows NT 5.1; en-US; rv:1.9.2.13) Gecko/20101203 Firefox/3.6.13 ( .NET CLR 3.5.30729; .NET4.0E)"
206.53.67.194 - - [02/Jan/2011:17:45:21 -0500] "GET /images/fish.gif HTTP/1.1" 200 1968 "http://www.naples-usa.com/naples-florida-fishing.htm" "Mozilla/5.0 (Windows; U; Windows NT 5.1; en-US; rv:1.9.2.13) Gecko/20101203 Firefox/3.6.13 ( .NET CLR 3.5.30729; .NET4.0E)"
206.53.67.194 - - [02/Jan/2011:17:45:21 -0500] "GET /favicon.ico HTTP/1.1" 404 292 "-" "Mozilla/5.0 (Windows; U; Windows NT 5.1; en-US; rv:1.9.2.13) Gecko/20101203 Firefox/3.6.13 ( .NET CLR 3.5.30729; .NET4.0E)"
206.53.67.194 - - [02/Jan/2011:17:45:24 -0500] "GET /favicon.ico HTTP/1.1" 404 292 "-" "Mozilla/5.0 (Windows; U; Windows NT 5.1; en-US; rv:1.9.2.13) Gecko/20101203 Firefox/3.6.13 ( .NET CLR 3.5.30729; .NET4.0E)"
24.252.157.54 - - [02/Jan/2011:17:49:20 -0500] "GET /images/1_naples%20florida%20real%20estate_index.jpg HTTP/1.1" 200 24287 "http://www.google.com/imgres?imgurl=http://www.naples-usa.com/images/1_naples%2520florida%2520real%2520estate_index.jpg&imgrefurl=http://www.dolphinworld.net/wordpress/2008/02/19/naples-florida-dolphin-swim-tour/&usg=__qADXQoSKXq32YdNCGsSumn4G-8c=&h=256&w=375&sz=24&hl=en&start=0&zoom=1&tbnid=xiSSaf0OQrPq8M:&tbnh=121&tbnw=153&prev=/images%3Fq%3Dnaples%2Bflorida%26um%3D1%26hl%3Den%26sa%3DN%26biw%3D1024%26bih%3D564%26tbs%3Disch:1&um=1&itbs=1&iact=hc&vpx=275&vpy=251&dur=1077&hovh=185&hovw=272&tx=144&ty=108&ei=4AAhTZOvGI6osQO1qMiVCg&oei=4AAhTZOvGI6osQO1qMiVCg&esq=1&page=1&ndsp=15&ved=1t:429,r:6,s:0" "Mozilla/5.0 (Windows; U; Windows NT 6.0; en-US; rv:1.9.2.13) Gecko/20101203 AskTbPSI/3.9.1.14019 Firefox/3.6.13 ( .NET CLR 3.5.30729; .NET4.0C)"
184.154.7.186 - - [02/Jan/2011:18:08:56 -0500] "GET /robots.txt HTTP/1.0" 404 279 "-" "Mozilla/5.0 (compatible; MJ12bot/v1.3.3; http://www.majestic12.co.uk/bot.php?+)"
184.154.7.186 - - [02/Jan/2011:18:08:56 -0500] "GET / HTTP/1.0" 200 11305 "-" "Mozilla/5.0 (compatible; MJ12bot/v1.3.3; http://www.majestic12.co.uk/bot.php?+)"
24.121.25.42 - - [02/Jan/2011:18:22:57 -0500] "GET /lost-birds.htm HTTP/1.1" 200 39667 "http://search.yahoo.com/search;_ylt=AkKb6w9u9zF.0R.472ChwGObvZx4?fr=yfp-t-701-1-s&toggle=1&cop=mss&ei=UTF8&p=lost%20pet%20birds%20in%20florida" "Mozilla/4.0 (compatible; MSIE 7.0; Windows NT 6.0; SLCC1; .NET CLR 2.0.50727; Media Center PC 5.0; .NET CLR 3.5.30729; .NET CLR 3.0.30618; OfficeLiveConnector.1.3; OfficeLivePatch.0.0; .NET4.0C)"
24.121.25.42 - - [02/Jan/2011:18:22:58 -0500] "GET /favicon.ico HTTP/1.1" 404 292 "-" "Mozilla/4.0 (compatible; MSIE 7.0; Windows NT 6.0; SLCC1; .NET CLR 2.0.50727; Media Center PC 5.0; .NET CLR 3.5.30729; .NET CLR 3.0.30618; OfficeLiveConnector.1.3; OfficeLivePatch.0.0; .NET4.0C)"
95.108.217.252 - - [02/Jan/2011:18:29:06 -0500] "GET /robots.txt HTTP/1.1" 404 291 "-" "Mozilla/5.0 (compatible; YandexBot/3.0; +http://yandex.com/bots)"
174.252.178.200 - - [02/Jan/2011:18:37:05 -0500] "GET /images/1_naples%20florida%20real%20estate_index.jpg HTTP/1.1" 200 24287 "http://arcticboy.arcticboy.com/pictures-naples-florida" "Mozilla/5.0 (Linux; U; Android 2.2; en-us; DROID2 Build/VZW) AppleWebKit/533.1 (KHTML, like Gecko) Version/4.0 Mobile Safari/533.1 854X480 motorola DROID2"
67.195.112.50 - - [02/Jan/2011:18:50:26 -0500] "GET /TheProcacciGroup/23580_walden-kitch.jpg.LCK HTTP/1.0" 404 312 "-" "Mozilla/5.0 (compatible; Yahoo! Slurp; http://help.yahoo.com/help/us/ysearch/slurp)"
38.108.67.14 - - [02/Jan/2011:19:00:10 -0500] "GET /robots.txt HTTP/1.0" 404 279 "-" "SBIder/Nutch-1.0-dev (http://www.sitesell.com/sbider.html)"
38.108.67.14 - - [02/Jan/2011:19:00:11 -0500] "GET /reports_for-buyers.htm HTTP/1.0" 404 291 "-" "SBIder/Nutch-1.0-dev (http://www.sitesell.com/sbider.html)"
38.108.67.14 - - [02/Jan/2011:19:14:09 -0500] "GET /haas.htm HTTP/1.0" 404 277 "-" "SBIder/Nutch-1.0-dev (http://www.sitesell.com/sbider.html)"
95.108.217.252 - - [02/Jan/2011:19:14:48 -0500] "GET /naples-florida-fishing.htm HTTP/1.1" 200 15147 "-" "Mozilla/5.0 (compatible; YandexBot/3.0; +http://yandex.com/bots)"
166.137.9.66 - - [02/Jan/2011:19:21:23 -0500] "GET /Logos/1_df-72dpi-146x55pix-inverse.jpg HTTP/1.1" 200 3353 "-" "Mozilla/5.0 (iPhone; U; CPU iPhone OS 4_2_1 like Mac OS X; en-us) AppleWebKit/533.17.9 (KHTML, like Gecko)"
124.115.0.14 - - [02/Jan/2011:19:33:47 -0500] "GET / HTTP/1.1" 200 11305 "-" "Sosospider+(+http://help.soso.com/webspider.htm)"
38.108.67.14 - - [02/Jan/2011:19:37:31 -0500] "GET /romano/testimonials.htm HTTP/1.0" 404 292 "-" "SBIder/Nutch-1.0-dev (http://www.sitesell.com/sbider.html)"
38.108.67.14 - - [02/Jan/2011:19:47:59 -0500] "GET /boat_docks.htm HTTP/1.0" 404 283 "-" "SBIder/Nutch-1.0-dev (http://www.sitesell.com/sbider.html)"
68.171.235.209 - - [02/Jan/2011:19:50:49 -0500] "GET /lost-birds.htm HTTP/1.0" 200 39667 "-" "BlackBerry9650/5.0.0.975 Profile/MIDP-2.1 Configuration/CLDC-1.1 VendorID/105"
68.171.235.209 - - [02/Jan/2011:19:50:49 -0500] "GET /favicon.ico HTTP/1.0" 404 280 "http://www.naples-usa.com/lost-birds.htm" "BlackBerry9650/5.0.0.975 Profile/MIDP-2.1 Configuration/CLDC-1.1 VendorID/105"
38.108.67.14 - - [02/Jan/2011:19:58:20 -0500] "GET /homestead.htm HTTP/1.0" 404 282 "-" "SBIder/Nutch-1.0-dev (http://www.sitesell.com/sbider.html)"
38.108.67.14 - - [02/Jan/2011:19:58:54 -0500] "GET /reports_for-sellers.htm HTTP/1.0" 404 292 "-" "SBIder/Nutch-1.0-dev (http://www.sitesell.com/sbider.html)"
71.200.209.15 - - [02/Jan/2011:19:59:47 -0500] "GET /favicon.ico HTTP/1.1" 404 292 "-" "ee://aol/http"
71.200.209.15 - - [02/Jan/2011:20:00:03 -0500] "GET /favicon.ico HTTP/1.1" 404 292 "-" "ee://aol/http"
69.139.57.25 - - [02/Jan/2011:20:06:32 -0500] "GET /Vendors/ HTTP/1.1" 200 456837 "-" "Mozilla/4.0 (compatible; MSIE 8.0; Windows NT 5.1; Trident/4.0; GTB6.6; .NET CLR 1.1.4322; .NET CLR 2.0.50727; .NET CLR 3.0.4506.2152; .NET CLR 3.5.30729)"
69.139.57.25 - - [02/Jan/2011:20:06:32 -0500] "GET /favicon.ico HTTP/1.1" 404 292 "-" "Mozilla/4.0 (compatible; MSIE 8.0; Windows NT 5.1; Trident/4.0; GTB6.6; .NET CLR 1.1.4322; .NET CLR 2.0.50727; .NET CLR 3.0.4506.2152; .NET CLR 3.5.30729)"
95.108.217.252 - - [02/Jan/2011:20:10:56 -0500] "GET /boat_docks.htm HTTP/1.1" 404 295 "-" "Mozilla/5.0 (compatible; YandexBot/3.0; +http://yandex.com/bots)"
67.195.112.50 - - [02/Jan/2011:20:29:44 -0500] "GET /robots.txt HTTP/1.0" 404 279 "-" "Mozilla/5.0 (compatible; Yahoo! Slurp; http://help.yahoo.com/help/us/ysearch/slurp)"
67.195.112.50 - - [02/Jan/2011:20:29:45 -0500] "GET /home.cfm HTTP/1.0" 404 277 "-" "Mozilla/5.0 (compatible; Yahoo! Slurp; http://help.yahoo.com/help/us/ysearch/slurp)"
207.46.12.241 - - [02/Jan/2011:20:35:47 -0500] "GET /robots.txt HTTP/1.1" 404 291 "-" "Mozilla/5.0 (compatible; bingbot/2.0; +http://www.bing.com/bingbot.htm)"
207.46.12.241 - - [02/Jan/2011:20:39:15 -0500] "GET /romano/testimonials.htm HTTP/1.1" 404 304 "-" "Mozilla/5.0 (compatible; bingbot/2.0; +http://www.bing.com/bingbot.htm)"
67.70.95.251 - - [02/Jan/2011:20:47:16 -0500] "GET /images/1_naples%20florida%20real%20estate_index.jpg HTTP/1.1" 200 24287 "http://www.google.ca/imgres?imgurl=http://www.naples-usa.com/images/1_naples%2520florida%2520real%2520estate_index.jpg&imgrefurl=http://www.dolphinworld.net/wordpress/2008/02/19/naples-florida-dolphin-swim-tour/&usg=__qADXQoSKXq32YdNCGsSumn4G-8c=&h=256&w=375&sz=24&hl=en&start=0&zoom=1&tbnid=xiSSaf0OQrPq8M:&tbnh=166&tbnw=214&prev=/images%3Fq%3Dnaples,%2Bflorida%26hl%3Den%26sa%3DG%26biw%3D1024%26bih%3D677%26gbv%3D2%26tbs%3Disch:1&itbs=1&iact=hc&vpx=522&vpy=314&dur=406&hovh=169&hovw=248&tx=97&ty=144&ei=dSohTbbANcShnAfn5-HfDQ&oei=dSohTbbANcShnAfn5-HfDQ&esq=1&page=1&ndsp=12&ved=1t:429,r:6,s:0" "Mozilla/5.0 (Windows; U; Windows NT 6.0; en-US) AppleWebKit/534.10 (KHTML, like Gecko) Chrome/8.0.552.224 Safari/534.10"
98.238.66.62 - - [02/Jan/2011:20:53:03 -0500] "GET /Logos/winner_250.jpg HTTP/1.1" 200 6408 "-" "Mozilla/5.0 (iPhone; U; CPU iPhone OS 4_1 like Mac OS X; en-us) AppleWebKit/532.9 (KHTML, like Gecko)"
98.238.66.62 - - [02/Jan/2011:20:53:03 -0500] "GET /Logos/1_df-72dpi-476x57pix-banner.jpg HTTP/1.1" 200 9733 "-" "Mozilla/5.0 (iPhone; U; CPU iPhone OS 4_1 like Mac OS X; en-us) AppleWebKit/532.9 (KHTML, like Gecko)"
69.247.45.81 - - [02/Jan/2011:20:54:44 -0500] "GET /calendar-clubs-and-orgs.htm HTTP/1.1" 200 27411 "http://www.google.com/search?q=BONITA+SINGLES+GROUP&sourceid=ie7&rls=com.microsoft:en-US&ie=utf8&oe=utf8" "Mozilla/4.0 (compatible; MSIE 8.0; Windows NT 6.1; WOW64; Trident/4.0; SLCC2; .NET CLR 2.0.50727; .NET CLR 3.5.30729; .NET CLR 3.0.30729; Media Center PC 6.0; MAAU; OfficeLiveConnector.1.5; OfficeLivePatch.1.3)"
69.247.45.81 - - [02/Jan/2011:20:54:44 -0500] "GET /images/spacer.gif HTTP/1.1" 200 43 "http://www.naples-usa.com/calendar-clubs-and-orgs.htm" "Mozilla/4.0 (compatible; MSIE 8.0; Windows NT 6.1; WOW64; Trident/4.0; SLCC2; .NET CLR 2.0.50727; .NET CLR 3.5.30729; .NET CLR 3.0.30729; Media Center PC 6.0; MAAU; OfficeLiveConnector.1.5; OfficeLivePatch.1.3)"
69.247.45.81 - - [02/Jan/2011:20:54:44 -0500] "GET /design_styles.css HTTP/1.1" 404 298 "http://www.naples-usa.com/calendar-clubs-and-orgs.htm" "Mozilla/4.0 (compatible; MSIE 8.0; Windows NT 6.1; WOW64; Trident/4.0; SLCC2; .NET CLR 2.0.50727; .NET CLR 3.5.30729; .NET CLR 3.0.30729; Media Center PC 6.0; MAAU; OfficeLiveConnector.1.5; OfficeLivePatch.1.3)"
69.247.45.81 - - [02/Jan/2011:20:54:44 -0500] "GET /javascripts/address.js HTTP/1.1" 404 303 "http://www.naples-usa.com/calendar-clubs-and-orgs.htm" "Mozilla/4.0 (compatible; MSIE 8.0; Windows NT 6.1; WOW64; Trident/4.0; SLCC2; .NET CLR 2.0.50727; .NET CLR 3.5.30729; .NET CLR 3.0.30729; Media Center PC 6.0; MAAU; OfficeLiveConnector.1.5; OfficeLivePatch.1.3)"
69.247.45.81 - - [02/Jan/2011:20:54:44 -0500] "GET /dynamic_styles.css HTTP/1.1" 404 299 "http://www.naples-usa.com/calendar-clubs-and-orgs.htm" "Mozilla/4.0 (compatible; MSIE 8.0; Windows NT 6.1; WOW64; Trident/4.0; SLCC2; .NET CLR 2.0.50727; .NET CLR 3.5.30729; .NET CLR 3.0.30729; Media Center PC 6.0; MAAU; OfficeLiveConnector.1.5; OfficeLivePatch.1.3)"
69.247.45.81 - - [02/Jan/2011:20:54:44 -0500] "GET /favicon.ico HTTP/1.1" 404 292 "-" "Mozilla/4.0 (compatible; MSIE 8.0; Windows NT 6.1; WOW64; Trident/4.0; SLCC2; .NET CLR 2.0.50727; .NET CLR 3.5.30729; .NET CLR 3.0.30729; Media Center PC 6.0; MAAU; OfficeLiveConnector.1.5; OfficeLivePatch.1.3)"
67.195.112.50 - - [02/Jan/2011:21:14:56 -0500] "GET /florida-homestead-exemption.htm HTTP/1.0" 200 14191 "-" "Mozilla/5.0 (compatible; Yahoo! Slurp; http://help.yahoo.com/help/us/ysearch/slurp)"
75.17.209.214 - - [02/Jan/2011:21:18:59 -0500] "GET /images/1_naples%20florida%20real%20estate_index.jpg HTTP/1.1" 200 24287 "http://www.dolphinworld.net/wordpress/2008/02/19/naples-florida-dolphin-swim-tour/" "Mozilla/5.0 (Macintosh; U; PPC Mac OS X Mach-O; en-US; rv:1.8.1.20) Gecko/20081217 Firefox/2.0.0.20"
38.108.67.14 - - [02/Jan/2011:21:20:51 -0500] "GET /golf.htm HTTP/1.0" 404 277 "-" "SBIder/Nutch-1.0-dev (http://www.sitesell.com/sbider.html)"
24.8.201.157 - - [02/Jan/2011:21:22:17 -0500] "GET /naples-history.htm HTTP/1.1" 200 22034 "http://www.google.com/url?sa=t&source=web&cd=236&ved=0CDAQFjAFOOYB&url=http%3A%2F%2Fwww.naples-usa.com%2Fnaples-history.htm&rct=j&q=Molhoeks&ei=xTIhTZ2uO5S6sQOds-nIAg&usg=AFQjCNFlsxxoq2M-wTyxAvSp0A52KMql0w" "Mozilla/5.0 (Windows; U; Windows NT 6.1; en-US) AppleWebKit/534.10 (KHTML, like Gecko) Chrome/8.0.552.224 Safari/534.10"
24.8.201.157 - - [02/Jan/2011:21:22:17 -0500] "GET /images/welcome_usa.gif HTTP/1.1" 200 7890 "http://www.naples-usa.com/naples-history.htm" "Mozilla/5.0 (Windows; U; Windows NT 6.1; en-US) AppleWebKit/534.10 (KHTML, like Gecko) Chrome/8.0.552.224 Safari/534.10"
24.8.201.157 - - [02/Jan/2011:21:22:17 -0500] "GET /images/florida_logo.gif HTTP/1.1" 200 1024 "http://www.naples-usa.com/naples-history.htm" "Mozilla/5.0 (Windows; U; Windows NT 6.1; en-US) AppleWebKit/534.10 (KHTML, like Gecko) Chrome/8.0.552.224 Safari/534.10"
24.8.201.157 - - [02/Jan/2011:21:22:17 -0500] "GET /images/history_indian.jpg HTTP/1.1" 200 10403 "http://www.naples-usa.com/naples-history.htm" "Mozilla/5.0 (Windows; U; Windows NT 6.1; en-US) AppleWebKit/534.10 (KHTML, like Gecko) Chrome/8.0.552.224 Safari/534.10"
24.8.201.157 - - [02/Jan/2011:21:22:17 -0500] "GET /images/history_collier.jpg HTTP/1.1" 200 7977 "http://www.naples-usa.com/naples-history.htm" "Mozilla/5.0 (Windows; U; Windows NT 6.1; en-US) AppleWebKit/534.10 (KHTML, like Gecko) Chrome/8.0.552.224 Safari/534.10"
24.8.201.157 - - [02/Jan/2011:21:22:17 -0500] "GET /images/history_hotel1.jpg HTTP/1.1" 200 9608 "http://www.naples-usa.com/naples-history.htm" "Mozilla/5.0 (Windows; U; Windows NT 6.1; en-US) AppleWebKit/534.10 (KHTML, like Gecko) Chrome/8.0.552.224 Safari/534.10"
24.8.201.157 - - [02/Jan/2011:21:22:17 -0500] "GET /images/history_army.jpg HTTP/1.1" 200 11146 "http://www.naples-usa.com/naples-history.htm" "Mozilla/5.0 (Windows; U; Windows NT 6.1; en-US) AppleWebKit/534.10 (KHTML, like Gecko) Chrome/8.0.552.224 Safari/534.10"
24.8.201.157 - - [02/Jan/2011:21:22:18 -0500] "GET /transparent.gif HTTP/1.1" 200 43 "http://www.naples-usa.com/naples-history.htm" "Mozilla/5.0 (Windows; U; Windows NT 6.1; en-US) AppleWebKit/534.10 (KHTML, like Gecko) Chrome/8.0.552.224 Safari/534.10"
24.8.201.157 - - [02/Jan/2011:21:22:18 -0500] "GET /images/history_city.gif HTTP/1.1" 200 40057 "http://www.naples-usa.com/naples-history.htm" "Mozilla/5.0 (Windows; U; Windows NT 6.1; en-US) AppleWebKit/534.10 (KHTML, like Gecko) Chrome/8.0.552.224 Safari/534.10"
24.8.201.157 - - [02/Jan/2011:21:22:18 -0500] "GET /favicon.ico HTTP/1.1" 404 292 "-" "Mozilla/5.0 (Windows; U; Windows NT 6.1; en-US) AppleWebKit/534.10 (KHTML, like Gecko) Chrome/8.0.552.224 Safari/534.10"
67.195.112.50 - - [02/Jan/2011:21:23:42 -0500] "GET /pointet.htm HTTP/1.0" 404 280 "-" "Mozilla/5.0 (compatible; Yahoo! Slurp; http://help.yahoo.com/help/us/ysearch/slurp)"
67.195.112.50 - - [02/Jan/2011:21:30:39 -0500] "GET /TheProcacciGroup/545_avellino-kitch.jpg.LCK HTTP/1.0" 404 312 "-" "Mozilla/5.0 (compatible; Yahoo! Slurp; http://help.yahoo.com/help/us/ysearch/slurp)"
123.125.71.19 - - [02/Jan/2011:21:42:28 -0500] "GET / HTTP/1.1" 200 11305 "-" "Baiduspider+(+http://www.baidu.com/search/spider.htm)"
38.108.67.14 - - [02/Jan/2011:21:42:47 -0500] "GET /weather.htm HTTP/1.0" 404 280 "-" "SBIder/Nutch-1.0-dev (http://www.sitesell.com/sbider.html)"
220.181.108.92 - - [02/Jan/2011:21:42:57 -0500] "GET / HTTP/1.1" 200 11305 "-" "Baiduspider+(+http://www.baidu.com/search/spider.htm)"
67.195.112.50 - - [02/Jan/2011:21:43:48 -0500] "GET /TheProcacciGroup/3867_midshore-dr-living.jpg.LCK HTTP/1.0" 404 317 "-" "Mozilla/5.0 (compatible; Yahoo! Slurp; http://help.yahoo.com/help/us/ysearch/slurp)"
38.108.67.14 - - [02/Jan/2011:21:46:37 -0500] "GET /lost-pets.htm HTTP/1.0" 404 282 "-" "SBIder/Nutch-1.0-dev (http://www.sitesell.com/sbider.html)"
38.108.67.14 - - [02/Jan/2011:21:51:03 -0500] "GET /blaine/naples-rentals.htm HTTP/1.0" 404 294 "-" "SBIder/Nutch-1.0-dev (http://www.sitesell.com/sbider.html)"
95.108.217.252 - - [02/Jan/2011:21:51:16 -0500] "GET /naples-boatdocks.htm HTTP/1.1" 200 14892 "-" "Mozilla/5.0 (compatible; YandexBot/3.0; +http://yandex.com/bots)"
204.114.1.20 - - [02/Jan/2011:21:54:19 -0500] "GET /images/spacer.gif HTTP/1.1" 200 43 "http://www.naples-usa.com/calendar.htm" "Mozilla/4.0 (compatible; MSIE 7.0; Windows NT 5.1; .NET CLR 1.1.4322; InfoPath.1)"
204.114.1.20 - - [02/Jan/2011:21:54:20 -0500] "GET /calendar.htm HTTP/1.1" 200 71151 "http://www.google.com/search?hl=en&q=1st+thursday+on+5th+ave+naples&btnG=Search&aq=f&aqi=&aql=&oq=&gs_rfai=" "Mozilla/4.0 (compatible; MSIE 7.0; Windows NT 5.1; .NET CLR 1.1.4322; InfoPath.1)"
204.114.1.20 - - [02/Jan/2011:21:54:20 -0500] "GET /javascripts/address.js HTTP/1.1" 404 303 "http://www.naples-usa.com/calendar.htm" "Mozilla/4.0 (compatible; MSIE 7.0; Windows NT 5.1; .NET CLR 1.1.4322; InfoPath.1)"
204.114.1.20 - - [02/Jan/2011:21:54:20 -0500] "GET /favicon.ico HTTP/1.1" 404 292 "-" "Mozilla/4.0 (compatible; MSIE 7.0; Windows NT 5.1; .NET CLR 1.1.4322; InfoPath.1)"
95.108.217.252 - - [02/Jan/2011:21:59:58 -0500] "GET /florida-homestead-exemption.htm HTTP/1.1" 304 - "-" "Mozilla/5.0 (compatible; YandexBot/3.0; +http://yandex.com/bots)"
67.195.112.50 - - [02/Jan/2011:22:02:42 -0500] "GET /TheProcacciGroup/1953_crest-kitchen.jpg.LCK HTTP/1.0" 404 312 "-" "Mozilla/5.0 (compatible; Yahoo! Slurp; http://help.yahoo.com/help/us/ysearch/slurp)"
95.108.150.235 - - [02/Jan/2011:22:04:30 -0500] "GET /robots.txt HTTP/1.1" 404 291 "-" "Mozilla/5.0 (compatible; YandexBot/3.0; MirrorDetector; +http://yandex.com/bots)"
95.108.150.235 - - [02/Jan/2011:22:04:30 -0500] "GET /robots.txt HTTP/1.1" 404 291 "-" "Mozilla/5.0 (compatible; YandexBot/3.0; MirrorDetector; +http://yandex.com/bots)"
24.252.248.137 - - [02/Jan/2011:22:04:30 -0500] "GET /images/1_naples%20florida%20real%20estate_index.jpg HTTP/1.1" 200 24287 "http://www.google.com/imgres?imgurl=http://www.naples-usa.com/images/1_naples%2520florida%2520real%2520estate_index.jpg&imgrefurl=http://www.dolphinworld.net/wordpress/2008/02/19/naples-florida-dolphin-swim-tour/&usg=__qADXQoSKXq32YdNCGsSumn4G-8c=&h=256&w=375&sz=24&hl=en&start=0&zoom=1&tbnid=xiSSaf0OQrPq8M:&tbnh=157&tbnw=200&prev=/images%3Fq%3Dnaples%2Bflorida%26um%3D1%26hl%3Den%26sa%3DN%26rlz%3D1T4ADRA_enUS383US383%26biw%3D1257%26bih%3D502%26tbs%3Disch:10%2C162&um=1&itbs=1&iact=hc&vpx=343&vpy=143&dur=983&hovh=185&hovw=272&tx=197&ty=137&ei=nTwhTauRKoyisQP12cGCCg&oei=nTwhTauRKoyisQP12cGCCg&esq=1&page=1&ndsp=10&ved=1t:429,r:6,s:0&biw=1257&bih=502" "Mozilla/4.0 (compatible; MSIE 8.0; Windows NT 6.1; WOW64; Trident/4.0; GTB6.6; SLCC2; .NET CLR 2.0.50727; .NET CLR 3.5.30729; .NET CLR 3.0.30729; Media Center PC 6.0; HPDTDF; .NET4.0C)"
95.108.150.235 - - [02/Jan/2011:22:04:30 -0500] "GET / HTTP/1.1" 200 11305 "-" "Mozilla/5.0 (compatible; YandexBot/3.0; MirrorDetector; +http://yandex.com/bots)"
95.108.150.235 - - [02/Jan/2011:22:04:31 -0500] "GET / HTTP/1.1" 200 11305 "-" "Mozilla/5.0 (compatible; YandexBot/3.0; MirrorDetector; +http://yandex.com/bots)"
95.108.150.235 - - [02/Jan/2011:22:04:31 -0500] "GET / HTTP/1.1" 200 11305 "-" "Mozilla/5.0 (compatible; YandexBot/3.0; MirrorDetector; +http://yandex.com/bots)"
95.108.150.235 - - [02/Jan/2011:22:04:32 -0500] "GET / HTTP/1.1" 200 11305 "-" "Mozilla/5.0 (compatible; YandexBot/3.0; MirrorDetector; +http://yandex.com/bots)"
67.195.112.50 - - [02/Jan/2011:22:14:17 -0500] "GET /TheProcacciGroup/820_river-misc.jpg.LCK HTTP/1.0" 404 308 "-" "Mozilla/5.0 (compatible; Yahoo! Slurp; http://help.yahoo.com/help/us/ysearch/slurp)"
95.108.217.252 - - [02/Jan/2011:22:15:17 -0500] "GET /naples-tour.htm HTTP/1.1" 200 22351 "-" "Mozilla/5.0 (compatible; YandexBot/3.0; +http://yandex.com/bots)"
193.69.126.5 - - [02/Jan/2011:22:32:04 -0500] "GET /robots.txt HTTP/1.0" 404 279 "-" "Mozilla/5.0 (compatible; MJ12bot/v1.3.3; http://www.majestic12.co.uk/bot.php?+)"
193.69.126.5 - - [02/Jan/2011:22:32:05 -0500] "GET /molhoek.htm HTTP/1.1" 200 8161 "-" "Mozilla/5.0 (compatible; MJ12bot/v1.3.3; http://www.majestic12.co.uk/bot.php?+)"
38.108.67.14 - - [02/Jan/2011:22:32:47 -0500] "GET /home-improvement-naples-florida.htm HTTP/1.0" 404 304 "-" "SBIder/Nutch-1.0-dev (http://www.sitesell.com/sbider.html)"
61.247.204.37 - - [02/Jan/2011:22:34:46 -0500] "GET /robots.txt HTTP/1.1" 404 291 "-" "Yeti/1.0 (NHN Corp.; http://help.naver.com/robots/)"
61.247.204.37 - - [02/Jan/2011:22:34:46 -0500] "GET / HTTP/1.1" 200 11305 "-" "Yeti/1.0 (NHN Corp.; http://help.naver.com/robots/)"
61.247.204.45 - - [02/Jan/2011:22:34:58 -0500] "GET /naples-usa.css HTTP/1.1" 200 714 "-" "Yeti/1.0 (NHN Corp.; http://help.naver.com/robots/)"
207.46.13.146 - - [02/Jan/2011:22:37:29 -0500] "GET /robots.txt HTTP/1.1" 404 291 "-" "Mozilla/5.0 (compatible; bingbot/2.0; +http://www.bing.com/bingbot.htm)"
67.195.112.50 - - [02/Jan/2011:22:41:02 -0500] "GET /images_map/na07.htm HTTP/1.0" 404 288 "-" "Mozilla/5.0 (compatible; Yahoo! Slurp; http://help.yahoo.com/help/us/ysearch/slurp)"
67.195.112.50 - - [02/Jan/2011:22:54:29 -0500] "GET /TheProcacciGroup/26760_rose-dining4.jpg.LCK HTTP/1.0" 404 312 "-" "Mozilla/5.0 (compatible; Yahoo! Slurp; http://help.yahoo.com/help/us/ysearch/slurp)"
207.46.13.146 - - [02/Jan/2011:22:54:47 -0500] "GET /fuller.htm HTTP/1.1" 404 291 "-" "Mozilla/5.0 (compatible; bingbot/2.0; +http://www.bing.com/bingbot.htm)"
62.248.131.19 - - [02/Jan/2011:22:55:30 -0500] "GET /doonan/naples-real-estate2.htm HTTP/1.0" 404 299 "http://www.naples-usa.com/doonan/naples-real-estate2.htm" "Mozilla/4.0 (compatible; MSIE 6.0; Windows 98; Win 9x 4.90)"
207.46.204.184 - - [02/Jan/2011:23:32:57 -0500] "GET /robots.txt HTTP/1.1" 404 291 "-" "Mozilla/5.0 (compatible; bingbot/2.0; +http://www.bing.com/bingbot.htm)"
95.108.217.252 - - [02/Jan/2011:23:33:56 -0500] "GET /florida-homestead-exemption.htm HTTP/1.1" 200 14191 "-" "Mozilla/5.0 (compatible; YandexBot/3.0; +http://yandex.com/bots)"
207.46.204.184 - - [02/Jan/2011:23:34:45 -0500] "GET /naples-florida-facts.htm HTTP/1.1" 304 - "-" "Mozilla/5.0 (compatible; bingbot/2.0; +http://www.bing.com/bingbot.htm)"
38.108.67.14 - - [02/Jan/2011:23:56:37 -0500] "GET /tennis.htm HTTP/1.0" 404 279 "-" "SBIder/Nutch-1.0-dev (http://www.sitesell.com/sbider.html)"
38.108.67.14 - - [03/Jan/2011:00:02:37 -0500] "GET /naples-tennis-public.htm HTTP/1.0" 404 293 "-" "SBIder/Nutch-1.0-dev (http://www.sitesell.com/sbider.html)"
61.135.249.210 - - [03/Jan/2011:00:07:56 -0500] "GET /robots.txt HTTP/1.1" 404 291 "-" "Mozilla/5.0 (compatible; YoudaoBot/1.0; http://www.youdao.com/help/webmaster/spider/; )"
61.135.249.210 - - [03/Jan/2011:00:07:56 -0500] "GET / HTTP/1.1" 304 - "-" "Mozilla/5.0 (compatible; YoudaoBot/1.0; http://www.youdao.com/help/webmaster/spider/; )"
207.46.13.43 - - [03/Jan/2011:00:11:16 -0500] "GET /naples-florida-schools.htm HTTP/1.1" 304 - "-" "Mozilla/5.0 (compatible; bingbot/2.0; +http://www.bing.com/bingbot.htm)"
166.137.142.236 - - [03/Jan/2011:00:20:05 -0500] "GET /images/1_naples%20florida%20real%20estate_index.jpg HTTP/1.1" 200 24287 "http://arcticboy.arcticboy.com/pictures-naples-florida" "Mozilla/5.0 (iPhone; U; CPU iPhone OS 4_0_1 like Mac OS X; en-us) AppleWebKit/532.9 (KHTML, like Gecko) Mobile/8A306"
95.108.217.252 - - [03/Jan/2011:00:43:49 -0500] "GET /naples-florida-important-phone-numbers.htm HTTP/1.1" 200 5449 "-" "Mozilla/5.0 (compatible; YandexBot/3.0; +http://yandex.com/bots)"
67.195.112.50 - - [03/Jan/2011:00:45:39 -0500] "GET /TheProcacciGroup/209_monterey-pool.jpg.LCK HTTP/1.0" 404 311 "-" "Mozilla/5.0 (compatible; Yahoo! Slurp; http://help.yahoo.com/help/us/ysearch/slurp)"
38.108.67.14 - - [03/Jan/2011:00:45:54 -0500] "GET /history.htm HTTP/1.0" 404 280 "-" "SBIder/Nutch-1.0-dev (http://www.sitesell.com/sbider.html)"
67.195.112.50 - - [03/Jan/2011:00:47:25 -0500] "GET /bozin.htm HTTP/1.0" 404 278 "-" "Mozilla/5.0 (compatible; Yahoo! Slurp; http://help.yahoo.com/help/us/ysearch/slurp)"
207.46.13.97 - - [03/Jan/2011:00:49:30 -0500] "GET /robots.txt HTTP/1.1" 404 291 "-" "Mozilla/5.0 (compatible; bingbot/2.0; +http://www.bing.com/bingbot.htm)"
38.108.67.14 - - [03/Jan/2011:01:07:53 -0500] "GET /mortgage-dictionary.htm HTTP/1.0" 404 292 "-" "SBIder/Nutch-1.0-dev (http://www.sitesell.com/sbider.html)"
207.46.199.53 - - [03/Jan/2011:01:09:13 -0500] "GET /home.cfm HTTP/1.1" 404 289 "-" "Mozilla/5.0 (compatible; bingbot/2.0; +http://www.bing.com/bingbot.htm)"
67.195.112.50 - - [03/Jan/2011:01:11:21 -0500] "GET /TheProcacciGroup/2384_ravenna-dining.jpg.LCK HTTP/1.0" 404 313 "-" "Mozilla/5.0 (compatible; Yahoo! Slurp; http://help.yahoo.com/help/us/ysearch/slurp)"
207.46.13.97 - - [03/Jan/2011:01:11:44 -0500] "GET /naples-florida-fishing.htm HTTP/1.1" 304 - "-" "Mozilla/5.0 (compatible; bingbot/2.0; +http://www.bing.com/bingbot.htm)"
67.195.112.50 - - [03/Jan/2011:01:16:54 -0500] "GET /TheProcacciGroup/4700_st-tennis.jpg.LCK HTTP/1.0" 404 308 "-" "Mozilla/5.0 (compatible; Yahoo! Slurp; http://help.yahoo.com/help/us/ysearch/slurp)"
65.52.110.67 - - [03/Jan/2011:01:26:43 -0500] "GET /volmer1.htm HTTP/1.1" 404 292 "-" "Mozilla/5.0 (compatible; bingbot/2.0; +http://www.bing.com/bingbot.htm)"
67.195.112.50 - - [03/Jan/2011:01:32:33 -0500] "GET /TheProcacciGroup/1410_sweet-view.jpg.LCK HTTP/1.0" 404 309 "-" "Mozilla/5.0 (compatible; Yahoo! Slurp; http://help.yahoo.com/help/us/ysearch/slurp)"
67.195.112.50 - - [03/Jan/2011:01:35:30 -0500] "GET /TheProcacciGroup/8730_ibis-bed.jpg.LCK HTTP/1.0" 404 307 "-" "Mozilla/5.0 (compatible; Yahoo! Slurp; http://help.yahoo.com/help/us/ysearch/slurp)"
207.46.204.237 - - [03/Jan/2011:01:43:39 -0500] "GET /robots.txt HTTP/1.1" 404 291 "-" "Mozilla/5.0 (compatible; bingbot/2.0; +http://www.bing.com/bingbot.htm)"
207.46.204.237 - - [03/Jan/2011:01:48:13 -0500] "GET /naples-boating.htm HTTP/1.1" 304 - "-" "Mozilla/5.0 (compatible; bingbot/2.0; +http://www.bing.com/bingbot.htm)"
208.80.194.29 - - [03/Jan/2011:01:57:14 -0500] "GET / HTTP/1.0" 200 11305 "-" "Mozilla/4.0 (compatible; MSIE 6.0; Windows NT 5.1; SV1; FunWebProducts; snprtz|T30137922030039; ZangoToolbar 4.8.3)"
208.80.194.29 - - [03/Jan/2011:01:57:14 -0500] "GET / HTTP/1.0" 200 11305 "-" "Mozilla/4.0 (compatible; MSIE 6.0; Windows NT 5.1; {32244DFA-EAAC-3685-7D5A-3282095F2778}; .NET CLR 1.1.4322)"
95.108.158.234 - - [03/Jan/2011:02:00:15 -0500] "GET /images/history_collier.jpg HTTP/1.1" 304 - "-" "Mozilla/5.0 (compatible; YandexImages/3.0; +http://yandex.com/bots)"
124.115.0.15 - - [03/Jan/2011:02:10:03 -0500] "GET / HTTP/1.1" 200 11305 "-" "Sosospider+(+http://help.soso.com/webspider.htm)"
67.195.112.50 - - [03/Jan/2011:02:12:38 -0500] "GET /TheProcacciGroup/4296_long-pool.jpg.LCK HTTP/1.0" 404 308 "-" "Mozilla/5.0 (compatible; Yahoo! Slurp; http://help.yahoo.com/help/us/ysearch/slurp)"
124.115.6.14 - - [03/Jan/2011:02:21:32 -0500] "GET /robots.txt HTTP/1.1" 404 291 "-" "Sosospider+(+http://help.soso.com/webspider.htm)"
124.115.10.64 - - [03/Jan/2011:02:21:51 -0500] "GET / HTTP/1.1" 200 11305 "-" "Mozilla/4.0 (compatible; MSIE 6.0; Windows NT 5.1)"
