65.52.110.55 - - [28/Dec/2010:19:05:38 -0500] "GET /robots.txt HTTP/1.1" 404 291 "-" "Mozilla/5.0 (compatible; bingbot/2.0; +http://www.bing.com/bingbot.htm)"
207.46.13.140 - - [28/Dec/2010:19:08:54 -0500] "GET /robots.txt HTTP/1.1" 404 291 "-" "Mozilla/5.0 (compatible; bingbot/2.0; +http://www.bing.com/bingbot.htm)"
207.46.13.140 - - [28/Dec/2010:19:33:32 -0500] "GET /meek.htm HTTP/1.1" 404 289 "-" "Mozilla/5.0 (compatible; bingbot/2.0; +http://www.bing.com/bingbot.htm)"
174.252.152.3 - - [28/Dec/2010:19:35:39 -0500] "GET /images/1_naples%20florida%20real%20estate_index.jpg HTTP/1.1" 200 24287 "http://www.google.com/m/search?site=images&source=mog&hl=en&gl=us&client=ms-android-verizon&q=naples%20florida" "Mozilla/5.0 (Linux; U; Android 2.2.1; en-us; Droid Build/FRG83D) AppleWebKit/533.1 (KHTML, like Gecko) Version/4.0 Mobile Safari/533.1"
174.252.152.3 - - [28/Dec/2010:19:35:40 -0500] "GET /favicon.ico HTTP/1.1" 404 292 "http://www.naples-usa.com/images/1_naples%20florida%20real%20estate_index.jpg" "Mozilla/5.0 (Linux; U; Android 2.2.1; en-us; Droid Build/FRG83D) AppleWebKit/533.1 (KHTML, like Gecko) Version/4.0 Mobile Safari/533.1"
174.252.152.3 - - [28/Dec/2010:19:35:48 -0500] "GET /images/1_naples%20florida%20real%20estate_index.jpg HTTP/1.1" 200 24287 "-" "Dalvik/1.2.0 (Linux; U; Android 2.2.1; Droid Build/FRG83D)"
65.52.110.55 - - [28/Dec/2010:19:36:01 -0500] "GET /naples-florida-fishing.htm HTTP/1.1" 304 - "-" "Mozilla/5.0 (compatible; bingbot/2.0; +http://www.bing.com/bingbot.htm)"
123.125.71.79 - - [28/Dec/2010:19:51:25 -0500] "GET /calendar.htm HTTP/1.1" 304 - "-" "Baiduspider+(+http://www.baidu.com/search/spider.htm)"
166.137.140.142 - - [28/Dec/2010:20:03:54 -0500] "GET /naples-weather.htm HTTP/1.1" 200 16725 "http://www.google.com/search?hl=en&&sa=X&ei=0YYaTdPVHpP9nAfM79DaDQ&ved=0CBgQvgUoAA&q=Naples,+fla.+average+monthly+temp&nfpr=1" "Mozilla/5.0 (iPad; U; CPU OS 3_2 like Mac OS X; en-us) AppleWebKit/531.21.10 (KHTML, like Gecko) Version/4.0.4 Mobile/7B367 Safari/531.21.10"
166.137.140.142 - - [28/Dec/2010:20:03:54 -0500] "GET /images/welcome_usa.gif HTTP/1.1" 200 7890 "http://www.naples-usa.com/naples-weather.htm" "Mozilla/5.0 (iPad; U; CPU OS 3_2 like Mac OS X; en-us) AppleWebKit/531.21.10 (KHTML, like Gecko) Version/4.0.4 Mobile/7B367 Safari/531.21.10"
166.137.140.142 - - [28/Dec/2010:20:03:54 -0500] "GET /images/florida_logo.gif HTTP/1.1" 200 1024 "http://www.naples-usa.com/naples-weather.htm" "Mozilla/5.0 (iPad; U; CPU OS 3_2 like Mac OS X; en-us) AppleWebKit/531.21.10 (KHTML, like Gecko) Version/4.0.4 Mobile/7B367 Safari/531.21.10"
166.137.140.142 - - [28/Dec/2010:20:03:54 -0500] "GET /transparent.gif HTTP/1.1" 200 43 "http://www.naples-usa.com/naples-weather.htm" "Mozilla/5.0 (iPad; U; CPU OS 3_2 like Mac OS X; en-us) AppleWebKit/531.21.10 (KHTML, like Gecko) Version/4.0.4 Mobile/7B367 Safari/531.21.10"
207.46.13.49 - - [28/Dec/2010:20:21:19 -0500] "GET /robots.txt HTTP/1.1" 404 291 "-" "Mozilla/5.0 (compatible; bingbot/2.0; +http://www.bing.com/bingbot.htm)"
71.51.175.174 - - [28/Dec/2010:20:23:45 -0500] "GET /images/1_naples%20florida%20real%20estate_index.jpg HTTP/1.1" 200 24287 "http://arcticboy.arcticboy.com/pictures-naples-florida" "Mozilla/5.0 (Windows; U; Windows NT 6.1; de; rv:1.9.2.13) Gecko/20101203 Firefox/3.6.13 (.NET CLR 3.5.30729)"
71.51.175.174 - - [28/Dec/2010:20:23:49 -0500] "GET /images/1_naples%20florida%20real%20estate_index.jpg HTTP/1.1" 206 17307 "http://arcticboy.arcticboy.com/pictures-naples-florida" "Mozilla/5.0 (Windows; U; Windows NT 6.1; de; rv:1.9.2.13) Gecko/20101203 Firefox/3.6.13 (.NET CLR 3.5.30729)"
71.51.175.174 - - [28/Dec/2010:20:24:01 -0500] "GET /images/1_naples%20florida%20real%20estate_index.jpg HTTP/1.1" 206 10379 "http://arcticboy.arcticboy.com/pictures-naples-florida" "Mozilla/5.0 (Windows; U; Windows NT 6.1; de; rv:1.9.2.13) Gecko/20101203 Firefox/3.6.13 (.NET CLR 3.5.30729)"
71.51.175.174 - - [28/Dec/2010:20:24:03 -0500] "GET /images/1_naples%20florida%20real%20estate_index.jpg HTTP/1.1" 206 3452 "http://arcticboy.arcticboy.com/pictures-naples-florida" "Mozilla/5.0 (Windows; U; Windows NT 6.1; de; rv:1.9.2.13) Gecko/20101203 Firefox/3.6.13 (.NET CLR 3.5.30729)"
207.46.13.49 - - [28/Dec/2010:20:28:02 -0500] "GET /naples-florida-facts.htm HTTP/1.1" 304 - "-" "Mozilla/5.0 (compatible; bingbot/2.0; +http://www.bing.com/bingbot.htm)"
95.108.158.234 - - [28/Dec/2010:20:45:44 -0500] "GET /robots.txt HTTP/1.1" 404 291 "-" "Mozilla/5.0 (compatible; YandexImages/3.0; +http://yandex.com/bots)"
76.70.102.20 - - [28/Dec/2010:21:05:14 -0500] "GET /images/1_naples%20florida%20real%20estate_index.jpg HTTP/1.1" 200 24287 "http://www.google.ca/imgres?imgurl=http://www.naples-usa.com/images/1_naples%2520florida%2520real%2520estate_index.jpg&imgrefurl=http://www.dolphinworld.net/wordpress/2008/02/19/naples-florida-dolphin-swim-tour/&usg=__qADXQoSKXq32YdNCGsSumn4G-8c=&h=256&w=375&sz=24&hl=en&start=0&zoom=1&tbnid=xiSSaf0OQrPq8M:&tbnh=129&tbnw=172&prev=/images%3Fq%3Dnaples%2Bbeach%2Bflorida%26hl%3Den%26rlz%3D1C1SKPL_enCA404CA404%26biw%3D1280%26bih%3D709%26tbs%3Disch:10%2C259&itbs=1&iact=rc&dur=293&ei=T44aTfXBKIGjnQfZm6TTDQ&oei=T44aTfXBKIGjnQfZm6TTDQ&esq=1&page=1&ndsp=24&ved=1t:429,r:17,s:0&tx=132&ty=28&biw=1280&bih=709" "Mozilla/5.0 (Windows; U; Windows NT 6.0; en-US) AppleWebKit/534.10 (KHTML, like Gecko) Chrome/8.0.552.224 Safari/534.10"
95.108.150.235 - - [28/Dec/2010:21:09:51 -0500] "GET /robots.txt HTTP/1.1" 404 291 "-" "Mozilla/5.0 (compatible; YandexBot/3.0; MirrorDetector; +http://yandex.com/bots)"
95.108.150.235 - - [28/Dec/2010:21:09:51 -0500] "GET /robots.txt HTTP/1.1" 404 291 "-" "Mozilla/5.0 (compatible; YandexBot/3.0; MirrorDetector; +http://yandex.com/bots)"
95.108.150.235 - - [28/Dec/2010:21:09:52 -0500] "GET / HTTP/1.1" 200 11305 "-" "Mozilla/5.0 (compatible; YandexBot/3.0; MirrorDetector; +http://yandex.com/bots)"
95.108.150.235 - - [28/Dec/2010:21:09:52 -0500] "GET / HTTP/1.1" 200 11305 "-" "Mozilla/5.0 (compatible; YandexBot/3.0; MirrorDetector; +http://yandex.com/bots)"
95.108.150.235 - - [28/Dec/2010:21:09:53 -0500] "GET / HTTP/1.1" 200 11305 "-" "Mozilla/5.0 (compatible; YandexBot/3.0; MirrorDetector; +http://yandex.com/bots)"
95.108.150.235 - - [28/Dec/2010:21:09:53 -0500] "GET / HTTP/1.1" 200 11305 "-" "Mozilla/5.0 (compatible; YandexBot/3.0; MirrorDetector; +http://yandex.com/bots)"
95.28.31.233 - - [28/Dec/2010:21:22:09 -0500] "GET /TheProcacciGroup/naplesfloridarentals1.htm HTTP/1.0" 404 311 "http://www.clone.cd" "Mozilla/4.0 (compatible; MSIE 6.0; Windows NT 5.1; .NET CLR 1.1.4322; Alexa Toolbar; (R1 1.5))"
95.28.31.233 - - [28/Dec/2010:21:22:09 -0500] "GET / HTTP/1.0" 200 11305 "http://www.naples-usa.com/" "Mozilla/4.0 (compatible; MSIE 6.0; Windows NT 5.1; .NET CLR 1.1.4322; Alexa Toolbar; (R1 1.5))"
207.46.13.137 - - [28/Dec/2010:21:25:40 -0500] "GET /robots.txt HTTP/1.1" 404 291 "-" "Mozilla/5.0 (compatible; bingbot/2.0; +http://www.bing.com/bingbot.htm)"
207.46.13.137 - - [28/Dec/2010:21:41:02 -0500] "GET /stevens.htm HTTP/1.1" 404 292 "-" "Mozilla/5.0 (compatible; bingbot/2.0; +http://www.bing.com/bingbot.htm)"
207.46.13.134 - - [28/Dec/2010:21:51:01 -0500] "GET /naples-florida-schools.htm HTTP/1.1" 304 - "-" "Mozilla/5.0 (compatible; bingbot/2.0; +http://www.bing.com/bingbot.htm)"
207.46.199.40 - - [28/Dec/2010:21:59:09 -0500] "GET /robots.txt HTTP/1.1" 404 291 "-" "Mozilla/5.0 (compatible; bingbot/2.0; +http://www.bing.com/bingbot.htm)"
195.234.5.168 - - [28/Dec/2010:22:14:32 -0500] "GET /fckeditor/editor/images/anchor.gif HTTP/1.1" 404 315 "" "Mozilla/5.0 (Windows; U; Windows NT 6.0; en; rv:1.9.0.8) Gecko/2009032609 Firefox/3.0.8 (.NET CLR 3.5.30729)"
207.46.199.40 - - [28/Dec/2010:22:17:33 -0500] "GET /history.htm HTTP/1.1" 404 292 "-" "Mozilla/5.0 (compatible; bingbot/2.0; +http://www.bing.com/bingbot.htm)"
71.191.154.153 - - [28/Dec/2010:22:20:48 -0500] "GET /images/1_naples%20florida%20real%20estate_index.jpg HTTP/1.1" 200 24287 "http://www.google.com/imgres?imgurl=http://www.naples-usa.com/images/1_naples%2520florida%2520real%2520estate_index.jpg&imgrefurl=http://www.dolphinworld.net/wordpress/2008/02/&usg=__Yfg7BIce8XR6maFj_cNFYX3tYKg=&h=256&w=375&sz=24&hl=en&start=0&zoom=1&tbnid=xiSSaf0OQrPq8M:&tbnh=164&tbnw=215&prev=/images%3Fq%3Dyoutube%2Bvideos%2Bof%2Bdolphin%2Banimals%26um%3D1%26hl%3Den%26sa%3DG%26rlz%3D1T4ADSA_enUS367US368%26biw%3D1259%26bih%3D751%26tbs%3Disch:1&um=1&itbs=1&iact=rc&dur=532&ei=_6YaTZnzBoG0lQfuw5jUCw&oei=_6YaTZnzBoG0lQfuw5jUCw&esq=1&page=1&ndsp=15&ved=1t:429,r:7,s:0&tx=87&ty=120" "Mozilla/4.0 (compatible; MSIE 8.0; Windows NT 5.1; Trident/4.0; GTB6.6; InfoPath.2; .NET CLR 2.0.50727; WinNT-EVI 18.03.2010; .NET CLR 3.0.4506.2152; .NET CLR 3.5.30729; msn OptimizedIE8;ENUS)"
95.108.158.234 - - [28/Dec/2010:22:32:05 -0500] "GET /images/history_army.jpg HTTP/1.1" 200 11146 "-" "Mozilla/5.0 (compatible; YandexImages/3.0; +http://yandex.com/bots)"
208.80.194.33 - - [28/Dec/2010:22:40:53 -0500] "GET /meek.htm HTTP/1.0" 404 277 "-" "Mozilla/4.0 (compatible; MSIE 7.0; Windows NT 5.1; SIMBAR Enabled; SIMBAR={B355C2A9-271E-464d-8E5B-047673D36B30}; .NET CLR 1.1.4322)"
157.55.16.231 - - [28/Dec/2010:22:43:33 -0500] "GET /lost-pets.htm HTTP/1.1" 404 294 "-" "Mozilla/5.0 (compatible; bingbot/2.0; +http://www.bing.com/bingbot.htm)"
207.46.12.241 - - [28/Dec/2010:22:57:52 -0500] "GET /meek.htm/robots.txt HTTP/1.1" 404 300 "-" "Mozilla/5.0 (compatible; bingbot/2.0; +http://www.bing.com/bingbot.htm)"
76.182.228.2 - - [28/Dec/2010:23:07:01 -0500] "GET /images/1_naples%20florida%20real%20estate_index.jpg HTTP/1.1" 200 24287 "http://www.google.com/imgres?imgurl=http://www.naples-usa.com/images/1_naples%2520florida%2520real%2520estate_index.jpg&imgrefurl=http://www.dolphinworld.net/wordpress/2008/02/19/naples-florida-dolphin-swim-tour/&usg=__qADXQoSKXq32YdNCGsSumn4G-8c=&h=256&w=375&sz=24&hl=en&start=0&zoom=1&tbnid=xiSSaf0OQrPq8M:&tbnh=124&tbnw=170&prev=/images%3Fq%3Dnaples%2Bflorida%26um%3D1%26hl%3Den%26client%3Dsafari%26sa%3DN%26rls%3Den%26gl%3Dus%26biw%3D1264%26bih%3D702%26tbs%3Disch:1&um=1&itbs=1&iact=rc&dur=769&ei=zrEaTYnRK8H-8Abh243IDQ&oei=zrEaTYnRK8H-8Abh243IDQ&esq=1&page=1&ndsp=24&ved=1t:429,r:6,s:0&tx=84&ty=71" "Mozilla/5.0 (Macintosh; U; Intel Mac OS X 10_6_2; en-us) AppleWebKit/531.21.8 (KHTML, like Gecko) Version/4.0.4 Safari/531.21.10"
72.208.248.190 - - [28/Dec/2010:23:36:30 -0500] "GET /naples-weather.htm HTTP/1.1" 200 16725 "-" "Mozilla/5.0 (Windows; U; Windows NT 6.1; en-US; rv:1.9.2.13) Gecko/20101203 Firefox/3.6.13 GTB6 ( .NET CLR 3.5.30729)"
184.154.7.186 - - [28/Dec/2010:23:43:59 -0500] "GET /robots.txt HTTP/1.0" 404 279 "-" "Mozilla/5.0 (compatible; MJ12bot/v1.3.3; http://www.majestic12.co.uk/bot.php?+)"
184.154.7.186 - - [28/Dec/2010:23:44:02 -0500] "GET / HTTP/1.0" 200 11305 "-" "Mozilla/5.0 (compatible; MJ12bot/v1.3.3; http://www.majestic12.co.uk/bot.php?+)"
95.108.158.234 - - [28/Dec/2010:23:49:06 -0500] "GET /images/history_hotel1.jpg HTTP/1.1" 200 9608 "-" "Mozilla/5.0 (compatible; YandexImages/3.0; +http://yandex.com/bots)"
108.9.68.26 - - [28/Dec/2010:23:57:31 -0500] "GET /images/1_naples%20florida%20real%20estate_index.jpg HTTP/1.1" 200 24287 "http://arcticboy.arcticboy.com/pictures-naples-florida" "Mozilla/5.0 (iPhone; U; CPU iPhone OS 3_1_2 like Mac OS X; it-it) AppleWebKit/528.18 (KHTML, like Gecko) Version/4.0 Mobile/7D11 Safari/528.16"
207.46.199.54 - - [29/Dec/2010:00:09:52 -0500] "GET /robots.txt HTTP/1.1" 404 291 "-" "Mozilla/5.0 (compatible; bingbot/2.0; +http://www.bing.com/bingbot.htm)"
207.46.199.54 - - [29/Dec/2010:00:20:03 -0500] "GET /meek.htm HTTP/1.1" 404 289 "-" "Mozilla/5.0 (compatible; bingbot/2.0; +http://www.bing.com/bingbot.htm)"
76.87.106.255 - - [29/Dec/2010:00:46:36 -0500] "GET /images/1_naples%20florida%20real%20estate_index.jpg HTTP/1.1" 200 19952 "http://www.google.com/imgres?imgurl=http://www.naples-usa.com/images/1_naples%2520florida%2520real%2520estate_index.jpg&imgrefurl=http://www.dolphinworld.net/wordpress/2008/02/19/naples-florida-dolphin-swim-tour/&usg=__qADXQoSKXq32YdNCGsSumn4G-8c=&h=256&w=375&sz=24&hl=en&start=0&zoom=1&tbnid=xiSSaf0OQrPq8M:&tbnh=155&tbnw=213&prev=/images%3Fq%3Dnaples%2Bflorida%26um%3D1%26hl%3Den%26client%3Dsafari%26sa%3DX%26rls%3Den%26biw%3D1024%26bih%3D965%26tbs%3Disch:1&um=1&itbs=1&iact=hc&vpx=501&vpy=289&dur=391&hovh=185&hovw=272&tx=155&ty=127&ei=J8kaTe_fB5O-sQOUpeCKCg&oei=J8kaTe_fB5O-sQOUpeCKCg&esq=1&page=1&ndsp=20&ved=1t:429,r:6,s:0" "Mozilla/5.0 (Macintosh; U; Intel Mac OS X 10_5_8; en-us) AppleWebKit/533.19.4 (KHTML, like Gecko) Version/5.0.3 Safari/533.19.4"
76.87.106.255 - - [29/Dec/2010:00:46:37 -0500] "GET /images/1_naples%20florida%20real%20estate_index.jpg HTTP/1.1" 200 24287 "http://www.dolphinworld.net/wordpress/2008/02/19/naples-florida-dolphin-swim-tour/" "Mozilla/5.0 (Macintosh; U; Intel Mac OS X 10_5_8; en-us) AppleWebKit/533.19.4 (KHTML, like Gecko) Version/5.0.3 Safari/533.19.4"
218.186.10.250 - - [29/Dec/2010:00:50:09 -0500] "GET /robots.txt HTTP/1.0" 404 279 "-" "TemaSEEK/Nutch-1.1 (http://www.temaseek.com; crawler@temaseek.com)"
218.186.10.250 - - [29/Dec/2010:00:50:11 -0500] "GET / HTTP/1.0" 200 11305 "-" "TemaSEEK/Nutch-1.1 (http://www.temaseek.com; crawler@temaseek.com)"
124.115.0.14 - - [29/Dec/2010:00:53:26 -0500] "GET / HTTP/1.1" 200 11305 "-" "Sosospider+(+http://help.soso.com/webspider.htm)"
124.115.0.14 - - [29/Dec/2010:00:53:37 -0500] "GET /naples-usa.css HTTP/1.1" 200 714 "http://www.naples-usa.com/" "Sosospider+(+http://help.soso.com/webspider.htm)"
95.108.158.234 - - [29/Dec/2010:00:57:08 -0500] "GET /images/florida_logo.gif HTTP/1.1" 200 1024 "-" "Mozilla/5.0 (compatible; YandexImages/3.0; +http://yandex.com/bots)"
65.52.110.66 - - [29/Dec/2010:00:57:32 -0500] "GET /golf.htm HTTP/1.1" 404 289 "-" "Mozilla/5.0 (compatible; bingbot/2.0; +http://www.bing.com/bingbot.htm)"
65.52.108.12 - - [29/Dec/2010:01:02:02 -0500] "GET /index.html HTTP/1.1" 304 - "-" "Mozilla/5.0 (compatible; bingbot/2.0; +http://www.bing.com/bingbot.htm)"
67.195.112.50 - - [29/Dec/2010:01:28:30 -0500] "GET /robots.txt HTTP/1.0" 404 279 "-" "Mozilla/5.0 (compatible; Yahoo! Slurp; http://help.yahoo.com/help/us/ysearch/slurp)"
67.195.112.50 - - [29/Dec/2010:01:28:31 -0500] "GET /damiano.htm HTTP/1.0" 404 280 "-" "Mozilla/5.0 (compatible; Yahoo! Slurp; http://help.yahoo.com/help/us/ysearch/slurp)"
67.195.112.50 - - [29/Dec/2010:01:30:43 -0500] "GET /manix.htm HTTP/1.0" 404 278 "-" "Mozilla/5.0 (compatible; Yahoo! Slurp; http://help.yahoo.com/help/us/ysearch/slurp)"
98.74.55.58 - - [29/Dec/2010:01:36:57 -0500] "GET /naples-weather.htm HTTP/1.1" 200 16725 "http://www.bing.com/search?q=naples+florida+summer+weather&form=DLCDF8&pc=MDDC&src=IE-SearchBox" "Mozilla/4.0 (compatible; MSIE 8.0; Windows NT 6.1; WOW64; Trident/4.0; SLCC2; .NET CLR 2.0.50727; .NET CLR 3.5.30729; .NET CLR 3.0.30729; Media Center PC 6.0; MDDC; .NET4.0C)"
98.74.55.58 - - [29/Dec/2010:01:36:58 -0500] "GET /images/florida_logo.gif HTTP/1.1" 200 1024 "http://naples-usa.com/naples-weather.htm" "Mozilla/4.0 (compatible; MSIE 8.0; Windows NT 6.1; WOW64; Trident/4.0; SLCC2; .NET CLR 2.0.50727; .NET CLR 3.5.30729; .NET CLR 3.0.30729; Media Center PC 6.0; MDDC; .NET4.0C)"
98.74.55.58 - - [29/Dec/2010:01:36:58 -0500] "GET /images/welcome_usa.gif HTTP/1.1" 200 7890 "http://naples-usa.com/naples-weather.htm" "Mozilla/4.0 (compatible; MSIE 8.0; Windows NT 6.1; WOW64; Trident/4.0; SLCC2; .NET CLR 2.0.50727; .NET CLR 3.5.30729; .NET CLR 3.0.30729; Media Center PC 6.0; MDDC; .NET4.0C)"
98.74.55.58 - - [29/Dec/2010:01:36:58 -0500] "GET /transparent.gif HTTP/1.1" 200 43 "http://naples-usa.com/naples-weather.htm" "Mozilla/4.0 (compatible; MSIE 8.0; Windows NT 6.1; WOW64; Trident/4.0; SLCC2; .NET CLR 2.0.50727; .NET CLR 3.5.30729; .NET CLR 3.0.30729; Media Center PC 6.0; MDDC; .NET4.0C)"
98.74.55.58 - - [29/Dec/2010:01:36:58 -0500] "GET /favicon.ico HTTP/1.1" 404 292 "-" "Mozilla/4.0 (compatible; MSIE 8.0; Windows NT 6.1; WOW64; Trident/4.0; SLCC2; .NET CLR 2.0.50727; .NET CLR 3.5.30729; .NET CLR 3.0.30729; Media Center PC 6.0; MDDC; .NET4.0C)"
207.46.195.225 - - [29/Dec/2010:01:42:04 -0500] "GET /reports_for-buyers.htm HTTP/1.1" 404 303 "-" "Mozilla/5.0 (compatible; bingbot/2.0; +http://www.bing.com/bingbot.htm)"
67.195.112.50 - - [29/Dec/2010:01:48:04 -0500] "GET /vlasho/aboutpatty.htm HTTP/1.0" 404 290 "-" "Mozilla/5.0 (compatible; Yahoo! Slurp; http://help.yahoo.com/help/us/ysearch/slurp)"
123.125.71.45 - - [29/Dec/2010:01:53:32 -0500] "GET /Molhoek/Images/jean_128.jpg HTTP/1.1" 200 6214 "-" "Baiduspider-image+(+http://www.baidu.com/search/spider.htm)"
123.125.71.47 - - [29/Dec/2010:02:00:20 -0500] "GET /images/florida_logo.gif HTTP/1.1" 200 1024 "-" "Baiduspider-image+(+http://www.baidu.com/search/spider.htm)"
125.64.33.80 - - [29/Dec/2010:02:02:31 -0500] "GET / HTTP/1.1" 200 11305 "-" "Mozilla/4.0 (compatible; MSIE 6.0; Windows NT 5.0; SV1; .NET CLR 1.1.4322; InfoPath.2; .NET CLR 2.0.50727; .NET CLR 3.0.04506.648; .NET CLR 3.5.21022)"
123.125.71.45 - - [29/Dec/2010:02:03:31 -0500] "GET /images/florida%20beaches_sml.jpg HTTP/1.1" 200 5241 "-" "Baiduspider-image+(+http://www.baidu.com/search/spider.htm)"
123.125.71.41 - - [29/Dec/2010:02:04:53 -0500] "GET /images/A-INDE~1.jpg HTTP/1.1" 200 23069 "-" "Baiduspider-image+(+http://www.baidu.com/search/spider.htm)"
67.195.112.50 - - [29/Dec/2010:02:09:27 -0500] "GET /TheProcacciGroup/11091_corsia-living.jpg.LCK HTTP/1.0" 404 313 "-" "Mozilla/5.0 (compatible; Yahoo! Slurp; http://help.yahoo.com/help/us/ysearch/slurp)"
207.46.13.135 - - [29/Dec/2010:02:12:25 -0500] "GET /robots.txt HTTP/1.1" 404 291 "-" "Mozilla/5.0 (compatible; bingbot/2.0; +http://www.bing.com/bingbot.htm)"
207.46.13.135 - - [29/Dec/2010:02:22:02 -0500] "GET /area-information-calendar.htm HTTP/1.1" 404 310 "-" "Mozilla/5.0 (compatible; bingbot/2.0; +http://www.bing.com/bingbot.htm)"
68.68.205.46 - - [29/Dec/2010:02:27:11 -0500] "GET /images/images/z-bird-flamingo.gif HTTP/1.1" 200 890 "http://www.naples-usa.com/naples-calendarofevents.htm" "Mozilla/4.0 (compatible; MSIE 8.0; Windows NT 6.0; Trident/4.0; GTB6.6; SLCC1; .NET CLR 2.0.50727; Media Center PC 5.1; .NET CLR 3.5.30729; .NET CLR 3.0.30729; OfficeLiveConnector.1.3; OfficeLivePatch.0.0)"
68.68.205.46 - - [29/Dec/2010:02:27:11 -0500] "GET /images/images/z-stickfamily.gif HTTP/1.1" 404 312 "http://www.naples-usa.com/naples-calendarofevents.htm" "Mozilla/4.0 (compatible; MSIE 8.0; Windows NT 6.0; Trident/4.0; GTB6.6; SLCC1; .NET CLR 2.0.50727; Media Center PC 5.1; .NET CLR 3.5.30729; .NET CLR 3.0.30729; OfficeLiveConnector.1.3; OfficeLivePatch.0.0)"
68.68.205.46 - - [29/Dec/2010:02:27:11 -0500] "GET /images/images/z-frog.jpg HTTP/1.1" 404 305 "http://www.naples-usa.com/naples-calendarofevents.htm" "Mozilla/4.0 (compatible; MSIE 8.0; Windows NT 6.0; Trident/4.0; GTB6.6; SLCC1; .NET CLR 2.0.50727; Media Center PC 5.1; .NET CLR 3.5.30729; .NET CLR 3.0.30729; OfficeLiveConnector.1.3; OfficeLivePatch.0.0)"
68.68.205.46 - - [29/Dec/2010:02:27:11 -0500] "GET /images/welcome_usa.gif HTTP/1.1" 200 7890 "http://www.naples-usa.com/naples-calendarofevents.htm" "Mozilla/4.0 (compatible; MSIE 8.0; Windows NT 6.0; Trident/4.0; GTB6.6; SLCC1; .NET CLR 2.0.50727; Media Center PC 5.1; .NET CLR 3.5.30729; .NET CLR 3.0.30729; OfficeLiveConnector.1.3; OfficeLivePatch.0.0)"
68.68.205.46 - - [29/Dec/2010:02:27:11 -0500] "GET /images/z_shell.gif HTTP/1.1" 200 1325 "http://www.naples-usa.com/naples-calendarofevents.htm" "Mozilla/4.0 (compatible; MSIE 8.0; Windows NT 6.0; Trident/4.0; GTB6.6; SLCC1; .NET CLR 2.0.50727; Media Center PC 5.1; .NET CLR 3.5.30729; .NET CLR 3.0.30729; OfficeLiveConnector.1.3; OfficeLivePatch.0.0)"
68.68.205.46 - - [29/Dec/2010:02:27:12 -0500] "GET /images/return_arrow.gif HTTP/1.1" 200 220 "http://www.naples-usa.com/naples-calendarofevents.htm" "Mozilla/4.0 (compatible; MSIE 8.0; Windows NT 6.0; Trident/4.0; GTB6.6; SLCC1; .NET CLR 2.0.50727; Media Center PC 5.1; .NET CLR 3.5.30729; .NET CLR 3.0.30729; OfficeLiveConnector.1.3; OfficeLivePatch.0.0)"
68.68.205.46 - - [29/Dec/2010:02:27:12 -0500] "GET /images/z_rose.gif HTTP/1.1" 200 473 "http://www.naples-usa.com/naples-calendarofevents.htm" "Mozilla/4.0 (compatible; MSIE 8.0; Windows NT 6.0; Trident/4.0; GTB6.6; SLCC1; .NET CLR 2.0.50727; Media Center PC 5.1; .NET CLR 3.5.30729; .NET CLR 3.0.30729; OfficeLiveConnector.1.3; OfficeLivePatch.0.0)"
68.68.205.46 - - [29/Dec/2010:02:27:12 -0500] "GET /images/z-sailboat.jpg HTTP/1.1" 200 2182 "http://www.naples-usa.com/naples-calendarofevents.htm" "Mozilla/4.0 (compatible; MSIE 8.0; Windows NT 6.0; Trident/4.0; GTB6.6; SLCC1; .NET CLR 2.0.50727; Media Center PC 5.1; .NET CLR 3.5.30729; .NET CLR 3.0.30729; OfficeLiveConnector.1.3; OfficeLivePatch.0.0)"
68.68.205.46 - - [29/Dec/2010:02:27:12 -0500] "GET /images/images/z-greyhound4a.jpg HTTP/1.1" 404 312 "http://www.naples-usa.com/naples-calendarofevents.htm" "Mozilla/4.0 (compatible; MSIE 8.0; Windows NT 6.0; Trident/4.0; GTB6.6; SLCC1; .NET CLR 2.0.50727; Media Center PC 5.1; .NET CLR 3.5.30729; .NET CLR 3.0.30729; OfficeLiveConnector.1.3; OfficeLivePatch.0.0)"
68.68.205.46 - - [29/Dec/2010:02:27:12 -0500] "GET /images/images/z-theater.gif HTTP/1.1" 404 308 "http://www.naples-usa.com/naples-calendarofevents.htm" "Mozilla/4.0 (compatible; MSIE 8.0; Windows NT 6.0; Trident/4.0; GTB6.6; SLCC1; .NET CLR 2.0.50727; Media Center PC 5.1; .NET CLR 3.5.30729; .NET CLR 3.0.30729; OfficeLiveConnector.1.3; OfficeLivePatch.0.0)"
68.68.205.46 - - [29/Dec/2010:02:27:12 -0500] "GET /images/florida_logo_sm.gif HTTP/1.1" 200 1933 "http://www.naples-usa.com/naples-calendarofevents.htm" "Mozilla/4.0 (compatible; MSIE 8.0; Windows NT 6.0; Trident/4.0; GTB6.6; SLCC1; .NET CLR 2.0.50727; Media Center PC 5.1; .NET CLR 3.5.30729; .NET CLR 3.0.30729; OfficeLiveConnector.1.3; OfficeLivePatch.0.0)"
68.68.205.46 - - [29/Dec/2010:02:27:12 -0500] "GET /images/images/z-turtle-b.jpg HTTP/1.1" 404 309 "http://www.naples-usa.com/naples-calendarofevents.htm" "Mozilla/4.0 (compatible; MSIE 8.0; Windows NT 6.0; Trident/4.0; GTB6.6; SLCC1; .NET CLR 2.0.50727; Media Center PC 5.1; .NET CLR 3.5.30729; .NET CLR 3.0.30729; OfficeLiveConnector.1.3; OfficeLivePatch.0.0)"
68.68.205.46 - - [29/Dec/2010:02:27:12 -0500] "GET /images/images/z-trombone.gif HTTP/1.1" 404 309 "http://www.naples-usa.com/naples-calendarofevents.htm" "Mozilla/4.0 (compatible; MSIE 8.0; Windows NT 6.0; Trident/4.0; GTB6.6; SLCC1; .NET CLR 2.0.50727; Media Center PC 5.1; .NET CLR 3.5.30729; .NET CLR 3.0.30729; OfficeLiveConnector.1.3; OfficeLivePatch.0.0)"
68.68.205.46 - - [29/Dec/2010:02:27:12 -0500] "GET /images/images/z-cockatiel.gif HTTP/1.1" 404 310 "http://www.naples-usa.com/naples-calendarofevents.htm" "Mozilla/4.0 (compatible; MSIE 8.0; Windows NT 6.0; Trident/4.0; GTB6.6; SLCC1; .NET CLR 2.0.50727; Media Center PC 5.1; .NET CLR 3.5.30729; .NET CLR 3.0.30729; OfficeLiveConnector.1.3; OfficeLivePatch.0.0)"
68.68.205.46 - - [29/Dec/2010:02:27:12 -0500] "GET /images/z_teens.gif HTTP/1.1" 200 2660 "http://www.naples-usa.com/naples-calendarofevents.htm" "Mozilla/4.0 (compatible; MSIE 8.0; Windows NT 6.0; Trident/4.0; GTB6.6; SLCC1; .NET CLR 2.0.50727; Media Center PC 5.1; .NET CLR 3.5.30729; .NET CLR 3.0.30729; OfficeLiveConnector.1.3; OfficeLivePatch.0.0)"
68.68.205.46 - - [29/Dec/2010:02:27:12 -0500] "GET /images/images/z-butterfly-2.gif HTTP/1.1" 404 312 "http://www.naples-usa.com/naples-calendarofevents.htm" "Mozilla/4.0 (compatible; MSIE 8.0; Windows NT 6.0; Trident/4.0; GTB6.6; SLCC1; .NET CLR 2.0.50727; Media Center PC 5.1; .NET CLR 3.5.30729; .NET CLR 3.0.30729; OfficeLiveConnector.1.3; OfficeLivePatch.0.0)"
68.68.205.46 - - [29/Dec/2010:02:27:12 -0500] "GET /images/z_music.gif HTTP/1.1" 200 596 "http://www.naples-usa.com/naples-calendarofevents.htm" "Mozilla/4.0 (compatible; MSIE 8.0; Windows NT 6.0; Trident/4.0; GTB6.6; SLCC1; .NET CLR 2.0.50727; Media Center PC 5.1; .NET CLR 3.5.30729; .NET CLR 3.0.30729; OfficeLiveConnector.1.3; OfficeLivePatch.0.0)"
68.68.205.46 - - [29/Dec/2010:02:27:12 -0500] "GET /images/z-bird-flamingo.gif HTTP/1.1" 200 890 "http://www.naples-usa.com/naples-calendarofevents.htm" "Mozilla/4.0 (compatible; MSIE 8.0; Windows NT 6.0; Trident/4.0; GTB6.6; SLCC1; .NET CLR 2.0.50727; Media Center PC 5.1; .NET CLR 3.5.30729; .NET CLR 3.0.30729; OfficeLiveConnector.1.3; OfficeLivePatch.0.0)"
68.68.205.46 - - [29/Dec/2010:02:27:12 -0500] "GET /images/z-butterfly-2.gif HTTP/1.1" 200 1025 "http://www.naples-usa.com/naples-calendarofevents.htm" "Mozilla/4.0 (compatible; MSIE 8.0; Windows NT 6.0; Trident/4.0; GTB6.6; SLCC1; .NET CLR 2.0.50727; Media Center PC 5.1; .NET CLR 3.5.30729; .NET CLR 3.0.30729; OfficeLiveConnector.1.3; OfficeLivePatch.0.0)"
68.68.205.46 - - [29/Dec/2010:02:27:12 -0500] "GET /images/z-turtle-b.jpg HTTP/1.1" 200 1124 "http://www.naples-usa.com/naples-calendarofevents.htm" "Mozilla/4.0 (compatible; MSIE 8.0; Windows NT 6.0; Trident/4.0; GTB6.6; SLCC1; .NET CLR 2.0.50727; Media Center PC 5.1; .NET CLR 3.5.30729; .NET CLR 3.0.30729; OfficeLiveConnector.1.3; OfficeLivePatch.0.0)"
68.68.205.46 - - [29/Dec/2010:02:27:12 -0500] "GET /images/z-fish2.jpg HTTP/1.1" 200 1142 "http://www.naples-usa.com/naples-calendarofevents.htm" "Mozilla/4.0 (compatible; MSIE 8.0; Windows NT 6.0; Trident/4.0; GTB6.6; SLCC1; .NET CLR 2.0.50727; Media Center PC 5.1; .NET CLR 3.5.30729; .NET CLR 3.0.30729; OfficeLiveConnector.1.3; OfficeLivePatch.0.0)"
68.68.205.46 - - [29/Dec/2010:02:27:12 -0500] "GET /images/z_books.gif HTTP/1.1" 200 837 "http://www.naples-usa.com/naples-calendarofevents.htm" "Mozilla/4.0 (compatible; MSIE 8.0; Windows NT 6.0; Trident/4.0; GTB6.6; SLCC1; .NET CLR 2.0.50727; Media Center PC 5.1; .NET CLR 3.5.30729; .NET CLR 3.0.30729; OfficeLiveConnector.1.3; OfficeLivePatch.0.0)"
68.68.205.46 - - [29/Dec/2010:02:27:12 -0500] "GET /images/z-frog.jpg HTTP/1.1" 200 1615 "http://www.naples-usa.com/naples-calendarofevents.htm" "Mozilla/4.0 (compatible; MSIE 8.0; Windows NT 6.0; Trident/4.0; GTB6.6; SLCC1; .NET CLR 2.0.50727; Media Center PC 5.1; .NET CLR 3.5.30729; .NET CLR 3.0.30729; OfficeLiveConnector.1.3; OfficeLivePatch.0.0)"
68.68.205.46 - - [29/Dec/2010:02:27:12 -0500] "GET /images/z-trombone.gif HTTP/1.1" 200 359 "http://www.naples-usa.com/naples-calendarofevents.htm" "Mozilla/4.0 (compatible; MSIE 8.0; Windows NT 6.0; Trident/4.0; GTB6.6; SLCC1; .NET CLR 2.0.50727; Media Center PC 5.1; .NET CLR 3.5.30729; .NET CLR 3.0.30729; OfficeLiveConnector.1.3; OfficeLivePatch.0.0)"
68.68.205.46 - - [29/Dec/2010:02:27:12 -0500] "GET /images/z-guitar.gif HTTP/1.1" 200 631 "http://www.naples-usa.com/naples-calendarofevents.htm" "Mozilla/4.0 (compatible; MSIE 8.0; Windows NT 6.0; Trident/4.0; GTB6.6; SLCC1; .NET CLR 2.0.50727; Media Center PC 5.1; .NET CLR 3.5.30729; .NET CLR 3.0.30729; OfficeLiveConnector.1.3; OfficeLivePatch.0.0)"
68.68.205.46 - - [29/Dec/2010:02:27:12 -0500] "GET /images/z-juggler.jpg HTTP/1.1" 200 1486 "http://www.naples-usa.com/naples-calendarofevents.htm" "Mozilla/4.0 (compatible; MSIE 8.0; Windows NT 6.0; Trident/4.0; GTB6.6; SLCC1; .NET CLR 2.0.50727; Media Center PC 5.1; .NET CLR 3.5.30729; .NET CLR 3.0.30729; OfficeLiveConnector.1.3; OfficeLivePatch.0.0)"
68.68.205.46 - - [29/Dec/2010:02:27:12 -0500] "GET /images/z-couple.gif HTTP/1.1" 200 1084 "http://www.naples-usa.com/naples-calendarofevents.htm" "Mozilla/4.0 (compatible; MSIE 8.0; Windows NT 6.0; Trident/4.0; GTB6.6; SLCC1; .NET CLR 2.0.50727; Media Center PC 5.1; .NET CLR 3.5.30729; .NET CLR 3.0.30729; OfficeLiveConnector.1.3; OfficeLivePatch.0.0)"
68.68.205.46 - - [29/Dec/2010:02:27:12 -0500] "GET /images/z-drums.jpg HTTP/1.1" 200 2464 "http://www.naples-usa.com/naples-calendarofevents.htm" "Mozilla/4.0 (compatible; MSIE 8.0; Windows NT 6.0; Trident/4.0; GTB6.6; SLCC1; .NET CLR 2.0.50727; Media Center PC 5.1; .NET CLR 3.5.30729; .NET CLR 3.0.30729; OfficeLiveConnector.1.3; OfficeLivePatch.0.0)"
68.68.205.46 - - [29/Dec/2010:02:27:12 -0500] "GET /images/z_cock.gif HTTP/1.1" 200 571 "http://www.naples-usa.com/naples-calendarofevents.htm" "Mozilla/4.0 (compatible; MSIE 8.0; Windows NT 6.0; Trident/4.0; GTB6.6; SLCC1; .NET CLR 2.0.50727; Media Center PC 5.1; .NET CLR 3.5.30729; .NET CLR 3.0.30729; OfficeLiveConnector.1.3; OfficeLivePatch.0.0)"
68.68.205.46 - - [29/Dec/2010:02:27:13 -0500] "GET /naples-calendarofevents.htm HTTP/1.1" 200 255135 "http://www.google.com/search?sourceid=navclient&ie=UTF-8&rlz=1T4TSHB_enUS346US350&q=dance+night+clubs+in+bonita+bshringd" "Mozilla/4.0 (compatible; MSIE 8.0; Windows NT 6.0; Trident/4.0; GTB6.6; SLCC1; .NET CLR 2.0.50727; Media Center PC 5.1; .NET CLR 3.5.30729; .NET CLR 3.0.30729; OfficeLiveConnector.1.3; OfficeLivePatch.0.0)"
68.68.205.46 - - [29/Dec/2010:02:27:13 -0500] "GET /images/1_cougar.jpg HTTP/1.1" 200 4514 "http://www.naples-usa.com/naples-calendarofevents.htm" "Mozilla/4.0 (compatible; MSIE 8.0; Windows NT 6.0; Trident/4.0; GTB6.6; SLCC1; .NET CLR 2.0.50727; Media Center PC 5.1; .NET CLR 3.5.30729; .NET CLR 3.0.30729; OfficeLiveConnector.1.3; OfficeLivePatch.0.0)"
68.68.205.46 - - [29/Dec/2010:02:27:13 -0500] "GET /images/z-theater.gif HTTP/1.1" 200 960 "http://www.naples-usa.com/naples-calendarofevents.htm" "Mozilla/4.0 (compatible; MSIE 8.0; Windows NT 6.0; Trident/4.0; GTB6.6; SLCC1; .NET CLR 2.0.50727; Media Center PC 5.1; .NET CLR 3.5.30729; .NET CLR 3.0.30729; OfficeLiveConnector.1.3; OfficeLivePatch.0.0)"
68.68.205.46 - - [29/Dec/2010:02:27:13 -0500] "GET /images/z_artst.gif HTTP/1.1" 200 1446 "http://www.naples-usa.com/naples-calendarofevents.htm" "Mozilla/4.0 (compatible; MSIE 8.0; Windows NT 6.0; Trident/4.0; GTB6.6; SLCC1; .NET CLR 2.0.50727; Media Center PC 5.1; .NET CLR 3.5.30729; .NET CLR 3.0.30729; OfficeLiveConnector.1.3; OfficeLivePatch.0.0)"
68.68.205.46 - - [29/Dec/2010:02:27:13 -0500] "GET /images/z_bird.gif HTTP/1.1" 200 730 "http://www.naples-usa.com/naples-calendarofevents.htm" "Mozilla/4.0 (compatible; MSIE 8.0; Windows NT 6.0; Trident/4.0; GTB6.6; SLCC1; .NET CLR 2.0.50727; Media Center PC 5.1; .NET CLR 3.5.30729; .NET CLR 3.0.30729; OfficeLiveConnector.1.3; OfficeLivePatch.0.0)"
68.68.205.46 - - [29/Dec/2010:02:27:13 -0500] "GET /favicon.ico HTTP/1.1" 404 292 "-" "Mozilla/4.0 (compatible; MSIE 8.0; Windows NT 6.0; Trident/4.0; GTB6.6; SLCC1; .NET CLR 2.0.50727; Media Center PC 5.1; .NET CLR 3.5.30729; .NET CLR 3.0.30729; OfficeLiveConnector.1.3; OfficeLivePatch.0.0)"
68.68.205.46 - - [29/Dec/2010:02:27:14 -0500] "GET /favicon.ico HTTP/1.1" 404 292 "-" "Mozilla/5.0 (compatible; Google Desktop/5.9.1005.12335; http://desktop.google.com/)"
67.195.112.50 - - [29/Dec/2010:02:37:50 -0500] "GET /calendar.htm HTTP/1.0" 200 71151 "-" "Mozilla/5.0 (compatible; Yahoo! Slurp; http://help.yahoo.com/help/us/ysearch/slurp)"
207.46.195.240 - - [29/Dec/2010:02:47:33 -0500] "GET /naples-florida-important-phone-numbers.htm HTTP/1.1" 304 - "-" "Mozilla/5.0 (compatible; bingbot/2.0; +http://www.bing.com/bingbot.htm)"
207.46.204.231 - - [29/Dec/2010:03:18:46 -0500] "GET /robots.txt HTTP/1.1" 404 291 "-" "Mozilla/5.0 (compatible; bingbot/2.0; +http://www.bing.com/bingbot.htm)"
207.46.204.231 - - [29/Dec/2010:03:23:56 -0500] "GET /florida-homestead-exemption.htm HTTP/1.1" 304 - "-" "Mozilla/5.0 (compatible; bingbot/2.0; +http://www.bing.com/bingbot.htm)"
96.31.166.228 - - [29/Dec/2010:03:28:03 -0500] "GET /meek.htm/robots.txt HTTP/1.1" 404 300 "-" "Mozilla/5.0 (compatible; Search17Bot/1.1; http://www.search17.com/bot.php)"
96.31.166.228 - - [29/Dec/2010:03:28:03 -0500] "GET /meek.htm HTTP/1.1" 404 289 "-" "Mozilla/5.0 (compatible; Search17Bot/1.1; http://www.search17.com/bot.php)"
208.115.111.246 - - [29/Dec/2010:03:29:55 -0500] "GET /robots.txt HTTP/1.1" 404 291 "-" "Mozilla/5.0 (compatible; DotBot/1.1; http://www.dotnetdotcom.org/, crawler@dotnetdotcom.org)"
67.195.112.50 - - [29/Dec/2010:03:36:44 -0500] "GET /TheProcacciGroup/15500_monter-bed.jpg.LCK HTTP/1.0" 404 310 "-" "Mozilla/5.0 (compatible; Yahoo! Slurp; http://help.yahoo.com/help/us/ysearch/slurp)"
184.154.7.186 - - [29/Dec/2010:03:44:39 -0500] "GET /robots.txt HTTP/1.0" 404 279 "-" "Mozilla/5.0 (compatible; MJ12bot/v1.3.3; http://www.majestic12.co.uk/bot.php?+)"
184.154.7.186 - - [29/Dec/2010:03:44:41 -0500] "GET / HTTP/1.0" 200 11305 "-" "Mozilla/5.0 (compatible; MJ12bot/v1.3.3; http://www.majestic12.co.uk/bot.php?+)"
67.195.112.50 - - [29/Dec/2010:03:45:05 -0500] "GET /beatty/naples-florida-listings2.htm HTTP/1.0" 404 304 "-" "Mozilla/5.0 (compatible; Yahoo! Slurp; http://help.yahoo.com/help/us/ysearch/slurp)"
95.108.217.252 - - [29/Dec/2010:04:02:14 -0500] "GET /robots.txt HTTP/1.1" 404 291 "-" "Mozilla/5.0 (compatible; YandexBot/3.0; +http://yandex.com/bots)"
95.108.217.252 - - [29/Dec/2010:04:02:16 -0500] "GET /naples-calendarofevents.htm HTTP/1.1" 304 - "-" "Mozilla/5.0 (compatible; YandexBot/3.0; +http://yandex.com/bots)"
67.195.112.50 - - [29/Dec/2010:04:03:25 -0500] "GET /spiro.htm HTTP/1.0" 404 278 "-" "Mozilla/5.0 (compatible; Yahoo! Slurp; http://help.yahoo.com/help/us/ysearch/slurp)"
91.85.205.218 - - [29/Dec/2010:04:37:20 -0500] "GET /robots.txt HTTP/1.0" 404 279 "-" "SaladSpoon/ShopSalad 1.0 (Search Engine crawler for ShopSalad.com; http://shopsalad.com/en/partners.html; crawler AT shopsalad.com)"
91.85.205.218 - - [29/Dec/2010:04:37:21 -0500] "GET / HTTP/1.0" 200 11305 "-" "SaladSpoon/ShopSalad 1.0 (Search Engine crawler for ShopSalad.com; http://shopsalad.com/en/partners.html; crawler AT shopsalad.com)"
207.46.13.94 - - [29/Dec/2010:05:03:34 -0500] "GET /robots.txt HTTP/1.1" 404 291 "-" "Mozilla/5.0 (compatible; bingbot/2.0; +http://www.bing.com/bingbot.htm)"
207.46.13.94 - - [29/Dec/2010:05:05:56 -0500] "GET /naples-arts.htm HTTP/1.1" 304 - "-" "Mozilla/5.0 (compatible; bingbot/2.0; +http://www.bing.com/bingbot.htm)"
89.178.135.15 - - [29/Dec/2010:05:13:27 -0500] "GET / HTTP/1.0" 200 11305 "http://yandex.ru/yandsearch?text=naples-usa.com" "Mozilla/4.0 (compatible; MSIE 6.0; Windows NT 5.1; SV1)"
95.28.46.149 - - [29/Dec/2010:05:13:28 -0500] "GET /naples-usa.css HTTP/1.0" 200 714 "http://naples-usa.com/" "Mozilla/4.0 (compatible; MSIE 6.0; Windows NT 5.1; SV1)"
119.63.198.30 - - [29/Dec/2010:05:36:22 -0500] "GET /robots.txt HTTP/1.1" 404 291 "-" "Baiduspider+(+http://www.baidu.com/search/spider.htm)"
67.195.112.50 - - [29/Dec/2010:05:51:53 -0500] "GET /igoe.htm HTTP/1.0" 404 277 "-" "Mozilla/5.0 (compatible; Yahoo! Slurp; http://help.yahoo.com/help/us/ysearch/slurp)"
95.108.158.234 - - [29/Dec/2010:06:07:52 -0500] "GET /transparent.gif HTTP/1.1" 304 - "-" "Mozilla/5.0 (compatible; YandexImages/3.0; +http://yandex.com/bots)"
67.195.112.50 - - [29/Dec/2010:06:08:33 -0500] "GET /naples-history.htm HTTP/1.0" 200 22034 "-" "Mozilla/5.0 (compatible; Yahoo! Slurp; http://help.yahoo.com/help/us/ysearch/slurp)"
2.38.83.47 - - [29/Dec/2010:06:16:08 -0500] "GET /images/1_naples%20florida%20real%20estate_index.jpg HTTP/1.1" 200 24287 "http://arcticboy.arcticboy.com/pictures-naples-florida" "Mozilla/5.0 (Windows; U; Windows NT 6.1; en-US) AppleWebKit/534.7 (KHTML, like Gecko) Chrome/7.0.517.44 Safari/534.7"
208.115.111.246 - - [29/Dec/2010:07:28:48 -0500] "GET /robots.txt HTTP/1.1" 404 291 "-" "Mozilla/5.0 (compatible; DotBot/1.1; http://www.dotnetdotcom.org/, crawler@dotnetdotcom.org)"
95.108.217.252 - - [29/Dec/2010:07:33:03 -0500] "GET /naples-arts.htm HTTP/1.1" 304 - "-" "Mozilla/5.0 (compatible; YandexBot/3.0; +http://yandex.com/bots)"
207.46.199.38 - - [29/Dec/2010:07:43:44 -0500] "GET /robots.txt HTTP/1.1" 404 291 "-" "Mozilla/5.0 (compatible; bingbot/2.0; +http://www.bing.com/bingbot.htm)"
67.195.112.50 - - [29/Dec/2010:07:44:29 -0500] "GET /images_map/na11.htm HTTP/1.0" 404 288 "-" "Mozilla/5.0 (compatible; Yahoo! Slurp; http://help.yahoo.com/help/us/ysearch/slurp)"
207.46.199.38 - - [29/Dec/2010:07:47:57 -0500] "GET /calendar-clubs-and-orgs.htm HTTP/1.1" 304 - "-" "Mozilla/5.0 (compatible; bingbot/2.0; +http://www.bing.com/bingbot.htm)"
208.115.111.246 - - [29/Dec/2010:07:56:07 -0500] "GET /TheProcacciGroup/naplesfloridarentals1.htm HTTP/1.1" 404 323 "-" "Mozilla/5.0 (compatible; DotBot/1.1; http://www.dotnetdotcom.org/, crawler@dotnetdotcom.org)"
208.115.111.246 - - [29/Dec/2010:07:56:11 -0500] "GET /TheProcacciGroup/naplesfloridarentals1a.htm HTTP/1.1" 404 324 "-" "Mozilla/5.0 (compatible; DotBot/1.1; http://www.dotnetdotcom.org/, crawler@dotnetdotcom.org)"
208.115.111.246 - - [29/Dec/2010:07:56:15 -0500] "GET /TheProcacciGroup/naplesfloridarentals1b.htm HTTP/1.1" 404 324 "-" "Mozilla/5.0 (compatible; DotBot/1.1; http://www.dotnetdotcom.org/, crawler@dotnetdotcom.org)"
208.115.111.246 - - [29/Dec/2010:07:56:19 -0500] "GET /atherholt/bject=A-Request-From-Your-DNFR-Web-site HTTP/1.1" 404 330 "-" "Mozilla/5.0 (compatible; DotBot/1.1; http://www.dotnetdotcom.org/, crawler@dotnetdotcom.org)"
208.115.111.246 - - [29/Dec/2010:07:56:24 -0500] "GET /beatty/properties-test-bullets-regularfont.htm HTTP/1.1" 404 327 "-" "Mozilla/5.0 (compatible; DotBot/1.1; http://www.dotnetdotcom.org/, crawler@dotnetdotcom.org)"
208.115.111.246 - - [29/Dec/2010:07:56:29 -0500] "GET /blaine/properties-test-bullets-regularfont.htm HTTP/1.1" 404 327 "-" "Mozilla/5.0 (compatible; DotBot/1.1; http://www.dotnetdotcom.org/, crawler@dotnetdotcom.org)"
208.115.111.246 - - [29/Dec/2010:07:56:34 -0500] "GET /burgess/properties-test-bullets-regularfont.htm HTTP/1.1" 404 328 "-" "Mozilla/5.0 (compatible; DotBot/1.1; http://www.dotnetdotcom.org/, crawler@dotnetdotcom.org)"
208.115.111.246 - - [29/Dec/2010:07:56:39 -0500] "GET /doonan/properties-test-bullets-regularfont.htm HTTP/1.1" 404 327 "-" "Mozilla/5.0 (compatible; DotBot/1.1; http://www.dotnetdotcom.org/, crawler@dotnetdotcom.org)"
208.115.111.246 - - [29/Dec/2010:07:56:44 -0500] "GET /johnson-cox/naples-florida-real-estate1.htm HTTP/1.1" 404 324 "-" "Mozilla/5.0 (compatible; DotBot/1.1; http://www.dotnetdotcom.org/, crawler@dotnetdotcom.org)"
208.115.111.246 - - [29/Dec/2010:07:56:50 -0500] "GET /sanfilippo/westshoreteam/naples-real-estate1.htm HTTP/1.1" 404 329 "-" "Mozilla/5.0 (compatible; DotBot/1.1; http://www.dotnetdotcom.org/, crawler@dotnetdotcom.org)"
124.115.0.15 - - [29/Dec/2010:08:00:12 -0500] "GET / HTTP/1.1" 200 11305 "-" "Sosospider+(+http://help.soso.com/webspider.htm)"
66.249.71.46 - - [29/Dec/2010:08:12:23 -0500] "GET /robots.txt HTTP/1.1" 404 291 "-" "Mozilla/5.0 (compatible; Googlebot/2.1; +http://www.google.com/bot.html)"
66.249.71.46 - - [29/Dec/2010:08:12:23 -0500] "GET /finnegan1.htm HTTP/1.1" 404 294 "-" "Mozilla/5.0 (compatible; Googlebot/2.1; +http://www.google.com/bot.html)"
67.195.112.50 - - [29/Dec/2010:08:24:43 -0500] "GET /TheProcacciGroup/26720_bonita-view.jpg.LCK HTTP/1.0" 404 311 "-" "Mozilla/5.0 (compatible; Yahoo! Slurp; http://help.yahoo.com/help/us/ysearch/slurp)"
131.107.65.43 - - [29/Dec/2010:08:33:00 -0500] "GET / HTTP/1.1" 200 11305 "-" "Mozilla/4.0 (compatible; MSIE 7.0; Windows NT 6.1; WOW64; Trident/4.0; SLCC2; .NET CLR 2.0.50727)"
131.107.65.43 - - [29/Dec/2010:08:33:01 -0500] "GET /naples-usa.css HTTP/1.1" 200 714 "http://www.naples-usa.com/" "Mozilla/4.0 (compatible; MSIE 7.0; Windows NT 6.1; WOW64; Trident/4.0; SLCC2; .NET CLR 2.0.50727)"
131.107.65.43 - - [29/Dec/2010:08:33:01 -0500] "GET /images/border%20naples.gif HTTP/1.1" 200 358 "http://www.naples-usa.com/" "Mozilla/4.0 (compatible; MSIE 7.0; Windows NT 6.1; WOW64; Trident/4.0; SLCC2; .NET CLR 2.0.50727)"
131.107.65.43 - - [29/Dec/2010:08:33:01 -0500] "GET /images/welcome_usa.gif HTTP/1.1" 200 7890 "http://www.naples-usa.com/" "Mozilla/4.0 (compatible; MSIE 7.0; Windows NT 6.1; WOW64; Trident/4.0; SLCC2; .NET CLR 2.0.50727)"
131.107.65.43 - - [29/Dec/2010:08:33:01 -0500] "GET /images/A-INDE~1.jpg HTTP/1.1" 200 23069 "http://www.naples-usa.com/" "Mozilla/4.0 (compatible; MSIE 7.0; Windows NT 6.1; WOW64; Trident/4.0; SLCC2; .NET CLR 2.0.50727)"
207.46.195.226 - - [29/Dec/2010:08:37:28 -0500] "GET /naples-calendarofevents.htm HTTP/1.1" 304 - "-" "Mozilla/5.0 (compatible; bingbot/2.0; +http://www.bing.com/bingbot.htm)"
119.63.198.23 - - [29/Dec/2010:08:55:53 -0500] "GET /robots.txt HTTP/1.1" 404 291 "-" "Baiduspider+(+http://www.baidu.com/search/spider.htm)"
67.195.112.50 - - [29/Dec/2010:09:00:52 -0500] "GET /decoursey/?M=A HTTP/1.0" 404 279 "-" "Mozilla/5.0 (compatible; Yahoo! Slurp; http://help.yahoo.com/help/us/ysearch/slurp)"
142.245.59.11 - - [29/Dec/2010:09:06:33 -0500] "GET /images/welcome_usa.gif HTTP/1.1" 200 7890 "http://www.naples-usa.com/naples-calendarofevents.htm" "Mozilla/4.0 (compatible; MSIE 6.0; Windows NT 5.1; SV1; 9LA; GTB6.5; .NET CLR 1.0.3705; .NET CLR 1.1.4322; .NET CLR 2.0.50727; .NET CLR 3.0.4506.2152; .NET CLR 3.5.30729)"
142.245.59.11 - - [29/Dec/2010:09:06:33 -0500] "GET /images/florida_logo_sm.gif HTTP/1.1" 200 1933 "http://www.naples-usa.com/naples-calendarofevents.htm" "Mozilla/4.0 (compatible; MSIE 6.0; Windows NT 5.1; SV1; 9LA; GTB6.5; .NET CLR 1.0.3705; .NET CLR 1.1.4322; .NET CLR 2.0.50727; .NET CLR 3.0.4506.2152; .NET CLR 3.5.30729)"
142.245.59.11 - - [29/Dec/2010:09:06:33 -0500] "GET /images/images/z-bird-flamingo.gif HTTP/1.1" 200 890 "http://www.naples-usa.com/naples-calendarofevents.htm" "Mozilla/4.0 (compatible; MSIE 6.0; Windows NT 5.1; SV1; 9LA; GTB6.5; .NET CLR 1.0.3705; .NET CLR 1.1.4322; .NET CLR 2.0.50727; .NET CLR 3.0.4506.2152; .NET CLR 3.5.30729)"
142.245.59.11 - - [29/Dec/2010:09:06:33 -0500] "GET /images/images/z-stickfamily.gif HTTP/1.1" 404 312 "http://www.naples-usa.com/naples-calendarofevents.htm" "Mozilla/4.0 (compatible; MSIE 6.0; Windows NT 5.1; SV1; 9LA; GTB6.5; .NET CLR 1.0.3705; .NET CLR 1.1.4322; .NET CLR 2.0.50727; .NET CLR 3.0.4506.2152; .NET CLR 3.5.30729)"
142.245.59.11 - - [29/Dec/2010:09:06:33 -0500] "GET /images/images/z-frog.jpg HTTP/1.1" 404 305 "http://www.naples-usa.com/naples-calendarofevents.htm" "Mozilla/4.0 (compatible; MSIE 6.0; Windows NT 5.1; SV1; 9LA; GTB6.5; .NET CLR 1.0.3705; .NET CLR 1.1.4322; .NET CLR 2.0.50727; .NET CLR 3.0.4506.2152; .NET CLR 3.5.30729)"
142.245.59.11 - - [29/Dec/2010:09:06:33 -0500] "GET /images/return_arrow.gif HTTP/1.1" 200 220 "http://www.naples-usa.com/naples-calendarofevents.htm" "Mozilla/4.0 (compatible; MSIE 6.0; Windows NT 5.1; SV1; 9LA; GTB6.5; .NET CLR 1.0.3705; .NET CLR 1.1.4322; .NET CLR 2.0.50727; .NET CLR 3.0.4506.2152; .NET CLR 3.5.30729)"
142.245.59.11 - - [29/Dec/2010:09:06:33 -0500] "GET /images/z_shell.gif HTTP/1.1" 200 1325 "http://www.naples-usa.com/naples-calendarofevents.htm" "Mozilla/4.0 (compatible; MSIE 6.0; Windows NT 5.1; SV1; 9LA; GTB6.5; .NET CLR 1.0.3705; .NET CLR 1.1.4322; .NET CLR 2.0.50727; .NET CLR 3.0.4506.2152; .NET CLR 3.5.30729)"
142.245.59.11 - - [29/Dec/2010:09:06:33 -0500] "GET /images/z-sailboat.jpg HTTP/1.1" 200 2182 "http://www.naples-usa.com/naples-calendarofevents.htm" "Mozilla/4.0 (compatible; MSIE 6.0; Windows NT 5.1; SV1; 9LA; GTB6.5; .NET CLR 1.0.3705; .NET CLR 1.1.4322; .NET CLR 2.0.50727; .NET CLR 3.0.4506.2152; .NET CLR 3.5.30729)"
142.245.59.11 - - [29/Dec/2010:09:06:33 -0500] "GET /images/images/z-theater.gif HTTP/1.1" 404 308 "http://www.naples-usa.com/naples-calendarofevents.htm" "Mozilla/4.0 (compatible; MSIE 6.0; Windows NT 5.1; SV1; 9LA; GTB6.5; .NET CLR 1.0.3705; .NET CLR 1.1.4322; .NET CLR 2.0.50727; .NET CLR 3.0.4506.2152; .NET CLR 3.5.30729)"
142.245.59.11 - - [29/Dec/2010:09:06:33 -0500] "GET /naples-calendarofevents.htm HTTP/1.1" 200 255135 "http://search.aol.com/aol/search?s_it=topsearchbox.search&v_t=comsearch50&q=Rtiz+Carlton+vanderbilt+beach+80%27s+party" "Mozilla/4.0 (compatible; MSIE 6.0; Windows NT 5.1; SV1; 9LA; GTB6.5; .NET CLR 1.0.3705; .NET CLR 1.1.4322; .NET CLR 2.0.50727; .NET CLR 3.0.4506.2152; .NET CLR 3.5.30729)"
142.245.59.11 - - [29/Dec/2010:09:06:33 -0500] "GET /images/z_rose.gif HTTP/1.1" 200 473 "http://www.naples-usa.com/naples-calendarofevents.htm" "Mozilla/4.0 (compatible; MSIE 6.0; Windows NT 5.1; SV1; 9LA; GTB6.5; .NET CLR 1.0.3705; .NET CLR 1.1.4322; .NET CLR 2.0.50727; .NET CLR 3.0.4506.2152; .NET CLR 3.5.30729)"
142.245.59.11 - - [29/Dec/2010:09:06:34 -0500] "GET /images/images/z-greyhound4a.jpg HTTP/1.1" 404 312 "http://www.naples-usa.com/naples-calendarofevents.htm" "Mozilla/4.0 (compatible; MSIE 6.0; Windows NT 5.1; SV1; 9LA; GTB6.5; .NET CLR 1.0.3705; .NET CLR 1.1.4322; .NET CLR 2.0.50727; .NET CLR 3.0.4506.2152; .NET CLR 3.5.30729)"
142.245.59.11 - - [29/Dec/2010:09:06:34 -0500] "GET /images/images/z-turtle-b.jpg HTTP/1.1" 404 309 "http://www.naples-usa.com/naples-calendarofevents.htm" "Mozilla/4.0 (compatible; MSIE 6.0; Windows NT 5.1; SV1; 9LA; GTB6.5; .NET CLR 1.0.3705; .NET CLR 1.1.4322; .NET CLR 2.0.50727; .NET CLR 3.0.4506.2152; .NET CLR 3.5.30729)"
142.245.59.11 - - [29/Dec/2010:09:06:35 -0500] "GET /images/images/z-trombone.gif HTTP/1.1" 404 309 "http://www.naples-usa.com/naples-calendarofevents.htm" "Mozilla/4.0 (compatible; MSIE 6.0; Windows NT 5.1; SV1; 9LA; GTB6.5; .NET CLR 1.0.3705; .NET CLR 1.1.4322; .NET CLR 2.0.50727; .NET CLR 3.0.4506.2152; .NET CLR 3.5.30729)"
142.245.59.11 - - [29/Dec/2010:09:06:35 -0500] "GET /images/images/z-cockatiel.gif HTTP/1.1" 404 310 "http://www.naples-usa.com/naples-calendarofevents.htm" "Mozilla/4.0 (compatible; MSIE 6.0; Windows NT 5.1; SV1; 9LA; GTB6.5; .NET CLR 1.0.3705; .NET CLR 1.1.4322; .NET CLR 2.0.50727; .NET CLR 3.0.4506.2152; .NET CLR 3.5.30729)"
142.245.59.11 - - [29/Dec/2010:09:06:35 -0500] "GET /images/z_teens.gif HTTP/1.1" 200 2660 "http://www.naples-usa.com/naples-calendarofevents.htm" "Mozilla/4.0 (compatible; MSIE 6.0; Windows NT 5.1; SV1; 9LA; GTB6.5; .NET CLR 1.0.3705; .NET CLR 1.1.4322; .NET CLR 2.0.50727; .NET CLR 3.0.4506.2152; .NET CLR 3.5.30729)"
142.245.59.11 - - [29/Dec/2010:09:06:35 -0500] "GET /images/images/z-butterfly-2.gif HTTP/1.1" 404 312 "http://www.naples-usa.com/naples-calendarofevents.htm" "Mozilla/4.0 (compatible; MSIE 6.0; Windows NT 5.1; SV1; 9LA; GTB6.5; .NET CLR 1.0.3705; .NET CLR 1.1.4322; .NET CLR 2.0.50727; .NET CLR 3.0.4506.2152; .NET CLR 3.5.30729)"
142.245.59.11 - - [29/Dec/2010:09:06:36 -0500] "GET /images/z_music.gif HTTP/1.1" 200 596 "http://www.naples-usa.com/naples-calendarofevents.htm" "Mozilla/4.0 (compatible; MSIE 6.0; Windows NT 5.1; SV1; 9LA; GTB6.5; .NET CLR 1.0.3705; .NET CLR 1.1.4322; .NET CLR 2.0.50727; .NET CLR 3.0.4506.2152; .NET CLR 3.5.30729)"
142.245.59.11 - - [29/Dec/2010:09:06:36 -0500] "GET /images/z-bird-flamingo.gif HTTP/1.1" 200 890 "http://www.naples-usa.com/naples-calendarofevents.htm" "Mozilla/4.0 (compatible; MSIE 6.0; Windows NT 5.1; SV1; 9LA; GTB6.5; .NET CLR 1.0.3705; .NET CLR 1.1.4322; .NET CLR 2.0.50727; .NET CLR 3.0.4506.2152; .NET CLR 3.5.30729)"
142.245.59.11 - - [29/Dec/2010:09:06:36 -0500] "GET /images/z-butterfly-2.gif HTTP/1.1" 200 1025 "http://www.naples-usa.com/naples-calendarofevents.htm" "Mozilla/4.0 (compatible; MSIE 6.0; Windows NT 5.1; SV1; 9LA; GTB6.5; .NET CLR 1.0.3705; .NET CLR 1.1.4322; .NET CLR 2.0.50727; .NET CLR 3.0.4506.2152; .NET CLR 3.5.30729)"
142.245.59.11 - - [29/Dec/2010:09:06:36 -0500] "GET /images/z-turtle-b.jpg HTTP/1.1" 200 1124 "http://www.naples-usa.com/naples-calendarofevents.htm" "Mozilla/4.0 (compatible; MSIE 6.0; Windows NT 5.1; SV1; 9LA; GTB6.5; .NET CLR 1.0.3705; .NET CLR 1.1.4322; .NET CLR 2.0.50727; .NET CLR 3.0.4506.2152; .NET CLR 3.5.30729)"
142.245.59.11 - - [29/Dec/2010:09:06:36 -0500] "GET /images/z-fish2.jpg HTTP/1.1" 200 1142 "http://www.naples-usa.com/naples-calendarofevents.htm" "Mozilla/4.0 (compatible; MSIE 6.0; Windows NT 5.1; SV1; 9LA; GTB6.5; .NET CLR 1.0.3705; .NET CLR 1.1.4322; .NET CLR 2.0.50727; .NET CLR 3.0.4506.2152; .NET CLR 3.5.30729)"
142.245.59.11 - - [29/Dec/2010:09:06:36 -0500] "GET /images/z-frog.jpg HTTP/1.1" 200 1615 "http://www.naples-usa.com/naples-calendarofevents.htm" "Mozilla/4.0 (compatible; MSIE 6.0; Windows NT 5.1; SV1; 9LA; GTB6.5; .NET CLR 1.0.3705; .NET CLR 1.1.4322; .NET CLR 2.0.50727; .NET CLR 3.0.4506.2152; .NET CLR 3.5.30729)"
142.245.59.11 - - [29/Dec/2010:09:06:36 -0500] "GET /images/z_books.gif HTTP/1.1" 200 837 "http://www.naples-usa.com/naples-calendarofevents.htm" "Mozilla/4.0 (compatible; MSIE 6.0; Windows NT 5.1; SV1; 9LA; GTB6.5; .NET CLR 1.0.3705; .NET CLR 1.1.4322; .NET CLR 2.0.50727; .NET CLR 3.0.4506.2152; .NET CLR 3.5.30729)"
142.245.59.11 - - [29/Dec/2010:09:06:36 -0500] "GET /images/z-trombone.gif HTTP/1.1" 200 359 "http://www.naples-usa.com/naples-calendarofevents.htm" "Mozilla/4.0 (compatible; MSIE 6.0; Windows NT 5.1; SV1; 9LA; GTB6.5; .NET CLR 1.0.3705; .NET CLR 1.1.4322; .NET CLR 2.0.50727; .NET CLR 3.0.4506.2152; .NET CLR 3.5.30729)"
142.245.59.11 - - [29/Dec/2010:09:06:37 -0500] "GET /images/z-guitar.gif HTTP/1.1" 200 631 "http://www.naples-usa.com/naples-calendarofevents.htm" "Mozilla/4.0 (compatible; MSIE 6.0; Windows NT 5.1; SV1; 9LA; GTB6.5; .NET CLR 1.0.3705; .NET CLR 1.1.4322; .NET CLR 2.0.50727; .NET CLR 3.0.4506.2152; .NET CLR 3.5.30729)"
142.245.59.11 - - [29/Dec/2010:09:06:37 -0500] "GET /images/z-juggler.jpg HTTP/1.1" 200 1486 "http://www.naples-usa.com/naples-calendarofevents.htm" "Mozilla/4.0 (compatible; MSIE 6.0; Windows NT 5.1; SV1; 9LA; GTB6.5; .NET CLR 1.0.3705; .NET CLR 1.1.4322; .NET CLR 2.0.50727; .NET CLR 3.0.4506.2152; .NET CLR 3.5.30729)"
142.245.59.11 - - [29/Dec/2010:09:06:37 -0500] "GET /images/z-drums.jpg HTTP/1.1" 200 2464 "http://www.naples-usa.com/naples-calendarofevents.htm" "Mozilla/4.0 (compatible; MSIE 6.0; Windows NT 5.1; SV1; 9LA; GTB6.5; .NET CLR 1.0.3705; .NET CLR 1.1.4322; .NET CLR 2.0.50727; .NET CLR 3.0.4506.2152; .NET CLR 3.5.30729)"
142.245.59.11 - - [29/Dec/2010:09:06:37 -0500] "GET /images/z-couple.gif HTTP/1.1" 200 1084 "http://www.naples-usa.com/naples-calendarofevents.htm" "Mozilla/4.0 (compatible; MSIE 6.0; Windows NT 5.1; SV1; 9LA; GTB6.5; .NET CLR 1.0.3705; .NET CLR 1.1.4322; .NET CLR 2.0.50727; .NET CLR 3.0.4506.2152; .NET CLR 3.5.30729)"
