152.121.50.5 - - [04/Jan/2011:11:25:35 -0500] "GET /images/z_boating.jpg HTTP/1.1" 200 6255 "http://www.naples-usa.com/naples-boating.htm" "Mozilla/4.0 (compatible; MSIE 7.0; Windows NT 6.0; SLCC1; .NET CLR 2.0.50727; .NET CLR 3.0.30729; InfoPath.2; MS-RTC LM 8; .NET CLR 3.5.30729; .NET4.0C; .NET4.0E)"
152.121.50.5 - - [04/Jan/2011:11:25:35 -0500] "GET /transparent.gif HTTP/1.1" 200 43 "http://www.naples-usa.com/naples-boating.htm" "Mozilla/4.0 (compatible; MSIE 7.0; Windows NT 6.0; SLCC1; .NET CLR 2.0.50727; .NET CLR 3.0.30729; InfoPath.2; MS-RTC LM 8; .NET CLR 3.5.30729; .NET4.0C; .NET4.0E)"
152.121.50.5 - - [04/Jan/2011:11:25:36 -0500] "GET /favicon.ico HTTP/1.1" 404 292 "-" "Mozilla/4.0 (compatible; MSIE 7.0; Windows NT 6.0; SLCC1; .NET CLR 2.0.50727; .NET CLR 3.0.30729; InfoPath.2; MS-RTC LM 8; .NET CLR 3.5.30729; .NET4.0C; .NET4.0E)"
173.193.25.227 - - [04/Jan/2011:11:27:01 -0500] "GET /TheProcacciGroup/rentals-new.htm HTTP/1.0" 404 301 "http://www.naples-usa.com/TheProcacciGroup/rentals-new.htm" "Mozilla/6.0 (compatible; MSIE 7.0a1; Windows NT 5.2; SV1)"
173.193.25.227 - - [04/Jan/2011:11:27:01 -0500] "GET / HTTP/1.0" 200 11305 "http://www.naples-usa.com/" "Mozilla/6.0 (compatible; MSIE 7.0a1; Windows NT 5.2; SV1)"
166.137.10.68 - - [04/Jan/2011:11:27:08 -0500] "GET /Logos/winner_250.jpg HTTP/1.1" 200 6408 "-" "Mozilla/5.0 (iPhone; U; CPU iPhone OS 4_2_1 like Mac OS X; en-us) AppleWebKit/533.17.9 (KHTML, like Gecko)"
166.137.10.68 - - [04/Jan/2011:11:27:08 -0500] "GET /Logos/1_df-72dpi-476x57pix-banner.jpg HTTP/1.1" 200 9733 "-" "Mozilla/5.0 (iPhone; U; CPU iPhone OS 4_2_1 like Mac OS X; en-us) AppleWebKit/533.17.9 (KHTML, like Gecko)"
166.137.10.68 - - [04/Jan/2011:11:29:52 -0500] "GET /Logos/1_df-72dpi-476x57pix-banner.jpg HTTP/1.1" 200 9733 "-" "Mozilla/5.0 (iPhone; U; CPU iPhone OS 4_2_1 like Mac OS X; en-us) AppleWebKit/533.17.9 (KHTML, like Gecko)"
166.137.10.68 - - [04/Jan/2011:11:29:53 -0500] "GET /Logos/winner_250.jpg HTTP/1.1" 200 6408 "-" "Mozilla/5.0 (iPhone; U; CPU iPhone OS 4_2_1 like Mac OS X; en-us) AppleWebKit/533.17.9 (KHTML, like Gecko)"
67.195.112.50 - - [04/Jan/2011:11:47:32 -0500] "GET /TheProcacciGroup/3399_gulf-pool.jpg.LCK HTTP/1.0" 404 308 "-" "Mozilla/5.0 (compatible; Yahoo! Slurp; http://help.yahoo.com/help/us/ysearch/slurp)"
67.195.112.50 - - [04/Jan/2011:11:47:56 -0500] "GET /TheProcacciGroup/4700_st-living3.jpg.LCK HTTP/1.0" 404 309 "-" "Mozilla/5.0 (compatible; Yahoo! Slurp; http://help.yahoo.com/help/us/ysearch/slurp)"
193.201.47.11 - - [04/Jan/2011:11:53:19 -0500] "GET /images/1_naples%20florida%20real%20estate_index.jpg HTTP/1.1" 200 24287 "-" "Mozilla/4.0 (compatible;)"
207.46.13.94 - - [04/Jan/2011:12:08:47 -0500] "GET /robots.txt HTTP/1.1" 404 291 "-" "Mozilla/5.0 (compatible; bingbot/2.0; +http://www.bing.com/bingbot.htm)"
207.46.13.94 - - [04/Jan/2011:12:10:53 -0500] "GET /netzow.htm HTTP/1.1" 404 291 "-" "Mozilla/5.0 (compatible; bingbot/2.0; +http://www.bing.com/bingbot.htm)"
67.195.112.50 - - [04/Jan/2011:12:16:26 -0500] "GET /TheProcacciGroup/naplesfloridarentals2.htm HTTP/1.0" 404 311 "-" "Mozilla/5.0 (compatible; Yahoo! Slurp; http://help.yahoo.com/help/us/ysearch/slurp)"
208.80.194.29 - - [04/Jan/2011:12:26:35 -0500] "GET / HTTP/1.0" 200 11305 "-" "Mozilla/4.0 (compatible; MSIE 7.0; Windows NT 5.1; ESB{F52B17EA-9523-43AE-ADDD-B8FDDBD52531})"
208.80.194.29 - - [04/Jan/2011:12:26:35 -0500] "GET / HTTP/1.0" 200 11305 "-" "Mozilla/4.0 (compatible; MSIE 7.0; Windows NT 5.1; .NET CLR 1.0.3705; InfoPath.1; .NET CLR 1.1.4322; .NET CLR 2.0.50727; Media Center PC 4.0)"
71.52.170.217 - - [04/Jan/2011:12:26:58 -0500] "GET /images/welcome_usa.gif HTTP/1.1" 200 7890 "http://www.naples-usa.com/naples-boating.htm" "Mozilla/5.0 (Windows; U; Windows NT 6.1; en-US; rv:1.9.2.13) Gecko/20101203 Firefox/3.6.13"
71.52.170.217 - - [04/Jan/2011:12:26:58 -0500] "GET /naples-boating.htm HTTP/1.1" 200 14280 "http://www.google.com/url?sa=t&source=web&cd=2&sqi=2&ved=0CB4QFjAB&url=http%3A%2F%2Fwww.naples-usa.com%2Fnaples-boating.htm&rct=j&q=naples%20gordon%20river%20bridge%20%20feet&ei=V1gjTYyUN4et8Ab_rbCuDg&usg=AFQjCNHcpuseJn7PVUqmU6JqO6EqVr2lFg&sig2=5bEA5qP_ydy5LBcGyA1Haw" "Mozilla/5.0 (Windows; U; Windows NT 6.1; en-US; rv:1.9.2.13) Gecko/20101203 Firefox/3.6.13"
71.52.170.217 - - [04/Jan/2011:12:26:58 -0500] "GET /images/florida_logo.gif HTTP/1.1" 200 1024 "http://www.naples-usa.com/naples-boating.htm" "Mozilla/5.0 (Windows; U; Windows NT 6.1; en-US; rv:1.9.2.13) Gecko/20101203 Firefox/3.6.13"
71.52.170.217 - - [04/Jan/2011:12:26:58 -0500] "GET /images/z_boating.jpg HTTP/1.1" 200 6255 "http://www.naples-usa.com/naples-boating.htm" "Mozilla/5.0 (Windows; U; Windows NT 6.1; en-US; rv:1.9.2.13) Gecko/20101203 Firefox/3.6.13"
71.52.170.217 - - [04/Jan/2011:12:26:58 -0500] "GET /transparent.gif HTTP/1.1" 200 43 "http://www.naples-usa.com/naples-boating.htm" "Mozilla/5.0 (Windows; U; Windows NT 6.1; en-US; rv:1.9.2.13) Gecko/20101203 Firefox/3.6.13"
71.52.170.217 - - [04/Jan/2011:12:26:58 -0500] "GET /favicon.ico HTTP/1.1" 404 292 "-" "Mozilla/5.0 (Windows; U; Windows NT 6.1; en-US; rv:1.9.2.13) Gecko/20101203 Firefox/3.6.13"
71.52.170.217 - - [04/Jan/2011:12:26:58 -0500] "GET /favicon.ico HTTP/1.1" 404 292 "-" "Mozilla/5.0 (Windows; U; Windows NT 6.1; en-US; rv:1.9.2.13) Gecko/20101203 Firefox/3.6.13"
71.52.170.217 - - [04/Jan/2011:12:27:00 -0500] "GET /favicon.ico HTTP/1.1" 404 292 "-" "Mozilla/5.0 (Windows; U; Windows NT 6.1; en-US; rv:1.9.2.13) Gecko/20101203 Firefox/3.6.13"
65.52.109.60 - - [04/Jan/2011:12:32:53 -0500] "GET /hotels-in-naples.htm HTTP/1.1" 304 - "-" "Mozilla/5.0 (compatible; bingbot/2.0; +http://www.bing.com/bingbot.htm)"
67.195.112.50 - - [04/Jan/2011:12:37:20 -0500] "GET /schoepfer.htm HTTP/1.0" 404 282 "-" "Mozilla/5.0 (compatible; Yahoo! Slurp; http://help.yahoo.com/help/us/ysearch/slurp)"
207.46.199.47 - - [04/Jan/2011:12:38:33 -0500] "GET /robots.txt HTTP/1.1" 404 291 "-" "Mozilla/5.0 (compatible; bingbot/2.0; +http://www.bing.com/bingbot.htm)"
207.46.199.47 - - [04/Jan/2011:12:40:22 -0500] "GET /boat_docks.htm HTTP/1.1" 404 295 "-" "Mozilla/5.0 (compatible; bingbot/2.0; +http://www.bing.com/bingbot.htm)"
68.180.211.143 - - [04/Jan/2011:12:40:32 -0500] "GET / HTTP/1.1" 200 11305 "-" "BlackBerry8530/5.0.0.734 Profile/MIDP-2.1 Configuration/CLDC-1.1 VendorID/105"
68.180.211.143 - - [04/Jan/2011:12:40:32 -0500] "GET /favicon.ico HTTP/1.1" 404 292 "-" "BlackBerry8530/5.0.0.734 Profile/MIDP-2.1 Configuration/CLDC-1.1 VendorID/105"
67.195.112.50 - - [04/Jan/2011:12:40:46 -0500] "GET /TheProcacciGroup/3072_sand-207038519.jpg.LCK HTTP/1.0" 404 313 "-" "Mozilla/5.0 (compatible; Yahoo! Slurp; http://help.yahoo.com/help/us/ysearch/slurp)"
67.195.112.50 - - [04/Jan/2011:12:55:30 -0500] "GET /lindas.htm HTTP/1.0" 404 279 "-" "Mozilla/5.0 (compatible; Yahoo! Slurp; http://help.yahoo.com/help/us/ysearch/slurp)"
67.195.112.50 - - [04/Jan/2011:13:00:24 -0500] "GET /lyons.htm HTTP/1.0" 404 278 "-" "Mozilla/5.0 (compatible; Yahoo! Slurp; http://help.yahoo.com/help/us/ysearch/slurp)"
74.73.22.32 - - [04/Jan/2011:13:02:22 -0500] "GET /images/1_naples%20florida%20real%20estate_index.jpg HTTP/1.1" 200 24287 "http://www.google.com/imgres?imgurl=http://www.naples-usa.com/images/1_naples%2520florida%2520real%2520estate_index.jpg&imgrefurl=http://www.dolphinworld.net/wordpress/2008/02/19/naples-florida-dolphin-swim-tour/&usg=__qADXQoSKXq32YdNCGsSumn4G-8c=&h=256&w=375&sz=24&hl=en&start=0&zoom=1&tbnid=xiSSaf0OQrPq8M:&tbnh=113&tbnw=161&prev=/images%3Fq%3Dnaples%2Bflorida%26hl%3Den%26sa%3DX%26biw%3D836%26bih%3D353%26tbs%3Disch:1%26prmd%3Divnsblm0%2C157&itbs=1&iact=hc&vpx=383&vpy=70&dur=1859&hovh=185&hovw=272&tx=151&ty=110&ei=dWAjTfz0FYT68Aa_jf3EDQ&oei=dWAjTfz0FYT68Aa_jf3EDQ&esq=1&page=1&ndsp=8&ved=1t:429,r:6,s:0&biw=836&bih=353" "Mozilla/5.0 (Windows; U; Windows NT 5.1; en-US; rv:1.9.2.13) Gecko/20101203 Firefox/3.6.13 ( .NET CLR 3.5.30729)"
71.90.118.229 - - [04/Jan/2011:13:10:22 -0500] "GET /naples-weather.htm HTTP/1.1" 200 16725 "http://www.google.com/url?sa=t&source=web&cd=3&ved=0CB8QFjAC&url=http%3A%2F%2Fwww.naples-usa.com%2Fnaples-weather.htm&rct=j&q=naples%20florida%20weather%20in%20winter&ei=fWIjTdunO8uSnwe02_ztDQ&usg=AFQjCNFlok03h0MAowO-qA4JNhDVbk-NQw" "Mozilla/4.0 (compatible; MSIE 8.0; Windows NT 5.1; Trident/4.0; GTB6.6; .NET CLR 2.0.50727; .NET CLR 3.0.4506.2152; .NET CLR 3.5.30729)"
71.90.118.229 - - [04/Jan/2011:13:10:22 -0500] "GET /images/welcome_usa.gif HTTP/1.1" 200 7890 "http://www.naples-usa.com/naples-weather.htm" "Mozilla/4.0 (compatible; MSIE 8.0; Windows NT 5.1; Trident/4.0; GTB6.6; .NET CLR 2.0.50727; .NET CLR 3.0.4506.2152; .NET CLR 3.5.30729)"
71.90.118.229 - - [04/Jan/2011:13:10:22 -0500] "GET /images/florida_logo.gif HTTP/1.1" 200 1024 "http://www.naples-usa.com/naples-weather.htm" "Mozilla/4.0 (compatible; MSIE 8.0; Windows NT 5.1; Trident/4.0; GTB6.6; .NET CLR 2.0.50727; .NET CLR 3.0.4506.2152; .NET CLR 3.5.30729)"
71.90.118.229 - - [04/Jan/2011:13:10:23 -0500] "GET /transparent.gif HTTP/1.1" 200 43 "http://www.naples-usa.com/naples-weather.htm" "Mozilla/4.0 (compatible; MSIE 8.0; Windows NT 5.1; Trident/4.0; GTB6.6; .NET CLR 2.0.50727; .NET CLR 3.0.4506.2152; .NET CLR 3.5.30729)"
71.90.118.229 - - [04/Jan/2011:13:10:23 -0500] "GET /favicon.ico HTTP/1.1" 404 292 "-" "Mozilla/4.0 (compatible; MSIE 8.0; Windows NT 5.1; Trident/4.0; GTB6.6; .NET CLR 2.0.50727; .NET CLR 3.0.4506.2152; .NET CLR 3.5.30729)"
123.125.71.79 - - [04/Jan/2011:13:18:00 -0500] "GET / HTTP/1.1" 304 - "-" "Baiduspider+(+http://www.baidu.com/search/spider.htm)"
67.195.112.50 - - [04/Jan/2011:13:20:40 -0500] "GET /TheProcacciGroup/534_avellino-kitch2.jpg.LCK HTTP/1.0" 404 313 "-" "Mozilla/5.0 (compatible; Yahoo! Slurp; http://help.yahoo.com/help/us/ysearch/slurp)"
67.195.112.50 - - [04/Jan/2011:13:24:06 -0500] "GET /zettel/properties2.htm HTTP/1.0" 404 291 "-" "Mozilla/5.0 (compatible; Yahoo! Slurp; http://help.yahoo.com/help/us/ysearch/slurp)"
98.173.26.143 - - [04/Jan/2011:13:27:41 -0500] "GET /robots.txt HTTP/1.0" 404 279 "-" "envolk/1.7 (+http://www.envolk.com/envolkspiderinfo.html)"
67.195.112.50 - - [04/Jan/2011:13:29:58 -0500] "GET /TheProcacciGroup/15544_marcello-kitch2.jpg.LCK HTTP/1.0" 404 315 "-" "Mozilla/5.0 (compatible; Yahoo! Slurp; http://help.yahoo.com/help/us/ysearch/slurp)"
68.56.44.246 - - [04/Jan/2011:13:38:50 -0500] "GET /Vendors/ HTTP/1.1" 200 17319 "-" "Mozilla/4.0 (compatible; MSIE 7.0; Windows NT 5.1; .NET CLR 1.0.3705; .NET CLR 1.1.4322; Media Center PC 4.0; InfoPath.2)"
95.108.217.252 - - [04/Jan/2011:13:41:28 -0500] "GET /robots.txt HTTP/1.1" 404 291 "-" "Mozilla/5.0 (compatible; YandexBot/3.0; +http://yandex.com/bots)"
216.217.58.150 - - [04/Jan/2011:13:49:26 -0500] "GET /images/welcome_usa.gif HTTP/1.1" 200 7890 "http://www.naples-usa.com/naples-calendarofevents.htm" "Mozilla/5.0 (Windows; U; Windows NT 6.1; en-US; rv:1.9.2.13) Gecko/20101203 Firefox/3.6.13"
216.217.58.150 - - [04/Jan/2011:13:49:26 -0500] "GET /images/florida_logo_sm.gif HTTP/1.1" 200 1933 "http://www.naples-usa.com/naples-calendarofevents.htm" "Mozilla/5.0 (Windows; U; Windows NT 6.1; en-US; rv:1.9.2.13) Gecko/20101203 Firefox/3.6.13"
216.217.58.150 - - [04/Jan/2011:13:49:27 -0500] "GET /images/images/z-bird-flamingo.gif HTTP/1.1" 200 890 "http://www.naples-usa.com/naples-calendarofevents.htm" "Mozilla/5.0 (Windows; U; Windows NT 6.1; en-US; rv:1.9.2.13) Gecko/20101203 Firefox/3.6.13"
216.217.58.150 - - [04/Jan/2011:13:49:27 -0500] "GET /images/images/z-stickfamily.gif HTTP/1.1" 404 312 "http://www.naples-usa.com/naples-calendarofevents.htm" "Mozilla/5.0 (Windows; U; Windows NT 6.1; en-US; rv:1.9.2.13) Gecko/20101203 Firefox/3.6.13"
216.217.58.150 - - [04/Jan/2011:13:49:27 -0500] "GET /images/images/z-frog.jpg HTTP/1.1" 404 305 "http://www.naples-usa.com/naples-calendarofevents.htm" "Mozilla/5.0 (Windows; U; Windows NT 6.1; en-US; rv:1.9.2.13) Gecko/20101203 Firefox/3.6.13"
216.217.58.150 - - [04/Jan/2011:13:49:27 -0500] "GET /images/z-sailboat.jpg HTTP/1.1" 200 2182 "http://www.naples-usa.com/naples-calendarofevents.htm" "Mozilla/5.0 (Windows; U; Windows NT 6.1; en-US; rv:1.9.2.13) Gecko/20101203 Firefox/3.6.13"
216.217.58.150 - - [04/Jan/2011:13:49:27 -0500] "GET /images/z_shell.gif HTTP/1.1" 200 1325 "http://www.naples-usa.com/naples-calendarofevents.htm" "Mozilla/5.0 (Windows; U; Windows NT 6.1; en-US; rv:1.9.2.13) Gecko/20101203 Firefox/3.6.13"
216.217.58.150 - - [04/Jan/2011:13:49:27 -0500] "GET /images/return_arrow.gif HTTP/1.1" 200 220 "http://www.naples-usa.com/naples-calendarofevents.htm" "Mozilla/5.0 (Windows; U; Windows NT 6.1; en-US; rv:1.9.2.13) Gecko/20101203 Firefox/3.6.13"
216.217.58.150 - - [04/Jan/2011:13:49:28 -0500] "GET /images/images/z-theater.gif HTTP/1.1" 404 308 "http://www.naples-usa.com/naples-calendarofevents.htm" "Mozilla/5.0 (Windows; U; Windows NT 6.1; en-US; rv:1.9.2.13) Gecko/20101203 Firefox/3.6.13"
216.217.58.150 - - [04/Jan/2011:13:49:28 -0500] "GET /images/z_rose.gif HTTP/1.1" 200 473 "http://www.naples-usa.com/naples-calendarofevents.htm" "Mozilla/5.0 (Windows; U; Windows NT 6.1; en-US; rv:1.9.2.13) Gecko/20101203 Firefox/3.6.13"
216.217.58.150 - - [04/Jan/2011:13:49:28 -0500] "GET /images/images/z-greyhound4a.jpg HTTP/1.1" 404 312 "http://www.naples-usa.com/naples-calendarofevents.htm" "Mozilla/5.0 (Windows; U; Windows NT 6.1; en-US; rv:1.9.2.13) Gecko/20101203 Firefox/3.6.13"
216.217.58.150 - - [04/Jan/2011:13:49:29 -0500] "GET /images/images/z-turtle-b.jpg HTTP/1.1" 404 309 "http://www.naples-usa.com/naples-calendarofevents.htm" "Mozilla/5.0 (Windows; U; Windows NT 6.1; en-US; rv:1.9.2.13) Gecko/20101203 Firefox/3.6.13"
216.217.58.150 - - [04/Jan/2011:13:49:30 -0500] "GET /images/images/z-trombone.gif HTTP/1.1" 404 309 "http://www.naples-usa.com/naples-calendarofevents.htm" "Mozilla/5.0 (Windows; U; Windows NT 6.1; en-US; rv:1.9.2.13) Gecko/20101203 Firefox/3.6.13"
216.217.58.150 - - [04/Jan/2011:13:49:30 -0500] "GET /images/images/z-cockatiel.gif HTTP/1.1" 404 310 "http://www.naples-usa.com/naples-calendarofevents.htm" "Mozilla/5.0 (Windows; U; Windows NT 6.1; en-US; rv:1.9.2.13) Gecko/20101203 Firefox/3.6.13"
216.217.58.150 - - [04/Jan/2011:13:49:30 -0500] "GET /images/z_teens.gif HTTP/1.1" 200 2660 "http://www.naples-usa.com/naples-calendarofevents.htm" "Mozilla/5.0 (Windows; U; Windows NT 6.1; en-US; rv:1.9.2.13) Gecko/20101203 Firefox/3.6.13"
216.217.58.150 - - [04/Jan/2011:13:49:30 -0500] "GET /images/images/z-butterfly-2.gif HTTP/1.1" 404 312 "http://www.naples-usa.com/naples-calendarofevents.htm" "Mozilla/5.0 (Windows; U; Windows NT 6.1; en-US; rv:1.9.2.13) Gecko/20101203 Firefox/3.6.13"
216.217.58.150 - - [04/Jan/2011:13:49:30 -0500] "GET /images/z_music.gif HTTP/1.1" 200 596 "http://www.naples-usa.com/naples-calendarofevents.htm" "Mozilla/5.0 (Windows; U; Windows NT 6.1; en-US; rv:1.9.2.13) Gecko/20101203 Firefox/3.6.13"
216.217.58.150 - - [04/Jan/2011:13:49:31 -0500] "GET /images/z-bird-flamingo.gif HTTP/1.1" 200 890 "http://www.naples-usa.com/naples-calendarofevents.htm" "Mozilla/5.0 (Windows; U; Windows NT 6.1; en-US; rv:1.9.2.13) Gecko/20101203 Firefox/3.6.13"
216.217.58.150 - - [04/Jan/2011:13:49:31 -0500] "GET /images/z-butterfly-2.gif HTTP/1.1" 200 1025 "http://www.naples-usa.com/naples-calendarofevents.htm" "Mozilla/5.0 (Windows; U; Windows NT 6.1; en-US; rv:1.9.2.13) Gecko/20101203 Firefox/3.6.13"
216.217.58.150 - - [04/Jan/2011:13:49:31 -0500] "GET /images/z-turtle-b.jpg HTTP/1.1" 200 1124 "http://www.naples-usa.com/naples-calendarofevents.htm" "Mozilla/5.0 (Windows; U; Windows NT 6.1; en-US; rv:1.9.2.13) Gecko/20101203 Firefox/3.6.13"
216.217.58.150 - - [04/Jan/2011:13:49:31 -0500] "GET /images/z-fish2.jpg HTTP/1.1" 200 1142 "http://www.naples-usa.com/naples-calendarofevents.htm" "Mozilla/5.0 (Windows; U; Windows NT 6.1; en-US; rv:1.9.2.13) Gecko/20101203 Firefox/3.6.13"
216.217.58.150 - - [04/Jan/2011:13:49:31 -0500] "GET /favicon.ico HTTP/1.1" 404 292 "-" "Mozilla/5.0 (Windows; U; Windows NT 6.1; en-US; rv:1.9.2.13) Gecko/20101203 Firefox/3.6.13"
216.217.58.150 - - [04/Jan/2011:13:49:31 -0500] "GET /naples-calendarofevents.htm HTTP/1.1" 200 102463 "http://www.google.com/search?client=firefox-a&rls=org.mozilla%3Aen-US%3Aofficial&channel=s&hl=en&source=hp&q=evening+dance+classes+naples&btnG=Google+Search" "Mozilla/5.0 (Windows; U; Windows NT 6.1; en-US; rv:1.9.2.13) Gecko/20101203 Firefox/3.6.13"
216.217.58.150 - - [04/Jan/2011:13:49:32 -0500] "GET /favicon.ico HTTP/1.1" 404 292 "-" "Mozilla/5.0 (Windows; U; Windows NT 6.1; en-US; rv:1.9.2.13) Gecko/20101203 Firefox/3.6.13"
216.217.58.150 - - [04/Jan/2011:13:49:35 -0500] "GET /favicon.ico HTTP/1.1" 404 292 "-" "Mozilla/5.0 (Windows; U; Windows NT 6.1; en-US; rv:1.9.2.13) Gecko/20101203 Firefox/3.6.13"
67.195.112.50 - - [04/Jan/2011:14:07:20 -0500] "GET /TheProcacciGroup/2384_ravenna-living.jpg.LCK HTTP/1.0" 404 313 "-" "Mozilla/5.0 (compatible; Yahoo! Slurp; http://help.yahoo.com/help/us/ysearch/slurp)"
98.109.51.114 - - [04/Jan/2011:14:13:49 -0500] "GET /florida-homestead-exemption.htm HTTP/1.1" 200 14191 "http://www.google.com/search?hl=en&rlz=1W1ADFA_en&&sa=X&ei=ZnEjTdCzLuSV4gbvruD3DA&ved=0CBcQvwUoAQ&q=declaration+of+domicile+fl+naples&spell=1" "Mozilla/4.0 (compatible; MSIE 7.0; Windows NT 5.1; GTB6.6; .NET CLR 1.0.3705; .NET CLR 1.1.4322; .NET CLR 2.0.50727; .NET CLR 3.0.4506.2152; .NET CLR 3.5.30729; InfoPath.1; .NET4.0C; .NET4.0E)"
98.109.51.114 - - [04/Jan/2011:14:13:53 -0500] "GET /images/florida_logo.gif HTTP/1.1" 200 1024 "http://www.naples-usa.com/florida-homestead-exemption.htm" "Mozilla/4.0 (compatible; MSIE 7.0; Windows NT 5.1; GTB6.6; .NET CLR 1.0.3705; .NET CLR 1.1.4322; .NET CLR 2.0.50727; .NET CLR 3.0.4506.2152; .NET CLR 3.5.30729; InfoPath.1; .NET4.0C; .NET4.0E)"
98.109.51.114 - - [04/Jan/2011:14:13:53 -0500] "GET /images/welcome_usa.gif HTTP/1.1" 200 7890 "http://www.naples-usa.com/florida-homestead-exemption.htm" "Mozilla/4.0 (compatible; MSIE 7.0; Windows NT 5.1; GTB6.6; .NET CLR 1.0.3705; .NET CLR 1.1.4322; .NET CLR 2.0.50727; .NET CLR 3.0.4506.2152; .NET CLR 3.5.30729; InfoPath.1; .NET4.0C; .NET4.0E)"
98.109.51.114 - - [04/Jan/2011:14:13:53 -0500] "GET /images/z_spacer_20.gif HTTP/1.1" 200 56 "http://www.naples-usa.com/florida-homestead-exemption.htm" "Mozilla/4.0 (compatible; MSIE 7.0; Windows NT 5.1; GTB6.6; .NET CLR 1.0.3705; .NET CLR 1.1.4322; .NET CLR 2.0.50727; .NET CLR 3.0.4506.2152; .NET CLR 3.5.30729; InfoPath.1; .NET4.0C; .NET4.0E)"
98.109.51.114 - - [04/Jan/2011:14:13:53 -0500] "GET /transparent.gif HTTP/1.1" 200 43 "http://www.naples-usa.com/florida-homestead-exemption.htm" "Mozilla/4.0 (compatible; MSIE 7.0; Windows NT 5.1; GTB6.6; .NET CLR 1.0.3705; .NET CLR 1.1.4322; .NET CLR 2.0.50727; .NET CLR 3.0.4506.2152; .NET CLR 3.5.30729; InfoPath.1; .NET4.0C; .NET4.0E)"
98.109.51.114 - - [04/Jan/2011:14:13:53 -0500] "GET /favicon.ico HTTP/1.1" 404 292 "-" "Mozilla/4.0 (compatible; MSIE 7.0; Windows NT 5.1; GTB6.6; .NET CLR 1.0.3705; .NET CLR 1.1.4322; .NET CLR 2.0.50727; .NET CLR 3.0.4506.2152; .NET CLR 3.5.30729; InfoPath.1; .NET4.0C; .NET4.0E)"
98.109.51.114 - - [04/Jan/2011:14:13:53 -0500] "GET /url(res://C:/Program%20Files/Google/Google%20Toolbar/Component/GoogleToolbarDynamic_mui_en_E11712C84EA7E12B.dll/findy_buttons.png) HTTP/1.1" 404 407 "http://www.naples-usa.com/florida-homestead-exemption.htm" "Mozilla/4.0 (compatible; MSIE 7.0; Windows NT 5.1; GTB6.6; .NET CLR 1.0.3705; .NET CLR 1.1.4322; .NET CLR 2.0.50727; .NET CLR 3.0.4506.2152; .NET CLR 3.5.30729; InfoPath.1; .NET4.0C; .NET4.0E)"
67.195.112.50 - - [04/Jan/2011:14:18:43 -0500] "GET /TheProcacciGroup/7925_preserve-209023954.jpg.LCK HTTP/1.0" 404 317 "-" "Mozilla/5.0 (compatible; Yahoo! Slurp; http://help.yahoo.com/help/us/ysearch/slurp)"
67.195.112.50 - - [04/Jan/2011:14:21:08 -0500] "GET /homestead.htm HTTP/1.0" 404 282 "-" "Mozilla/5.0 (compatible; Yahoo! Slurp; http://help.yahoo.com/help/us/ysearch/slurp)"
79.235.153.8 - - [04/Jan/2011:14:25:26 -0500] "GET /images/1_naples%20florida%20real%20estate_index.jpg HTTP/1.1" 200 24287 "http://www.google.nl/imgres?imgurl=http://www.naples-usa.com/images/1_naples%2520florida%2520real%2520estate_index.jpg&imgrefurl=http://www.dolphinworld.net/wordpress/2008/02/&usg=__Yfg7BIce8XR6maFj_cNFYX3tYKg=&h=256&w=375&sz=24&hl=nl&start=4&zoom=1&tbnid=xiSSaf0OQrPq8M:&tbnh=83&tbnw=122&prev=/images%3Fq%3Dnaples%2BUS%26hl%3Dnl%26gbv%3D2%26tbs%3Disch:1&itbs=1" "Mozilla/4.0 (compatible; MSIE 6.0; Windows NT 5.1; SV1; .NET CLR 1.1.4322; .NET CLR 2.0.50727; MS-RTC LM 8; InfoPath.2; OfficeLiveConnector.1.3; OfficeLivePatch.0.0; .NET4.0C)"
207.46.195.233 - - [04/Jan/2011:14:38:37 -0500] "GET /robots.txt HTTP/1.1" 404 291 "-" "Mozilla/5.0 (compatible; bingbot/2.0; +http://www.bing.com/bingbot.htm)"
207.46.195.233 - - [04/Jan/2011:14:39:53 -0500] "GET /weather.htm HTTP/1.1" 404 292 "-" "Mozilla/5.0 (compatible; bingbot/2.0; +http://www.bing.com/bingbot.htm)"
67.195.112.50 - - [04/Jan/2011:14:45:25 -0500] "GET /hotels-in-naples.htm HTTP/1.0" 200 53713 "-" "Mozilla/5.0 (compatible; Yahoo! Slurp; http://help.yahoo.com/help/us/ysearch/slurp)"
69.247.44.116 - - [04/Jan/2011:15:18:23 -0500] "GET /Logos/1_df-72dpi-476x57pix-banner.jpg HTTP/1.1" 200 9733 "http://by128w.bay128.mail.live.com/mail/InboxLight.aspx?FolderID=00000000-0000-0000-0000-000000000001&InboxSortAscending=False&InboxSortBy=Date&fav=True&n=1998135334" "Mozilla/4.0 (compatible; MSIE 7.0; Windows NT 5.1; Trident/4.0; FunWebProducts; GTB6.6; .NET CLR 1.0.3705; .NET CLR 1.1.4322; Media Center PC 4.0; HbTools 4.8.4; .NET CLR 2.0.50727; .NET CLR 3.0.4506.2152; .NET CLR 3.5.30729; eMusic DLM/4)"
69.247.44.116 - - [04/Jan/2011:15:18:23 -0500] "GET /Logos/winner_250.jpg HTTP/1.1" 200 6408 "http://by128w.bay128.mail.live.com/mail/InboxLight.aspx?FolderID=00000000-0000-0000-0000-000000000001&InboxSortAscending=False&InboxSortBy=Date&fav=True&n=1998135334" "Mozilla/4.0 (compatible; MSIE 7.0; Windows NT 5.1; Trident/4.0; FunWebProducts; GTB6.6; .NET CLR 1.0.3705; .NET CLR 1.1.4322; Media Center PC 4.0; HbTools 4.8.4; .NET CLR 2.0.50727; .NET CLR 3.0.4506.2152; .NET CLR 3.5.30729; eMusic DLM/4)"
67.195.112.50 - - [04/Jan/2011:15:29:10 -0500] "GET /TheProcacciGroup/15375_queen-lanai.jpg.LCK HTTP/1.0" 404 311 "-" "Mozilla/5.0 (compatible; Yahoo! Slurp; http://help.yahoo.com/help/us/ysearch/slurp)"
66.235.124.1 - - [04/Jan/2011:15:36:10 -0500] "GET /robots.txt HTTP/1.1" 404 291 "-" "Mozilla/5.0 (compatible; Ask Jeeves/Teoma; +http://about.ask.com/en/docs/about/webmasters.shtml)"
66.235.124.1 - - [04/Jan/2011:15:36:10 -0500] "GET / HTTP/1.1" 304 - "-" "Mozilla/5.0 (compatible; Ask Jeeves/Teoma; +http://about.ask.com/en/docs/about/webmasters.shtml)"
67.137.118.34 - - [04/Jan/2011:15:49:36 -0500] "GET /images/1_naples%20florida%20real%20estate_index.jpg HTTP/1.1" 200 24287 "http://www.google.com/imgres?imgurl=http://www.naples-usa.com/images/1_naples%2520florida%2520real%2520estate_index.jpg&imgrefurl=http://www.dolphinworld.net/wordpress/2008/02/19/naples-florida-dolphin-swim-tour/&usg=__qADXQoSKXq32YdNCGsSumn4G-8c=&h=256&w=375&sz=24&hl=en&start=0&zoom=1&tbnid=xiSSaf0OQrPq8M:&tbnh=152&tbnw=220&prev=/images%3Fq%3Dnaples%2Bflorida%26um%3D1%26hl%3Den%26sa%3DN%26biw%3D1680%26bih%3D798%26tbs%3Disch:1&um=1&itbs=1&iact=hc&vpx=1363&vpy=127&dur=1533&hovh=185&hovw=272&tx=131&ty=99&ei=1IcjTcaJB8P_lgep5_H9Bw&oei=aIcjTZuiIIqr8Aab0fzYDQ&esq=4&page=1&ndsp=28&ved=1t:429,r:6,s:0" "Mozilla/5.0 (Windows; U; Windows NT 5.1; en-US; rv:1.9.2.13) Gecko/20101203 Firefox/3.6.13 ( .NET CLR 3.5.30729)"
66.235.124.1 - - [04/Jan/2011:15:57:23 -0500] "GET /calendar.htm HTTP/1.1" 200 71151 "-" "Mozilla/5.0 (compatible; Ask Jeeves/Teoma; +http://about.ask.com/en/docs/about/webmasters.shtml)"
66.235.124.1 - - [04/Jan/2011:15:57:23 -0500] "GET /javascripts/address.js HTTP/1.1" 404 303 "-" "Mozilla/5.0 (compatible; Ask Jeeves/Teoma; +http://about.ask.com/en/docs/about/webmasters.shtml)"
207.46.204.181 - - [04/Jan/2011:16:07:51 -0500] "GET /robots.txt HTTP/1.1" 404 291 "-" "Mozilla/5.0 (compatible; bingbot/2.0; +http://www.bing.com/bingbot.htm)"
66.249.71.46 - - [04/Jan/2011:16:10:36 -0500] "GET /naples-history.htm HTTP/1.1" 304 - "-" "Mozilla/5.0 (compatible; Googlebot/2.1; +http://www.google.com/bot.html)"
207.46.204.181 - - [04/Jan/2011:16:18:23 -0500] "GET /doonan/naples-real-estate1.htm HTTP/1.1" 404 311 "-" "Mozilla/5.0 (compatible; bingbot/2.0; +http://www.bing.com/bingbot.htm)"
64.41.145.70 - - [04/Jan/2011:16:23:15 -0500] "GET /naples-florida-beachesandparks.htm HTTP/1.1" 200 10582 "-" "Mozilla/4.0 (compatible; MSIE 6.0; Windows NT 5.1; SV1 + FairShare-http://fairshare.cc)"
68.179.62.111 - - [04/Jan/2011:16:26:22 -0500] "GET /dynamic_styles.css HTTP/1.1" 404 299 "http://www.naples-usa.com/calendar-clubs-and-orgs.htm" "Mozilla/4.0 (compatible; MSIE 7.0; Windows NT 5.1; GTB6.6; Mozilla/4.0 (compatible; MSIE 6.0; Windows NT 5.1; SV1) ; .NET CLR 1.1.4322; .NET CLR 2.0.50727; .NET CLR 3.0.4506.2152; .NET CLR 3.5.30729)"
68.179.62.111 - - [04/Jan/2011:16:26:22 -0500] "GET /design_styles.css HTTP/1.1" 404 298 "http://www.naples-usa.com/calendar-clubs-and-orgs.htm" "Mozilla/4.0 (compatible; MSIE 7.0; Windows NT 5.1; GTB6.6; Mozilla/4.0 (compatible; MSIE 6.0; Windows NT 5.1; SV1) ; .NET CLR 1.1.4322; .NET CLR 2.0.50727; .NET CLR 3.0.4506.2152; .NET CLR 3.5.30729)"
68.179.62.111 - - [04/Jan/2011:16:26:22 -0500] "GET /images/spacer.gif HTTP/1.1" 200 43 "http://www.naples-usa.com/calendar-clubs-and-orgs.htm" "Mozilla/4.0 (compatible; MSIE 7.0; Windows NT 5.1; GTB6.6; Mozilla/4.0 (compatible; MSIE 6.0; Windows NT 5.1; SV1) ; .NET CLR 1.1.4322; .NET CLR 2.0.50727; .NET CLR 3.0.4506.2152; .NET CLR 3.5.30729)"
68.179.62.111 - - [04/Jan/2011:16:26:22 -0500] "GET /calendar-clubs-and-orgs.htm HTTP/1.1" 200 27411 "http://www.google.ca/search?hl=en&rlz=1T4SUNC_enCA393CA393&q=WEATHER+NAPLES+FLORIDA+ITALIAN+CLUB+CALENDAR+OF+EVENTS&aq=f&aqi=&aql=&oq=&gs_rfai=" "Mozilla/4.0 (compatible; MSIE 7.0; Windows NT 5.1; GTB6.6; Mozilla/4.0 (compatible; MSIE 6.0; Windows NT 5.1; SV1) ; .NET CLR 1.1.4322; .NET CLR 2.0.50727; .NET CLR 3.0.4506.2152; .NET CLR 3.5.30729)"
68.179.62.111 - - [04/Jan/2011:16:26:22 -0500] "GET /javascripts/address.js HTTP/1.1" 404 303 "http://www.naples-usa.com/calendar-clubs-and-orgs.htm" "Mozilla/4.0 (compatible; MSIE 7.0; Windows NT 5.1; GTB6.6; Mozilla/4.0 (compatible; MSIE 6.0; Windows NT 5.1; SV1) ; .NET CLR 1.1.4322; .NET CLR 2.0.50727; .NET CLR 3.0.4506.2152; .NET CLR 3.5.30729)"
68.179.62.111 - - [04/Jan/2011:16:26:23 -0500] "GET /favicon.ico HTTP/1.1" 404 292 "-" "Mozilla/4.0 (compatible; MSIE 7.0; Windows NT 5.1; GTB6.6; Mozilla/4.0 (compatible; MSIE 6.0; Windows NT 5.1; SV1) ; .NET CLR 1.1.4322; .NET CLR 2.0.50727; .NET CLR 3.0.4506.2152; .NET CLR 3.5.30729)"
68.179.62.111 - - [04/Jan/2011:16:26:23 -0500] "GET /url(res://C:/Program%20Files/Google/Google%20Toolbar/Component/GoogleToolbarDynamic_mui_en_E11712C84EA7E12B.dll/findy_buttons.png) HTTP/1.1" 404 407 "http://www.naples-usa.com/calendar-clubs-and-orgs.htm" "Mozilla/4.0 (compatible; MSIE 7.0; Windows NT 5.1; GTB6.6; Mozilla/4.0 (compatible; MSIE 6.0; Windows NT 5.1; SV1) ; .NET CLR 1.1.4322; .NET CLR 2.0.50727; .NET CLR 3.0.4506.2152; .NET CLR 3.5.30729)"
216.2.145.194 - - [04/Jan/2011:16:35:08 -0500] "GET / HTTP/1.1" 200 11305 "http://www.google.com/url?sa=t&source=web&cd=372&ved=0CCgQFjABOPIC&url=http%3A%2F%2Fwww.naples-usa.com%2F&rct=j&q=naples%20florida%20realtors&ei=gZIjTZMIg--dB8H_8NcO&usg=AFQjCNGsrHwfzfzUFk9WsE-HAY-HTWwZpQ&sig2=kgWsk-fWgip1vot_IHC7UQ&cad=rja" "Mozilla/5.0 (X11; U; Linux x86_64; en-US; rv:1.9.0.12) Gecko/2009072711 CentOS/3.0.12-1.el5.centos Firefox/3.0.12"
216.2.145.194 - - [04/Jan/2011:16:35:08 -0500] "GET /naples-usa.css HTTP/1.1" 200 714 "http://www.naples-usa.com/" "Mozilla/5.0 (X11; U; Linux x86_64; en-US; rv:1.9.0.12) Gecko/2009072711 CentOS/3.0.12-1.el5.centos Firefox/3.0.12"
216.2.145.194 - - [04/Jan/2011:16:35:09 -0500] "GET /images/welcome_usa.gif HTTP/1.1" 200 7890 "http://www.naples-usa.com/" "Mozilla/5.0 (X11; U; Linux x86_64; en-US; rv:1.9.0.12) Gecko/2009072711 CentOS/3.0.12-1.el5.centos Firefox/3.0.12"
216.2.145.194 - - [04/Jan/2011:16:35:09 -0500] "GET /images/border%20naples.gif HTTP/1.1" 200 358 "http://www.naples-usa.com/" "Mozilla/5.0 (X11; U; Linux x86_64; en-US; rv:1.9.0.12) Gecko/2009072711 CentOS/3.0.12-1.el5.centos Firefox/3.0.12"
216.2.145.194 - - [04/Jan/2011:16:35:09 -0500] "GET /images/A-INDE%7E1.jpg HTTP/1.1" 200 23069 "http://www.naples-usa.com/" "Mozilla/5.0 (X11; U; Linux x86_64; en-US; rv:1.9.0.12) Gecko/2009072711 CentOS/3.0.12-1.el5.centos Firefox/3.0.12"
216.2.145.194 - - [04/Jan/2011:16:35:09 -0500] "GET /favicon.ico HTTP/1.1" 404 292 "-" "Mozilla/5.0 (X11; U; Linux x86_64; en-US; rv:1.9.0.12) Gecko/2009072711 CentOS/3.0.12-1.el5.centos Firefox/3.0.12"
216.2.145.194 - - [04/Jan/2011:16:35:11 -0500] "GET /favicon.ico HTTP/1.1" 404 292 "-" "Mozilla/5.0 (X11; U; Linux x86_64; en-US; rv:1.9.0.12) Gecko/2009072711 CentOS/3.0.12-1.el5.centos Firefox/3.0.12"
67.195.112.50 - - [04/Jan/2011:16:47:51 -0500] "GET /TheProcacciGroup/1642_23rd-kitch.jpg.LCK HTTP/1.0" 404 309 "-" "Mozilla/5.0 (compatible; Yahoo! Slurp; http://help.yahoo.com/help/us/ysearch/slurp)"
98.238.68.107 - - [04/Jan/2011:16:51:55 -0500] "GET /Logos/1_df-72dpi-476x57pix-banner.jpg HTTP/1.1" 200 9733 "-" "Mozilla/5.0 (Macintosh; U; Intel Mac OS X 10.5; en-US; rv:1.9.2.13) Gecko/20101203 Firefox/3.6.13"
98.238.68.107 - - [04/Jan/2011:16:51:55 -0500] "GET /Logos/winner_250.jpg HTTP/1.1" 200 6408 "-" "Mozilla/5.0 (Macintosh; U; Intel Mac OS X 10.5; en-US; rv:1.9.2.13) Gecko/20101203 Firefox/3.6.13"
66.77.140.66 - - [04/Jan/2011:16:57:00 -0500] "GET /images/1_naples%20florida%20real%20estate_index.jpg HTTP/1.0" 200 24287 "http://www.google.com/imgres?imgurl=http://www.naples-usa.com/images/1_naples%2520florida%2520real%2520estate_index.jpg&imgrefurl=http://www.dolphinworld.net/wordpress/2008/02/19/naples-florida-dolphin-swim-tour/&usg=__qADXQoSKXq32YdNCGsSumn4G-8c=&h=256&w=375&sz=24&hl=en&start=7&zoom=1&tbnid=xiSSaf0OQrPq8M:&tbnh=83&tbnw=122&prev=/images%3Fq%3Dnaples%2Bflorida%26um%3D1%26hl%3Den%26tbs%3Disch:1%26prmd%3Divns&um=1&itbs=1" "Mozilla/4.0 (compatible; MSIE 6.0; Windows NT 5.0; .NET CLR 1.1.4322; .NET CLR 2.0.50727)"
95.108.217.252 - - [04/Jan/2011:16:59:32 -0500] "GET / HTTP/1.1" 200 11305 "-" "Mozilla/5.0 (compatible; YandexBot/3.0; +http://yandex.com/bots)"
24.245.47.185 - - [04/Jan/2011:17:03:17 -0500] "GET /images/1_naples%20florida%20real%20estate_index.jpg HTTP/1.1" 200 24287 "http://www.google.com/imgres?imgurl=http://www.naples-usa.com/images/1_naples%2520florida%2520real%2520estate_index.jpg&imgrefurl=http://www.dolphinworld.net/wordpress/2008/02/19/naples-florida-dolphin-swim-tour/&usg=__qADXQoSKXq32YdNCGsSumn4G-8c=&h=256&w=375&sz=24&hl=en&start=0&zoom=1&tbnid=xiSSaf0OQrPq8M:&tbnh=147&tbnw=182&prev=/images%3Fq%3Dnaples%2Bflorida%26um%3D1%26hl%3Den%26biw%3D1167%26bih%3D802%26tbs%3Disch:1&um=1&itbs=1&iact=hc&vpx=318&vpy=291&dur=28&hovh=185&hovw=272&tx=176&ty=128&ei=A5kjTeDZKcS_ngff0eXwDQ&oei=A5kjTeDZKcS_ngff0eXwDQ&esq=1&page=1&ndsp=20&ved=1t:429,r:6,s:0" "Mozilla/5.0 (Macintosh; U; Intel Mac OS X 10_6_4; en-us) AppleWebKit/533.17.8 (KHTML, like Gecko) Version/5.0.1 Safari/533.17.8"
184.154.7.186 - - [04/Jan/2011:17:07:12 -0500] "GET /robots.txt HTTP/1.0" 404 279 "-" "Mozilla/5.0 (compatible; MJ12bot/v1.3.3; http://www.majestic12.co.uk/bot.php?+)"
184.154.7.186 - - [04/Jan/2011:17:07:13 -0500] "GET /carrier.htm HTTP/1.0" 404 280 "-" "Mozilla/5.0 (compatible; MJ12bot/v1.3.3; http://www.majestic12.co.uk/bot.php?+)"
184.154.7.186 - - [04/Jan/2011:17:07:14 -0500] "GET /hofstetter.htm HTTP/1.0" 404 283 "-" "Mozilla/5.0 (compatible; MJ12bot/v1.3.3; http://www.majestic12.co.uk/bot.php?+)"
184.154.7.186 - - [04/Jan/2011:17:07:16 -0500] "GET /kepp.htm HTTP/1.0" 404 277 "-" "Mozilla/5.0 (compatible; MJ12bot/v1.3.3; http://www.majestic12.co.uk/bot.php?+)"
184.154.7.186 - - [04/Jan/2011:17:07:17 -0500] "GET /kukeas.htm HTTP/1.0" 404 279 "-" "Mozilla/5.0 (compatible; MJ12bot/v1.3.3; http://www.majestic12.co.uk/bot.php?+)"
184.154.7.186 - - [04/Jan/2011:17:07:19 -0500] "GET /lee.htm HTTP/1.0" 404 276 "-" "Mozilla/5.0 (compatible; MJ12bot/v1.3.3; http://www.majestic12.co.uk/bot.php?+)"
184.154.7.186 - - [04/Jan/2011:17:07:21 -0500] "GET /stevens.htm HTTP/1.0" 404 280 "-" "Mozilla/5.0 (compatible; MJ12bot/v1.3.3; http://www.majestic12.co.uk/bot.php?+)"
184.154.7.186 - - [04/Jan/2011:17:07:22 -0500] "GET /volmer.htm HTTP/1.0" 404 279 "-" "Mozilla/5.0 (compatible; MJ12bot/v1.3.3; http://www.majestic12.co.uk/bot.php?+)"
221.212.116.8 - - [04/Jan/2011:17:08:37 -0500] "GET / HTTP/1.1" 200 11305 "-" "Java/1.6.0_13"
221.212.116.8 - - [04/Jan/2011:17:08:38 -0500] "GET /calendar-clubs-and-orgs.htm HTTP/1.1" 200 27411 "-" "Java/1.6.0_13"
221.212.116.8 - - [04/Jan/2011:17:08:39 -0500] "GET /lost-birds.htm HTTP/1.1" 200 39667 "-" "Java/1.6.0_13"
67.16.94.2 - - [04/Jan/2011:17:11:19 -0500] "GET /robots.txt HTTP/1.0" 404 279 "-" "Gigabot/3.0 (http://www.gigablast.com/spider.html)"
67.16.94.2 - - [04/Jan/2011:17:11:19 -0500] "GET / HTTP/1.0" 200 11305 "-" "Gigabot/3.0 (http://www.gigablast.com/spider.html)"
207.46.13.43 - - [04/Jan/2011:17:28:08 -0500] "GET /robots.txt HTTP/1.1" 404 291 "-" "Mozilla/5.0 (compatible; bingbot/2.0; +http://www.bing.com/bingbot.htm)"
207.46.13.43 - - [04/Jan/2011:17:33:53 -0500] "GET /weather.htm HTTP/1.1" 404 292 "-" "Mozilla/5.0 (compatible; bingbot/2.0; +http://www.bing.com/bingbot.htm)"
67.233.49.227 - - [04/Jan/2011:17:35:02 -0500] "GET /favicon.ico HTTP/1.1" 404 292 "-" "Mozilla/5.0 (Windows; U; Windows NT 6.0; en-US) AppleWebKit/534.10 (KHTML, like Gecko) Chrome/8.0.552.224 Safari/534.10"
67.195.112.50 - - [04/Jan/2011:17:38:14 -0500] "GET /romano/testimonials.htm HTTP/1.0" 404 292 "-" "Mozilla/5.0 (compatible; Yahoo! Slurp; http://help.yahoo.com/help/us/ysearch/slurp)"
124.115.4.190 - - [04/Jan/2011:17:40:16 -0500] "GET / HTTP/1.1" 200 11305 "-" "Sosospider+(+http://help.soso.com/webspider.htm)"
108.12.207.152 - - [04/Jan/2011:17:42:57 -0500] "GET /images/1_naples%20florida%20real%20estate_index.jpg HTTP/1.1" 200 24287 "http://www.google.com/imgres?imgurl=http://www.naples-usa.com/images/1_naples%2520florida%2520real%2520estate_index.jpg&imgrefurl=http://www.dolphinworld.net/wordpress/2008/02/19/naples-florida-dolphin-swim-tour/&usg=__qADXQoSKXq32YdNCGsSumn4G-8c=&h=256&w=375&sz=24&hl=en&start=0&zoom=1&tbnid=xiSSaf0OQrPq8M:&tbnh=138&tbnw=201&prev=/images%3Fq%3Dnaples%2Bflorida%26um%3D1%26hl%3Den%26safe%3Doff%26sa%3DN%26gl%3Dus%26biw%3D1253%26bih%3D615%26tbs%3Disch:1&um=1&itbs=1&iact=rc&dur=348&ei=aKIjTeG4B4WKlwfU4dS6Cw&oei=aKIjTeG4B4WKlwfU4dS6Cw&esq=1&page=1&ndsp=16&ved=1t:429,r:6,s:0&tx=115&ty=84" "Mozilla/5.0 (Windows; U; Windows NT 6.1; en-US; rv:1.9.1.16) Gecko/20101130 Firefox/3.5.16 (.NET CLR 3.5.30729)"
95.108.158.234 - - [04/Jan/2011:17:50:12 -0500] "GET /robots.txt HTTP/1.1" 404 291 "-" "Mozilla/5.0 (compatible; YandexImages/3.0; +http://yandex.com/bots)"
207.46.204.193 - - [04/Jan/2011:17:56:33 -0500] "GET /robots.txt HTTP/1.1" 404 291 "-" "Mozilla/5.0 (compatible; bingbot/2.0; +http://www.bing.com/bingbot.htm)"
207.46.204.193 - - [04/Jan/2011:18:02:24 -0500] "GET / HTTP/1.1" 304 - "-" "Mozilla/5.0 (compatible; bingbot/2.0; +http://www.bing.com/bingbot.htm)"
67.195.112.50 - - [04/Jan/2011:18:13:50 -0500] "GET /stevens/properties3.htm HTTP/1.0" 404 292 "-" "Mozilla/5.0 (compatible; Yahoo! Slurp; http://help.yahoo.com/help/us/ysearch/slurp)"
74.131.91.58 - - [04/Jan/2011:18:24:32 -0500] "GET /favicon.ico HTTP/1.1" 404 292 "-" "Mozilla/4.0 (compatible; MSIE 8.0; Windows NT 6.1; WOW64; Trident/4.0; SLCC2; .NET CLR 2.0.50727; .NET CLR 3.5.30729; .NET CLR 3.0.30729; Media Center PC 6.0; .NET4.0C)"
74.131.91.58 - - [04/Jan/2011:18:24:33 -0500] "GET /design_styles.css HTTP/1.1" 404 298 "http://www.naples-usa.com/calendar-clubs-and-orgs.htm" "Mozilla/4.0 (compatible; MSIE 8.0; Windows NT 6.1; WOW64; Trident/4.0; SLCC2; .NET CLR 2.0.50727; .NET CLR 3.5.30729; .NET CLR 3.0.30729; Media Center PC 6.0; .NET4.0C)"
74.131.91.58 - - [04/Jan/2011:18:24:33 -0500] "GET /images/spacer.gif HTTP/1.1" 200 43 "http://www.naples-usa.com/calendar-clubs-and-orgs.htm" "Mozilla/4.0 (compatible; MSIE 8.0; Windows NT 6.1; WOW64; Trident/4.0; SLCC2; .NET CLR 2.0.50727; .NET CLR 3.5.30729; .NET CLR 3.0.30729; Media Center PC 6.0; .NET4.0C)"
74.131.91.58 - - [04/Jan/2011:18:24:33 -0500] "GET /dynamic_styles.css HTTP/1.1" 404 299 "http://www.naples-usa.com/calendar-clubs-and-orgs.htm" "Mozilla/4.0 (compatible; MSIE 8.0; Windows NT 6.1; WOW64; Trident/4.0; SLCC2; .NET CLR 2.0.50727; .NET CLR 3.5.30729; .NET CLR 3.0.30729; Media Center PC 6.0; .NET4.0C)"
74.131.91.58 - - [04/Jan/2011:18:24:33 -0500] "GET /calendar-clubs-and-orgs.htm HTTP/1.1" 200 27411 "http://search.aol.com/aol/search?enabled_terms=&s_it=comsearch50&q=singles+golf+naples+fl" "Mozilla/4.0 (compatible; MSIE 8.0; Windows NT 6.1; WOW64; Trident/4.0; SLCC2; .NET CLR 2.0.50727; .NET CLR 3.5.30729; .NET CLR 3.0.30729; Media Center PC 6.0; .NET4.0C)"
74.131.91.58 - - [04/Jan/2011:18:24:33 -0500] "GET /javascripts/address.js HTTP/1.1" 404 303 "http://www.naples-usa.com/calendar-clubs-and-orgs.htm" "Mozilla/4.0 (compatible; MSIE 8.0; Windows NT 6.1; WOW64; Trident/4.0; SLCC2; .NET CLR 2.0.50727; .NET CLR 3.5.30729; .NET CLR 3.0.30729; Media Center PC 6.0; .NET4.0C)"
74.131.91.58 - - [04/Jan/2011:18:24:33 -0500] "GET /favicon.ico HTTP/1.1" 404 292 "-" "Mozilla/4.0 (compatible; MSIE 8.0; Windows NT 6.1; WOW64; Trident/4.0; SLCC2; .NET CLR 2.0.50727; .NET CLR 3.5.30729; .NET CLR 3.0.30729; Media Center PC 6.0; .NET4.0C)"
188.165.228.157 - - [04/Jan/2011:18:35:34 -0500] "GET /robots.txt HTTP/1.0" 404 279 "-" "Mozilla/5.0 (compatible; MJ12bot/v1.3.3; http://www.majestic12.co.uk/bot.php?+)"
188.165.228.157 - - [04/Jan/2011:18:35:35 -0500] "GET /Vendors/logos.htm HTTP/1.0" 200 6053 "-" "Mozilla/5.0 (compatible; MJ12bot/v1.3.3; http://www.majestic12.co.uk/bot.php?+)"
38.101.148.124 - - [04/Jan/2011:18:42:08 -0500] "GET /robots.txt HTTP/1.1" 404 291 "-" "Mozilla/5.0 (compatible; discobot/1.1; +http://discoveryengine.com/discobot.html"
38.101.148.124 - - [04/Jan/2011:18:42:13 -0500] "GET /TheProcacciGroup/naplesfloridarentals2.htm HTTP/1.1" 404 323 "-" "Mozilla/5.0 (compatible; discobot/1.1; +http://discoveryengine.com/discobot.html"
66.249.71.46 - - [04/Jan/2011:18:45:41 -0500] "GET /images/1_naples%2520florida%2520real%2520estate_index.jpg HTTP/1.1" 404 332 "-" "Googlebot-Image/1.0"
207.46.204.243 - - [04/Jan/2011:19:06:29 -0500] "GET /robots.txt HTTP/1.1" 404 291 "-" "Mozilla/5.0 (compatible; bingbot/2.0; +http://www.bing.com/bingbot.htm)"
207.46.204.243 - - [04/Jan/2011:19:15:24 -0500] "GET /naples-weather.htm HTTP/1.1" 304 - "-" "Mozilla/5.0 (compatible; bingbot/2.0; +http://www.bing.com/bingbot.htm)"
65.52.108.60 - - [04/Jan/2011:19:15:54 -0500] "GET /naples-tour.htm HTTP/1.1" 304 - "-" "Mozilla/5.0 (compatible; bingbot/2.0; +http://www.bing.com/bingbot.htm)"
123.125.71.73 - - [04/Jan/2011:19:16:56 -0500] "GET / HTTP/1.1" 304 - "-" "Baiduspider+(+http://www.baidu.com/search/spider.htm)"
67.195.112.50 - - [04/Jan/2011:19:29:32 -0500] "GET /harrison.htm HTTP/1.0" 404 281 "-" "Mozilla/5.0 (compatible; Yahoo! Slurp; http://help.yahoo.com/help/us/ysearch/slurp)"
208.77.41.66 - - [04/Jan/2011:19:37:46 -0500] "GET /robots.txt HTTP/1.0" 404 279 "-" "Mozilla/5.0 (compatible; MJ12bot/v1.3.3; http://www.majestic12.co.uk/bot.php?+)"
208.77.41.66 - - [04/Jan/2011:19:37:48 -0500] "GET / HTTP/1.0" 200 11305 "-" "Mozilla/5.0 (compatible; MJ12bot/v1.3.3; http://www.majestic12.co.uk/bot.php?+)"
95.108.158.234 - - [04/Jan/2011:19:41:15 -0500] "GET /transparent.gif HTTP/1.1" 304 - "-" "Mozilla/5.0 (compatible; YandexImages/3.0; +http://yandex.com/bots)"
74.4.70.169 - - [04/Jan/2011:19:43:28 -0500] "GET /dynamic_styles.css HTTP/1.1" 404 299 "http://www.naples-usa.com/calendar-clubs-and-orgs.htm" "Mozilla/5.0 (Macintosh; U; Intel Mac OS X 10_5_8; en-us) AppleWebKit/531.21.8 (KHTML, like Gecko) Version/4.0.4 Safari/531.21.10"
74.4.70.169 - - [04/Jan/2011:19:43:28 -0500] "GET /design_styles.css HTTP/1.1" 404 298 "http://www.naples-usa.com/calendar-clubs-and-orgs.htm" "Mozilla/5.0 (Macintosh; U; Intel Mac OS X 10_5_8; en-us) AppleWebKit/531.21.8 (KHTML, like Gecko) Version/4.0.4 Safari/531.21.10"
74.4.70.169 - - [04/Jan/2011:19:43:28 -0500] "GET /images/spacer.gif HTTP/1.1" 200 43 "http://www.naples-usa.com/calendar-clubs-and-orgs.htm" "Mozilla/5.0 (Macintosh; U; Intel Mac OS X 10_5_8; en-us) AppleWebKit/531.21.8 (KHTML, like Gecko) Version/4.0.4 Safari/531.21.10"
74.4.70.169 - - [04/Jan/2011:19:43:28 -0500] "GET /calendar-clubs-and-orgs.htm HTTP/1.1" 200 27411 "http://www.google.com/search?hl=en&client=safari&rls=en&q=naples+florida+club+tuesday&aq=f&aqi=&aql=&oq=&gs_rfai=" "Mozilla/5.0 (Macintosh; U; Intel Mac OS X 10_5_8; en-us) AppleWebKit/531.21.8 (KHTML, like Gecko) Version/4.0.4 Safari/531.21.10"
74.4.70.169 - - [04/Jan/2011:19:43:28 -0500] "GET /javascripts/address.js HTTP/1.1" 404 303 "http://www.naples-usa.com/calendar-clubs-and-orgs.htm" "Mozilla/5.0 (Macintosh; U; Intel Mac OS X 10_5_8; en-us) AppleWebKit/531.21.8 (KHTML, like Gecko) Version/4.0.4 Safari/531.21.10"
74.4.70.169 - - [04/Jan/2011:19:43:28 -0500] "GET /favicon.ico HTTP/1.1" 404 292 "http://www.naples-usa.com/calendar-clubs-and-orgs.htm" "Mozilla/5.0 (Macintosh; U; Intel Mac OS X 10_5_8; en-us) AppleWebKit/531.21.8 (KHTML, like Gecko) Version/4.0.4 Safari/531.21.10"
207.46.199.53 - - [04/Jan/2011:20:00:50 -0500] "GET /robots.txt HTTP/1.1" 404 291 "-" "Mozilla/5.0 (compatible; bingbot/2.0; +http://www.bing.com/bingbot.htm)"
67.195.112.50 - - [04/Jan/2011:20:03:29 -0500] "GET /TheProcacciGroup/455_cove-206034571.jpg.LCK HTTP/1.0" 404 312 "-" "Mozilla/5.0 (compatible; Yahoo! Slurp; http://help.yahoo.com/help/us/ysearch/slurp)"
212.185.80.5 - - [04/Jan/2011:20:06:47 -0500] "GET /images/1_naples%20florida%20real%20estate_index.jpg HTTP/1.0" 200 24287 "http://www.dolphinworld.net/wordpress/2008/02/19/naples-florida-dolphin-swim-tour/" "Mozilla/4.0 (compatible; MSIE 7.0; Windows NT 5.1; .NET CLR 1.1.4322; .NET CLR 2.0.50727)"
212.185.80.6 - - [04/Jan/2011:20:06:54 -0500] "GET /images/1_naples%20florida%20real%20estate_index.jpg HTTP/1.0" 304 - "http://www.google.de/imgres?imgurl=http://www.naples-usa.com/images/1_naples%2520florida%2520real%2520estate_index.jpg&imgrefurl=http://www.dolphinworld.net/wordpress/2008/02/19/naples-florida-dolphin-swim-tour/&usg=__qADXQoSKXq32YdNCGsSumn4G-8c=&h=256&w=375&sz=24&hl=de&start=7&zoom=1&um=1&itbs=1&tbnid=xiSSaf0OQrPq8M:&tbnh=83&tbnw=122&prev=/images%3Fq%3Dnaples%2Bflorida%26um%3D1%26hl%3Dde%26tbs%3Disch:1" "Mozilla/4.0 (compatible; MSIE 7.0; Windows NT 5.1; .NET CLR 1.1.4322; .NET CLR 2.0.50727)"
212.185.80.5 - - [04/Jan/2011:20:06:54 -0500] "GET /favicon.ico HTTP/1.0" 404 280 "-" "Mozilla/4.0 (compatible; MSIE 7.0; Windows NT 5.1; .NET CLR 1.1.4322; .NET CLR 2.0.50727)"
67.195.112.50 - - [04/Jan/2011:20:06:59 -0500] "GET /lost-birds.htm HTTP/1.0" 200 39667 "-" "Mozilla/5.0 (compatible; Yahoo! Slurp; http://help.yahoo.com/help/us/ysearch/slurp)"
67.195.112.50 - - [04/Jan/2011:20:10:19 -0500] "GET /TheProcacciGroup/28560_calabria-pool.jpg.LCK HTTP/1.0" 404 313 "-" "Mozilla/5.0 (compatible; Yahoo! Slurp; http://help.yahoo.com/help/us/ysearch/slurp)"
207.46.199.53 - - [04/Jan/2011:20:15:53 -0500] "GET /naples-florida-beachesandparks.htm HTTP/1.1" 304 - "-" "Mozilla/5.0 (compatible; bingbot/2.0; +http://www.bing.com/bingbot.htm)"
98.208.240.96 - - [04/Jan/2011:20:20:32 -0500] "GET /naples-history.htm HTTP/1.1" 200 22034 "http://www.google.com/search?q=growth+in+collier+county+in+the+last+decade&hl=en&rls=HPIA%2CHPIA%3A2010-51%2CHPIA%3Aen&prmd=ivns&ei=n8YjTcuGO4P78Ab1q5DcDQ&start=20&sa=N&aq=f&aqi=&aql=f&oq=&gs_rfai=" "Mozilla/4.0 (compatible; MSIE 6.0; Windows NT 5.1; SV1; .NET CLR 1.0.3705; .NET CLR 1.1.4322; Media Center PC 4.0)"
98.208.240.96 - - [04/Jan/2011:20:20:32 -0500] "GET /images/welcome_usa.gif HTTP/1.1" 200 7890 "http://www.naples-usa.com/naples-history.htm" "Mozilla/4.0 (compatible; MSIE 6.0; Windows NT 5.1; SV1; .NET CLR 1.0.3705; .NET CLR 1.1.4322; Media Center PC 4.0)"
98.208.240.96 - - [04/Jan/2011:20:20:32 -0500] "GET /images/florida_logo.gif HTTP/1.1" 200 1024 "http://www.naples-usa.com/naples-history.htm" "Mozilla/4.0 (compatible; MSIE 6.0; Windows NT 5.1; SV1; .NET CLR 1.0.3705; .NET CLR 1.1.4322; Media Center PC 4.0)"
98.208.240.96 - - [04/Jan/2011:20:20:32 -0500] "GET /images/history_indian.jpg HTTP/1.1" 200 10403 "http://www.naples-usa.com/naples-history.htm" "Mozilla/4.0 (compatible; MSIE 6.0; Windows NT 5.1; SV1; .NET CLR 1.0.3705; .NET CLR 1.1.4322; Media Center PC 4.0)"
98.208.240.96 - - [04/Jan/2011:20:20:32 -0500] "GET /images/history_collier.jpg HTTP/1.1" 200 7977 "http://www.naples-usa.com/naples-history.htm" "Mozilla/4.0 (compatible; MSIE 6.0; Windows NT 5.1; SV1; .NET CLR 1.0.3705; .NET CLR 1.1.4322; Media Center PC 4.0)"
98.208.240.96 - - [04/Jan/2011:20:20:32 -0500] "GET /images/history_hotel1.jpg HTTP/1.1" 200 9608 "http://www.naples-usa.com/naples-history.htm" "Mozilla/4.0 (compatible; MSIE 6.0; Windows NT 5.1; SV1; .NET CLR 1.0.3705; .NET CLR 1.1.4322; Media Center PC 4.0)"
98.208.240.96 - - [04/Jan/2011:20:20:33 -0500] "GET /images/history_army.jpg HTTP/1.1" 200 11146 "http://www.naples-usa.com/naples-history.htm" "Mozilla/4.0 (compatible; MSIE 6.0; Windows NT 5.1; SV1; .NET CLR 1.0.3705; .NET CLR 1.1.4322; Media Center PC 4.0)"
98.208.240.96 - - [04/Jan/2011:20:20:33 -0500] "GET /transparent.gif HTTP/1.1" 200 43 "http://www.naples-usa.com/naples-history.htm" "Mozilla/4.0 (compatible; MSIE 6.0; Windows NT 5.1; SV1; .NET CLR 1.0.3705; .NET CLR 1.1.4322; Media Center PC 4.0)"
98.208.240.96 - - [04/Jan/2011:20:20:33 -0500] "GET /images/history_city.gif HTTP/1.1" 200 40057 "http://www.naples-usa.com/naples-history.htm" "Mozilla/4.0 (compatible; MSIE 6.0; Windows NT 5.1; SV1; .NET CLR 1.0.3705; .NET CLR 1.1.4322; Media Center PC 4.0)"
98.208.240.96 - - [04/Jan/2011:20:21:12 -0500] "GET /index.html HTTP/1.1" 200 11305 "http://www.naples-usa.com/naples-history.htm" "Mozilla/4.0 (compatible; MSIE 6.0; Windows NT 5.1; SV1; .NET CLR 1.0.3705; .NET CLR 1.1.4322; Media Center PC 4.0)"
98.208.240.96 - - [04/Jan/2011:20:21:12 -0500] "GET /naples-usa.css HTTP/1.1" 200 714 "http://www.naples-usa.com/index.html" "Mozilla/4.0 (compatible; MSIE 6.0; Windows NT 5.1; SV1; .NET CLR 1.0.3705; .NET CLR 1.1.4322; Media Center PC 4.0)"
98.208.240.96 - - [04/Jan/2011:20:21:12 -0500] "GET /images/border%20naples.gif HTTP/1.1" 200 358 "http://www.naples-usa.com/index.html" "Mozilla/4.0 (compatible; MSIE 6.0; Windows NT 5.1; SV1; .NET CLR 1.0.3705; .NET CLR 1.1.4322; Media Center PC 4.0)"
98.208.240.96 - - [04/Jan/2011:20:21:12 -0500] "GET /images/A-INDE%7E1.jpg HTTP/1.1" 200 23069 "http://www.naples-usa.com/index.html" "Mozilla/4.0 (compatible; MSIE 6.0; Windows NT 5.1; SV1; .NET CLR 1.0.3705; .NET CLR 1.1.4322; Media Center PC 4.0)"
98.208.240.96 - - [04/Jan/2011:20:21:16 -0500] "GET /naples-florida-facts.htm HTTP/1.1" 200 12073 "http://www.naples-usa.com/index.html" "Mozilla/4.0 (compatible; MSIE 6.0; Windows NT 5.1; SV1; .NET CLR 1.0.3705; .NET CLR 1.1.4322; Media Center PC 4.0)"
98.208.240.96 - - [04/Jan/2011:20:21:16 -0500] "GET /images/welcome_usa.gif HTTP/1.1" 304 - "http://www.naples-usa.com/naples-florida-facts.htm" "Mozilla/4.0 (compatible; MSIE 6.0; Windows NT 5.1; SV1; .NET CLR 1.0.3705; .NET CLR 1.1.4322; Media Center PC 4.0)"
98.208.240.96 - - [04/Jan/2011:20:21:16 -0500] "GET /images/1_pier.jpg HTTP/1.1" 200 1278 "http://www.naples-usa.com/naples-florida-facts.htm" "Mozilla/4.0 (compatible; MSIE 6.0; Windows NT 5.1; SV1; .NET CLR 1.0.3705; .NET CLR 1.1.4322; Media Center PC 4.0)"
98.208.240.96 - - [04/Jan/2011:20:21:16 -0500] "GET /images/1_beach_108.jpg HTTP/1.1" 200 1681 "http://www.naples-usa.com/naples-florida-facts.htm" "Mozilla/4.0 (compatible; MSIE 6.0; Windows NT 5.1; SV1; .NET CLR 1.0.3705; .NET CLR 1.1.4322; Media Center PC 4.0)"
98.208.240.96 - - [04/Jan/2011:20:21:16 -0500] "GET /images/1_boats.jpg HTTP/1.1" 200 1755 "http://www.naples-usa.com/naples-florida-facts.htm" "Mozilla/4.0 (compatible; MSIE 6.0; Windows NT 5.1; SV1; .NET CLR 1.0.3705; .NET CLR 1.1.4322; Media Center PC 4.0)"
98.208.240.96 - - [04/Jan/2011:20:21:16 -0500] "GET /images/1-venetian.jpg HTTP/1.1" 200 1768 "http://www.naples-usa.com/naples-florida-facts.htm" "Mozilla/4.0 (compatible; MSIE 6.0; Windows NT 5.1; SV1; .NET CLR 1.0.3705; .NET CLR 1.1.4322; Media Center PC 4.0)"
98.208.240.96 - - [04/Jan/2011:20:21:54 -0500] "GET /naples-history.htm HTTP/1.1" 304 - "http://www.naples-usa.com/index.html" "Mozilla/4.0 (compatible; MSIE 6.0; Windows NT 5.1; SV1; .NET CLR 1.0.3705; .NET CLR 1.1.4322; Media Center PC 4.0)"
98.208.240.96 - - [04/Jan/2011:20:21:54 -0500] "GET /images/welcome_usa.gif HTTP/1.1" 304 - "http://www.naples-usa.com/naples-history.htm" "Mozilla/4.0 (compatible; MSIE 6.0; Windows NT 5.1; SV1; .NET CLR 1.0.3705; .NET CLR 1.1.4322; Media Center PC 4.0)"
98.208.240.96 - - [04/Jan/2011:20:21:54 -0500] "GET /images/history_indian.jpg HTTP/1.1" 304 - "http://www.naples-usa.com/naples-history.htm" "Mozilla/4.0 (compatible; MSIE 6.0; Windows NT 5.1; SV1; .NET CLR 1.0.3705; .NET CLR 1.1.4322; Media Center PC 4.0)"
98.208.240.96 - - [04/Jan/2011:20:21:54 -0500] "GET /images/florida_logo.gif HTTP/1.1" 304 - "http://www.naples-usa.com/naples-history.htm" "Mozilla/4.0 (compatible; MSIE 6.0; Windows NT 5.1; SV1; .NET CLR 1.0.3705; .NET CLR 1.1.4322; Media Center PC 4.0)"
98.208.240.96 - - [04/Jan/2011:20:21:54 -0500] "GET /images/history_hotel1.jpg HTTP/1.1" 304 - "http://www.naples-usa.com/naples-history.htm" "Mozilla/4.0 (compatible; MSIE 6.0; Windows NT 5.1; SV1; .NET CLR 1.0.3705; .NET CLR 1.1.4322; Media Center PC 4.0)"
