98.208.240.96 - - [04/Jan/2011:20:21:54 -0500] "GET /images/history_collier.jpg HTTP/1.1" 304 - "http://www.naples-usa.com/naples-history.htm" "Mozilla/4.0 (compatible; MSIE 6.0; Windows NT 5.1; SV1; .NET CLR 1.0.3705; .NET CLR 1.1.4322; Media Center PC 4.0)"
98.208.240.96 - - [04/Jan/2011:20:21:54 -0500] "GET /images/history_army.jpg HTTP/1.1" 304 - "http://www.naples-usa.com/naples-history.htm" "Mozilla/4.0 (compatible; MSIE 6.0; Windows NT 5.1; SV1; .NET CLR 1.0.3705; .NET CLR 1.1.4322; Media Center PC 4.0)"
98.208.240.96 - - [04/Jan/2011:20:21:54 -0500] "GET /images/history_city.gif HTTP/1.1" 304 - "http://www.naples-usa.com/naples-history.htm" "Mozilla/4.0 (compatible; MSIE 6.0; Windows NT 5.1; SV1; .NET CLR 1.0.3705; .NET CLR 1.1.4322; Media Center PC 4.0)"
98.208.240.96 - - [04/Jan/2011:20:21:54 -0500] "GET /transparent.gif HTTP/1.1" 304 - "http://www.naples-usa.com/naples-history.htm" "Mozilla/4.0 (compatible; MSIE 6.0; Windows NT 5.1; SV1; .NET CLR 1.0.3705; .NET CLR 1.1.4322; Media Center PC 4.0)"
95.108.217.252 - - [04/Jan/2011:20:23:43 -0500] "GET /index.html HTTP/1.1" 200 11305 "-" "Mozilla/5.0 (compatible; YandexBot/3.0; +http://yandex.com/bots)"
67.195.112.50 - - [04/Jan/2011:20:25:02 -0500] "GET /TheProcacciGroup/4670_st-living.jpg.LCK HTTP/1.0" 404 308 "-" "Mozilla/5.0 (compatible; Yahoo! Slurp; http://help.yahoo.com/help/us/ysearch/slurp)"
184.154.7.186 - - [04/Jan/2011:20:34:47 -0500] "GET /robots.txt HTTP/1.0" 404 279 "-" "Mozilla/5.0 (compatible; MJ12bot/v1.3.3; http://www.majestic12.co.uk/bot.php?+)"
184.154.7.186 - - [04/Jan/2011:20:34:52 -0500] "GET / HTTP/1.0" 200 11305 "-" "Mozilla/5.0 (compatible; MJ12bot/v1.3.3; http://www.majestic12.co.uk/bot.php?+)"
67.253.62.9 - - [04/Jan/2011:20:37:05 -0500] "GET /images/1_naples%20florida%20real%20estate_index.jpg HTTP/1.1" 200 24287 "http://www.google.com/imgres?imgurl=http://www.naples-usa.com/images/1_naples%2520florida%2520real%2520estate_index.jpg&imgrefurl=http://www.dolphinworld.net/wordpress/2008/02/19/naples-florida-dolphin-swim-tour/&usg=__qADXQoSKXq32YdNCGsSumn4G-8c=&h=256&w=375&sz=24&hl=en&start=0&zoom=1&tbnid=xiSSaf0OQrPq8M:&tbnh=123&tbnw=168&prev=/images%3Fq%3Dnaples%2Bflorida%26um%3D1%26hl%3Den%26safe%3Doff%26sa%3DN%26biw%3D1255%26bih%3D698%26tbs%3Disch:1&um=1&itbs=1&iact=rc&dur=383&ei=McsjTeXQAcKclgfGsbXHCw&oei=McsjTeXQAcKclgfGsbXHCw&esq=1&page=1&ndsp=24&ved=1t:429,r:6,s:0&tx=56&ty=53" "Mozilla/5.0 (Macintosh; U; Intel Mac OS X 10_4_11; en) AppleWebKit/533.18.1 (KHTML, like Gecko) Version/4.1.2 Safari/533.18.5"
67.253.62.9 - - [04/Jan/2011:20:37:06 -0500] "GET /favicon.ico HTTP/1.1" 404 292 "http://www.naples-usa.com/images/1_naples%20florida%20real%20estate_index.jpg" "Mozilla/5.0 (Macintosh; U; Intel Mac OS X 10_4_11; en) AppleWebKit/533.18.1 (KHTML, like Gecko) Version/4.1.2 Safari/533.18.5"
66.220.149.246 - - [04/Jan/2011:20:37:17 -0500] "GET /images/1_naples%20florida%20real%20estate_index.jpg HTTP/1.1" 206 24287 "-" "facebookexternalhit/1.1 (+http://www.facebook.com/externalhit_uatext.php)"
66.220.149.244 - - [04/Jan/2011:20:37:40 -0500] "GET /images/1_naples%20florida%20real%20estate_index.jpg HTTP/1.1" 200 24287 "-" "facebookexternalhit/1.0 (+http://www.facebook.com/externalhit_uatext.php)"
66.220.149.247 - - [04/Jan/2011:20:37:40 -0500] "GET /images/1_naples%20florida%20real%20estate_index.jpg HTTP/1.1" 200 24287 "-" "facebookexternalhit/1.0 (+http://www.facebook.com/externalhit_uatext.php)"
66.220.149.251 - - [04/Jan/2011:20:37:44 -0500] "GET /images/1_naples%20florida%20real%20estate_index.jpg HTTP/1.1" 200 24287 "-" "facebookexternalhit/1.0 (+http://www.facebook.com/externalhit_uatext.php)"
76.19.78.41 - - [04/Jan/2011:20:37:48 -0500] "GET / HTTP/1.1" 200 11305 "http://www.facebook.com/l.php?u=http%3A%2F%2Fwww.naples-usa.com%2F&h=a4397" "Mozilla/5.0 (Macintosh; U; Intel Mac OS X 10_6_4; en-us) AppleWebKit/533.16 (KHTML, like Gecko) Version/5.0 Safari/533.16"
76.19.78.41 - - [04/Jan/2011:20:37:48 -0500] "GET /images/welcome_usa.gif HTTP/1.1" 200 7890 "http://www.naples-usa.com/" "Mozilla/5.0 (Macintosh; U; Intel Mac OS X 10_6_4; en-us) AppleWebKit/533.16 (KHTML, like Gecko) Version/5.0 Safari/533.16"
76.19.78.41 - - [04/Jan/2011:20:37:48 -0500] "GET /naples-usa.css HTTP/1.1" 200 714 "http://www.naples-usa.com/" "Mozilla/5.0 (Macintosh; U; Intel Mac OS X 10_6_4; en-us) AppleWebKit/533.16 (KHTML, like Gecko) Version/5.0 Safari/533.16"
76.19.78.41 - - [04/Jan/2011:20:37:48 -0500] "GET /images/border%20naples.gif HTTP/1.1" 200 358 "http://www.naples-usa.com/" "Mozilla/5.0 (Macintosh; U; Intel Mac OS X 10_6_4; en-us) AppleWebKit/533.16 (KHTML, like Gecko) Version/5.0 Safari/533.16"
76.19.78.41 - - [04/Jan/2011:20:37:48 -0500] "GET /images/A-INDE%7E1.jpg HTTP/1.1" 200 23069 "http://www.naples-usa.com/" "Mozilla/5.0 (Macintosh; U; Intel Mac OS X 10_6_4; en-us) AppleWebKit/533.16 (KHTML, like Gecko) Version/5.0 Safari/533.16"
76.19.78.41 - - [04/Jan/2011:20:37:48 -0500] "GET /favicon.ico HTTP/1.1" 404 292 "http://www.naples-usa.com/" "Mozilla/5.0 (Macintosh; U; Intel Mac OS X 10_6_4; en-us) AppleWebKit/533.16 (KHTML, like Gecko) Version/5.0 Safari/533.16"
66.220.149.250 - - [04/Jan/2011:20:37:48 -0500] "GET / HTTP/1.1" 206 11305 "-" "facebookexternalhit/1.1 (+http://www.facebook.com/externalhit_uatext.php)"
66.220.158.246 - - [04/Jan/2011:20:39:06 -0500] "GET /images/1_naples%20florida%20real%20estate_index.jpg HTTP/1.1" 200 24287 "-" "facebookexternalhit/1.0 (+http://www.facebook.com/externalhit_uatext.php)"
66.220.158.244 - - [04/Jan/2011:20:44:31 -0500] "GET /images/1_naples%20florida%20real%20estate_index.jpg HTTP/1.1" 200 24287 "-" "facebookexternalhit/1.0 (+http://www.facebook.com/externalhit_uatext.php)"
67.195.112.50 - - [04/Jan/2011:20:46:11 -0500] "GET /zettel/properties1.htm HTTP/1.0" 404 291 "-" "Mozilla/5.0 (compatible; Yahoo! Slurp; http://help.yahoo.com/help/us/ysearch/slurp)"
67.195.112.50 - - [04/Jan/2011:21:09:29 -0500] "GET /molhoek.htm HTTP/1.0" 200 8161 "-" "Mozilla/5.0 (compatible; Yahoo! Slurp; http://help.yahoo.com/help/us/ysearch/slurp)"
67.195.112.50 - - [04/Jan/2011:21:10:43 -0500] "GET /TheProcacciGroup/23520_wisteria-ext.jpg.LCK HTTP/1.0" 404 312 "-" "Mozilla/5.0 (compatible; Yahoo! Slurp; http://help.yahoo.com/help/us/ysearch/slurp)"
69.247.58.229 - - [04/Jan/2011:21:17:03 -0500] "GET /calendar-clubs-and-orgs.htm HTTP/1.1" 200 27411 "http://www.bing.com/search?q=swing+dance+swfla&mkt=en-us&FORM=SOLTLB&PC=SUN1" "Mozilla/4.0 (compatible; MSIE 8.0; Windows NT 5.1; Trident/4.0; GTB6.6; .NET CLR 1.1.4322; .NET CLR 2.0.50727; .NET CLR 3.0.4506.2152; .NET CLR 3.5.30729)"
69.247.58.229 - - [04/Jan/2011:21:17:03 -0500] "GET /dynamic_styles.css HTTP/1.1" 404 299 "http://www.naples-usa.com/calendar-clubs-and-orgs.htm" "Mozilla/4.0 (compatible; MSIE 8.0; Windows NT 5.1; Trident/4.0; GTB6.6; .NET CLR 1.1.4322; .NET CLR 2.0.50727; .NET CLR 3.0.4506.2152; .NET CLR 3.5.30729)"
69.247.58.229 - - [04/Jan/2011:21:17:03 -0500] "GET /design_styles.css HTTP/1.1" 404 298 "http://www.naples-usa.com/calendar-clubs-and-orgs.htm" "Mozilla/4.0 (compatible; MSIE 8.0; Windows NT 5.1; Trident/4.0; GTB6.6; .NET CLR 1.1.4322; .NET CLR 2.0.50727; .NET CLR 3.0.4506.2152; .NET CLR 3.5.30729)"
69.247.58.229 - - [04/Jan/2011:21:17:03 -0500] "GET /javascripts/address.js HTTP/1.1" 404 303 "http://www.naples-usa.com/calendar-clubs-and-orgs.htm" "Mozilla/4.0 (compatible; MSIE 8.0; Windows NT 5.1; Trident/4.0; GTB6.6; .NET CLR 1.1.4322; .NET CLR 2.0.50727; .NET CLR 3.0.4506.2152; .NET CLR 3.5.30729)"
69.247.58.229 - - [04/Jan/2011:21:17:03 -0500] "GET /images/spacer.gif HTTP/1.1" 200 43 "http://www.naples-usa.com/calendar-clubs-and-orgs.htm" "Mozilla/4.0 (compatible; MSIE 8.0; Windows NT 5.1; Trident/4.0; GTB6.6; .NET CLR 1.1.4322; .NET CLR 2.0.50727; .NET CLR 3.0.4506.2152; .NET CLR 3.5.30729)"
69.247.58.229 - - [04/Jan/2011:21:17:04 -0500] "GET /favicon.ico HTTP/1.1" 404 292 "-" "Mozilla/4.0 (compatible; MSIE 8.0; Windows NT 5.1; Trident/4.0; GTB6.6; .NET CLR 1.1.4322; .NET CLR 2.0.50727; .NET CLR 3.0.4506.2152; .NET CLR 3.5.30729)"
67.195.112.50 - - [04/Jan/2011:21:35:48 -0500] "GET /TheProcacciGroup/89_silver-kitch.jpg.LCK HTTP/1.0" 404 309 "-" "Mozilla/5.0 (compatible; Yahoo! Slurp; http://help.yahoo.com/help/us/ysearch/slurp)"
67.195.112.50 - - [04/Jan/2011:21:36:51 -0500] "GET /TheProcacciGroup/3340_grand-new-kitch3.jpg.LCK HTTP/1.0" 404 315 "-" "Mozilla/5.0 (compatible; Yahoo! Slurp; http://help.yahoo.com/help/us/ysearch/slurp)"
67.195.112.50 - - [04/Jan/2011:21:40:20 -0500] "GET /weather.htm HTTP/1.0" 404 280 "-" "Mozilla/5.0 (compatible; Yahoo! Slurp; http://help.yahoo.com/help/us/ysearch/slurp)"
67.195.112.50 - - [04/Jan/2011:21:40:26 -0500] "GET /TheProcacciGroup/3483_gulf-lanai.jpg.LCK HTTP/1.0" 404 309 "-" "Mozilla/5.0 (compatible; Yahoo! Slurp; http://help.yahoo.com/help/us/ysearch/slurp)"
67.195.112.50 - - [04/Jan/2011:21:42:12 -0500] "GET /TheProcacciGroup/4401_gulf-208036661.jpg.LCK HTTP/1.0" 404 313 "-" "Mozilla/5.0 (compatible; Yahoo! Slurp; http://help.yahoo.com/help/us/ysearch/slurp)"
95.108.158.234 - - [04/Jan/2011:21:50:15 -0500] "GET /images/history_indian.jpg HTTP/1.1" 304 - "-" "Mozilla/5.0 (compatible; YandexImages/3.0; +http://yandex.com/bots)"
67.195.112.50 - - [04/Jan/2011:21:56:50 -0500] "GET /TheProcacciGroup/7711_cotte-yard.jpg.LCK HTTP/1.0" 404 309 "-" "Mozilla/5.0 (compatible; Yahoo! Slurp; http://help.yahoo.com/help/us/ysearch/slurp)"
95.108.150.235 - - [04/Jan/2011:22:04:07 -0500] "GET /robots.txt HTTP/1.1" 404 291 "-" "Mozilla/5.0 (compatible; YandexBot/3.0; MirrorDetector; +http://yandex.com/bots)"
95.108.150.235 - - [04/Jan/2011:22:04:07 -0500] "GET /robots.txt HTTP/1.1" 404 291 "-" "Mozilla/5.0 (compatible; YandexBot/3.0; MirrorDetector; +http://yandex.com/bots)"
95.108.150.235 - - [04/Jan/2011:22:04:07 -0500] "GET / HTTP/1.1" 200 11305 "-" "Mozilla/5.0 (compatible; YandexBot/3.0; MirrorDetector; +http://yandex.com/bots)"
95.108.150.235 - - [04/Jan/2011:22:04:08 -0500] "GET / HTTP/1.1" 200 11305 "-" "Mozilla/5.0 (compatible; YandexBot/3.0; MirrorDetector; +http://yandex.com/bots)"
95.108.150.235 - - [04/Jan/2011:22:04:08 -0500] "GET / HTTP/1.1" 200 11305 "-" "Mozilla/5.0 (compatible; YandexBot/3.0; MirrorDetector; +http://yandex.com/bots)"
95.108.150.235 - - [04/Jan/2011:22:04:09 -0500] "GET / HTTP/1.1" 200 11305 "-" "Mozilla/5.0 (compatible; YandexBot/3.0; MirrorDetector; +http://yandex.com/bots)"
67.195.112.50 - - [04/Jan/2011:22:05:24 -0500] "GET /TheProcacciGroup/4944_shaker-living.jpg.LCK HTTP/1.0" 404 312 "-" "Mozilla/5.0 (compatible; Yahoo! Slurp; http://help.yahoo.com/help/us/ysearch/slurp)"
207.46.199.47 - - [04/Jan/2011:22:06:03 -0500] "GET /robots.txt HTTP/1.1" 404 291 "-" "Mozilla/5.0 (compatible; bingbot/2.0; +http://www.bing.com/bingbot.htm)"
67.195.112.50 - - [04/Jan/2011:22:11:59 -0500] "GET /TheProcacciGroup/naplesfloridarentals3copy.htm HTTP/1.0" 404 315 "-" "Mozilla/5.0 (compatible; Yahoo! Slurp; http://help.yahoo.com/help/us/ysearch/slurp)"
207.46.199.47 - - [04/Jan/2011:22:12:54 -0500] "GET /calendar.htm HTTP/1.1" 304 - "-" "Mozilla/5.0 (compatible; bingbot/2.0; +http://www.bing.com/bingbot.htm)"
67.169.7.38 - - [04/Jan/2011:22:21:43 -0500] "GET /naples-weather.htm HTTP/1.1" 200 16725 "http://www.google.com/search?hl=en&rls=com.microsoft%3A*%3AIE-SearchBox&rlz=1I7RNTN_en&q=Florida%27s+temperature+for+summer%2C+fall%2C+spring%2C+winter&aq=f&aqi=&aql=&oq=&gs_rfai=" "Mozilla/4.0 (compatible; MSIE 7.0; Windows NT 5.1; GTB6.6)"
67.169.7.38 - - [04/Jan/2011:22:21:43 -0500] "GET /images/welcome_usa.gif HTTP/1.1" 200 7890 "http://www.naples-usa.com/naples-weather.htm" "Mozilla/4.0 (compatible; MSIE 7.0; Windows NT 5.1; GTB6.6)"
67.169.7.38 - - [04/Jan/2011:22:21:43 -0500] "GET /images/florida_logo.gif HTTP/1.1" 200 1024 "http://www.naples-usa.com/naples-weather.htm" "Mozilla/4.0 (compatible; MSIE 7.0; Windows NT 5.1; GTB6.6)"
67.169.7.38 - - [04/Jan/2011:22:21:44 -0500] "GET /transparent.gif HTTP/1.1" 200 43 "http://www.naples-usa.com/naples-weather.htm" "Mozilla/4.0 (compatible; MSIE 7.0; Windows NT 5.1; GTB6.6)"
67.169.7.38 - - [04/Jan/2011:22:21:44 -0500] "GET /favicon.ico HTTP/1.1" 404 292 "-" "Mozilla/4.0 (compatible; MSIE 7.0; Windows NT 5.1; GTB6.6)"
67.195.112.50 - - [04/Jan/2011:22:22:56 -0500] "GET /TheProcacciGroup/4950_deer-kitch.jpg.LCK HTTP/1.0" 404 309 "-" "Mozilla/5.0 (compatible; Yahoo! Slurp; http://help.yahoo.com/help/us/ysearch/slurp)"
67.195.112.50 - - [04/Jan/2011:22:29:13 -0500] "GET /TheProcacciGroup/naplesfloridarentals1-oldb.htm HTTP/1.0" 404 316 "-" "Mozilla/5.0 (compatible; Yahoo! Slurp; http://help.yahoo.com/help/us/ysearch/slurp)"
67.195.112.50 - - [04/Jan/2011:22:33:00 -0500] "GET /TheProcacciGroup/6305_wilshire-208029774.jpg.LCK HTTP/1.0" 404 317 "-" "Mozilla/5.0 (compatible; Yahoo! Slurp; http://help.yahoo.com/help/us/ysearch/slurp)"
67.195.112.50 - - [04/Jan/2011:22:38:44 -0500] "GET /TheProcacciGroup/7711_cotte-pool.jpg.LCK HTTP/1.0" 404 309 "-" "Mozilla/5.0 (compatible; Yahoo! Slurp; http://help.yahoo.com/help/us/ysearch/slurp)"
98.238.106.201 - - [04/Jan/2011:22:47:21 -0500] "GET /florida-homestead-exemption.htm HTTP/1.1" 200 14191 "http://www.google.com/search?sourceid=navclient&ie=UTF-8&rlz=1T4GFRE_enUS330US332&q=Resident+of+Florida+and+homstead+in+another+state" "Mozilla/4.0 (compatible; MSIE 8.0; Windows NT 6.0; WOW64; Trident/4.0; GTB6.6; SLCC1; .NET CLR 2.0.50727; Media Center PC 5.0; .NET CLR 3.5.30729; .NET CLR 3.0.30729; .NET4.0C)"
98.238.106.201 - - [04/Jan/2011:22:47:21 -0500] "GET /images/florida_logo.gif HTTP/1.1" 200 1024 "http://www.naples-usa.com/florida-homestead-exemption.htm" "Mozilla/4.0 (compatible; MSIE 8.0; Windows NT 6.0; WOW64; Trident/4.0; GTB6.6; SLCC1; .NET CLR 2.0.50727; Media Center PC 5.0; .NET CLR 3.5.30729; .NET CLR 3.0.30729; .NET4.0C)"
98.238.106.201 - - [04/Jan/2011:22:47:21 -0500] "GET /images/welcome_usa.gif HTTP/1.1" 200 7890 "http://www.naples-usa.com/florida-homestead-exemption.htm" "Mozilla/4.0 (compatible; MSIE 8.0; Windows NT 6.0; WOW64; Trident/4.0; GTB6.6; SLCC1; .NET CLR 2.0.50727; Media Center PC 5.0; .NET CLR 3.5.30729; .NET CLR 3.0.30729; .NET4.0C)"
98.238.106.201 - - [04/Jan/2011:22:47:21 -0500] "GET /transparent.gif HTTP/1.1" 200 43 "http://www.naples-usa.com/florida-homestead-exemption.htm" "Mozilla/4.0 (compatible; MSIE 8.0; Windows NT 6.0; WOW64; Trident/4.0; GTB6.6; SLCC1; .NET CLR 2.0.50727; Media Center PC 5.0; .NET CLR 3.5.30729; .NET CLR 3.0.30729; .NET4.0C)"
98.238.106.201 - - [04/Jan/2011:22:47:21 -0500] "GET /images/z_spacer_20.gif HTTP/1.1" 200 56 "http://www.naples-usa.com/florida-homestead-exemption.htm" "Mozilla/4.0 (compatible; MSIE 8.0; Windows NT 6.0; WOW64; Trident/4.0; GTB6.6; SLCC1; .NET CLR 2.0.50727; Media Center PC 5.0; .NET CLR 3.5.30729; .NET CLR 3.0.30729; .NET4.0C)"
67.195.112.50 - - [04/Jan/2011:22:47:22 -0500] "GET /TheProcacciGroup/848_regency-pool.jpg.LCK HTTP/1.0" 404 310 "-" "Mozilla/5.0 (compatible; Yahoo! Slurp; http://help.yahoo.com/help/us/ysearch/slurp)"
98.238.106.201 - - [04/Jan/2011:22:47:22 -0500] "GET /url(data:image/png;base64,iVBORw0KGgoAAAANSUhEUgAAADgAAAAOCAYAAAB6pd%2buAAAAAXNSR0IArs4c6QAAAAZiS0dEAP8A%2fwD%2foL2nkwAAAAlwSFlzAAALEwAACxMBAJqcGAAAAAd0SU1FB9oGAhENK17O5ogAAAAZdEVYdENvbW1lbnQAQ3JlYXRlZCB3aXRoIEdJTVBXgQ4XAAAD6UlEQVRIx82WXWxTdRjGf6fndO3adbZ0VLoP9gFMXZQFNgSWDEkEYtSQkNVg4o2JH9NGJTMk6k01vTIhXshFzTCKE5NFORoXXDBs4nTMZHMzSETHDKyQyb7Xbu36dc7p8aaQZm5GNzd8rk7evOf%2fz%2fM%2bz%2f99X4E1htcn68v5742mffVRJd19uucqH539lSq3yKuHtlDmkPj99aPYe39kfRoMOqgCJHSdJNRL3AEE%2fB7h3xZFgO6JuRQdl6PE8zfRPzlF71CEojoXFc%2b9SPy3KxjCc%2bgCpIE0IilB65YWHFQBfAbUZEIDQGPA7xngDsNgMpFUY0Q0ESHHhKbkM3A9yoFqDceGQpTijWjhXxCAtC6gCWk0BAwLzqkAQsC6TJVDGcKrZdeDXp%2fcvki8zeuTH8uO6ehYzRJumxEUBUkyMa%2baUDWBVDLNnJJgNE9ixGZiOlckaQAVAWmBdTqBzqxQJ%2fD2KgrTCDzq9clywO%2fxZMi1AgcBBbhNPhyJ47TlsGuzjaHRSRRdoKq8AF3XOdvZw1BMQneUMl9iZN4eo3AmRWVwFulvqusAngBOryLBY0AcaPD65LeAFPAk0BLwe57OTnz3i4sc3ruFx2s24MwzoWgaW4tNnPn0JLt37KJ2zwGMgk5X3zd8ONJOX7mGvcK5OEGvT94HNGcs2rjSzrhUUwn4PV1AV4bcm5nwkYDfc3xhbs%2bVWQZH%2btlekc%2fDtRupKrub1uYT7NhWw9bde%2fl2REUSRR56pJT0lxofhM8xaheXVPA1oDPg9zT%2bExmsDqF8hUqmlvi%2bDUs6RWhW5Ov%2bKaxmK5XFLkIzIe7f%2fiBtwypPVZqIRWJ8Ny6x09OEJJs5rrTxn4yJY00NwRU0mtaMLY9kyL3n9clVAb%2fnley8wnyBkkIHrgILm925JGPTJONRDHqaHDQmx2a4Ph4hpFkpcZqZmBhHtbI4wYDfs3%2bNhn5bpqG03LKl1ydXAS97fXJ%2b9jv0Hq6lyK5C%2fBJ6PEjyj2nW2VQGLw5gLKqn92YSxWgjbrRy89ogVosFoyT%2bZUzcurjD65M71oDjCeDzbCIZ5VqAk9mJm9w5zAdPkRx%2bB3H6Y3Kj7TxQMkzLqfe5V71GvttFiduOa3aQc58E6JseJJXSEVhjeH2yvpxN5qVnygj%2fdJQCWxjBAOm0gVRC5MLPdoZnt2F3rsdisTAV7MBlusT3oVK6TOriCv4fIZnsSDlu1IQRNWVGV83kYKFuZzX7PQ1MFOg0j53nh%2bg8qpLg2eogeyJ53JFddDkLtyiZ6%2b%2b674Vu5cZXiIkJdAEMjnvIqzjEjVCS7rmrhOwC0Vwn58fqkIIXeL72Mn8CJn6UfKGeNt4AAAAASUVORK5CYII%3d) HTTP/1.1" 404 1864 "http://www.naples-usa.com/florida-homestead-exemption.htm" "Mozilla/4.0 (compatible; MSIE 8.0; Windows NT 6.0; WOW64; Trident/4.0; GTB6.6; SLCC1; .NET CLR 2.0.50727; Media Center PC 5.0; .NET CLR 3.5.30729; .NET CLR 3.0.30729; .NET4.0C)"
98.238.106.201 - - [04/Jan/2011:22:47:22 -0500] "GET /favicon.ico HTTP/1.1" 404 292 "-" "Mozilla/4.0 (compatible; MSIE 8.0; Windows NT 6.0; WOW64; Trident/4.0; GTB6.6; SLCC1; .NET CLR 2.0.50727; Media Center PC 5.0; .NET CLR 3.5.30729; .NET CLR 3.0.30729; .NET4.0C)"
67.195.112.50 - - [04/Jan/2011:22:51:13 -0500] "GET /TheProcacciGroup/1953_crest-living2.jpg.LCK HTTP/1.0" 404 312 "-" "Mozilla/5.0 (compatible; Yahoo! Slurp; http://help.yahoo.com/help/us/ysearch/slurp)"
67.195.112.50 - - [04/Jan/2011:22:51:52 -0500] "GET /TheProcacciGroup/12978_bryn-207027844.jpg.LCK HTTP/1.0" 404 314 "-" "Mozilla/5.0 (compatible; Yahoo! Slurp; http://help.yahoo.com/help/us/ysearch/slurp)"
67.16.94.2 - - [04/Jan/2011:23:00:19 -0500] "GET /robots.txt HTTP/1.0" 404 279 "-" "Gigabot/3.0 (http://www.gigablast.com/spider.html)"
67.16.94.2 - - [04/Jan/2011:23:00:19 -0500] "GET /area-information-calendar.htm HTTP/1.0" 404 298 "-" "Gigabot/3.0 (http://www.gigablast.com/spider.html)"
67.16.94.2 - - [04/Jan/2011:23:05:37 -0500] "GET /golf.htm HTTP/1.0" 404 277 "-" "Gigabot/3.0 (http://www.gigablast.com/spider.html)"
67.195.112.50 - - [04/Jan/2011:23:06:41 -0500] "GET /TheProcacciGroup/2987_mona-dining.jpg.LCK HTTP/1.0" 404 310 "-" "Mozilla/5.0 (compatible; Yahoo! Slurp; http://help.yahoo.com/help/us/ysearch/slurp)"
67.195.112.50 - - [04/Jan/2011:23:08:37 -0500] "GET /TheProcacciGroup/975_sand-pool.jpg.LCK HTTP/1.0" 404 307 "-" "Mozilla/5.0 (compatible; Yahoo! Slurp; http://help.yahoo.com/help/us/ysearch/slurp)"
76.109.122.192 - - [04/Jan/2011:23:23:53 -0500] "GET /Logos/winner_250.jpg HTTP/1.1" 200 6408 "http://email02.secureserver.net/webmail.php?folder=INBOX&firstMessage=1&login=1" "Mozilla/4.0 (compatible; MSIE 8.0; Windows NT 6.1; WOW64; Trident/4.0; GTB6.6; SLCC2; .NET CLR 2.0.50727; .NET CLR 3.5.30729; .NET CLR 3.0.30729; Media Center PC 6.0; MDDC; .NET4.0C; BRI/1)"
76.109.122.192 - - [04/Jan/2011:23:23:53 -0500] "GET /Logos/1_df-72dpi-476x57pix-banner.jpg HTTP/1.1" 200 9733 "http://email02.secureserver.net/webmail.php?folder=INBOX&firstMessage=1&login=1" "Mozilla/4.0 (compatible; MSIE 8.0; Windows NT 6.1; WOW64; Trident/4.0; GTB6.6; SLCC2; .NET CLR 2.0.50727; .NET CLR 3.5.30729; .NET CLR 3.0.30729; Media Center PC 6.0; MDDC; .NET4.0C; BRI/1)"
95.108.158.234 - - [04/Jan/2011:23:24:20 -0500] "GET /images/A-INDE%7E1.jpg HTTP/1.1" 304 - "-" "Mozilla/5.0 (compatible; YandexImages/3.0; +http://yandex.com/bots)"
67.195.112.50 - - [04/Jan/2011:23:48:27 -0500] "GET /robots.txt HTTP/1.0" 404 279 "-" "Mozilla/5.0 (compatible; Yahoo! Slurp; http://help.yahoo.com/help/us/ysearch/slurp)"
67.195.112.50 - - [04/Jan/2011:23:48:27 -0500] "GET /TheProcacciGroup/1149_sweet-living4.jpg.LCK HTTP/1.0" 404 312 "-" "Mozilla/5.0 (compatible; Yahoo! Slurp; http://help.yahoo.com/help/us/ysearch/slurp)"
95.108.217.252 - - [04/Jan/2011:23:51:39 -0500] "GET /weather.htm HTTP/1.1" 404 292 "-" "Mozilla/5.0 (compatible; YandexBot/3.0; +http://yandex.com/bots)"
67.195.112.50 - - [05/Jan/2011:00:03:05 -0500] "GET /TheProcacciGroup/1607_manchester-dining.jpg.LCK HTTP/1.0" 404 316 "-" "Mozilla/5.0 (compatible; Yahoo! Slurp; http://help.yahoo.com/help/us/ysearch/slurp)"
67.195.112.50 - - [05/Jan/2011:00:06:08 -0500] "GET /reppucci.htm HTTP/1.0" 404 281 "-" "Mozilla/5.0 (compatible; Yahoo! Slurp; http://help.yahoo.com/help/us/ysearch/slurp)"
207.46.199.50 - - [05/Jan/2011:00:10:25 -0500] "GET /robots.txt HTTP/1.1" 404 291 "-" "Mozilla/5.0 (compatible; bingbot/2.0; +http://www.bing.com/bingbot.htm)"
207.46.199.50 - - [05/Jan/2011:00:15:24 -0500] "GET /hotels-in-naples.htm HTTP/1.1" 304 - "-" "Mozilla/5.0 (compatible; bingbot/2.0; +http://www.bing.com/bingbot.htm)"
95.108.158.234 - - [05/Jan/2011:00:15:42 -0500] "GET /images/welcome_usa.gif HTTP/1.1" 304 - "-" "Mozilla/5.0 (compatible; YandexImages/3.0; +http://yandex.com/bots)"
64.246.165.160 - - [05/Jan/2011:00:17:11 -0500] "GET /robots.txt HTTP/1.0" 404 279 "-" "Mozilla/5.0 (Windows; U; Windows NT 5.1; en; rv:1.9.0.13) Gecko/2009073022 Firefox/3.5.2 (.NET CLR 3.5.30729) SurveyBot/2.3 (DomainTools)"
64.246.165.160 - - [05/Jan/2011:00:17:11 -0500] "GET / HTTP/1.1" 200 11305 "http://whois.domaintools.com/naples-usa.com" "Mozilla/5.0 (Windows; U; Windows NT 5.1; en; rv:1.9.0.13) Gecko/2009073022 Firefox/3.5.2 (.NET CLR 3.5.30729) SurveyBot/2.3 (DomainTools)"
67.195.112.50 - - [05/Jan/2011:00:17:29 -0500] "GET /naples-tour.htm HTTP/1.0" 200 22351 "-" "Mozilla/5.0 (compatible; Yahoo! Slurp; http://help.yahoo.com/help/us/ysearch/slurp)"
124.115.4.190 - - [05/Jan/2011:00:27:49 -0500] "GET / HTTP/1.1" 200 11305 "-" "Sosospider+(+http://help.soso.com/webspider.htm)"
76.183.245.125 - - [05/Jan/2011:00:28:29 -0500] "GET /Logos/1_df-72dpi-250x30pix-banner.jpg HTTP/1.1" 200 4514 "-" "Mozilla/4.0 (compatible; MSIE 7.0; Windows NT 6.0; Trident/4.0; GTB6.6; SLCC1; .NET CLR 2.0.50727; Media Center PC 5.0; .NET CLR 3.5.30729; .NET CLR 3.0.30618)"
76.183.245.125 - - [05/Jan/2011:00:28:29 -0500] "GET /Logos/Choice_2008_size100.jpg HTTP/1.1" 200 17105 "-" "Mozilla/4.0 (compatible; MSIE 7.0; Windows NT 6.0; Trident/4.0; GTB6.6; SLCC1; .NET CLR 2.0.50727; Media Center PC 5.0; .NET CLR 3.5.30729; .NET CLR 3.0.30618)"
67.195.112.50 - - [05/Jan/2011:00:37:04 -0500] "GET /TheProcacciGroup/500_mooring-bed.jpg.LCK HTTP/1.0" 404 309 "-" "Mozilla/5.0 (compatible; Yahoo! Slurp; http://help.yahoo.com/help/us/ysearch/slurp)"
67.195.112.50 - - [05/Jan/2011:00:43:06 -0500] "GET /TheProcacciGroup/8730_ibis-living.jpg.LCK HTTP/1.0" 404 310 "-" "Mozilla/5.0 (compatible; Yahoo! Slurp; http://help.yahoo.com/help/us/ysearch/slurp)"
67.195.112.50 - - [05/Jan/2011:00:44:35 -0500] "GET /fuller.htm HTTP/1.0" 404 279 "-" "Mozilla/5.0 (compatible; Yahoo! Slurp; http://help.yahoo.com/help/us/ysearch/slurp)"
88.131.106.22 - - [05/Jan/2011:00:48:40 -0500] "GET /robots.txt HTTP/1.0" 404 279 "-" "Mozilla/5.0 (Windows; U; Windows NT 5.1; en-US) Speedy Spider (http://www.entireweb.com/about/search_tech/speedy_spider/)"
88.131.106.22 - - [05/Jan/2011:00:48:41 -0500] "GET /powell.htm HTTP/1.0" 404 279 "-" "Mozilla/5.0 (Windows; U; Windows NT 5.1; en-US) Speedy Spider (http://www.entireweb.com/about/search_tech/speedy_spider/)"
67.195.112.50 - - [05/Jan/2011:01:21:31 -0500] "GET /naples-arts.htm HTTP/1.0" 200 4976 "-" "Mozilla/5.0 (compatible; Yahoo! Slurp; http://help.yahoo.com/help/us/ysearch/slurp)"
67.195.112.50 - - [05/Jan/2011:01:25:17 -0500] "GET /TheProcacciGroup/8025_vera-view.jpg.LCK HTTP/1.0" 404 308 "-" "Mozilla/5.0 (compatible; Yahoo! Slurp; http://help.yahoo.com/help/us/ysearch/slurp)"
67.195.112.50 - - [05/Jan/2011:01:26:30 -0500] "GET /TheProcacciGroup/15444_cortona-laundry.jpg.LCK HTTP/1.0" 404 315 "-" "Mozilla/5.0 (compatible; Yahoo! Slurp; http://help.yahoo.com/help/us/ysearch/slurp)"
67.195.112.50 - - [05/Jan/2011:01:26:38 -0500] "GET /TheProcacciGroup/4255_gulf-ext.jpg.LCK HTTP/1.0" 404 307 "-" "Mozilla/5.0 (compatible; Yahoo! Slurp; http://help.yahoo.com/help/us/ysearch/slurp)"
72.14.194.1 - - [05/Jan/2011:01:28:24 -0500] "GET /images/1_naples%20florida%20real%20estate_index.jpg HTTP/1.1" 200 24287 "http://www.dolphinworld.net/wordpress/?s=naples" "Mozilla/5.0 (en-us) AppleWebKit/525.13 (KHTML, like Gecko; Google Web Preview) Version/3.1 Safari/525.13"
67.195.112.50 - - [05/Jan/2011:01:41:35 -0500] "GET /TheProcacciGroup/4820_tarpon-garage.jpg.LCK HTTP/1.0" 404 312 "-" "Mozilla/5.0 (compatible; Yahoo! Slurp; http://help.yahoo.com/help/us/ysearch/slurp)"
206.123.88.26 - - [05/Jan/2011:02:07:53 -0500] "GET /robots.txt HTTP/1.1" 404 291 "-" "Mozilla/5.0 (compatible; Bender; http://sites.google.com/site/bendercrawler)"
206.123.88.26 - - [05/Jan/2011:02:07:54 -0500] "GET /Vendors/index.html HTTP/1.1" 200 456837 "-" "Mozilla/5.0 (compatible; Bender; http://sites.google.com/site/bendercrawler)"
67.195.112.50 - - [05/Jan/2011:02:08:53 -0500] "GET /naples-boatcondos.htm HTTP/1.0" 200 11908 "-" "Mozilla/5.0 (compatible; Yahoo! Slurp; http://help.yahoo.com/help/us/ysearch/slurp)"
38.108.67.12 - - [05/Jan/2011:02:23:46 -0500] "GET /robots.txt HTTP/1.0" 404 279 "-" "SBIder/Nutch-1.0-dev (http://www.sitesell.com/sbider.html)"
38.108.67.12 - - [05/Jan/2011:02:23:46 -0500] "GET /reports_for-buyers.htm HTTP/1.0" 404 291 "-" "SBIder/Nutch-1.0-dev (http://www.sitesell.com/sbider.html)"
38.108.67.12 - - [05/Jan/2011:02:37:22 -0500] "GET /haas.htm HTTP/1.0" 404 277 "-" "SBIder/Nutch-1.0-dev (http://www.sitesell.com/sbider.html)"
38.108.67.12 - - [05/Jan/2011:03:00:04 -0500] "GET /romano/testimonials.htm HTTP/1.0" 404 292 "-" "SBIder/Nutch-1.0-dev (http://www.sitesell.com/sbider.html)"
67.195.112.50 - - [05/Jan/2011:03:07:15 -0500] "GET /TheProcacciGroup/2987_mona-deck.jpg.LCK HTTP/1.0" 404 308 "-" "Mozilla/5.0 (compatible; Yahoo! Slurp; http://help.yahoo.com/help/us/ysearch/slurp)"
38.108.67.12 - - [05/Jan/2011:03:09:34 -0500] "GET /boat_docks.htm HTTP/1.0" 404 283 "-" "SBIder/Nutch-1.0-dev (http://www.sitesell.com/sbider.html)"
67.195.112.50 - - [05/Jan/2011:03:18:33 -0500] "GET /TheProcacciGroup/3072_sand-bed.jpg.LCK HTTP/1.0" 404 307 "-" "Mozilla/5.0 (compatible; Yahoo! Slurp; http://help.yahoo.com/help/us/ysearch/slurp)"
38.108.67.12 - - [05/Jan/2011:03:19:33 -0500] "GET /homestead.htm HTTP/1.0" 404 282 "-" "SBIder/Nutch-1.0-dev (http://www.sitesell.com/sbider.html)"
67.195.112.50 - - [05/Jan/2011:03:20:05 -0500] "GET /TheProcacciGroup/22911_sago-206049534.jpg.LCK HTTP/1.0" 404 314 "-" "Mozilla/5.0 (compatible; Yahoo! Slurp; http://help.yahoo.com/help/us/ysearch/slurp)"
38.108.67.12 - - [05/Jan/2011:03:20:24 -0500] "GET /reports_for-sellers.htm HTTP/1.0" 404 292 "-" "SBIder/Nutch-1.0-dev (http://www.sitesell.com/sbider.html)"
67.195.112.50 - - [05/Jan/2011:03:36:29 -0500] "GET /TheProcacciGroup/4865_regal-view2.jpg.LCK HTTP/1.0" 404 310 "-" "Mozilla/5.0 (compatible; Yahoo! Slurp; http://help.yahoo.com/help/us/ysearch/slurp)"
206.123.88.26 - - [05/Jan/2011:03:42:45 -0500] "GET /robots.txt HTTP/1.1" 404 291 "-" "Mozilla/5.0 (compatible; Bender; http://sites.google.com/site/bendercrawler)"
206.123.88.26 - - [05/Jan/2011:03:42:45 -0500] "GET /Vendors/index.html HTTP/1.1" 200 456837 "-" "Mozilla/5.0 (compatible; Bender; http://sites.google.com/site/bendercrawler)"
67.195.112.50 - - [05/Jan/2011:03:45:20 -0500] "GET /TheProcacciGroup/5701_wax-pool.jpg.LCK HTTP/1.0" 404 307 "-" "Mozilla/5.0 (compatible; Yahoo! Slurp; http://help.yahoo.com/help/us/ysearch/slurp)"
95.108.217.252 - - [05/Jan/2011:03:49:28 -0500] "GET /naples-boating.htm HTTP/1.1" 200 14280 "-" "Mozilla/5.0 (compatible; YandexBot/3.0; +http://yandex.com/bots)"
67.195.112.50 - - [05/Jan/2011:04:12:48 -0500] "GET /TheProcacciGroup/15683_marcello-kitch4.jpg.LCK HTTP/1.0" 404 315 "-" "Mozilla/5.0 (compatible; Yahoo! Slurp; http://help.yahoo.com/help/us/ysearch/slurp)"
69.115.241.123 - - [05/Jan/2011:04:16:46 -0500] "GET /robots.txt HTTP/1.0" 404 279 "-" "Mozilla/5.0 (compatible; MJ12bot/v1.3.3; http://www.majestic12.co.uk/bot.php?+)"
69.115.241.123 - - [05/Jan/2011:04:16:47 -0500] "GET /molhoek.htm HTTP/1.1" 200 8161 "-" "Mozilla/5.0 (compatible; MJ12bot/v1.3.3; http://www.majestic12.co.uk/bot.php?+)"
67.195.112.50 - - [05/Jan/2011:04:25:27 -0500] "GET /TheProcacciGroup/1405_mariposa-pool.jpg.LCK HTTP/1.0" 404 312 "-" "Mozilla/5.0 (compatible; Yahoo! Slurp; http://help.yahoo.com/help/us/ysearch/slurp)"
64.121.56.246 - - [05/Jan/2011:04:28:08 -0500] "HEAD / HTTP/1.1" 200 0 "-" "Mozilla/4.0 (compatible; MSIE 6.0; Windows NT 5.1; .NET CLR 1.1.4322)"
67.195.112.50 - - [05/Jan/2011:04:33:24 -0500] "GET /mccoy/?M=A HTTP/1.0" 404 275 "-" "Mozilla/5.0 (compatible; Yahoo! Slurp; http://help.yahoo.com/help/us/ysearch/slurp)"
38.108.67.12 - - [05/Jan/2011:04:41:21 -0500] "GET /golf.htm HTTP/1.0" 404 277 "-" "SBIder/Nutch-1.0-dev (http://www.sitesell.com/sbider.html)"
67.195.112.50 - - [05/Jan/2011:04:56:29 -0500] "GET /TheProcacciGroup/8916_ventura-pool.jpg.LCK HTTP/1.0" 404 311 "-" "Mozilla/5.0 (compatible; Yahoo! Slurp; http://help.yahoo.com/help/us/ysearch/slurp)"
38.108.67.12 - - [05/Jan/2011:05:03:06 -0500] "GET /weather.htm HTTP/1.0" 404 280 "-" "SBIder/Nutch-1.0-dev (http://www.sitesell.com/sbider.html)"
38.108.67.12 - - [05/Jan/2011:05:07:12 -0500] "GET /lost-pets.htm HTTP/1.0" 404 282 "-" "SBIder/Nutch-1.0-dev (http://www.sitesell.com/sbider.html)"
38.108.67.12 - - [05/Jan/2011:05:12:48 -0500] "GET /blaine/naples-rentals.htm HTTP/1.0" 404 294 "-" "SBIder/Nutch-1.0-dev (http://www.sitesell.com/sbider.html)"
207.46.199.54 - - [05/Jan/2011:05:18:02 -0500] "GET /robots.txt HTTP/1.1" 404 291 "-" "Mozilla/5.0 (compatible; bingbot/2.0; +http://www.bing.com/bingbot.htm)"
207.46.199.54 - - [05/Jan/2011:05:30:15 -0500] "GET /naples-tennis-public.htm HTTP/1.1" 404 305 "-" "Mozilla/5.0 (compatible; bingbot/2.0; +http://www.bing.com/bingbot.htm)"
67.195.112.50 - - [05/Jan/2011:05:39:20 -0500] "GET /TheProcacciGroup/1410_mariposa-101-pool.jpg.LCK HTTP/1.0" 404 316 "-" "Mozilla/5.0 (compatible; Yahoo! Slurp; http://help.yahoo.com/help/us/ysearch/slurp)"
67.195.112.50 - - [05/Jan/2011:05:52:55 -0500] "GET /volmer.htm HTTP/1.0" 404 279 "-" "Mozilla/5.0 (compatible; Yahoo! Slurp; http://help.yahoo.com/help/us/ysearch/slurp)"
38.108.67.12 - - [05/Jan/2011:05:56:57 -0500] "GET /home-improvement-naples-florida.htm HTTP/1.0" 404 304 "-" "SBIder/Nutch-1.0-dev (http://www.sitesell.com/sbider.html)"
65.52.108.60 - - [05/Jan/2011:05:58:03 -0500] "GET /robots.txt HTTP/1.1" 404 291 "-" "Mozilla/5.0 (compatible; bingbot/2.0; +http://www.bing.com/bingbot.htm)"
220.181.7.97 - - [05/Jan/2011:06:08:28 -0500] "GET /robots.txt HTTP/1.1" 404 291 "-" "Baiduspider+(+http://www.baidu.com/search/spider.htm)"
65.52.108.60 - - [05/Jan/2011:06:11:43 -0500] "GET /doonan/index.html HTTP/1.1" 404 298 "-" "Mozilla/5.0 (compatible; bingbot/2.0; +http://www.bing.com/bingbot.htm)"
193.47.80.45 - - [05/Jan/2011:06:27:12 -0500] "GET /robots.txt HTTP/1.1" 404 291 "-" "Mozilla/5.0 (compatible; Exabot/3.0; +http://www.exabot.com/go/robot)"
193.47.80.45 - - [05/Jan/2011:06:27:12 -0500] "GET /romano.htm HTTP/1.1" 404 291 "-" "Mozilla/5.0 (compatible; Exabot/3.0; +http://www.exabot.com/go/robot)"
67.195.112.50 - - [05/Jan/2011:06:29:06 -0500] "GET /TheProcacciGroup/rentals.htm HTTP/1.0" 404 297 "-" "Mozilla/5.0 (compatible; Yahoo! Slurp; http://help.yahoo.com/help/us/ysearch/slurp)"
208.80.194.29 - - [05/Jan/2011:06:51:05 -0500] "GET /meek.htm HTTP/1.0" 404 277 "-" "Mozilla/4.0 (compatible; MSIE 6.0; Windows NT 5.1; SV1; DFAIT; .NET CLR 1.1.4322)"
65.52.53.243 - - [05/Jan/2011:07:11:15 -0500] "GET /robots.txt HTTP/1.1" 404 291 "-" "Mozilla/5.0 (compatible; bingbot/2.0; +http://www.bing.com/bingbot.htm)"
67.195.112.50 - - [05/Jan/2011:07:22:46 -0500] "GET /TheProcacciGroup/28051_palmas-view.jpg.LCK HTTP/1.0" 404 311 "-" "Mozilla/5.0 (compatible; Yahoo! Slurp; http://help.yahoo.com/help/us/ysearch/slurp)"
38.108.67.12 - - [05/Jan/2011:07:23:20 -0500] "GET /tennis.htm HTTP/1.0" 404 279 "-" "SBIder/Nutch-1.0-dev (http://www.sitesell.com/sbider.html)"
124.115.0.156 - - [05/Jan/2011:07:23:47 -0500] "GET / HTTP/1.1" 200 11305 "-" "Sosospider+(+http://help.soso.com/webspider.htm)"
124.115.0.156 - - [05/Jan/2011:07:23:59 -0500] "GET /naples-usa.css HTTP/1.1" 200 714 "http://www.naples-usa.com/" "Sosospider+(+http://help.soso.com/webspider.htm)"
38.108.67.12 - - [05/Jan/2011:07:29:07 -0500] "GET /naples-tennis-public.htm HTTP/1.0" 404 293 "-" "SBIder/Nutch-1.0-dev (http://www.sitesell.com/sbider.html)"
67.195.112.50 - - [05/Jan/2011:07:31:47 -0500] "GET /index.html HTTP/1.0" 200 11305 "-" "Mozilla/5.0 (compatible; Yahoo! Slurp; http://help.yahoo.com/help/us/ysearch/slurp)"
67.195.112.50 - - [05/Jan/2011:07:31:47 -0500] "GET /naples-usa.css HTTP/1.0" 200 714 "http://www.naples-usa.com/index.html" "Mozilla/5.0 (compatible; Yahoo! Slurp; http://help.yahoo.com/help/us/ysearch/slurp)"
67.195.112.50 - - [05/Jan/2011:07:32:34 -0500] "GET /kepp.htm HTTP/1.0" 404 277 "-" "Mozilla/5.0 (compatible; Yahoo! Slurp; http://help.yahoo.com/help/us/ysearch/slurp)"
131.107.65.43 - - [05/Jan/2011:08:05:47 -0500] "GET / HTTP/1.1" 200 11305 "-" "Mozilla/4.0 (compatible; MSIE 7.0; Windows NT 6.1; WOW64; Trident/4.0; SLCC2; .NET CLR 2.0.50727)"
131.107.65.43 - - [05/Jan/2011:08:05:47 -0500] "GET /naples-usa.css HTTP/1.1" 200 714 "http://www.naples-usa.com/" "Mozilla/4.0 (compatible; MSIE 7.0; Windows NT 6.1; WOW64; Trident/4.0; SLCC2; .NET CLR 2.0.50727)"
131.107.65.43 - - [05/Jan/2011:08:05:47 -0500] "GET /images/border%20naples.gif HTTP/1.1" 200 358 "http://www.naples-usa.com/" "Mozilla/4.0 (compatible; MSIE 7.0; Windows NT 6.1; WOW64; Trident/4.0; SLCC2; .NET CLR 2.0.50727)"
131.107.65.43 - - [05/Jan/2011:08:05:47 -0500] "GET /images/welcome_usa.gif HTTP/1.1" 200 7890 "http://www.naples-usa.com/" "Mozilla/4.0 (compatible; MSIE 7.0; Windows NT 6.1; WOW64; Trident/4.0; SLCC2; .NET CLR 2.0.50727)"
131.107.65.43 - - [05/Jan/2011:08:05:48 -0500] "GET /images/A-INDE~1.jpg HTTP/1.1" 200 23069 "http://www.naples-usa.com/" "Mozilla/4.0 (compatible; MSIE 7.0; Windows NT 6.1; WOW64; Trident/4.0; SLCC2; .NET CLR 2.0.50727)"
65.87.198.98 - - [05/Jan/2011:08:08:11 -0500] "GET /Logos/1_df-72dpi-476x57pix-banner.jpg HTTP/1.1" 200 9733 "-" "Mozilla/4.0 (compatible; Clever Internet Suite 7.0)"
65.87.198.98 - - [05/Jan/2011:08:08:11 -0500] "GET /Logos/winner_250.jpg HTTP/1.1" 200 6408 "-" "Mozilla/4.0 (compatible; Clever Internet Suite 7.0)"
76.101.159.66 - - [05/Jan/2011:08:12:17 -0500] "GET /Vendors/index.html HTTP/1.1" 200 456837 "-" "Mozilla/5.0 (Macintosh; U; Intel Mac OS X 10_6_5; en-us) AppleWebKit/533.19.4 (KHTML, like Gecko) Version/5.0.3 Safari/533.19.4"
76.101.159.66 - - [05/Jan/2011:08:12:17 -0500] "GET /favicon.ico HTTP/1.1" 404 292 "http://www.naples-usa.com/Vendors/index.html" "Mozilla/5.0 (Macintosh; U; Intel Mac OS X 10_6_5; en-us) AppleWebKit/533.19.4 (KHTML, like Gecko) Version/5.0.3 Safari/533.19.4"
38.108.67.12 - - [05/Jan/2011:08:14:14 -0500] "GET /history.htm HTTP/1.0" 404 280 "-" "SBIder/Nutch-1.0-dev (http://www.sitesell.com/sbider.html)"
119.63.198.30 - - [05/Jan/2011:08:26:56 -0500] "GET /robots.txt HTTP/1.1" 404 291 "-" "Baiduspider+(+http://www.baidu.com/search/spider.htm)"
98.208.176.86 - - [05/Jan/2011:08:27:29 -0500] "GET /recycling-info-naples-florida.htm HTTP/1.1" 200 13920 "http://www.google.com/url?sa=t&source=web&cd=8&ved=0CEUQFjAH&url=http%3A%2F%2Fwww.naples-usa.com%2Frecycling-info-naples-florida.htm&rct=j&q=recycling%20items%20on%20marco%20island&ei=o3EkTf_FEcP38AbP0PDVAQ&usg=AFQjCNF1XadZa1qr0k0YhLiCKRopFSU5aw" "Mozilla/5.0 (Windows; U; Windows NT 6.1; en-US; rv:1.9.2.13) Gecko/20101203 Firefox/3.6.13"
98.208.176.86 - - [05/Jan/2011:08:27:29 -0500] "GET /images/welcome_usa.gif HTTP/1.1" 200 7890 "http://www.naples-usa.com/recycling-info-naples-florida.htm" "Mozilla/5.0 (Windows; U; Windows NT 6.1; en-US; rv:1.9.2.13) Gecko/20101203 Firefox/3.6.13"
98.208.176.86 - - [05/Jan/2011:08:27:29 -0500] "GET /favicon.ico HTTP/1.1" 404 292 "-" "Mozilla/5.0 (Windows; U; Windows NT 6.1; en-US; rv:1.9.2.13) Gecko/20101203 Firefox/3.6.13"
98.208.176.86 - - [05/Jan/2011:08:27:29 -0500] "GET /favicon.ico HTTP/1.1" 404 292 "-" "Mozilla/5.0 (Windows; U; Windows NT 6.1; en-US; rv:1.9.2.13) Gecko/20101203 Firefox/3.6.13"
98.208.176.86 - - [05/Jan/2011:08:27:32 -0500] "GET /favicon.ico HTTP/1.1" 404 292 "-" "Mozilla/5.0 (Windows; U; Windows NT 6.1; en-US; rv:1.9.2.13) Gecko/20101203 Firefox/3.6.13"
67.195.112.50 - - [05/Jan/2011:08:29:55 -0500] "GET /TheProcacciGroup/22911-sago-new-kitch.jpg.LCK HTTP/1.0" 404 314 "-" "Mozilla/5.0 (compatible; Yahoo! Slurp; http://help.yahoo.com/help/us/ysearch/slurp)"
71.200.209.15 - - [05/Jan/2011:08:32:15 -0500] "GET /favicon.ico HTTP/1.1" 404 292 "-" "ee://aol/http"
71.200.209.15 - - [05/Jan/2011:08:32:29 -0500] "GET /favicon.ico HTTP/1.1" 404 292 "-" "ee://aol/http"
67.195.112.50 - - [05/Jan/2011:08:34:15 -0500] "GET /brinkman.htm HTTP/1.0" 404 281 "-" "Mozilla/5.0 (compatible; Yahoo! Slurp; http://help.yahoo.com/help/us/ysearch/slurp)"
76.2.124.205 - - [05/Jan/2011:08:37:15 -0500] "GET /images/1_naples%20florida%20real%20estate_index.jpg HTTP/1.1" 200 14160 "http://arcticboy.arcticboy.com/pictures-naples-florida" "Mozilla/5.0 (iPad; U; CPU OS 4_2_1 like Mac OS X; sv-se) AppleWebKit/533.17.9 (KHTML, like Gecko) Version/5.0.2 Mobile/8C148 Safari/6533.18.5"
76.2.124.205 - - [05/Jan/2011:08:37:17 -0500] "GET /images/1_naples%20florida%20real%20estate_index.jpg HTTP/1.1" 200 12712 "http://arcticboy.arcticboy.com/pictures-naples-florida" "Mozilla/5.0 (iPad; U; CPU OS 4_2_1 like Mac OS X; sv-se) AppleWebKit/533.17.9 (KHTML, like Gecko) Version/5.0.2 Mobile/8C148 Safari/6533.18.5"
38.108.67.12 - - [05/Jan/2011:08:37:41 -0500] "GET /mortgage-dictionary.htm HTTP/1.0" 404 292 "-" "SBIder/Nutch-1.0-dev (http://www.sitesell.com/sbider.html)"
67.195.112.50 - - [05/Jan/2011:08:39:12 -0500] "GET /TheProcacciGroup/101_forest-living2.jpg.LCK HTTP/1.0" 404 312 "-" "Mozilla/5.0 (compatible; Yahoo! Slurp; http://help.yahoo.com/help/us/ysearch/slurp)"
69.137.194.21 - - [05/Jan/2011:08:57:07 -0500] "GET /Logos/winner_250.jpg HTTP/1.1" 200 6408 "-" "Mozilla/5.0 (iPhone; U; CPU iPhone OS 4_0_1 like Mac OS X; en-us) AppleWebKit/532.9 (KHTML, like Gecko)"
69.137.194.21 - - [05/Jan/2011:08:57:07 -0500] "GET /Logos/1_df-72dpi-476x57pix-banner.jpg HTTP/1.1" 200 9733 "-" "Mozilla/5.0 (iPhone; U; CPU iPhone OS 4_0_1 like Mac OS X; en-us) AppleWebKit/532.9 (KHTML, like Gecko)"
206.123.88.26 - - [05/Jan/2011:08:59:18 -0500] "GET /robots.txt HTTP/1.1" 404 291 "-" "Mozilla/5.0 (compatible; Bender; http://sites.google.com/site/bendercrawler)"
206.123.88.26 - - [05/Jan/2011:08:59:19 -0500] "GET /Vendors/index.html HTTP/1.1" 200 456837 "-" "Mozilla/5.0 (compatible; Bender; http://sites.google.com/site/bendercrawler)"
95.108.217.252 - - [05/Jan/2011:08:59:45 -0500] "GET /naples-boatcondos.htm HTTP/1.1" 200 11908 "-" "Mozilla/5.0 (compatible; YandexBot/3.0; +http://yandex.com/bots)"
67.195.112.50 - - [05/Jan/2011:09:01:22 -0500] "GET /TheProcacciGroup/14887_sterling-dining.jpg.LCK HTTP/1.0" 404 315 "-" "Mozilla/5.0 (compatible; Yahoo! Slurp; http://help.yahoo.com/help/us/ysearch/slurp)"
67.195.112.50 - - [05/Jan/2011:09:06:01 -0500] "GET /TheProcacciGroup/1140_little-bed.jpg.LCK HTTP/1.0" 404 309 "-" "Mozilla/5.0 (compatible; Yahoo! Slurp; http://help.yahoo.com/help/us/ysearch/slurp)"
67.195.112.50 - - [05/Jan/2011:09:31:29 -0500] "GET /TheProcacciGroup/8025_vera-bath1.jpg.LCK HTTP/1.0" 404 309 "-" "Mozilla/5.0 (compatible; Yahoo! Slurp; http://help.yahoo.com/help/us/ysearch/slurp)"
67.195.112.50 - - [05/Jan/2011:09:46:59 -0500] "GET /TheProcacciGroup/284_perignon-living.jpg.LCK HTTP/1.0" 404 313 "-" "Mozilla/5.0 (compatible; Yahoo! Slurp; http://help.yahoo.com/help/us/ysearch/slurp)"
67.195.112.50 - - [05/Jan/2011:09:48:44 -0500] "GET /burgess.htm HTTP/1.0" 404 280 "-" "Mozilla/5.0 (compatible; Yahoo! Slurp; http://help.yahoo.com/help/us/ysearch/slurp)"
206.123.88.26 - - [05/Jan/2011:10:07:03 -0500] "GET /robots.txt HTTP/1.1" 404 291 "-" "Mozilla/5.0 (compatible; Bender; http://sites.google.com/site/bendercrawler)"
206.123.88.26 - - [05/Jan/2011:10:07:04 -0500] "GET /Vendors/index.html HTTP/1.1" 200 456837 "-" "Mozilla/5.0 (compatible; Bender; http://sites.google.com/site/bendercrawler)"
98.238.66.62 - - [05/Jan/2011:10:14:37 -0500] "GET /Logos/1_df-72dpi-476x57pix-banner.jpg HTTP/1.1" 200 9733 "-" "Mozilla/4.0 (compatible; MSIE 7.0; Windows NT 5.1; Trident/4.0; .NET CLR 1.1.4322)"
98.238.66.62 - - [05/Jan/2011:10:14:37 -0500] "GET /Logos/winner_250.jpg HTTP/1.1" 200 6408 "-" "Mozilla/4.0 (compatible; MSIE 7.0; Windows NT 5.1; Trident/4.0; .NET CLR 1.1.4322)"
98.238.66.62 - - [05/Jan/2011:10:16:07 -0500] "GET /Logos/1_df-72dpi-476x57pix-banner.jpg HTTP/1.1" 304 - "-" "Mozilla/4.0 (compatible; MSIE 7.0; Windows NT 5.1; Trident/4.0; .NET CLR 1.1.4322)"
98.238.66.62 - - [05/Jan/2011:10:16:07 -0500] "GET /Logos/winner_250.jpg HTTP/1.1" 304 - "-" "Mozilla/4.0 (compatible; MSIE 7.0; Windows NT 5.1; Trident/4.0; .NET CLR 1.1.4322)"
76.109.122.192 - - [05/Jan/2011:10:17:44 -0500] "GET /Logos/1_df-72dpi-476x57pix-banner.jpg HTTP/1.1" 304 - "http://email02.secureserver.net/webmail.php?folder=INBOX&firstMessage=1" "Mozilla/4.0 (compatible; MSIE 8.0; Windows NT 6.1; WOW64; Trident/4.0; GTB6.6; SLCC2; .NET CLR 2.0.50727; .NET CLR 3.5.30729; .NET CLR 3.0.30729; Media Center PC 6.0; MDDC; .NET4.0C; BRI/1)"
76.109.122.192 - - [05/Jan/2011:10:17:44 -0500] "GET /Logos/winner_250.jpg HTTP/1.1" 304 - "http://email02.secureserver.net/webmail.php?folder=INBOX&firstMessage=1" "Mozilla/4.0 (compatible; MSIE 8.0; Windows NT 6.1; WOW64; Trident/4.0; GTB6.6; SLCC2; .NET CLR 2.0.50727; .NET CLR 3.5.30729; .NET CLR 3.0.30729; Media Center PC 6.0; MDDC; .NET4.0C; BRI/1)"
69.247.44.116 - - [05/Jan/2011:10:31:17 -0500] "GET /Logos/1_df-72dpi-476x57pix-banner.jpg HTTP/1.1" 200 9733 "http://by128w.bay128.mail.live.com/mail/InboxLight.aspx?n=1469667312" "Mozilla/4.0 (compatible; MSIE 7.0; Windows NT 5.1; Trident/4.0; FunWebProducts; GTB6.6; .NET CLR 1.0.3705; .NET CLR 1.1.4322; Media Center PC 4.0; HbTools 4.8.4; .NET CLR 2.0.50727; .NET CLR 3.0.4506.2152; .NET CLR 3.5.30729; eMusic DLM/4)"
69.247.44.116 - - [05/Jan/2011:10:31:17 -0500] "GET /Logos/winner_250.jpg HTTP/1.1" 200 6408 "http://by128w.bay128.mail.live.com/mail/InboxLight.aspx?n=1469667312" "Mozilla/4.0 (compatible; MSIE 7.0; Windows NT 5.1; Trident/4.0; FunWebProducts; GTB6.6; .NET CLR 1.0.3705; .NET CLR 1.1.4322; Media Center PC 4.0; HbTools 4.8.4; .NET CLR 2.0.50727; .NET CLR 3.0.4506.2152; .NET CLR 3.5.30729; eMusic DLM/4)"
67.195.112.50 - - [05/Jan/2011:10:38:32 -0500] "GET /robots.txt HTTP/1.0" 404 279 "-" "Mozilla/5.0 (compatible; Yahoo! Slurp; http://help.yahoo.com/help/us/ysearch/slurp)"
67.195.112.50 - - [05/Jan/2011:10:38:32 -0500] "GET /TheProcacciGroup/5708_hammock-209012680.jpg.LCK HTTP/1.0" 404 316 "-" "Mozilla/5.0 (compatible; Yahoo! Slurp; http://help.yahoo.com/help/us/ysearch/slurp)"
69.247.44.116 - - [05/Jan/2011:10:41:28 -0500] "GET /Logos/1_df-72dpi-476x57pix-banner.jpg HTTP/1.1" 304 - "http://by128w.bay128.mail.live.com/mail/InboxLight.aspx?FolderID=00000000-0000-0000-0000-000000000001&InboxSortAscending=False&InboxSortBy=Date&fav=True&n=29012948" "Mozilla/4.0 (compatible; MSIE 7.0; Windows NT 5.1; Trident/4.0; FunWebProducts; GTB6.6; .NET CLR 1.0.3705; .NET CLR 1.1.4322; Media Center PC 4.0; HbTools 4.8.4; .NET CLR 2.0.50727; .NET CLR 3.0.4506.2152; .NET CLR 3.5.30729; eMusic DLM/4)"
69.247.44.116 - - [05/Jan/2011:10:41:28 -0500] "GET /Logos/winner_250.jpg HTTP/1.1" 304 - "http://by128w.bay128.mail.live.com/mail/InboxLight.aspx?FolderID=00000000-0000-0000-0000-000000000001&InboxSortAscending=False&InboxSortBy=Date&fav=True&n=29012948" "Mozilla/4.0 (compatible; MSIE 7.0; Windows NT 5.1; Trident/4.0; FunWebProducts; GTB6.6; .NET CLR 1.0.3705; .NET CLR 1.1.4322; Media Center PC 4.0; HbTools 4.8.4; .NET CLR 2.0.50727; .NET CLR 3.0.4506.2152; .NET CLR 3.5.30729; eMusic DLM/4)"
69.247.44.116 - - [05/Jan/2011:10:48:20 -0500] "GET /Logos/1_df-72dpi-476x57pix-banner.jpg HTTP/1.1" 304 - "http://by128w.bay128.mail.live.com/mail/RteFrame.html?v=15.4.0342.1206&pf=pf" "Mozilla/4.0 (compatible; MSIE 7.0; Windows NT 5.1; Trident/4.0; FunWebProducts; GTB6.6; .NET CLR 1.0.3705; .NET CLR 1.1.4322; Media Center PC 4.0; HbTools 4.8.4; .NET CLR 2.0.50727; .NET CLR 3.0.4506.2152; .NET CLR 3.5.30729; eMusic DLM/4)"
69.247.44.116 - - [05/Jan/2011:10:48:20 -0500] "GET /Logos/winner_250.jpg HTTP/1.1" 304 - "http://by128w.bay128.mail.live.com/mail/RteFrame.html?v=15.4.0342.1206&pf=pf" "Mozilla/4.0 (compatible; MSIE 7.0; Windows NT 5.1; Trident/4.0; FunWebProducts; GTB6.6; .NET CLR 1.0.3705; .NET CLR 1.1.4322; Media Center PC 4.0; HbTools 4.8.4; .NET CLR 2.0.50727; .NET CLR 3.0.4506.2152; .NET CLR 3.5.30729; eMusic DLM/4)"
67.195.112.50 - - [05/Jan/2011:10:51:48 -0500] "GET /TheProcacciGroup/834_gulf-kitch.jpg.LCK HTTP/1.0" 404 308 "-" "Mozilla/5.0 (compatible; Yahoo! Slurp; http://help.yahoo.com/help/us/ysearch/slurp)"
207.46.13.54 - - [05/Jan/2011:10:52:11 -0500] "GET /robots.txt HTTP/1.1" 404 291 "-" "Mozilla/5.0 (compatible; bingbot/2.0; +http://www.bing.com/bingbot.htm)"
67.195.112.50 - - [05/Jan/2011:10:55:17 -0500] "GET /TheProcacciGroup/213_monterey-kitch.jpg.LCK HTTP/1.0" 404 312 "-" "Mozilla/5.0 (compatible; Yahoo! Slurp; http://help.yahoo.com/help/us/ysearch/slurp)"
67.195.112.50 - - [05/Jan/2011:10:55:48 -0500] "GET /TheProcacciGroup/14515_grey-living.jpg.LCK HTTP/1.0" 404 311 "-" "Mozilla/5.0 (compatible; Yahoo! Slurp; http://help.yahoo.com/help/us/ysearch/slurp)"
67.195.112.50 - - [05/Jan/2011:10:59:02 -0500] "GET /TheProcacciGroup/1360_mariposa-kitch3.jpg.LCK HTTP/1.0" 404 314 "-" "Mozilla/5.0 (compatible; Yahoo! Slurp; http://help.yahoo.com/help/us/ysearch/slurp)"
12.31.231.168 - - [05/Jan/2011:11:01:53 -0500] "GET /images/1_naples%20florida%20real%20estate_index.jpg HTTP/1.1" 200 24287 "http://www.google.com/imgres?imgurl=http://www.naples-usa.com/images/1_naples%2520florida%2520real%2520estate_index.jpg&imgrefurl=http://www.dolphinworld.net/wordpress/2008/02/19/naples-florida-dolphin-swim-tour/&usg=__qADXQoSKXq32YdNCGsSumn4G-8c=&h=256&w=375&sz=24&hl=en&start=0&zoom=1&tbnid=xiSSaf0OQrPq8M:&tbnh=160&tbnw=226&prev=/images%3Fq%3Dnaples%2Bflorida%26um%3D1%26hl%3Den%26safe%3Dactive%26sa%3DX%26rlz%3D1T4ADFA_enUS387US394%26biw%3D1259%26bih%3D795%26tbs%3Disch:1&um=1&itbs=1&iact=rc&dur=329&ei=3JUkTbvzMsH88AaGgM35DA&oei=3JUkTbvzMsH88AaGgM35DA&esq=1&page=1&ndsp=20&ved=1t:429,r:5,s:0&tx=86&ty=74" "Mozilla/4.0 (compatible; MSIE 7.0; Windows NT 5.1; Trident/4.0; GTB6.6; .NET CLR 1.1.4322; .NET CLR 2.0.50727; .NET CLR 3.0.04506.30; .NET CLR 3.0.4506.2152; .NET CLR 3.5.30729; MDDR; InfoPath.2; MS-RTC LM 8)"
207.46.13.54 - - [05/Jan/2011:11:23:44 -0500] "GET /greenstein/naples-florida-marketing.htm HTTP/1.1" 404 320 "-" "Mozilla/5.0 (compatible; bingbot/2.0; +http://www.bing.com/bingbot.htm)"
71.200.209.155 - - [05/Jan/2011:11:25:06 -0500] "GET /lost-birds.htm HTTP/1.1" 200 39667 "-" "Mozilla/5.0 (Windows; U; Windows NT 5.1; en-US) AppleWebKit/534.10 (KHTML, like Gecko) Chrome/8.0.552.224 Safari/534.10"
71.200.209.155 - - [05/Jan/2011:11:25:06 -0500] "GET /favicon.ico HTTP/1.1" 404 292 "-" "Mozilla/5.0 (Windows; U; Windows NT 5.1; en-US) AppleWebKit/534.10 (KHTML, like Gecko) Chrome/8.0.552.224 Safari/534.10"
71.200.209.155 - - [05/Jan/2011:11:25:13 -0500] "GET /found-birds.htm HTTP/1.1" 404 296 "http://www.naples-usa.com/lost-birds.htm" "Mozilla/5.0 (Windows; U; Windows NT 5.1; en-US) AppleWebKit/534.10 (KHTML, like Gecko) Chrome/8.0.552.224 Safari/534.10"
71.200.209.155 - - [05/Jan/2011:11:25:13 -0500] "GET /favicon.ico HTTP/1.1" 404 292 "-" "Mozilla/5.0 (Windows; U; Windows NT 5.1; en-US) AppleWebKit/534.10 (KHTML, like Gecko) Chrome/8.0.552.224 Safari/534.10"
71.200.209.155 - - [05/Jan/2011:11:25:16 -0500] "GET /favicon.ico HTTP/1.1" 404 292 "-" "Mozilla/5.0 (Windows; U; Windows NT 5.1; en-US) AppleWebKit/534.10 (KHTML, like Gecko) Chrome/8.0.552.224 Safari/534.10"
71.200.209.155 - - [05/Jan/2011:11:25:17 -0500] "GET /found-birds.htm HTTP/1.1" 404 296 "http://www.naples-usa.com/lost-birds.htm" "Mozilla/5.0 (Windows; U; Windows NT 5.1; en-US) AppleWebKit/534.10 (KHTML, like Gecko) Chrome/8.0.552.224 Safari/534.10"
71.200.209.155 - - [05/Jan/2011:11:25:17 -0500] "GET /favicon.ico HTTP/1.1" 404 292 "-" "Mozilla/5.0 (Windows; U; Windows NT 5.1; en-US) AppleWebKit/534.10 (KHTML, like Gecko) Chrome/8.0.552.224 Safari/534.10"
71.200.209.155 - - [05/Jan/2011:11:25:18 -0500] "GET /favicon.ico HTTP/1.1" 404 292 "-" "Mozilla/5.0 (Windows; U; Windows NT 5.1; en-US) AppleWebKit/534.10 (KHTML, like Gecko) Chrome/8.0.552.224 Safari/534.10"
67.195.112.50 - - [05/Jan/2011:11:34:57 -0500] "GET /TheProcacciGroup/5325_cove-bath.jpg.LCK HTTP/1.0" 404 308 "-" "Mozilla/5.0 (compatible; Yahoo! Slurp; http://help.yahoo.com/help/us/ysearch/slurp)"
80.31.129.106 - - [05/Jan/2011:11:35:55 -0500] "GET /images/1_naples%20florida%20real%20estate_index.jpg HTTP/1.1" 200 24287 "http://www.google.es/imgres?imgurl=http://www.naples-usa.com/images/1_naples%2520florida%2520real%2520estate_index.jpg&imgrefurl=http://www.dolphinworld.net/wordpress/2008/02/19/naples-florida-dolphin-swim-tour/&usg=__qADXQoSKXq32YdNCGsSumn4G-8c=&h=256&w=375&sz=24&hl=es&start=0&sig2=D5XVpl1odYi21RY9IP0S0Q&zoom=1&tbnid=xiSSaf0OQrPq8M:&tbnh=130&tbnw=203&ei=v5wkTfrNNYKr8QOi58z-Bg&prev=/images%3Fq%3Dnaples%2Bflorida%26um%3D1%26hl%3Des%26sa%3DN%26rlz%3D1R2ACAW_esES399%26biw%3D1345%26bih%3D454%26tbs%3Disch:10%2C54&um=1&itbs=1&iact=hc&vpx=518&vpy=34&dur=3852&hovh=185&hovw=272&tx=181&ty=201&oei=2p0kTanqOMma8QOS0YyHBw&esq=1&page=1&ndsp=7&ved=1t:429,r:6,s:0&biw=816&bih=330" "Mozilla/4.0 (compatible; MSIE 8.0; Windows NT 6.1; WOW64; Trident/4.0; GTB6.6; SLCC2; .NET CLR 2.0.50727; .NET CLR 3.5.30729; .NET CLR 3.0.30729; Media Center PC 6.0; eSobiSubscriber 2.0.4.16)"
