206.123.88.26 - - [09/Jan/2011:17:51:24 -0500] "GET /robots.txt HTTP/1.1" 404 291 "-" "Mozilla/5.0 (compatible; Bender; http://sites.google.com/site/bendercrawler)"
206.123.88.26 - - [09/Jan/2011:17:51:25 -0500] "GET /Vendors/index.html HTTP/1.1" 200 456837 "-" "Mozilla/5.0 (compatible; Bender; http://sites.google.com/site/bendercrawler)"
207.46.13.97 - - [09/Jan/2011:17:58:50 -0500] "GET /robots.txt HTTP/1.1" 404 291 "-" "Mozilla/5.0 (compatible; bingbot/2.0; +http://www.bing.com/bingbot.htm)"
66.249.71.46 - - [09/Jan/2011:18:01:54 -0500] "GET /robots.txt HTTP/1.1" 404 291 "-" "Mozilla/5.0 (compatible; Googlebot/2.1; +http://www.google.com/bot.html)"
66.249.71.46 - - [09/Jan/2011:18:01:54 -0500] "GET /Vendors/How_To.htm HTTP/1.1" 404 299 "-" "Mozilla/5.0 (compatible; Googlebot/2.1; +http://www.google.com/bot.html)"
67.195.112.50 - - [09/Jan/2011:18:11:03 -0500] "GET /naples-weather.htm HTTP/1.0" 200 16725 "-" "Mozilla/5.0 (compatible; Yahoo! Slurp; http://help.yahoo.com/help/us/ysearch/slurp)"
207.46.13.97 - - [09/Jan/2011:18:18:53 -0500] "GET /properties-test-bullets-regularfont.htm HTTP/1.1" 404 320 "-" "Mozilla/5.0 (compatible; bingbot/2.0; +http://www.bing.com/bingbot.htm)"
206.123.88.26 - - [09/Jan/2011:18:21:10 -0500] "GET /robots.txt HTTP/1.1" 404 291 "-" "Mozilla/5.0 (compatible; Bender; http://sites.google.com/site/bendercrawler)"
206.123.88.26 - - [09/Jan/2011:18:21:11 -0500] "GET /Vendors/index.html HTTP/1.1" 200 456837 "-" "Mozilla/5.0 (compatible; Bender; http://sites.google.com/site/bendercrawler)"
76.19.78.41 - - [09/Jan/2011:18:22:30 -0500] "GET /images/1_naples%20florida%20real%20estate_index.jpg HTTP/1.1" 200 24287 "http://www.facebook.com/l.php?u=http%3A%2F%2Fwww.naples-usa.com%2Fimages%2F1_naples%2520florida%2520real%2520estate_index.jpg&h=e6f2e" "Mozilla/5.0 (Macintosh; U; Intel Mac OS X 10_6_4; en-us) AppleWebKit/533.16 (KHTML, like Gecko) Version/5.0 Safari/533.16"
76.19.78.41 - - [09/Jan/2011:18:22:30 -0500] "GET /favicon.ico HTTP/1.1" 404 292 "http://www.naples-usa.com/images/1_naples%20florida%20real%20estate_index.jpg" "Mozilla/5.0 (Macintosh; U; Intel Mac OS X 10_6_4; en-us) AppleWebKit/533.16 (KHTML, like Gecko) Version/5.0 Safari/533.16"
66.220.149.246 - - [09/Jan/2011:18:22:31 -0500] "GET /images/1_naples%20florida%20real%20estate_index.jpg HTTP/1.1" 206 24287 "-" "facebookexternalhit/1.1 (+http://www.facebook.com/externalhit_uatext.php)"
98.208.235.130 - - [09/Jan/2011:18:42:47 -0500] "GET /design_styles.css HTTP/1.1" 404 298 "http://www.naples-usa.com/calendar-clubs-and-orgs.htm" "Mozilla/4.0 (compatible; MSIE 8.0; Windows NT 5.1; Trident/4.0; GTB6; .NET CLR 1.0.3705; Media Center PC 3.1; .NET CLR 1.1.4322)"
98.208.235.130 - - [09/Jan/2011:18:42:47 -0500] "GET /images/spacer.gif HTTP/1.1" 200 43 "http://www.naples-usa.com/calendar-clubs-and-orgs.htm" "Mozilla/4.0 (compatible; MSIE 8.0; Windows NT 5.1; Trident/4.0; GTB6; .NET CLR 1.0.3705; Media Center PC 3.1; .NET CLR 1.1.4322)"
98.208.235.130 - - [09/Jan/2011:18:42:47 -0500] "GET /calendar-clubs-and-orgs.htm HTTP/1.1" 200 27411 "http://search.aol.com/aol/search?invocationType=webmail-hawaii1-standardaol&query=singles%20network%20of%20naples" "Mozilla/4.0 (compatible; MSIE 8.0; Windows NT 5.1; Trident/4.0; GTB6; .NET CLR 1.0.3705; Media Center PC 3.1; .NET CLR 1.1.4322)"
98.208.235.130 - - [09/Jan/2011:18:42:47 -0500] "GET /dynamic_styles.css HTTP/1.1" 404 299 "http://www.naples-usa.com/calendar-clubs-and-orgs.htm" "Mozilla/4.0 (compatible; MSIE 8.0; Windows NT 5.1; Trident/4.0; GTB6; .NET CLR 1.0.3705; Media Center PC 3.1; .NET CLR 1.1.4322)"
98.208.235.130 - - [09/Jan/2011:18:42:47 -0500] "GET /javascripts/address.js HTTP/1.1" 404 303 "http://www.naples-usa.com/calendar-clubs-and-orgs.htm" "Mozilla/4.0 (compatible; MSIE 8.0; Windows NT 5.1; Trident/4.0; GTB6; .NET CLR 1.0.3705; Media Center PC 3.1; .NET CLR 1.1.4322)"
98.208.235.130 - - [09/Jan/2011:18:42:47 -0500] "GET /favicon.ico HTTP/1.1" 404 292 "-" "Mozilla/4.0 (compatible; MSIE 8.0; Windows NT 5.1; Trident/4.0; GTB6; .NET CLR 1.0.3705; Media Center PC 3.1; .NET CLR 1.1.4322)"
95.108.217.252 - - [09/Jan/2011:18:50:31 -0500] "GET /index.html HTTP/1.1" 200 11305 "-" "Mozilla/5.0 (compatible; YandexBot/3.0; +http://yandex.com/bots)"
108.28.241.60 - - [09/Jan/2011:18:51:43 -0500] "GET /images/1_naples%20florida%20real%20estate_index.jpg HTTP/1.1" 200 24287 "http://www.google.com/imgres?imgurl=http://www.naples-usa.com/images/1_naples%2520florida%2520real%2520estate_index.jpg&imgrefurl=http://www.dolphinworld.net/wordpress/2008/02/19/naples-florida-dolphin-swim-tour/&usg=__qADXQoSKXq32YdNCGsSumn4G-8c=&h=256&w=375&sz=24&hl=en&start=0&zoom=1&tbnid=xiSSaf0OQrPq8M:&tbnh=138&tbnw=207&prev=/images%3Fq%3Dnaples%2Bflorida%26um%3D1%26hl%3Den%26sa%3DN%26biw%3D1003%26bih%3D595%26tbs%3Disch:1&um=1&itbs=1&iact=hc&vpx=474&vpy=264&dur=683&hovh=185&hovw=272&tx=167&ty=118&ei=yEkqTeqgM4L98AaBn5jQDQ&oei=yEkqTeqgM4L98AaBn5jQDQ&esq=1&page=1&ndsp=12&ved=1t:429,r:6,s:0" "Mozilla/4.0 (compatible; MSIE 8.0; Windows NT 6.0; WOW64; Trident/4.0; SLCC1; .NET CLR 2.0.50727; Media Center PC 5.0; .NET CLR 3.5.30729; .NET4.0C; BRI/1; .NET CLR 3.0.30729; msn OptimizedIE8;ENUS)"
173.168.107.242 - - [09/Jan/2011:18:53:37 -0500] "GET /naples-weather.htm HTTP/1.1" 200 16725 "http://www.google.com/search?hl=en&rls=com.microsoft%3Aen-us%3AIE-SearchBox&rlz=1I7ACAW&q=florida+average+temperature+in+spring&aq=f&aqi=&aql=&oq=&gs_rfai=" "Mozilla/4.0 (compatible; MSIE 8.0; Windows NT 6.1; WOW64; Trident/4.0; GTB6.6; SLCC2; .NET CLR 2.0.50727; .NET CLR 3.5.30729; .NET CLR 3.0.30729; Media Center PC 6.0; eSobiSubscriber 2.0.4.16; .NET4.0C; AskTbFWV5/5.9.1.14019)"
173.168.107.242 - - [09/Jan/2011:18:53:37 -0500] "GET /images/welcome_usa.gif HTTP/1.1" 200 7890 "http://www.naples-usa.com/naples-weather.htm" "Mozilla/4.0 (compatible; MSIE 8.0; Windows NT 6.1; WOW64; Trident/4.0; GTB6.6; SLCC2; .NET CLR 2.0.50727; .NET CLR 3.5.30729; .NET CLR 3.0.30729; Media Center PC 6.0; eSobiSubscriber 2.0.4.16; .NET4.0C; AskTbFWV5/5.9.1.14019)"
173.168.107.242 - - [09/Jan/2011:18:53:37 -0500] "GET /transparent.gif HTTP/1.1" 200 43 "http://www.naples-usa.com/naples-weather.htm" "Mozilla/4.0 (compatible; MSIE 8.0; Windows NT 6.1; WOW64; Trident/4.0; GTB6.6; SLCC2; .NET CLR 2.0.50727; .NET CLR 3.5.30729; .NET CLR 3.0.30729; Media Center PC 6.0; eSobiSubscriber 2.0.4.16; .NET4.0C; AskTbFWV5/5.9.1.14019)"
173.168.107.242 - - [09/Jan/2011:18:53:37 -0500] "GET /images/florida_logo.gif HTTP/1.1" 200 1024 "http://www.naples-usa.com/naples-weather.htm" "Mozilla/4.0 (compatible; MSIE 8.0; Windows NT 6.1; WOW64; Trident/4.0; GTB6.6; SLCC2; .NET CLR 2.0.50727; .NET CLR 3.5.30729; .NET CLR 3.0.30729; Media Center PC 6.0; eSobiSubscriber 2.0.4.16; .NET4.0C; AskTbFWV5/5.9.1.14019)"
173.168.107.242 - - [09/Jan/2011:18:53:38 -0500] "GET /favicon.ico HTTP/1.1" 404 292 "-" "Mozilla/4.0 (compatible; MSIE 8.0; Windows NT 6.1; WOW64; Trident/4.0; GTB6.6; SLCC2; .NET CLR 2.0.50727; .NET CLR 3.5.30729; .NET CLR 3.0.30729; Media Center PC 6.0; eSobiSubscriber 2.0.4.16; .NET4.0C; AskTbFWV5/5.9.1.14019)"
71.200.209.15 - - [09/Jan/2011:18:56:01 -0500] "GET /favicon.ico HTTP/1.1" 404 292 "-" "ee://aol/http"
71.200.209.15 - - [09/Jan/2011:18:56:12 -0500] "GET /favicon.ico HTTP/1.1" 404 292 "-" "ee://aol/http"
67.195.112.50 - - [09/Jan/2011:18:59:27 -0500] "GET /stevens.htm HTTP/1.0" 404 280 "-" "Mozilla/5.0 (compatible; Yahoo! Slurp; http://help.yahoo.com/help/us/ysearch/slurp)"
67.195.112.50 - - [09/Jan/2011:19:03:26 -0500] "GET /molhoek.htm HTTP/1.0" 200 8161 "-" "Mozilla/5.0 (compatible; Yahoo! Slurp; http://help.yahoo.com/help/us/ysearch/slurp)"
69.247.254.252 - - [09/Jan/2011:19:15:50 -0500] "GET /Logos/1_df-72dpi-250x30pix-banner.jpg HTTP/1.1" 304 - "http://sn115w.snt115.mail.live.com/mail/RteFrame.html?v=15.4.0342.1206&pf=pf" "Mozilla/4.0 (compatible; MSIE 8.0; Windows NT 5.1; Trident/4.0)"
74.141.154.193 - - [09/Jan/2011:19:26:21 -0500] "GET /images/1_naples%20florida%20real%20estate_index.jpg HTTP/1.1" 200 24287 "http://www.google.com/imgres?imgurl=http://www.naples-usa.com/images/1_naples%2520florida%2520real%2520estate_index.jpg&imgrefurl=http://www.dolphinworld.net/wordpress/2008/02/19/naples-florida-dolphin-swim-tour/&usg=__qADXQoSKXq32YdNCGsSumn4G-8c=&h=256&w=375&sz=24&hl=en&start=0&zoom=1&tbnid=xiSSaf0OQrPq8M:&tbnh=133&tbnw=189&prev=/images%3Fq%3Dnaples%2Bflorida%26hl%3Den%26safe%3Doff%26biw%3D1362%26bih%3D595%26gbv%3D2%26tbs%3Disch:1&itbs=1&iact=hc&vpx=126&vpy=265&dur=1217&hovh=185&hovw=272&tx=122&ty=110&ei=HVIqTYv-D4H78AbbzJTFDQ&oei=HVIqTYv-D4H78AbbzJTFDQ&esq=1&page=1&ndsp=18&ved=1t:429,r:6,s:0" "Mozilla/4.0 (compatible; MSIE 8.0; Windows NT 6.0; WOW64; Trident/4.0; SLCC1; .NET CLR 2.0.50727; Media Center PC 5.0; .NET CLR 3.5.30729; InfoPath.2; .NET CLR 3.0.30729; .NET4.0C)"
206.123.88.26 - - [09/Jan/2011:19:27:53 -0500] "GET /robots.txt HTTP/1.1" 404 291 "-" "Mozilla/5.0 (compatible; Bender; http://sites.google.com/site/bendercrawler)"
206.123.88.26 - - [09/Jan/2011:19:27:54 -0500] "GET /Vendors/index.html HTTP/1.1" 200 456837 "-" "Mozilla/5.0 (compatible; Bender; http://sites.google.com/site/bendercrawler)"
98.213.249.141 - - [09/Jan/2011:19:42:48 -0500] "GET /images/1_naples%20florida%20real%20estate_index.jpg HTTP/1.1" 200 24287 "http://www.google.com/imgres?imgurl=http://www.naples-usa.com/images/1_naples%2520florida%2520real%2520estate_index.jpg&imgrefurl=http://www.dolphinworld.net/wordpress/2008/02/19/naples-florida-dolphin-swim-tour/&usg=__qADXQoSKXq32YdNCGsSumn4G-8c=&h=256&w=375&sz=24&hl=en&start=0&zoom=1&tbnid=xiSSaf0OQrPq8M:&tbnh=123&tbnw=174&prev=/images%3Fq%3Dnaples%2Bflorida%26um%3D1%26hl%3Den%26sa%3DN%26biw%3D1280%26bih%3D699%26tbs%3Disch:1&um=1&itbs=1&iact=hc&vpx=120&vpy=252&dur=127&hovh=185&hovw=272&tx=185&ty=74&ei=pVUqTZujI9OhnQfjy9HyDQ&oei=pVUqTZujI9OhnQfjy9HyDQ&esq=1&page=1&ndsp=24&ved=1t:429,r:6,s:0" "Mozilla/5.0 (Windows; U; Windows NT 6.1; en-US) AppleWebKit/534.10 (KHTML, like Gecko) Chrome/8.0.552.224 Safari/534.10"
99.205.8.15 - - [09/Jan/2011:19:43:42 -0500] "GET /images/1_naples%20florida%20real%20estate_index.jpg HTTP/1.1" 200 24287 "http://www.dolphinworld.net/wordpress/2008/02/19/naples-florida-dolphin-swim-tour/" "Mozilla/5.0 (webOS/1.4.5; U; en-US) AppleWebKit/532.2 (KHTML, like Gecko) Version/1.0 Safari/532.2 Pixi/1.0"
207.46.204.197 - - [09/Jan/2011:19:50:50 -0500] "GET /robots.txt HTTP/1.1" 404 291 "-" "Mozilla/5.0 (compatible; bingbot/2.0; +http://www.bing.com/bingbot.htm)"
67.71.32.147 - - [09/Jan/2011:19:54:06 -0500] "GET /images/1_naples%20florida%20real%20estate_index.jpg HTTP/1.1" 200 24287 "http://www.google.ca/imgres?imgurl=http://www.naples-usa.com/images/1_naples%2520florida%2520real%2520estate_index.jpg&imgrefurl=http://www.dolphinworld.net/wordpress/2008/02/19/naples-florida-dolphin-swim-tour/&usg=__qADXQoSKXq32YdNCGsSumn4G-8c=&h=256&w=375&sz=24&hl=fr&start=16&zoom=1&tbnid=xiSSaf0OQrPq8M:&tbnh=158&tbnw=211&prev=/images%3Fq%3Dnaples%2Bfloride%26hl%3Dfr%26sa%3DX%26rls%3Dcom.microsoft:fr-ca:IE-SearchBox%26rlz%3D1I7SKPB_fr%26biw%3D1003%26bih%3D491%26tbs%3Disch:1&itbs=1&iact=rc&ei=plgqTdOrBcL98Ab0kJD7AQ&oei=lVgqTaSwCsL58Aax_LjiDg&esq=3&page=3&ndsp=8&ved=1t:429,r:5,s:16&tx=133&ty=118" "Mozilla/4.0 (compatible; MSIE 7.0; Windows NT 5.1; Trident/4.0; GTB6.6; .NET CLR 2.0.50727; OfficeLiveConnector.1.3; OfficeLivePatch.0.0; .NET CLR 3.0.4506.2152; .NET CLR 3.5.30729)"
67.195.112.50 - - [09/Jan/2011:19:56:55 -0500] "GET /area-information-calendar.htm HTTP/1.0" 404 298 "-" "Mozilla/5.0 (compatible; Yahoo! Slurp; http://help.yahoo.com/help/us/ysearch/slurp)"
207.46.204.197 - - [09/Jan/2011:19:58:26 -0500] "GET / HTTP/1.1" 304 - "-" "Mozilla/5.0 (compatible; bingbot/2.0; +http://www.bing.com/bingbot.htm)"
67.195.112.50 - - [09/Jan/2011:20:05:19 -0500] "GET /greenstein/home.htm HTTP/1.0" 404 288 "-" "Mozilla/5.0 (compatible; Yahoo! Slurp; http://help.yahoo.com/help/us/ysearch/slurp)"
76.8.109.136 - - [09/Jan/2011:20:07:45 -0500] "GET /TheProcacciGroup/28491_altessa-pool-cabana.jpg HTTP/1.1" 404 327 "http://www.airtightinteractive.com/projects/simple_image_search/app/viewer.swf" "Mozilla/4.0 (compatible; MSIE 7.0; Windows NT 5.1; GTB6; Mozilla/4.0 (compatible; MSIE 6.0; Windows NT 5.1; SV1) ; MS Internet Explorer)"
66.220.149.244 - - [09/Jan/2011:20:13:15 -0500] "GET /images/1_naples%20florida%20real%20estate_index.jpg HTTP/1.1" 200 24287 "-" "facebookexternalhit/1.0 (+http://www.facebook.com/externalhit_uatext.php)"
207.46.199.183 - - [09/Jan/2011:20:29:42 -0500] "GET /robots.txt HTTP/1.1" 404 291 "-" "Mozilla/5.0 (compatible; bingbot/2.0; +http://www.bing.com/bingbot.htm)"
207.46.204.231 - - [09/Jan/2011:20:34:23 -0500] "GET /naples-weather.htm HTTP/1.1" 304 - "-" "Mozilla/5.0 (compatible; bingbot/2.0; +http://www.bing.com/bingbot.htm)"
108.5.153.15 - - [09/Jan/2011:20:52:45 -0500] "GET /naples-weather.htm HTTP/1.1" 200 16725 "http://search.comcast.net/?cat=Web&con=homepage&q=annual+weather+naples%2C+fla" "Mozilla/4.0 (compatible; MSIE 8.0; Windows NT 6.0; WOW64; Trident/4.0; SLCC1; .NET CLR 2.0.50727; Media Center PC 5.0; MDDC; .NET CLR 3.5.30729; .NET CLR 3.0.30729; .NET4.0C)"
108.5.153.15 - - [09/Jan/2011:20:52:45 -0500] "GET /images/welcome_usa.gif HTTP/1.1" 200 7890 "http://www.naples-usa.com/naples-weather.htm" "Mozilla/4.0 (compatible; MSIE 8.0; Windows NT 6.0; WOW64; Trident/4.0; SLCC1; .NET CLR 2.0.50727; Media Center PC 5.0; MDDC; .NET CLR 3.5.30729; .NET CLR 3.0.30729; .NET4.0C)"
108.5.153.15 - - [09/Jan/2011:20:52:46 -0500] "GET /images/florida_logo.gif HTTP/1.1" 200 1024 "http://www.naples-usa.com/naples-weather.htm" "Mozilla/4.0 (compatible; MSIE 8.0; Windows NT 6.0; WOW64; Trident/4.0; SLCC1; .NET CLR 2.0.50727; Media Center PC 5.0; MDDC; .NET CLR 3.5.30729; .NET CLR 3.0.30729; .NET4.0C)"
108.5.153.15 - - [09/Jan/2011:20:52:46 -0500] "GET /transparent.gif HTTP/1.1" 200 43 "http://www.naples-usa.com/naples-weather.htm" "Mozilla/4.0 (compatible; MSIE 8.0; Windows NT 6.0; WOW64; Trident/4.0; SLCC1; .NET CLR 2.0.50727; Media Center PC 5.0; MDDC; .NET CLR 3.5.30729; .NET CLR 3.0.30729; .NET4.0C)"
108.5.153.15 - - [09/Jan/2011:20:52:46 -0500] "GET /favicon.ico HTTP/1.1" 404 292 "-" "Mozilla/4.0 (compatible; MSIE 8.0; Windows NT 6.0; WOW64; Trident/4.0; SLCC1; .NET CLR 2.0.50727; Media Center PC 5.0; MDDC; .NET CLR 3.5.30729; .NET CLR 3.0.30729; .NET4.0C)"
24.150.79.59 - - [09/Jan/2011:20:56:56 -0500] "GET /images/1_naples%20florida%20real%20estate_index.jpg HTTP/1.1" 200 24287 "http://www.google.ca/imgres?imgurl=http://www.naples-usa.com/images/1_naples%2520florida%2520real%2520estate_index.jpg&imgrefurl=http://www.dolphinworld.net/wordpress/2008/02/19/naples-florida-dolphin-swim-tour/&usg=__qADXQoSKXq32YdNCGsSumn4G-8c=&h=256&w=375&sz=24&hl=en&start=0&zoom=1&tbnid=xiSSaf0OQrPq8M:&tbnh=136&tbnw=187&prev=/images%3Fq%3Dnaples%2Bflorida%26um%3D1%26hl%3Den%26client%3Dsafari%26sa%3DN%26rls%3Den%26biw%3D1361%26bih%3D897%26tbs%3Disch:1&um=1&itbs=1&iact=hc&vpx=127&vpy=272&dur=4277&hovh=185&hovw=272&tx=135&ty=78&ei=UmcqTcawDNCEswbkwvjYDA&oei=UmcqTcawDNCEswbkwvjYDA&esq=1&page=1&ndsp=30&ved=1t:429,r:6,s:0" "Mozilla/5.0 (Macintosh; U; Intel Mac OS X 10_5_8; en-us) AppleWebKit/533.18.1 (KHTML, like Gecko) Version/5.0.2 Safari/533.18.5"
69.139.42.122 - - [09/Jan/2011:21:01:21 -0500] "GET /naples-florida-fishing.htm HTTP/1.1" 200 15147 "http://www.google.com/search?q=collier+county+reef+gps&hl=en&client=safari&prmd=ivns&ei=W2gqTa3LDoaKlwe-hrjTAQ&start=30&sa=N" "Mozilla/5.0 (iPad; U; CPU OS 4_2_1 like Mac OS X; en-us) AppleWebKit/533.17.9 (KHTML, like Gecko) Version/5.0.2 Mobile/8C148 Safari/6533.18.5"
69.139.42.122 - - [09/Jan/2011:21:01:21 -0500] "GET /images/welcome_usa.gif HTTP/1.1" 200 7890 "http://www.naples-usa.com/naples-florida-fishing.htm" "Mozilla/5.0 (iPad; U; CPU OS 4_2_1 like Mac OS X; en-us) AppleWebKit/533.17.9 (KHTML, like Gecko) Version/5.0.2 Mobile/8C148 Safari/6533.18.5"
69.139.42.122 - - [09/Jan/2011:21:01:21 -0500] "GET /transparent.gif HTTP/1.1" 200 43 "http://www.naples-usa.com/naples-florida-fishing.htm" "Mozilla/5.0 (iPad; U; CPU OS 4_2_1 like Mac OS X; en-us) AppleWebKit/533.17.9 (KHTML, like Gecko) Version/5.0.2 Mobile/8C148 Safari/6533.18.5"
69.139.42.122 - - [09/Jan/2011:21:01:22 -0500] "GET /images/florida_logo.gif HTTP/1.1" 200 1024 "http://www.naples-usa.com/naples-florida-fishing.htm" "Mozilla/5.0 (iPad; U; CPU OS 4_2_1 like Mac OS X; en-us) AppleWebKit/533.17.9 (KHTML, like Gecko) Version/5.0.2 Mobile/8C148 Safari/6533.18.5"
69.139.42.122 - - [09/Jan/2011:21:01:22 -0500] "GET /images/fish.gif HTTP/1.1" 200 1968 "http://www.naples-usa.com/naples-florida-fishing.htm" "Mozilla/5.0 (iPad; U; CPU OS 4_2_1 like Mac OS X; en-us) AppleWebKit/533.17.9 (KHTML, like Gecko) Version/5.0.2 Mobile/8C148 Safari/6533.18.5"
69.139.42.122 - - [09/Jan/2011:21:01:22 -0500] "GET /images/images/1_boats.jpg HTTP/1.1" 200 1755 "http://www.naples-usa.com/naples-florida-fishing.htm" "Mozilla/5.0 (iPad; U; CPU OS 4_2_1 like Mac OS X; en-us) AppleWebKit/533.17.9 (KHTML, like Gecko) Version/5.0.2 Mobile/8C148 Safari/6533.18.5"
99.162.59.100 - - [09/Jan/2011:21:02:43 -0500] "GET /images/1_naples%20florida%20real%20estate_index.jpg HTTP/1.1" 200 24287 "http://www.google.com/imgres?imgurl=http://www.naples-usa.com/images/1_naples%2520florida%2520real%2520estate_index.jpg&imgrefurl=http://www.dolphinworld.net/wordpress/2008/02/19/naples-florida-dolphin-swim-tour/&usg=__qADXQoSKXq32YdNCGsSumn4G-8c=&h=256&w=375&sz=24&hl=en&start=0&zoom=1&tbnid=xiSSaf0OQrPq8M:&tbnh=131&tbnw=190&prev=/images%3Fq%3Dnaples%2Bflorida%26um%3D1%26hl%3Den%26client%3Dsafari%26sa%3DN%26rls%3Den%26biw%3D1199%26bih%3D698%26tbs%3Disch:1&um=1&itbs=1&iact=hc&vpx=136&vpy=377&dur=466&hovh=184&hovw=271&tx=118&ty=118&ei=LWQqTY_ZKY2mnAeHwqmOAg&oei=02MqTdv_NoeTnQek_rHmDQ&esq=11&page=1&ndsp=16&ved=1t:429,r:6,s:0" "Mozilla/5.0 (Macintosh; U; Intel Mac OS X 10_6_4; en-us) AppleWebKit/533.18.1 (KHTML, like Gecko) Version/5.0.2 Safari/533.18.5"
98.235.166.127 - - [09/Jan/2011:21:05:30 -0500] "GET /images/1_naples%20florida%20real%20estate_index.jpg HTTP/1.1" 200 24287 "http://www.google.com/imgres?imgurl=http://www.naples-usa.com/images/1_naples%2520florida%2520real%2520estate_index.jpg&imgrefurl=http://www.dolphinworld.net/wordpress/2008/02/19/naples-florida-dolphin-swim-tour/&usg=__qADXQoSKXq32YdNCGsSumn4G-8c=&h=256&w=375&sz=24&hl=en&start=0&sig2=rAVupgcq87bKKefiTMs2hg&zoom=1&tbnid=xiSSaf0OQrPq8M:&tbnh=155&tbnw=223&ei=UGkqTcr3Lc6s8AaZ2ZzSDQ&prev=/images%3Fq%3Dnaples%2Bflorida%26um%3D1%26hl%3Den%26sa%3DN%26gl%3Dus%26biw%3D1366%26bih%3D667%26tbs%3Disch:1&um=1&itbs=1&iact=hc&vpx=145&vpy=302&dur=21&hovh=185&hovw=272&tx=173&ty=114&oei=UGkqTcr3Lc6s8AaZ2ZzSDQ&esq=1&page=1&ndsp=16&ved=1t:429,r:6,s:0" "Mozilla/5.0 (Windows; U; Windows NT 6.1; en-US) AppleWebKit/534.10 (KHTML, like Gecko) Chrome/8.0.552.224 Safari/534.10"
67.195.112.50 - - [09/Jan/2011:21:14:07 -0500] "GET /robots.txt HTTP/1.0" 404 279 "-" "Mozilla/5.0 (compatible; Yahoo! Slurp; http://help.yahoo.com/help/us/ysearch/slurp)"
67.195.112.50 - - [09/Jan/2011:21:14:07 -0500] "GET /fuller/?M=A HTTP/1.0" 404 276 "-" "Mozilla/5.0 (compatible; Yahoo! Slurp; http://help.yahoo.com/help/us/ysearch/slurp)"
166.137.14.119 - - [09/Jan/2011:21:19:55 -0500] "GET /images/1_naples%20florida%20real%20estate_index.jpg HTTP/1.1" 200 24287 "http://www.dolphinworld.net/wordpress/2008/02/19/naples-florida-dolphin-swim-tour/" "Mozilla/5.0 (iPhone; U; CPU iPhone OS 3_1_3 like Mac OS X; en-us) AppleWebKit/528.18 (KHTML, like Gecko) Version/4.0 Mobile/7E18 Safari/528.16"
67.195.112.50 - - [09/Jan/2011:21:27:59 -0500] "GET /TheProcacciGroup/2738_tiburon-pool.jpg.LCK HTTP/1.0" 404 311 "-" "Mozilla/5.0 (compatible; Yahoo! Slurp; http://help.yahoo.com/help/us/ysearch/slurp)"
193.47.80.45 - - [09/Jan/2011:21:28:10 -0500] "GET /Naples-Florida-Important-Phone-Numbers.htm HTTP/1.1" 304 - "-" "Mozilla/5.0 (compatible; Exabot/3.0; +http://www.exabot.com/go/robot)"
95.108.217.252 - - [09/Jan/2011:21:49:37 -0500] "GET / HTTP/1.1" 200 11305 "-" "Mozilla/5.0 (compatible; YandexBot/3.0; +http://yandex.com/bots)"
174.129.69.103 - - [09/Jan/2011:21:52:33 -0500] "GET / HTTP/1.1" 200 11305 "-" "Mozilla/5.0 (Windows; U; Windows NT 6.0; en-US; rv:1.9.2.3) Gecko/20100401 Firefox/3.6.3 GTB6 (.NET CLR 3.5.30729)"
207.46.13.89 - - [09/Jan/2011:22:03:50 -0500] "GET /robots.txt HTTP/1.1" 404 291 "-" "Mozilla/5.0 (compatible; bingbot/2.0; +http://www.bing.com/bingbot.htm)"
207.46.13.89 - - [09/Jan/2011:22:13:54 -0500] "GET /naples-florida-beachesandparks.htm HTTP/1.1" 304 - "-" "Mozilla/5.0 (compatible; bingbot/2.0; +http://www.bing.com/bingbot.htm)"
124.115.0.156 - - [09/Jan/2011:22:28:19 -0500] "GET / HTTP/1.1" 200 11305 "-" "Sosospider+(+http://help.soso.com/webspider.htm)"
206.123.88.26 - - [09/Jan/2011:22:46:01 -0500] "GET /robots.txt HTTP/1.1" 404 291 "-" "Mozilla/5.0 (compatible; Bender; http://sites.google.com/site/bendercrawler)"
206.123.88.26 - - [09/Jan/2011:22:46:01 -0500] "GET /Vendors/index.html HTTP/1.1" 200 456837 "-" "Mozilla/5.0 (compatible; Bender; http://sites.google.com/site/bendercrawler)"
67.195.112.50 - - [09/Jan/2011:23:14:38 -0500] "GET /greenstein/_notes/ HTTP/1.0" 404 287 "-" "Mozilla/5.0 (compatible; Yahoo! Slurp; http://help.yahoo.com/help/us/ysearch/slurp)"
66.249.71.46 - - [09/Jan/2011:23:18:49 -0500] "GET /TheProcacciGroup/rentals.htm HTTP/1.1" 404 309 "-" "Mozilla/5.0 (compatible; Googlebot/2.1; +http://www.google.com/bot.html)"
66.249.71.46 - - [09/Jan/2011:23:37:25 -0500] "GET /TheProcacciGroup/naplesfloridarentals6.htm HTTP/1.1" 404 323 "-" "Mozilla/5.0 (compatible; Googlebot/2.1; +http://www.google.com/bot.html)"
65.52.108.12 - - [09/Jan/2011:23:40:30 -0500] "GET /robots.txt HTTP/1.1" 404 291 "-" "Mozilla/5.0 (compatible; bingbot/2.0; +http://www.bing.com/bingbot.htm)"
65.52.108.12 - - [09/Jan/2011:23:47:25 -0500] "GET /Vendors/Vendors_list.htm HTTP/1.1" 404 305 "-" "Mozilla/5.0 (compatible; bingbot/2.0; +http://www.bing.com/bingbot.htm)"
188.106.217.180 - - [10/Jan/2011:00:01:58 -0500] "GET / HTTP/1.1" 200 11305 "-" "Mozilla/4.0 (compatible; MSIE 8.0; Windows NT 5.2; WOW64; Trident/4.0; .NET CLR 2.0.50727)"
67.195.112.59 - - [10/Jan/2011:00:07:02 -0500] "GET /robots.txt HTTP/1.0" 404 279 "-" "Mozilla/5.0 (compatible; Yahoo! Slurp; http://help.yahoo.com/help/us/ysearch/slurp)"
67.195.112.59 - - [10/Jan/2011:00:07:03 -0500] "GET /naples-arts.htm HTTP/1.0" 200 4976 "-" "Mozilla/5.0 (compatible; Yahoo! Slurp; http://help.yahoo.com/help/us/ysearch/slurp)"
207.46.195.106 - - [10/Jan/2011:00:09:03 -0500] "GET /robots.txt HTTP/1.1" 404 291 "-" "Mozilla/5.0 (compatible; bingbot/2.0; +http://www.bing.com/bingbot.htm)"
89.246.169.201 - - [10/Jan/2011:00:18:10 -0500] "GET /naples-boatdocks.htm HTTP/1.1" 200 14892 "-" "Mozilla/4.0 (compatible; MSIE 8.0; Windows NT 5.2; WOW64; Trident/4.0; .NET CLR 2.0.50727)"
95.108.217.252 - - [10/Jan/2011:00:18:53 -0500] "GET /weather.htm HTTP/1.1" 404 292 "-" "Mozilla/5.0 (compatible; YandexBot/3.0; +http://yandex.com/bots)"
67.195.112.50 - - [10/Jan/2011:00:21:35 -0500] "GET /naples-tour.htm HTTP/1.0" 200 22351 "-" "Mozilla/5.0 (compatible; Yahoo! Slurp; http://help.yahoo.com/help/us/ysearch/slurp)"
207.46.195.227 - - [10/Jan/2011:00:21:55 -0500] "GET /mortgage-dictionary.htm HTTP/1.1" 404 304 "-" "Mozilla/5.0 (compatible; bingbot/2.0; +http://www.bing.com/bingbot.htm)"
207.46.195.106 - - [10/Jan/2011:00:32:54 -0500] "GET /hopmann.htm HTTP/1.1" 404 292 "-" "Mozilla/5.0 (compatible; bingbot/2.0; +http://www.bing.com/bingbot.htm)"
207.46.13.97 - - [10/Jan/2011:00:51:24 -0500] "GET /tennis.htm HTTP/1.1" 404 291 "-" "Mozilla/5.0 (compatible; bingbot/2.0; +http://www.bing.com/bingbot.htm)"
66.249.71.46 - - [10/Jan/2011:01:01:17 -0500] "GET /holden/naplesrealestatelistings1.htm HTTP/1.1" 404 317 "-" "Mozilla/5.0 (compatible; Googlebot/2.1; +http://www.google.com/bot.html)"
207.46.199.45 - - [10/Jan/2011:01:02:28 -0500] "GET /robots.txt HTTP/1.1" 404 291 "-" "Mozilla/5.0 (compatible; bingbot/2.0; +http://www.bing.com/bingbot.htm)"
67.195.112.50 - - [10/Jan/2011:01:04:04 -0500] "GET /TheProcacciGroup/394_tern-kitch2.jpg.LCK HTTP/1.0" 404 309 "-" "Mozilla/5.0 (compatible; Yahoo! Slurp; http://help.yahoo.com/help/us/ysearch/slurp)"
67.195.112.50 - - [10/Jan/2011:01:16:47 -0500] "GET /TheProcacciGroup/2840_cypress-living.jpg.LCK HTTP/1.0" 404 313 "-" "Mozilla/5.0 (compatible; Yahoo! Slurp; http://help.yahoo.com/help/us/ysearch/slurp)"
76.5.1.181 - - [10/Jan/2011:01:22:47 -0500] "GET /lost-birds.htm HTTP/1.1" 200 39667 "http://www.google.com/m/search?q=African+grey+in+naples+fl&start=10&sa=N" "Mozilla/5.0 (iPod; U; CPU iPhone OS 4_1 like Mac OS X; en-us) AppleWebKit/532.9 (KHTML, like Gecko) Version/4.0.5 Mobile/8B117 Safari/6531.22.7"
207.46.199.45 - - [10/Jan/2011:01:34:19 -0500] "GET /purtill.htm HTTP/1.1" 404 292 "-" "Mozilla/5.0 (compatible; bingbot/2.0; +http://www.bing.com/bingbot.htm)"
66.249.71.46 - - [10/Jan/2011:01:38:34 -0500] "GET /sims.htm HTTP/1.1" 404 289 "-" "Mozilla/5.0 (compatible; Googlebot/2.1; +http://www.google.com/bot.html)"
71.191.186.211 - - [10/Jan/2011:01:43:31 -0500] "GET /images/1_naples%20florida%20real%20estate_index.jpg HTTP/1.1" 200 24287 "http://www.google.com/imgres?imgurl=http://www.naples-usa.com/images/1_naples%2520florida%2520real%2520estate_index.jpg&imgrefurl=http://www.dolphinworld.net/wordpress/2008/02/19/naples-florida-dolphin-swim-tour/&usg=__qADXQoSKXq32YdNCGsSumn4G-8c=&h=256&w=375&sz=24&hl=en&start=0&zoom=1&tbnid=xiSSaf0OQrPq8M:&tbnh=139&tbnw=206&prev=/images%3Fq%3Dnaples%2Bflorida%26um%3D1%26hl%3Den%26client%3Dfirefox-a%26sa%3DN%26rls%3Dorg.mozilla:en-US:official%26channel%3Ds%26biw%3D1280%26bih%3D619%26tbs%3Disch:1&um=1&itbs=1&iact=hc&vpx=135&vpy=279&dur=113&hovh=185&hovw=272&tx=147&ty=97&ei=jKoqTd27KsT7lwfi4a20BQ&oei=jKoqTd27KsT7lwfi4a20BQ&esq=1&page=1&ndsp=17&ved=1t:429,r:6,s:0" "Mozilla/5.0 (Windows; U; Windows NT 6.0; en-US; rv:1.9.2.13) Gecko/20101203 Firefox/3.6.13 ( .NET CLR 3.5.30729; .NET4.0C)"
207.46.13.133 - - [10/Jan/2011:02:07:08 -0500] "GET /robots.txt HTTP/1.1" 404 291 "-" "Mozilla/5.0 (compatible; bingbot/2.0; +http://www.bing.com/bingbot.htm)"
207.46.13.133 - - [10/Jan/2011:02:10:22 -0500] "GET /stevens/stevens_properties1.htm HTTP/1.1" 404 312 "-" "Mozilla/5.0 (compatible; bingbot/2.0; +http://www.bing.com/bingbot.htm)"
66.249.71.46 - - [10/Jan/2011:02:15:51 -0500] "GET /hofstetter.htm HTTP/1.1" 404 295 "-" "Mozilla/5.0 (compatible; Googlebot/2.1; +http://www.google.com/bot.html)"
67.195.112.50 - - [10/Jan/2011:02:25:16 -0500] "GET /TheProcacciGroup/7779_jewel-new-kitch.jpg.LCK HTTP/1.0" 404 314 "-" "Mozilla/5.0 (compatible; Yahoo! Slurp; http://help.yahoo.com/help/us/ysearch/slurp)"
58.61.164.18 - - [10/Jan/2011:02:29:24 -0500] "GET / HTTP/1.1" 200 11305 "-" "Mozilla/4.0 (compatible; MSIE 6.0; Windows NT 5.1)"
91.201.66.76 - - [10/Jan/2011:02:35:30 -0500] "GET /TheProcacciGroup/naplesfloridarentals2b.htm HTTP/1.0" 404 312 "http://www.naples-usa.com/TheProcacciGroup/naplesfloridarentals2b.htm" "Mozilla/4.0 (compatible; MSIE 5.0; Windows 3.1)"
91.201.66.76 - - [10/Jan/2011:02:35:30 -0500] "GET / HTTP/1.0" 200 11305 "http://www.naples-usa.com/" "Mozilla/4.0 (compatible; MSIE 5.0; Windows 3.1)"
207.46.13.146 - - [10/Jan/2011:02:44:21 -0500] "GET /Pointet.htm HTTP/1.1" 404 292 "-" "Mozilla/5.0 (compatible; bingbot/2.0; +http://www.bing.com/bingbot.htm)"
207.46.199.50 - - [10/Jan/2011:02:48:06 -0500] "GET /robots.txt HTTP/1.1" 404 291 "-" "Mozilla/5.0 (compatible; bingbot/2.0; +http://www.bing.com/bingbot.htm)"
66.249.71.46 - - [10/Jan/2011:02:53:08 -0500] "GET /parish-weissman.htm HTTP/1.1" 404 300 "-" "Mozilla/5.0 (compatible; Googlebot/2.1; +http://www.google.com/bot.html)"
207.46.199.50 - - [10/Jan/2011:02:55:50 -0500] "GET /greenstein/naples-florida-properties1.htm HTTP/1.1" 404 322 "-" "Mozilla/5.0 (compatible; bingbot/2.0; +http://www.bing.com/bingbot.htm)"
83.171.183.240 - - [10/Jan/2011:03:07:54 -0500] "GET /robots.txt HTTP/1.0" 404 279 "-" "Mozilla/5.0 (compatible; MJ12bot/v1.3.3; http://www.majestic12.co.uk/bot.php?+)"
83.171.183.240 - - [10/Jan/2011:03:07:58 -0500] "GET / HTTP/1.1" 200 11305 "-" "Mozilla/5.0 (compatible; MJ12bot/v1.3.3; http://www.majestic12.co.uk/bot.php?+)"
66.249.71.46 - - [10/Jan/2011:03:11:47 -0500] "GET /sloboda.htm HTTP/1.1" 404 292 "-" "Mozilla/5.0 (compatible; Googlebot/2.1; +http://www.google.com/bot.html)"
66.249.71.46 - - [10/Jan/2011:03:21:06 -0500] "GET /munz.htm HTTP/1.1" 404 289 "-" "Mozilla/5.0 (compatible; Googlebot/2.1; +http://www.google.com/bot.html)"
77.78.109.73 - - [10/Jan/2011:03:46:23 -0500] "GET / HTTP/1.1" 200 11305 "http://www.pagesinventory.com/domain/www.naples-usa.com.html" "Mozilla/5.0 (Windows; U; Windows NT 5.1; cs; rv:1.9.0.11) Gecko/2009060215 Firefox/3.0.11"
67.195.112.50 - - [10/Jan/2011:03:48:12 -0500] "GET /TheProcacciGroup/15683_marcello-stair.jpg.LCK HTTP/1.0" 404 314 "-" "Mozilla/5.0 (compatible; Yahoo! Slurp; http://help.yahoo.com/help/us/ysearch/slurp)"
67.195.112.50 - - [10/Jan/2011:03:50:56 -0500] "GET /recycling-info-naples-florida.htm HTTP/1.0" 200 13920 "-" "Mozilla/5.0 (compatible; Yahoo! Slurp; http://help.yahoo.com/help/us/ysearch/slurp)"
65.52.51.179 - - [10/Jan/2011:04:04:35 -0500] "GET /robots.txt HTTP/1.1" 404 291 "-" "Mozilla/5.0 (compatible; bingbot/2.0; +http://www.bing.com/bingbot.htm)"
66.249.71.46 - - [10/Jan/2011:04:07:41 -0500] "GET /suarez.htm HTTP/1.1" 404 291 "-" "Mozilla/5.0 (compatible; Googlebot/2.1; +http://www.google.com/bot.html)"
67.195.112.50 - - [10/Jan/2011:04:13:29 -0500] "GET /beatty/?S=D HTTP/1.0" 404 276 "-" "Mozilla/5.0 (compatible; Yahoo! Slurp; http://help.yahoo.com/help/us/ysearch/slurp)"
95.108.217.252 - - [10/Jan/2011:04:16:55 -0500] "GET /lost-pets.html HTTP/1.1" 404 295 "-" "Mozilla/5.0 (compatible; YandexBot/3.0; +http://yandex.com/bots)"
66.249.71.46 - - [10/Jan/2011:04:17:02 -0500] "GET /Vendors/Vendors_list.htm HTTP/1.1" 404 305 "-" "Mozilla/5.0 (compatible; Googlebot/2.1; +http://www.google.com/bot.html)"
207.46.195.242 - - [10/Jan/2011:04:17:05 -0500] "GET /robots.txt HTTP/1.1" 404 291 "-" "Mozilla/5.0 (compatible; bingbot/2.0; +http://www.bing.com/bingbot.htm)"
67.195.112.50 - - [10/Jan/2011:04:32:19 -0500] "GET /wilson-cipolla/naples-real-estate1.htm HTTP/1.0" 404 307 "-" "Mozilla/5.0 (compatible; Yahoo! Slurp; http://help.yahoo.com/help/us/ysearch/slurp)"
67.195.112.50 - - [10/Jan/2011:04:34:46 -0500] "GET /lost-pets.html HTTP/1.0" 404 283 "-" "Mozilla/5.0 (compatible; Yahoo! Slurp; http://help.yahoo.com/help/us/ysearch/slurp)"
207.46.195.242 - - [10/Jan/2011:04:36:50 -0500] "GET /suarez.htm HTTP/1.1" 404 291 "-" "Mozilla/5.0 (compatible; bingbot/2.0; +http://www.bing.com/bingbot.htm)"
62.231.141.193 - - [10/Jan/2011:05:01:23 -0500] "GET /robots.txt HTTP/1.0" 404 279 "-" "Mozilla/5.0 (compatible; MJ12bot/v1.3.3; http://www.majestic12.co.uk/bot.php?+)"
62.231.141.193 - - [10/Jan/2011:05:01:29 -0500] "GET / HTTP/1.0" 200 11305 "-" "Mozilla/5.0 (compatible; MJ12bot/v1.3.3; http://www.majestic12.co.uk/bot.php?+)"
124.115.0.15 - - [10/Jan/2011:05:02:00 -0500] "GET / HTTP/1.1" 200 11305 "-" "Sosospider+(+http://help.soso.com/webspider.htm)"
38.108.67.27 - - [10/Jan/2011:05:02:12 -0500] "GET /robots.txt HTTP/1.0" 404 279 "-" "SBIder/Nutch-1.0-dev (http://www.sitesell.com/sbider.html)"
38.108.67.27 - - [10/Jan/2011:05:02:12 -0500] "GET /reports_for-buyers.htm HTTP/1.0" 404 291 "-" "SBIder/Nutch-1.0-dev (http://www.sitesell.com/sbider.html)"
67.195.112.50 - - [10/Jan/2011:05:05:41 -0500] "GET /TheProcacciGroup/?N=D HTTP/1.0" 404 286 "-" "Mozilla/5.0 (compatible; Yahoo! Slurp; http://help.yahoo.com/help/us/ysearch/slurp)"
38.108.67.27 - - [10/Jan/2011:05:14:35 -0500] "GET /haas.htm HTTP/1.0" 404 277 "-" "SBIder/Nutch-1.0-dev (http://www.sitesell.com/sbider.html)"
119.63.198.8 - - [10/Jan/2011:05:17:14 -0500] "GET /robots.txt HTTP/1.1" 404 291 "-" "Baiduspider+(+http://www.baidu.com/search/spider.htm)"
207.46.12.239 - - [10/Jan/2011:05:21:45 -0500] "GET /robots.txt HTTP/1.1" 404 291 "-" "Mozilla/5.0 (compatible; bingbot/2.0; +http://www.bing.com/bingbot.htm)"
66.249.71.46 - - [10/Jan/2011:05:22:18 -0500] "GET /TheProcacciGroup/naplesfloridarentals4copy.htm HTTP/1.1" 404 327 "-" "Mozilla/5.0 (compatible; Googlebot/2.1; +http://www.google.com/bot.html)"
67.195.112.50 - - [10/Jan/2011:05:29:41 -0500] "GET /TheProcacciGroup/5840_bromelia-208033266.jpg.LCK HTTP/1.0" 404 317 "-" "Mozilla/5.0 (compatible; Yahoo! Slurp; http://help.yahoo.com/help/us/ysearch/slurp)"
66.249.71.46 - - [10/Jan/2011:05:31:37 -0500] "GET /harrison/properties1.htm HTTP/1.1" 404 305 "-" "Mozilla/5.0 (compatible; Googlebot/2.1; +http://www.google.com/bot.html)"
38.108.67.27 - - [10/Jan/2011:05:38:58 -0500] "GET /romano/testimonials.htm HTTP/1.0" 404 292 "-" "SBIder/Nutch-1.0-dev (http://www.sitesell.com/sbider.html)"
66.249.71.46 - - [10/Jan/2011:05:40:56 -0500] "GET /doonan/index.html HTTP/1.1" 404 298 "-" "Mozilla/5.0 (compatible; Googlebot/2.1; +http://www.google.com/bot.html)"
38.108.67.27 - - [10/Jan/2011:05:49:31 -0500] "GET /boat_docks.htm HTTP/1.0" 404 283 "-" "SBIder/Nutch-1.0-dev (http://www.sitesell.com/sbider.html)"
207.46.12.239 - - [10/Jan/2011:05:59:49 -0500] "GET /test-new.htm HTTP/1.1" 404 293 "-" "Mozilla/5.0 (compatible; bingbot/2.0; +http://www.bing.com/bingbot.htm)"
38.108.67.27 - - [10/Jan/2011:06:00:32 -0500] "GET /homestead.htm HTTP/1.0" 404 282 "-" "SBIder/Nutch-1.0-dev (http://www.sitesell.com/sbider.html)"
38.108.67.27 - - [10/Jan/2011:06:01:29 -0500] "GET /reports_for-sellers.htm HTTP/1.0" 404 292 "-" "SBIder/Nutch-1.0-dev (http://www.sitesell.com/sbider.html)"
207.46.195.239 - - [10/Jan/2011:06:01:56 -0500] "GET /naples-florida-fishing.htm HTTP/1.1" 304 - "-" "Mozilla/5.0 (compatible; bingbot/2.0; +http://www.bing.com/bingbot.htm)"
66.235.124.1 - - [10/Jan/2011:06:17:32 -0500] "GET /robots.txt HTTP/1.1" 404 291 "-" "Mozilla/5.0 (compatible; Ask Jeeves/Teoma; +http://about.ask.com/en/docs/about/webmasters.shtml)"
66.235.124.1 - - [10/Jan/2011:06:17:32 -0500] "GET / HTTP/1.1" 200 11305 "-" "Mozilla/5.0 (compatible; Ask Jeeves/Teoma; +http://about.ask.com/en/docs/about/webmasters.shtml)"
66.249.71.46 - - [10/Jan/2011:06:18:15 -0500] "GET /robots.txt HTTP/1.1" 404 291 "-" "Mozilla/5.0 (compatible; Googlebot/2.1; +http://www.google.com/bot.html)"
66.249.71.46 - - [10/Jan/2011:06:18:15 -0500] "GET /johnson-cox.htm HTTP/1.1" 404 296 "-" "Mozilla/5.0 (compatible; Googlebot/2.1; +http://www.google.com/bot.html)"
66.249.71.46 - - [10/Jan/2011:06:36:47 -0500] "GET /rental-information.htm HTTP/1.1" 404 303 "-" "Mozilla/5.0 (compatible; Googlebot/2.1; +http://www.google.com/bot.html)"
66.249.71.46 - - [10/Jan/2011:06:46:12 -0500] "GET /zettel/properties1.htm HTTP/1.1" 404 303 "-" "Mozilla/5.0 (compatible; Googlebot/2.1; +http://www.google.com/bot.html)"
66.249.71.46 - - [10/Jan/2011:06:46:51 -0500] "GET /Vendors/images/_notes/ HTTP/1.1" 200 597 "-" "Mozilla/5.0 (compatible; Googlebot/2.1; +http://www.google.com/bot.html)"
67.195.112.50 - - [10/Jan/2011:06:54:52 -0500] "GET /race.htm HTTP/1.0" 404 277 "-" "Mozilla/5.0 (compatible; Yahoo! Slurp; http://help.yahoo.com/help/us/ysearch/slurp)"
66.249.71.46 - - [10/Jan/2011:06:55:30 -0500] "GET /TheProcacciGroup/rentals-new.htm HTTP/1.1" 404 313 "-" "Mozilla/5.0 (compatible; Googlebot/2.1; +http://www.google.com/bot.html)"
66.249.71.46 - - [10/Jan/2011:07:14:06 -0500] "GET /TheProcacciGroup/naplesfloridarentals1a.htm HTTP/1.1" 404 324 "-" "Mozilla/5.0 (compatible; Googlebot/2.1; +http://www.google.com/bot.html)"
66.249.71.46 - - [10/Jan/2011:07:23:30 -0500] "GET /boat_docks.htm HTTP/1.1" 404 295 "-" "Mozilla/5.0 (compatible; Googlebot/2.1; +http://www.google.com/bot.html)"
38.108.67.27 - - [10/Jan/2011:07:26:00 -0500] "GET /golf.htm HTTP/1.0" 404 277 "-" "SBIder/Nutch-1.0-dev (http://www.sitesell.com/sbider.html)"
66.249.71.46 - - [10/Jan/2011:07:32:49 -0500] "GET /stevens.htm HTTP/1.1" 404 292 "-" "Mozilla/5.0 (compatible; Googlebot/2.1; +http://www.google.com/bot.html)"
173.193.25.227 - - [10/Jan/2011:07:45:32 -0500] "GET /TheProcacciGroup/naplesfloridarentals2.htm HTTP/1.0" 404 311 "http://www.naples-usa.com/TheProcacciGroup/naplesfloridarentals2.htm" "Opera/8.01 (Windows NT 5.1)"
173.193.25.227 - - [10/Jan/2011:07:45:32 -0500] "GET / HTTP/1.0" 200 11305 "http://www.naples-usa.com/" "Opera/8.01 (Windows NT 5.1)"
207.46.194.80 - - [10/Jan/2011:07:48:07 -0500] "GET /robots.txt HTTP/1.1" 404 291 "-" "msnbot-media/1.1 (+http://search.msn.com/msnbot.htm)"
207.46.194.80 - - [10/Jan/2011:07:48:07 -0500] "GET /images/1_naples%20florida%20real%20estate_index.jpg HTTP/1.1" 200 24287 "-" "msnbot-media/1.1 (+http://search.msn.com/msnbot.htm)"
38.108.67.27 - - [10/Jan/2011:07:48:31 -0500] "GET /weather.htm HTTP/1.0" 404 280 "-" "SBIder/Nutch-1.0-dev (http://www.sitesell.com/sbider.html)"
66.249.71.46 - - [10/Jan/2011:07:51:28 -0500] "GET /netzow.htm HTTP/1.1" 404 291 "-" "Mozilla/5.0 (compatible; Googlebot/2.1; +http://www.google.com/bot.html)"
123.125.71.92 - - [10/Jan/2011:07:52:37 -0500] "GET / HTTP/1.1" 304 - "-" "Baiduspider+(+http://www.baidu.com/search/spider.htm)"
38.108.67.27 - - [10/Jan/2011:07:52:45 -0500] "GET /lost-pets.htm HTTP/1.0" 404 282 "-" "SBIder/Nutch-1.0-dev (http://www.sitesell.com/sbider.html)"
68.196.7.13 - - [10/Jan/2011:07:54:23 -0500] "GET /favicon.ico HTTP/1.1" 404 292 "-" "Mozilla/4.0 (compatible; GoogleToolbar 6.6.1124.846; Windows 6.0; MSIE 8.0.6001.18999)"
68.196.7.13 - - [10/Jan/2011:07:54:23 -0500] "GET /favicon.gif HTTP/1.1" 404 292 "-" "Mozilla/4.0 (compatible; GoogleToolbar 6.6.1124.846; Windows 6.0; MSIE 8.0.6001.18999)"
38.108.67.27 - - [10/Jan/2011:07:59:02 -0500] "GET /blaine/naples-rentals.htm HTTP/1.0" 404 294 "-" "SBIder/Nutch-1.0-dev (http://www.sitesell.com/sbider.html)"
66.249.71.46 - - [10/Jan/2011:08:00:48 -0500] "GET /blaine/naples-rentals.htm HTTP/1.1" 404 306 "-" "Mozilla/5.0 (compatible; Googlebot/2.1; +http://www.google.com/bot.html)"
131.107.65.43 - - [10/Jan/2011:08:03:24 -0500] "GET / HTTP/1.1" 200 11305 "-" "Mozilla/4.0 (compatible; MSIE 7.0; Windows NT 6.1; WOW64; Trident/4.0; SLCC2; .NET CLR 2.0.50727)"
131.107.65.43 - - [10/Jan/2011:08:03:24 -0500] "GET /naples-usa.css HTTP/1.1" 200 714 "http://www.naples-usa.com/" "Mozilla/4.0 (compatible; MSIE 7.0; Windows NT 6.1; WOW64; Trident/4.0; SLCC2; .NET CLR 2.0.50727)"
131.107.65.43 - - [10/Jan/2011:08:03:24 -0500] "GET /images/border%20naples.gif HTTP/1.1" 200 358 "http://www.naples-usa.com/" "Mozilla/4.0 (compatible; MSIE 7.0; Windows NT 6.1; WOW64; Trident/4.0; SLCC2; .NET CLR 2.0.50727)"
131.107.65.43 - - [10/Jan/2011:08:03:24 -0500] "GET /images/welcome_usa.gif HTTP/1.1" 200 7890 "http://www.naples-usa.com/" "Mozilla/4.0 (compatible; MSIE 7.0; Windows NT 6.1; WOW64; Trident/4.0; SLCC2; .NET CLR 2.0.50727)"
131.107.65.43 - - [10/Jan/2011:08:03:24 -0500] "GET /images/A-INDE~1.jpg HTTP/1.1" 200 23069 "http://www.naples-usa.com/" "Mozilla/4.0 (compatible; MSIE 7.0; Windows NT 6.1; WOW64; Trident/4.0; SLCC2; .NET CLR 2.0.50727)"
217.108.147.69 - - [10/Jan/2011:08:07:26 -0500] "GET /images/1_naples%20florida%20real%20estate_index.jpg HTTP/1.1" 200 24287 "-" "Mozilla/4.0 (compatible;)"
66.249.71.46 - - [10/Jan/2011:08:09:51 -0500] "GET /finnegan.htm HTTP/1.1" 404 293 "-" "Mozilla/5.0 (compatible; Googlebot/2.1; +http://www.google.com/bot.html)"
166.137.9.6 - - [10/Jan/2011:08:26:06 -0500] "GET /Logos/winner_250.jpg HTTP/1.1" 200 6408 "-" "Mozilla/5.0 (iPhone; U; CPU iPhone OS 4_2_1 like Mac OS X; en-us) AppleWebKit/533.17.9 (KHTML, like Gecko)"
166.137.9.6 - - [10/Jan/2011:08:26:06 -0500] "GET /Logos/1_df-72dpi-476x57pix-banner.jpg HTTP/1.1" 200 9733 "-" "Mozilla/5.0 (iPhone; U; CPU iPhone OS 4_2_1 like Mac OS X; en-us) AppleWebKit/533.17.9 (KHTML, like Gecko)"
166.137.9.6 - - [10/Jan/2011:08:26:06 -0500] "GET /Logos/winner_250.jpg HTTP/1.1" 200 6408 "-" "Mozilla/5.0 (iPhone; U; CPU iPhone OS 4_2_1 like Mac OS X; en-us) AppleWebKit/533.17.9 (KHTML, like Gecko)"
166.137.9.6 - - [10/Jan/2011:08:26:07 -0500] "GET /Logos/1_df-72dpi-476x57pix-banner.jpg HTTP/1.1" 200 9733 "-" "Mozilla/5.0 (iPhone; U; CPU iPhone OS 4_2_1 like Mac OS X; en-us) AppleWebKit/533.17.9 (KHTML, like Gecko)"
166.137.9.6 - - [10/Jan/2011:08:26:16 -0500] "GET /Logos/1_df-72dpi-476x57pix-banner.jpg HTTP/1.1" 200 9733 "-" "Mozilla/5.0 (iPhone; U; CPU iPhone OS 4_2_1 like Mac OS X; en-us) AppleWebKit/533.17.9 (KHTML, like Gecko)"
166.137.9.6 - - [10/Jan/2011:08:26:16 -0500] "GET /Logos/winner_250.jpg HTTP/1.1" 200 6408 "-" "Mozilla/5.0 (iPhone; U; CPU iPhone OS 4_2_1 like Mac OS X; en-us) AppleWebKit/533.17.9 (KHTML, like Gecko)"
166.137.9.6 - - [10/Jan/2011:08:26:17 -0500] "GET /Logos/winner_250.jpg HTTP/1.1" 200 6408 "-" "Mozilla/5.0 (iPhone; U; CPU iPhone OS 4_2_1 like Mac OS X; en-us) AppleWebKit/533.17.9 (KHTML, like Gecko)"
166.137.9.6 - - [10/Jan/2011:08:26:17 -0500] "GET /Logos/1_df-72dpi-476x57pix-banner.jpg HTTP/1.1" 200 9733 "-" "Mozilla/5.0 (iPhone; U; CPU iPhone OS 4_2_1 like Mac OS X; en-us) AppleWebKit/533.17.9 (KHTML, like Gecko)"
66.249.71.46 - - [10/Jan/2011:08:28:07 -0500] "GET /burgess.htm HTTP/1.1" 404 292 "-" "Mozilla/5.0 (compatible; Googlebot/2.1; +http://www.google.com/bot.html)"
207.46.13.54 - - [10/Jan/2011:08:29:01 -0500] "GET /robots.txt HTTP/1.1" 404 291 "-" "Mozilla/5.0 (compatible; bingbot/2.0; +http://www.bing.com/bingbot.htm)"
95.108.158.234 - - [10/Jan/2011:08:33:31 -0500] "GET /robots.txt HTTP/1.1" 404 291 "-" "Mozilla/5.0 (compatible; YandexImages/3.0; +http://yandex.com/bots)"
208.80.194.27 - - [10/Jan/2011:08:34:20 -0500] "GET / HTTP/1.0" 200 11305 "-" "Mozilla/4.0 (compatible; MSIE 7.0; Windows NT 5.1; snprtz|T05018259560176; (R1 1.5); .NET CLR 1.1.4322; .NET CLR 2.0.50727; .NET CLR 3.0.04506.30)"
208.80.194.27 - - [10/Jan/2011:08:34:20 -0500] "GET / HTTP/1.0" 200 11305 "-" "Mozilla/4.0 (compatible; MSIE 6.0; Windows NT 5.1; SV1; SU 2.010; (R1 1.5); .NET CLR 1.1.4322; .NET CLR 2.0.50727; .NET CLR 3.0.04506.30)"
207.46.199.43 - - [10/Jan/2011:08:36:13 -0500] "GET /robots.txt HTTP/1.1" 404 291 "-" "Mozilla/5.0 (compatible; bingbot/2.0; +http://www.bing.com/bingbot.htm)"
207.46.199.43 - - [10/Jan/2011:08:37:21 -0500] "GET /calendar.htm HTTP/1.1" 304 - "-" "Mozilla/5.0 (compatible; bingbot/2.0; +http://www.bing.com/bingbot.htm)"
66.249.71.46 - - [10/Jan/2011:08:37:26 -0500] "GET /holden/naplesrealestatelistings2.htm HTTP/1.1" 404 317 "-" "Mozilla/5.0 (compatible; Googlebot/2.1; +http://www.google.com/bot.html)"
38.108.67.27 - - [10/Jan/2011:08:43:15 -0500] "GET /home-improvement-naples-florida.htm HTTP/1.0" 404 304 "-" "SBIder/Nutch-1.0-dev (http://www.sitesell.com/sbider.html)"
66.249.71.46 - - [10/Jan/2011:08:46:42 -0500] "GET /doonan/naples-real-estate2.htm HTTP/1.1" 404 311 "-" "Mozilla/5.0 (compatible; Googlebot/2.1; +http://www.google.com/bot.html)"
66.249.71.46 - - [10/Jan/2011:08:56:12 -0500] "GET /carrier.htm HTTP/1.1" 404 292 "-" "Mozilla/5.0 (compatible; Googlebot/2.1; +http://www.google.com/bot.html)"
87.121.170.79 - - [10/Jan/2011:08:58:57 -0500] "GET /images/1_naples%20florida%20real%20estate_index.jpg HTTP/1.1" 200 24287 "http://www.google.bg/imgres?imgurl=http://www.naples-usa.com/images/1_naples%2520florida%2520real%2520estate_index.jpg&imgrefurl=http://www.dolphinworld.net/wordpress/2008/02/19/naples-florida-dolphin-swim-tour/&usg=__qADXQoSKXq32YdNCGsSumn4G-8c=&h=256&w=375&sz=24&hl=bg&start=0&zoom=1&tbnid=xiSSaf0OQrPq8M:&tbnh=162&tbnw=205&prev=/images%3Fq%3Dnaples%2Bflorida%26um%3D1%26hl%3Dbg%26client%3Dfirefox-a%26sa%3DN%26rls%3Dorg.mozilla:bg:official%26biw%3D1280%26bih%3D831%26tbs%3Disch:1&um=1&itbs=1&iact=hc&vpx=361&vpy=287&dur=444&hovh=185&hovw=272&tx=146&ty=127&ei=jRArTanKMoGr8AP2q4S4Cw&oei=jRArTanKMoGr8AP2q4S4Cw&esq=1&page=1&ndsp=20&ved=1t:429,r:6,s:0" "Mozilla/5.0 (Windows; U; Windows NT 6.1; bg; rv:1.9.2.10) Gecko/20100914 Firefox/3.6.10"
66.249.71.46 - - [10/Jan/2011:09:05:33 -0500] "GET /young.htm HTTP/1.1" 404 290 "-" "Mozilla/5.0 (compatible; Googlebot/2.1; +http://www.google.com/bot.html)"
62.231.141.195 - - [10/Jan/2011:09:07:35 -0500] "GET /robots.txt HTTP/1.0" 404 279 "-" "Mozilla/5.0 (compatible; MJ12bot/v1.3.3; http://www.majestic12.co.uk/bot.php?+)"
62.231.141.195 - - [10/Jan/2011:09:07:36 -0500] "GET /calendar.htm HTTP/1.0" 200 71151 "-" "Mozilla/5.0 (compatible; MJ12bot/v1.3.3; http://www.majestic12.co.uk/bot.php?+)"
66.249.71.46 - - [10/Jan/2011:09:14:54 -0500] "GET /weather.htm HTTP/1.1" 404 292 "-" "Mozilla/5.0 (compatible; Googlebot/2.1; +http://www.google.com/bot.html)"
98.238.66.62 - - [10/Jan/2011:09:15:18 -0500] "GET /Logos/winner_250.jpg HTTP/1.1" 200 6408 "-" "Mozilla/4.0 (compatible; MSIE 7.0; Windows NT 5.1; Trident/4.0; GTB6.6; .NET CLR 1.1.4322)"
98.238.66.62 - - [10/Jan/2011:09:15:18 -0500] "GET /Logos/1_df-72dpi-476x57pix-banner.jpg HTTP/1.1" 200 9733 "-" "Mozilla/4.0 (compatible; MSIE 7.0; Windows NT 5.1; Trident/4.0; GTB6.6; .NET CLR 1.1.4322)"
207.46.13.54 - - [10/Jan/2011:09:16:21 -0500] "GET /communities.htm HTTP/1.1" 404 296 "-" "Mozilla/5.0 (compatible; bingbot/2.0; +http://www.bing.com/bingbot.htm)"
66.249.71.46 - - [10/Jan/2011:09:18:12 -0500] "GET /halpin.htm HTTP/1.1" 404 291 "-" "Mozilla/5.0 (compatible; Googlebot/2.1; +http://www.google.com/bot.html)"
66.249.71.46 - - [10/Jan/2011:09:24:03 -0500] "GET /greenstein.htm HTTP/1.1" 404 295 "-" "Mozilla/5.0 (compatible; Googlebot/2.1; +http://www.google.com/bot.html)"
66.249.71.46 - - [10/Jan/2011:09:43:01 -0500] "GET /warren.htm HTTP/1.1" 404 291 "-" "Mozilla/5.0 (compatible; Googlebot/2.1; +http://www.google.com/bot.html)"
66.249.71.46 - - [10/Jan/2011:09:52:22 -0500] "GET /beatty.htm HTTP/1.1" 404 291 "-" "Mozilla/5.0 (compatible; Googlebot/2.1; +http://www.google.com/bot.html)"
65.52.108.12 - - [10/Jan/2011:09:55:43 -0500] "GET /robots.txt HTTP/1.1" 404 291 "-" "Mozilla/5.0 (compatible; bingbot/2.0; +http://www.bing.com/bingbot.htm)"
65.52.108.12 - - [10/Jan/2011:09:56:21 -0500] "GET /hofstetter.htm HTTP/1.1" 404 295 "-" "Mozilla/5.0 (compatible; bingbot/2.0; +http://www.bing.com/bingbot.htm)"
67.195.112.50 - - [10/Jan/2011:10:07:37 -0500] "GET /robots.txt HTTP/1.0" 404 279 "-" "Mozilla/5.0 (compatible; Yahoo! Slurp; http://help.yahoo.com/help/us/ysearch/slurp)"
67.195.112.50 - - [10/Jan/2011:10:07:37 -0500] "GET /johnson-cox/?M=A HTTP/1.0" 404 281 "-" "Mozilla/5.0 (compatible; Yahoo! Slurp; http://help.yahoo.com/help/us/ysearch/slurp)"
66.249.71.46 - - [10/Jan/2011:10:11:07 -0500] "GET /feight.htm HTTP/1.1" 404 291 "-" "Mozilla/5.0 (compatible; Googlebot/2.1; +http://www.google.com/bot.html)"
38.108.67.27 - - [10/Jan/2011:10:14:59 -0500] "GET /tennis.htm HTTP/1.0" 404 279 "-" "SBIder/Nutch-1.0-dev (http://www.sitesell.com/sbider.html)"
119.63.198.40 - - [10/Jan/2011:10:16:29 -0500] "GET /robots.txt HTTP/1.1" 404 291 "-" "Baiduspider+(+http://www.baidu.com/search/spider.htm)"
38.108.67.27 - - [10/Jan/2011:10:19:48 -0500] "GET /naples-tennis-public.htm HTTP/1.0" 404 293 "-" "SBIder/Nutch-1.0-dev (http://www.sitesell.com/sbider.html)"
67.195.112.50 - - [10/Jan/2011:10:19:53 -0500] "GET /TheProcacciGroup/?S=A HTTP/1.0" 404 286 "-" "Mozilla/5.0 (compatible; Yahoo! Slurp; http://help.yahoo.com/help/us/ysearch/slurp)"
99.166.97.223 - - [10/Jan/2011:10:25:09 -0500] "GET / HTTP/1.1" 200 11305 "-" "Mozilla/4.0 (compatible; MSIE 8.0; Windows NT 5.1; Trident/4.0; Q312461; .NET CLR 1.0.3705; .NET CLR 1.1.4322; .NET CLR 2.0.50727; .NET CLR 3.0.4506.2152; .NET CLR 3.5.30729; MS-RTC EA 2)"
99.166.97.223 - - [10/Jan/2011:10:25:09 -0500] "GET /naples-usa.css HTTP/1.1" 200 714 "http://www.naples-usa.com/" "Mozilla/4.0 (compatible; MSIE 8.0; Windows NT 5.1; Trident/4.0; Q312461; .NET CLR 1.0.3705; .NET CLR 1.1.4322; .NET CLR 2.0.50727; .NET CLR 3.0.4506.2152; .NET CLR 3.5.30729; MS-RTC EA 2)"
99.166.97.223 - - [10/Jan/2011:10:25:09 -0500] "GET /images/border%20naples.gif HTTP/1.1" 200 358 "http://www.naples-usa.com/" "Mozilla/4.0 (compatible; MSIE 8.0; Windows NT 5.1; Trident/4.0; Q312461; .NET CLR 1.0.3705; .NET CLR 1.1.4322; .NET CLR 2.0.50727; .NET CLR 3.0.4506.2152; .NET CLR 3.5.30729; MS-RTC EA 2)"
99.166.97.223 - - [10/Jan/2011:10:25:09 -0500] "GET /images/welcome_usa.gif HTTP/1.1" 200 7890 "http://www.naples-usa.com/" "Mozilla/4.0 (compatible; MSIE 8.0; Windows NT 5.1; Trident/4.0; Q312461; .NET CLR 1.0.3705; .NET CLR 1.1.4322; .NET CLR 2.0.50727; .NET CLR 3.0.4506.2152; .NET CLR 3.5.30729; MS-RTC EA 2)"
99.166.97.223 - - [10/Jan/2011:10:25:10 -0500] "GET /images/A-INDE~1.jpg HTTP/1.1" 200 23069 "http://www.naples-usa.com/" "Mozilla/4.0 (compatible; MSIE 8.0; Windows NT 5.1; Trident/4.0; Q312461; .NET CLR 1.0.3705; .NET CLR 1.1.4322; .NET CLR 2.0.50727; .NET CLR 3.0.4506.2152; .NET CLR 3.5.30729; MS-RTC EA 2)"
99.166.97.223 - - [10/Jan/2011:10:25:10 -0500] "GET /favicon.ico HTTP/1.1" 404 292 "-" "Mozilla/4.0 (compatible; MSIE 8.0; Windows NT 5.1; Trident/4.0; Q312461; .NET CLR 1.0.3705; .NET CLR 1.1.4322; .NET CLR 2.0.50727; .NET CLR 3.0.4506.2152; .NET CLR 3.5.30729; MS-RTC EA 2)"
99.166.97.223 - - [10/Jan/2011:10:25:36 -0500] "GET /favicon.ico HTTP/1.1" 404 292 "-" "Mozilla/4.0 (compatible; MSIE 8.0; Windows NT 5.1; Trident/4.0; Q312461; .NET CLR 1.0.3705; .NET CLR 1.1.4322; .NET CLR 2.0.50727; .NET CLR 3.0.4506.2152; .NET CLR 3.5.30729; MS-RTC EA 2)"
95.108.158.234 - - [10/Jan/2011:10:29:11 -0500] "GET /transparent.gif HTTP/1.1" 304 - "-" "Mozilla/5.0 (compatible; YandexImages/3.0; +http://yandex.com/bots)"
67.195.112.50 - - [10/Jan/2011:10:29:21 -0500] "GET /netzow.htm HTTP/1.0" 404 279 "-" "Mozilla/5.0 (compatible; Yahoo! Slurp; http://help.yahoo.com/help/us/ysearch/slurp)"
66.249.71.46 - - [10/Jan/2011:10:29:46 -0500] "GET /johnson-cox/naples-florida-real-estate1.htm HTTP/1.1" 404 324 "-" "Mozilla/5.0 (compatible; Googlebot/2.1; +http://www.google.com/bot.html)"
66.249.71.46 - - [10/Jan/2011:10:39:13 -0500] "GET /Vendors/logos.htm HTTP/1.1" 200 6053 "-" "Mozilla/5.0 (compatible; Googlebot/2.1; +http://www.google.com/bot.html)"
